000
CDUS46 KPQR 270221
CLIAST


CLIMATE REPORT
NATIONAL WEATHER SERVICE PORTLAND OREGON
720 PM PDT WED APR 26 2017


...................................

...THE ASTORIA OR CLIMATE SUMMARY FOR APRIL 26 2017...
VALID TODAY AS OF 0700 PM LOCAL TIME.

CLIMATE NORMAL PERIOD 1981 TO 2010
CLIMATE RECORD PERIOD 1892 TO 2017


WEATHER ITEM   OBSERVED TIME   RECORD YEAR NORMAL DEPARTURE LAST
                VALUE   (LST)  VALUE       VALUE  FROM      YEAR
                                                  NORMAL
..................................................................
TEMPERATURE (F)
 TODAY
  MAXIMUM         54   1253 PM  83    1987  58     -4       56
  MINIMUM         48    559 PM  30    1943  42      6       36
  AVERAGE         51                        50      1       46

PRECIPITATION (IN)
  TODAY            0.13          1.60 2010   0.15  -0.02     0.01
  MONTH TO DATE    8.45                      4.65   3.80     1.96
  SINCE OCT 1     84.65                     56.51  28.14    78.87
  SINCE JAN 1     40.78                     29.49  11.29    36.34

DEGREE DAYS
 HEATING
  TODAY           14                        15     -1       19
  MONTH TO DATE  405                       429    -24      299
  SINCE MAR 1    969                      1007    -38      759
  SINCE JUL 1   3952                      4349   -397     3378

 COOLING
  TODAY            0                         0      0        0
  MONTH TO DATE    0                         0      0        3
  SINCE MAR 1      0                         0      0        3
  SINCE JAN 1      0                         0      0        3
..................................................................


WIND (MPH)
  HIGHEST WIND SPEED    20   HIGHEST WIND DIRECTION     W (280)
  HIGHEST GUST SPEED    24   HIGHEST GUST DIRECTION     W (290)
  AVERAGE WIND SPEED    11.7


SKY COVER
  POSSIBLE SUNSHINE  MM
  AVERAGE SKY COVER 0.9


WEATHER CONDITIONS
 THE FOLLOWING WEATHER WAS RECORDED TODAY.
  RAIN
  LIGHT RAIN
  FOG


RELATIVE HUMIDITY (PERCENT)
 HIGHEST    93           200 AM
 LOWEST     66          1200 PM
 AVERAGE    80

..........................................................


THE ASTORIA OR CLIMATE NORMALS FOR TOMORROW
                         NORMAL    RECORD    YEAR
 MAXIMUM TEMPERATURE (F)   58        82      1926
 MINIMUM TEMPERATURE (F)   42        30      1954
                                             1948


SUNRISE AND SUNSET
APRIL 26 2017.........SUNRISE   609 AM PDT   SUNSET   818 PM PDT
APRIL 27 2017.........SUNRISE   608 AM PDT   SUNSET   819 PM PDT


-  INDICATES NEGATIVE NUMBERS.
R  INDICATES RECORD WAS SET OR TIED.
MM INDICATES DATA IS MISSING.
T  INDICATES TRACE AMOUNT.




$$
