488
CDUS46 KPQR 221141
CLIAST


CLIMATE REPORT
NATIONAL WEATHER SERVICE PORTLAND OREGON
441 AM PDT FRI MAY 22 2015


...................................

...THE ASTORIA OR CLIMATE SUMMARY FOR MAY 21 2015...

CLIMATE NORMAL PERIOD 1981 TO 2010
CLIMATE RECORD PERIOD 1892 TO 2015


WEATHER ITEM   OBSERVED TIME   RECORD YEAR NORMAL DEPARTURE LAST
                VALUE   (LST)  VALUE       VALUE  FROM      YEAR
                                                  NORMAL
..................................................................
TEMPERATURE (F)
 YESTERDAY
  MAXIMUM         59    217 PM  86    1914  61     -2       64
  MINIMUM         52    732 AM  36    1973  47      5       52
  AVERAGE         56                        54      2       58

PRECIPITATION (IN)
  YESTERDAY        T             1.13 1922   0.10  -0.10     0.00
  MONTH TO DATE    1.18                      2.33  -1.15     4.83
  SINCE OCT 1     52.17                     59.39  -7.22    49.69
  SINCE JAN 1     26.55                     32.37  -5.82    37.53

DEGREE DAYS
 HEATING
  YESTERDAY        9                        11     -2        7
  MONTH TO DATE  229                       267    -38      177
  SINCE MAR 1   1159                      1334   -175     1130
  SINCE JUL 1   3699                      4676   -977     4559

 COOLING
  YESTERDAY        0                         0      0        0
  MONTH TO DATE    0                         0      0        8
  SINCE MAR 1      2                         0      2       11
  SINCE JAN 1      2                         0      2       11
..................................................................


WIND (MPH)
  HIGHEST WIND SPEED    13   HIGHEST WIND DIRECTION     W (260)
  HIGHEST GUST SPEED    15   HIGHEST GUST DIRECTION     W (290)
  AVERAGE WIND SPEED     6.1


SKY COVER
  POSSIBLE SUNSHINE  MM
  AVERAGE SKY COVER 1.0


WEATHER CONDITIONS
 THE FOLLOWING WEATHER WAS RECORDED YESTERDAY.
  LIGHT RAIN
  FOG


RELATIVE HUMIDITY (PERCENT)
 HIGHEST    96           300 AM
 LOWEST     80          1200 PM
 AVERAGE    88

..........................................................


THE ASTORIA OR CLIMATE NORMALS FOR TODAY
                         NORMAL    RECORD    YEAR
 MAXIMUM TEMPERATURE (F)   61        88      1941
 MINIMUM TEMPERATURE (F)   47        37      1960
                                             1955


SUNRISE AND SUNSET
MAY 22 2015...........SUNRISE   536 AM PDT   SUNSET   849 PM PDT
MAY 23 2015...........SUNRISE   535 AM PDT   SUNSET   851 PM PDT


-  INDICATES NEGATIVE NUMBERS.
R  INDICATES RECORD WAS SET OR TIED.
MM INDICATES DATA IS MISSING.
T  INDICATES TRACE AMOUNT.




$$
