000
CDUS46 KPQR 261152
CLIAST


CLIMATE REPORT
NATIONAL WEATHER SERVICE PORTLAND OREGON
351 AM PST MON JAN 26 2015


...................................

...THE ASTORIA OR CLIMATE SUMMARY FOR JANUARY 25 2015...

CLIMATE NORMAL PERIOD 1981 TO 2010
CLIMATE RECORD PERIOD 1892 TO 2015


WEATHER ITEM   OBSERVED TIME   RECORD YEAR NORMAL DEPARTURE LAST
                VALUE   (LST)  VALUE       VALUE  FROM      YEAR
                                                  NORMAL
..................................................................
TEMPERATURE (F)
 YESTERDAY
  MAXIMUM         63R   142 PM  60    2003  51     12       57
                                      1986
                                      1935
  MINIMUM         42   1159 PM  17    1950  38      4       33
  AVERAGE         53                        44      9       45

PRECIPITATION (IN)
  YESTERDAY        0.00          2.88 1971   0.30  -0.30     0.00
  MONTH TO DATE    9.16                      8.42   0.74     4.23
  SINCE OCT 1     34.78                     35.44  -0.66    16.39
  SINCE JAN 1      9.16                      8.42   0.74     4.23

DEGREE DAYS
 HEATING
  YESTERDAY       12                        21     -9       20
  MONTH TO DATE  467                       534    -67      495
  SINCE DEC 1   1016                      1227   -211     1330
  SINCE JUL 1   2003                      2640   -637     2683

 COOLING
  YESTERDAY        0                         0      0        0
  MONTH TO DATE    0                         0      0        0
  SINCE DEC 1      0                         0      0        0
  SINCE JAN 1      0                         0      0        0
..................................................................


WIND (MPH)
  HIGHEST WIND SPEED     9   HIGHEST WIND DIRECTION     E (80)
  HIGHEST GUST SPEED    10   HIGHEST GUST DIRECTION     E (90)
  AVERAGE WIND SPEED     2.9


SKY COVER
  POSSIBLE SUNSHINE  MM
  AVERAGE SKY COVER 0.4


WEATHER CONDITIONS
 THE FOLLOWING WEATHER WAS RECORDED YESTERDAY.
  FOG
  FOG W/VISIBILITY <= 1/4 MILE


RELATIVE HUMIDITY (PERCENT)
 HIGHEST   100          1200 AM
 LOWEST     72           100 PM
 AVERAGE    86

..........................................................


THE ASTORIA OR CLIMATE NORMALS FOR TODAY
                         NORMAL    RECORD    YEAR
 MAXIMUM TEMPERATURE (F)   51        63      1983
 MINIMUM TEMPERATURE (F)   38        16      1957


SUNRISE AND SUNSET
JANUARY 26 2015.......SUNRISE   745 AM PST   SUNSET   512 PM PST
JANUARY 27 2015.......SUNRISE   744 AM PST   SUNSET   513 PM PST


-  INDICATES NEGATIVE NUMBERS.
R  INDICATES RECORD WAS SET OR TIED.
MM INDICATES DATA IS MISSING.
T  INDICATES TRACE AMOUNT.




$$
