000
CDUS46 KPQR 231148
CLIAST


CLIMATE REPORT
NATIONAL WEATHER SERVICE PORTLAND OREGON
448 AM PDT MON OCT 23 2017


...................................

...THE ASTORIA OR CLIMATE SUMMARY FOR OCTOBER 22 2017...

CLIMATE NORMAL PERIOD 1981 TO 2010
CLIMATE RECORD PERIOD 1892 TO 2017


WEATHER ITEM   OBSERVED TIME   RECORD YEAR NORMAL DEPARTURE LAST
                VALUE   (LST)  VALUE       VALUE  FROM      YEAR
                                                  NORMAL
..................................................................
TEMPERATURE (F)
 YESTERDAY
  MAXIMUM         59   1207 PM  79    1937  59      0       64
  MINIMUM         47   1147 PM  34    1961  43      4       43
  AVERAGE         53                        51      2       54

PRECIPITATION (IN)
  YESTERDAY        0.38          2.45 1931   0.23   0.15     0.13
  MONTH TO DATE    8.82                      3.68   5.14    13.58
  SINCE OCT 1      8.82                      3.68   5.14    13.58
  SINCE JAN 1     62.03                     43.92  18.11    56.56

DEGREE DAYS
 HEATING
  YESTERDAY       12                        14     -2       11
  MONTH TO DATE  291                       255     36      193
  SINCE SEP 1    435                       455    -20      326
  SINCE JUL 1    675                       736    -61      447

 COOLING
  YESTERDAY        0                         0      0        0
  MONTH TO DATE    0                         0      0        0
  SINCE SEP 1     22                         5     17        7
  SINCE JAN 1     55                        12     43       62
..................................................................


WIND (MPH)
  HIGHEST WIND SPEED    26   HIGHEST WIND DIRECTION     S (200)
  HIGHEST GUST SPEED    34   HIGHEST GUST DIRECTION     S (190)
  AVERAGE WIND SPEED     6.8


SKY COVER
  POSSIBLE SUNSHINE  MM
  AVERAGE SKY COVER 1.0


WEATHER CONDITIONS
 THE FOLLOWING WEATHER WAS RECORDED YESTERDAY.
  HEAVY RAIN
  RAIN
  LIGHT RAIN
  FOG
  HAZE


RELATIVE HUMIDITY (PERCENT)
 HIGHEST   100          1200 AM
 LOWEST     75          1000 AM
 AVERAGE    88

..........................................................


THE ASTORIA OR CLIMATE NORMALS FOR TODAY
                         NORMAL    RECORD    YEAR
 MAXIMUM TEMPERATURE (F)   59        79      1929
 MINIMUM TEMPERATURE (F)   43        34      1991
                                             1954


SUNRISE AND SUNSET
OCTOBER 23 2017.......SUNRISE   744 AM PDT   SUNSET   615 PM PDT
OCTOBER 24 2017.......SUNRISE   746 AM PDT   SUNSET   613 PM PDT


-  INDICATES NEGATIVE NUMBERS.
R  INDICATES RECORD WAS SET OR TIED.
MM INDICATES DATA IS MISSING.
T  INDICATES TRACE AMOUNT.




$$
