000
CDUS46 KPQR 172321
CLIAST


CLIMATE REPORT
NATIONAL WEATHER SERVICE PORTLAND OREGON
421 PM PDT THU AUG 17 2017


...................................

...THE ASTORIA OR CLIMATE SUMMARY FOR AUGUST 17 2017...
VALID TODAY AS OF 0400 PM LOCAL TIME.

CLIMATE NORMAL PERIOD 1981 TO 2010
CLIMATE RECORD PERIOD 1892 TO 2017


WEATHER ITEM   OBSERVED TIME   RECORD YEAR NORMAL DEPARTURE LAST
                VALUE   (LST)  VALUE       VALUE  FROM      YEAR
                                                  NORMAL
..................................................................
TEMPERATURE (F)
 TODAY
  MAXIMUM         68    243 PM  84    1946  69     -1       67
  MINIMUM         59    353 AM  41    1973  53      6       56
  AVERAGE         64                        61      3       62

PRECIPITATION (IN)
  TODAY            0.00          0.61 1921   0.04  -0.04      T
  MONTH TO DATE    0.38                      0.50  -0.12     0.40
  SINCE OCT 1     93.92                     64.46  29.46    83.28
  SINCE JAN 1     50.05                     37.44  12.61    40.75

DEGREE DAYS
 HEATING
  TODAY            1                         4     -3        3
  MONTH TO DATE   53                        68    -15       33
  SINCE JUN 1    401                       460    -59      270
  SINCE JUL 1    194                       218    -24       94

 COOLING
  TODAY            0                         0      0        0
  MONTH TO DATE   11                         0     11        7
  SINCE JUN 1     25                         3     22       15
  SINCE JAN 1     27                         3     24       18
..................................................................


WIND (MPH)
  HIGHEST WIND SPEED    17   HIGHEST WIND DIRECTION    NW (330)
  HIGHEST GUST SPEED    22   HIGHEST GUST DIRECTION    NW (320)
  AVERAGE WIND SPEED     8.5


SKY COVER
  POSSIBLE SUNSHINE  MM
  AVERAGE SKY COVER 0.9


WEATHER CONDITIONS
 THE FOLLOWING WEATHER WAS RECORDED TODAY.
  NO SIGNIFICANT WEATHER WAS OBSERVED.


RELATIVE HUMIDITY (PERCENT)
 HIGHEST    87           300 AM
 LOWEST     63          1100 AM
 AVERAGE    75

..........................................................


THE ASTORIA OR CLIMATE NORMALS FOR TOMORROW
                         NORMAL    RECORD    YEAR
 MAXIMUM TEMPERATURE (F)   69        88      2016
 MINIMUM TEMPERATURE (F)   53        40      1973


SUNRISE AND SUNSET
AUGUST 17 2017........SUNRISE   618 AM PDT   SUNSET   820 PM PDT
AUGUST 18 2017........SUNRISE   619 AM PDT   SUNSET   819 PM PDT


-  INDICATES NEGATIVE NUMBERS.
R  INDICATES RECORD WAS SET OR TIED.
MM INDICATES DATA IS MISSING.
T  INDICATES TRACE AMOUNT.




$$
