000
CDUS46 KPQR 010222
CLIAST


CLIMATE REPORT
NATIONAL WEATHER SERVICE PORTLAND OREGON
721 PM PDT THU JUL 31 2014


...................................

...THE ASTORIA OR CLIMATE SUMMARY FOR JULY 31 2014...
VALID TODAY AS OF 0700 PM LOCAL TIME.

CLIMATE NORMAL PERIOD 1981 TO 2010
CLIMATE RECORD PERIOD 1892 TO 2014


WEATHER ITEM   OBSERVED TIME   RECORD YEAR NORMAL DEPARTURE LAST
                VALUE   (LST)  VALUE       VALUE  FROM      YEAR
                                                  NORMAL
..................................................................
TEMPERATURE (F)
 TODAY
  MAXIMUM         74   1159 AM  93    1913  68      6       63
  MINIMUM         50    505 AM  46    1970  54     -4       56
                                      1949
                                      1937
  AVERAGE         62                        61      1       60

PRECIPITATION (IN)
  TODAY            T             0.56 1964   0.02  -0.02     0.02
  MONTH TO DATE    1.08                      1.03   0.05     0.03
  SINCE OCT 1     53.77                     63.96 -10.19    76.62
  SINCE JAN 1     41.61                     36.94   4.67    35.00

DEGREE DAYS
 HEATING
  TODAY            3                         4     -1        5
  MONTH TO DATE  105                       148    -43      142
  SINCE JUN 1    285                       392   -107      323
  SINCE JUL 1    105                       150    -45      142

 COOLING
  TODAY            0                         0      0        0
  MONTH TO DATE    8                         3      5        0
  SINCE JUN 1      8                         3      5        3
  SINCE JAN 1     19                         3     16        4
..................................................................


WIND (MPH)
  HIGHEST WIND SPEED    24   HIGHEST WIND DIRECTION    NW (310)
  HIGHEST GUST SPEED    29   HIGHEST GUST DIRECTION    NW (320)
  AVERAGE WIND SPEED     9.1


SKY COVER
  POSSIBLE SUNSHINE  MM
  AVERAGE SKY COVER 0.0


WEATHER CONDITIONS
 THE FOLLOWING WEATHER WAS RECORDED TODAY.
  LIGHT RAIN


RELATIVE HUMIDITY (PERCENT)
 HIGHEST    96           600 AM
 LOWEST     55           600 PM
 AVERAGE    76

..........................................................


THE ASTORIA OR CLIMATE NORMALS FOR TOMORROW
                         NORMAL    RECORD    YEAR
 MAXIMUM TEMPERATURE (F)   68        79      1939
 MINIMUM TEMPERATURE (F)   54        43      1987


SUNRISE AND SUNSET
JULY 31 2014..........SUNRISE   556 AM PDT   SUNSET   847 PM PDT
AUGUST  1 2014........SUNRISE   558 AM PDT   SUNSET   845 PM PDT


-  INDICATES NEGATIVE NUMBERS.
R  INDICATES RECORD WAS SET OR TIED.
MM INDICATES DATA IS MISSING.
T  INDICATES TRACE AMOUNT.




$$
