000
CDUS46 KPQR 051152
CLIAST


CLIMATE REPORT
NATIONAL WEATHER SERVICE PORTLAND OREGON
352 AM PST MON DEC 5 2016


...................................

...THE ASTORIA OR CLIMATE SUMMARY FOR DECEMBER 4 2016...

CLIMATE NORMAL PERIOD 1981 TO 2010
CLIMATE RECORD PERIOD 1892 TO 2016


WEATHER ITEM   OBSERVED TIME   RECORD YEAR NORMAL DEPARTURE LAST
                VALUE   (LST)  VALUE       VALUE  FROM      YEAR
                                                  NORMAL
..................................................................
TEMPERATURE (F)
 YESTERDAY
  MAXIMUM         52   1215 PM  63    1939  50      2       55
  MINIMUM         37   1144 PM  23    2013  37      0       44
  AVERAGE         45                        43      2       50

PRECIPITATION (IN)
  YESTERDAY        0.69          2.30 1989   0.35   0.34     0.47
  MONTH TO DATE    1.68                      1.43   0.25     2.90
  SINCE OCT 1     35.20                     18.56  16.64    24.90
  SINCE JAN 1     78.18                     58.80  19.38    56.15

DEGREE DAYS
 HEATING
  YESTERDAY       20                        22     -2       15
  MONTH TO DATE   69                        85    -16       58
  SINCE DEC 1     69                        85    -16       58
  SINCE JUL 1    932                      1498   -566     1058

 COOLING
  YESTERDAY        0                         0      0        0
  MONTH TO DATE    0                         0      0        0
  SINCE DEC 1      0                         0      0        0
  SINCE JAN 1     62                        12     50       49
..................................................................


WIND (MPH)
  HIGHEST WIND SPEED    31   HIGHEST WIND DIRECTION    NW (330)
  HIGHEST GUST SPEED    39   HIGHEST GUST DIRECTION    NW (330)
  AVERAGE WIND SPEED    10.1


SKY COVER
  POSSIBLE SUNSHINE  MM
  AVERAGE SKY COVER 0.8


WEATHER CONDITIONS
 THE FOLLOWING WEATHER WAS RECORDED YESTERDAY.
  THUNDERSTORM
  RAIN
  LIGHT RAIN


RELATIVE HUMIDITY (PERCENT)
 HIGHEST    86           100 AM
 LOWEST     50           100 PM
 AVERAGE    68

..........................................................


THE ASTORIA OR CLIMATE NORMALS FOR TODAY
                         NORMAL    RECORD    YEAR
 MAXIMUM TEMPERATURE (F)   50        59      1908
 MINIMUM TEMPERATURE (F)   37        22      2013


SUNRISE AND SUNSET
DECEMBER  5 2016......SUNRISE   743 AM PST   SUNSET   430 PM PST
DECEMBER  6 2016......SUNRISE   744 AM PST   SUNSET   430 PM PST


-  INDICATES NEGATIVE NUMBERS.
R  INDICATES RECORD WAS SET OR TIED.
MM INDICATES DATA IS MISSING.
T  INDICATES TRACE AMOUNT.




$$
