000
CDUS46 KPQR 061141
CLIAST


CLIMATE REPORT
NATIONAL WEATHER SERVICE PORTLAND OREGON
340 AM PST FRI MAR 6 2015


...................................

...THE ASTORIA OR CLIMATE SUMMARY FOR MARCH 5 2015...

CLIMATE NORMAL PERIOD 1981 TO 2010
CLIMATE RECORD PERIOD 1892 TO 2015


WEATHER ITEM   OBSERVED TIME   RECORD YEAR NORMAL DEPARTURE LAST
                VALUE   (LST)  VALUE       VALUE  FROM      YEAR
                                                  NORMAL
..................................................................
TEMPERATURE (F)
 YESTERDAY
  MAXIMUM         57    149 PM  71    1905  53      4       56
  MINIMUM         33    636 AM  26    1955  38     -5       49
  AVERAGE         45                        45      0       53

PRECIPITATION (IN)
  YESTERDAY        0.00          3.45 1932   0.25  -0.25     1.43
  MONTH TO DATE    0.10                      1.30  -1.20     2.49
  SINCE OCT 1     41.20                     45.71  -4.51    28.41
  SINCE JAN 1     15.58                     18.69  -3.11    16.25

DEGREE DAYS
 HEATING
  YESTERDAY       20                        20      0       12
  MONTH TO DATE  106                       100      6       75
  SINCE MAR 1    106                       100      6       75
  SINCE JUL 1   2646                      3442   -796     3504

 COOLING
  YESTERDAY        0                         0      0        0
  MONTH TO DATE    0                         0      0        0
  SINCE MAR 1      0                         0      0        0
  SINCE JAN 1      0                         0      0        0
..................................................................


WIND (MPH)
  HIGHEST WIND SPEED    10   HIGHEST WIND DIRECTION     N (340)
  HIGHEST GUST SPEED    12   HIGHEST GUST DIRECTION     N (340)
  AVERAGE WIND SPEED     3.1


SKY COVER
  POSSIBLE SUNSHINE  MM
  AVERAGE SKY COVER 0.0


WEATHER CONDITIONS
 THE FOLLOWING WEATHER WAS RECORDED YESTERDAY.
  NO SIGNIFICANT WEATHER WAS OBSERVED.


RELATIVE HUMIDITY (PERCENT)
 HIGHEST    92           800 AM
 LOWEST     47           300 PM
 AVERAGE    70

..........................................................


THE ASTORIA OR CLIMATE NORMALS FOR TODAY
                         NORMAL    RECORD    YEAR
 MAXIMUM TEMPERATURE (F)   53        74      1905
 MINIMUM TEMPERATURE (F)   38        26      1943


SUNRISE AND SUNSET
MARCH  6 2015.........SUNRISE   646 AM PST   SUNSET   609 PM PST
MARCH  7 2015.........SUNRISE   644 AM PST   SUNSET   610 PM PST


-  INDICATES NEGATIVE NUMBERS.
R  INDICATES RECORD WAS SET OR TIED.
MM INDICATES DATA IS MISSING.
T  INDICATES TRACE AMOUNT.




$$
