000
CDUS42 KFFC 300817
CLIATL


CLIMATE REPORT
NATIONAL WEATHER SERVICE PEACHTREE CITY GA
416 AM EDT TUE SEP 30 2014


...................................

...THE ATLANTA CLIMATE SUMMARY FOR SEPTEMBER 29 2014...

CLIMATE NORMAL PERIOD 1981 TO 2010
CLIMATE RECORD PERIOD 1878 TO 2014


WEATHER ITEM   OBSERVED TIME   RECORD YEAR NORMAL DEPARTURE LAST
                VALUE   (LST)  VALUE       VALUE  FROM      YEAR
                                                  NORMAL
..................................................................
TEMPERATURE (F)
 YESTERDAY
  MAXIMUM         71    259 PM  92    1941  78     -7       76
                                      1904
  MINIMUM         67    857 PM  39    1967  60      7       56
  AVERAGE         69                        69      0       66

PRECIPITATION (IN)
  YESTERDAY        0.08          4.54 1936   0.16  -0.08     0.00
  MONTH TO DATE    0.75                      4.31  -3.56     2.74
  SINCE SEP 1      0.75                      4.31  -3.56     2.74
  SINCE JAN 1     34.72                     38.14  -3.42    53.78

DEGREE DAYS
 HEATING
  YESTERDAY        0                         1     -1        0
  MONTH TO DATE    0                         9     -9        0
  SINCE SEP 1      0                         9     -9        0
  SINCE JUL 1      0                         9     -9        1

 COOLING
  YESTERDAY        4                         5     -1        1
  MONTH TO DATE  321                       261     60      287
  SINCE SEP 1    321                       261     60      287
  SINCE JAN 1   1859                      1800     59     1669
..................................................................


WIND (MPH)
  RESULTANT WIND SPEED   8   RESULTANT WIND DIRECTION   E (70)
  HIGHEST WIND SPEED    14   HIGHEST WIND DIRECTION    NE (40)
  HIGHEST GUST SPEED    18   HIGHEST GUST DIRECTION     N (20)
  AVERAGE WIND SPEED     8.3


SKY COVER
  AVERAGE SKY COVER 1.0


WEATHER CONDITIONS
 THE FOLLOWING WEATHER WAS RECORDED YESTERDAY.
  LIGHT RAIN
  FOG
  HAZE


RELATIVE HUMIDITY (PERCENT)
 HIGHEST    93           800 PM
 LOWEST     81           500 AM
 AVERAGE    87

..........................................................


THE ATLANTA CLIMATE NORMALS FOR TODAY
                         NORMAL    RECORD    YEAR
 MAXIMUM TEMPERATURE (F)   78        91      1941
 MINIMUM TEMPERATURE (F)   60        36      1967


SUNRISE AND SUNSET
SEPTEMBER 30 2014.....SUNRISE   731 AM EDT   SUNSET   723 PM EDT
OCTOBER  1 2014.......SUNRISE   732 AM EDT   SUNSET   722 PM EDT


-  INDICATES NEGATIVE NUMBERS.
R  INDICATES RECORD WAS SET OR TIED.
MM INDICATES DATA IS MISSING.
T  INDICATES TRACE AMOUNT.




$$
