000
CDUS42 KFFC 040819
CLIATL


CLIMATE REPORT
NATIONAL WEATHER SERVICE PEACHTREE CITY GA
419 AM EDT WED MAY 4 2016


...................................

...THE ATLANTA CLIMATE SUMMARY FOR MAY 3 2016...

CLIMATE NORMAL PERIOD 1981 TO 2010
CLIMATE RECORD PERIOD 1878 TO 2016


WEATHER ITEM   OBSERVED TIME   RECORD YEAR NORMAL DEPARTURE LAST
                VALUE   (LST)  VALUE       VALUE  FROM      YEAR
                                                  NORMAL
..................................................................
TEMPERATURE (F)
 YESTERDAY
  MAXIMUM         78    400 PM  91    1952  77      1       79
  MINIMUM         61   1159 PM  40    1971  57      4       55
  AVERAGE         70                        67      3       67

PRECIPITATION (IN)
  YESTERDAY        0.00          2.81 2010   0.13  -0.13     0.00
  MONTH TO DATE    0.21                      0.38  -0.17     0.00
  SINCE MAR 1      5.57                      8.55  -2.98    10.77
  SINCE JAN 1     18.10                     17.42   0.68    19.28

DEGREE DAYS
 HEATING
  YESTERDAY        0                         2     -2        0
  MONTH TO DATE    0                         6     -6        6
  SINCE MAR 1    265                       491   -226      298
  SINCE JUL 1   1980                      2746   -766     2656

 COOLING
  YESTERDAY        5                         3      2        2
  MONTH TO DATE   25                         9     16        2
  SINCE MAR 1    137                        74     63       98
  SINCE JAN 1    137                        75     62       98
..................................................................


WIND (MPH)
  RESULTANT WIND SPEED   9   RESULTANT WIND DIRECTION   W (280)
  HIGHEST WIND SPEED    18   HIGHEST WIND DIRECTION    NW (310)
  HIGHEST GUST SPEED    23   HIGHEST GUST DIRECTION    NW (320)
  AVERAGE WIND SPEED     9.7


SKY COVER
  AVERAGE SKY COVER 0.6


WEATHER CONDITIONS
 THE FOLLOWING WEATHER WAS RECORDED YESTERDAY.
  NO SIGNIFICANT WEATHER WAS OBSERVED.


RELATIVE HUMIDITY (PERCENT)
 HIGHEST    93           400 AM
 LOWEST     53           600 PM
 AVERAGE    73

..........................................................


THE ATLANTA CLIMATE NORMALS FOR TODAY
                         NORMAL    RECORD    YEAR
 MAXIMUM TEMPERATURE (F)   77        92      1902
 MINIMUM TEMPERATURE (F)   57        37      1971


SUNRISE AND SUNSET
MAY  4 2016...........SUNRISE   646 AM EDT   SUNSET   824 PM EDT
MAY  5 2016...........SUNRISE   645 AM EDT   SUNSET   824 PM EDT


-  INDICATES NEGATIVE NUMBERS.
R  INDICATES RECORD WAS SET OR TIED.
MM INDICATES DATA IS MISSING.
T  INDICATES TRACE AMOUNT.




$$
