000
CDUS42 KFFC 210847
CLIATL


CLIMATE REPORT
NATIONAL WEATHER SERVICE PEACHTREE CITY GA
432 AM EDT SAT OCT 21 2017


...................................

...THE ATLANTA CLIMATE SUMMARY FOR OCTOBER 20 2017...

CLIMATE NORMAL PERIOD 1981 TO 2010
CLIMATE RECORD PERIOD 1878 TO 2017


WEATHER ITEM   OBSERVED TIME   RECORD YEAR NORMAL DEPARTURE LAST
                VALUE   (LST)  VALUE       VALUE  FROM      YEAR
                                                  NORMAL
..................................................................
TEMPERATURE (F)
 YESTERDAY
  MAXIMUM         80    342 PM  88    2016  72      8       88
  MINIMUM         49    628 AM  34    1989  53     -4       66
                                      1972
                                      1925
  AVERAGE         65                        62      3       77

PRECIPITATION (IN)
  YESTERDAY        0.00          1.45 1970   0.10  -0.10     0.00
  MONTH TO DATE    1.98                      2.32  -0.34     0.16
  SINCE SEP 1      6.23                      6.79  -0.56     3.59
  SINCE JAN 1     45.17                     40.62   4.55    32.71

DEGREE DAYS
 HEATING
  YESTERDAY        0                         4     -4        0
  MONTH TO DATE   12                        53    -41        3
  SINCE SEP 1     19                        64    -45        4
  SINCE JUL 1     19                        64    -45        4

 COOLING
  YESTERDAY        0                         2     -2       12
  MONTH TO DATE  129                        56     73      126
  SINCE SEP 1    408                       322     86      547
  SINCE JAN 1   2132                      1861    271     2497
..................................................................


WIND (MPH)
  RESULTANT WIND SPEED   1   RESULTANT WIND DIRECTION   E (100)
  HIGHEST WIND SPEED    12   HIGHEST WIND DIRECTION     E (90)
  HIGHEST GUST SPEED    14   HIGHEST GUST DIRECTION     E (90)
  AVERAGE WIND SPEED     2.6


SKY COVER
  AVERAGE SKY COVER 0.4


WEATHER CONDITIONS
 THE FOLLOWING WEATHER WAS RECORDED YESTERDAY.
  NO SIGNIFICANT WEATHER WAS OBSERVED.


RELATIVE HUMIDITY (PERCENT)
 HIGHEST    86           400 AM
 LOWEST     13           400 PM
 AVERAGE    50

..........................................................


THE ATLANTA CLIMATE NORMALS FOR TODAY
                         NORMAL    RECORD    YEAR
 MAXIMUM TEMPERATURE (F)   71        85      1963
                                             1939
 MINIMUM TEMPERATURE (F)   52        30      1913


SUNRISE AND SUNSET
OCTOBER 21 2017.......SUNRISE   748 AM EDT   SUNSET   657 PM EDT
OCTOBER 22 2017.......SUNRISE   748 AM EDT   SUNSET   655 PM EDT


-  INDICATES NEGATIVE NUMBERS.
R  INDICATES RECORD WAS SET OR TIED.
MM INDICATES DATA IS MISSING.
T  INDICATES TRACE AMOUNT.




$$
