810
CDUS42 KFFC 170917
CLIATL


CLIMATE REPORT
NATIONAL WEATHER SERVICE PEACHTREE CITY GA
416 AM EST SUN DEC 17 2017


...................................

...THE ATLANTA CLIMATE SUMMARY FOR DECEMBER 16 2017...

CLIMATE NORMAL PERIOD 1981 TO 2010
CLIMATE RECORD PERIOD 1878 TO 2017


WEATHER ITEM   OBSERVED TIME   RECORD YEAR NORMAL DEPARTURE LAST
                VALUE   (LST)  VALUE       VALUE  FROM      YEAR
                                                  NORMAL
..................................................................
TEMPERATURE (F)
 YESTERDAY
  MAXIMUM         53    431 PM  77    1971  54     -1       48
  MINIMUM         27    756 AM  12    1951  36     -9       28
                                      1901
  AVERAGE         40                        45     -5       38

PRECIPITATION (IN)
  YESTERDAY        0.00          3.05 1992   0.12  -0.12     0.00
  MONTH TO DATE    1.67                      2.11  -0.44     2.06
  SINCE DEC 1      1.67                      2.11  -0.44     2.06
  SINCE JAN 1     49.77                     47.92   1.85    37.75

SNOWFALL (IN)
  YESTERDAY        0.0           0.0  2001   0.0    0.0      0.0
  MONTH TO DATE    2.3                       0.1    2.2      0.0
  SINCE DEC 1      2.3                       0.1    2.2      0.0
  SINCE JUL 1      2.3                       0.1    2.2      0.0
  SNOW DEPTH       0

DEGREE DAYS
 HEATING
  YESTERDAY       25                        20      5       27
  MONTH TO DATE  284                       294    -10      298
  SINCE DEC 1    284                       294    -10      298
  SINCE JUL 1    681                       762    -81      520

 COOLING
  YESTERDAY        0                         0      0        0
  MONTH TO DATE    0                         0      0        0
  SINCE DEC 1      0                         0      0        0
  SINCE JAN 1   2165                      1882    283     2561
..................................................................


WIND (MPH)
  RESULTANT WIND SPEED   4   RESULTANT WIND DIRECTION  NW (300)
  HIGHEST WIND SPEED    10   HIGHEST WIND DIRECTION    NW (320)
  HIGHEST GUST SPEED    14   HIGHEST GUST DIRECTION    NW (310)
  AVERAGE WIND SPEED     4.8


SKY COVER
  AVERAGE SKY COVER 0.5


WEATHER CONDITIONS
 THE FOLLOWING WEATHER WAS RECORDED YESTERDAY.
  NO SIGNIFICANT WEATHER WAS OBSERVED.


RELATIVE HUMIDITY (PERCENT)
 HIGHEST    92           800 AM
 LOWEST     38           400 PM
 AVERAGE    65

..........................................................


THE ATLANTA CLIMATE NORMALS FOR TODAY
                         NORMAL    RECORD    YEAR
 MAXIMUM TEMPERATURE (F)   53        75      1933
 MINIMUM TEMPERATURE (F)   36        15      1901


SUNRISE AND SUNSET
DECEMBER 17 2017......SUNRISE   736 AM EST   SUNSET   532 PM EST
DECEMBER 18 2017......SUNRISE   737 AM EST   SUNSET   532 PM EST


-  INDICATES NEGATIVE NUMBERS.
R  INDICATES RECORD WAS SET OR TIED.
MM INDICATES DATA IS MISSING.
T  INDICATES TRACE AMOUNT.




$$
