935
CDUS42 KFFC 230029
CLIATL


CLIMATE REPORT
NATIONAL WEATHER SERVICE PEACHTREE CITY GA
829 PM EDT WED MAR 22 2017


...................................

...THE ATLANTA CLIMATE SUMMARY FOR MARCH 22 2017...
VALID AS OF 0800 PM LOCAL TIME.

CLIMATE NORMAL PERIOD 1981 TO 2010
CLIMATE RECORD PERIOD 1878 TO 2017


WEATHER ITEM   OBSERVED TIME   RECORD YEAR NORMAL DEPARTURE LAST
                VALUE   (LST)  VALUE       VALUE  FROM      YEAR
                                                  NORMAL
..................................................................
TEMPERATURE (F)
 TODAY
  MAXIMUM         68    403 PM  87    1907  66      2       68
  MINIMUM         56    756 AM  25    1986  45     11       38
                                      1915
  AVERAGE         62                        56      6       53

PRECIPITATION (IN)
  TODAY            T             1.83 1903   0.15  -0.15     0.00
  MONTH TO DATE    1.87                      3.49  -1.62     1.65
  SINCE MAR 1      1.87                      3.49  -1.62     1.65
  SINCE JAN 1     11.92                     12.36  -0.44    14.18

SNOWFALL (IN)
  TODAY            0.0           T    2010   0.0    0.0      0.0
  MONTH TO DATE    T                         0.6   -0.6       T
  SINCE MAR 1      T                         0.6   -0.6       T
  SINCE JUL 1      T                         2.7   -2.7      0.3
  SNOW DEPTH       0

DEGREE DAYS
 HEATING
  TODAY            3                        10     -7       12
  MONTH TO DATE  255                       266    -11      147
  SINCE MAR 1    255                       266    -11      147
  SINCE JUL 1   1611                      2521   -910     1862

 COOLING
  TODAY            0                         0      0        0
  MONTH TO DATE   13                         0     13       34
  SINCE MAR 1     13                         0     13       34
  SINCE JAN 1     18                         1     17       34
..................................................................


WIND (MPH)
  RESULTANT WIND SPEED  12   RESULTANT WIND DIRECTION  NW (330)
  HIGHEST WIND SPEED    21   HIGHEST WIND DIRECTION    NW (320)
  HIGHEST GUST SPEED    25   HIGHEST GUST DIRECTION    NW (320)
  AVERAGE WIND SPEED    13.1


SKY COVER
  AVERAGE SKY COVER 0.6


WEATHER CONDITIONS
 THE FOLLOWING WEATHER WAS RECORDED TODAY.
  NO SIGNIFICANT WEATHER WAS OBSERVED.


RELATIVE HUMIDITY (PERCENT)
 HIGHEST    93           500 AM
 LOWEST     37           500 PM

..........................................................


THE ATLANTA CLIMATE NORMALS FOR TOMORROW
                         NORMAL    RECORD    YEAR
 MAXIMUM TEMPERATURE (F)   67        89      1995
 MINIMUM TEMPERATURE (F)   46        20      1885


SUNRISE AND SUNSET
MARCH 22 2017.........SUNRISE   738 AM EDT   SUNSET   751 PM EDT
MARCH 23 2017.........SUNRISE   737 AM EDT   SUNSET   752 PM EDT


-  INDICATES NEGATIVE NUMBERS.
R  INDICATES RECORD WAS SET OR TIED.
MM INDICATES DATA IS MISSING.
T  INDICATES TRACE AMOUNT.




$$
