000
CDUS42 KFFC 290817
CLIATL


CLIMATE REPORT
NATIONAL WEATHER SERVICE PEACHTREE CITY GA
416 AM EDT MON AUG 29 2016


...................................

...THE ATLANTA CLIMATE SUMMARY FOR AUGUST 28 2016...

CLIMATE NORMAL PERIOD 1981 TO 2010
CLIMATE RECORD PERIOD 1878 TO 2016


WEATHER ITEM   OBSERVED TIME   RECORD YEAR NORMAL DEPARTURE LAST
                VALUE   (LST)  VALUE       VALUE  FROM      YEAR
                                                  NORMAL
..................................................................
TEMPERATURE (F)
 YESTERDAY
  MAXIMUM         91    437 PM  98    1954  87      4       83
  MINIMUM         74    654 AM  56    1927  70      4       70
  AVERAGE         83                        78      5       77

PRECIPITATION (IN)
  YESTERDAY        0.00          1.57 2009   0.12  -0.12     0.00
  MONTH TO DATE    3.06                      3.52  -0.46     5.10
  SINCE JUN 1      9.98                     12.74  -2.76    17.02
  SINCE JAN 1     29.12                     33.45  -4.33    40.74

DEGREE DAYS
 HEATING
  YESTERDAY        0                         0      0        0
  MONTH TO DATE    0                         0      0        0
  SINCE JUN 1      0                         2     -2        0
  SINCE JUL 1      0                         0      0        0

 COOLING
  YESTERDAY       18                        13      5       12
  MONTH TO DATE  502                       408     94      441
  SINCE JUN 1   1568                      1250    318     1404
  SINCE JAN 1   1897                      1500    397     1763
..................................................................


WIND (MPH)
  RESULTANT WIND SPEED  10   RESULTANT WIND DIRECTION   E (70)
  HIGHEST WIND SPEED    16   HIGHEST WIND DIRECTION    NE (60)
  HIGHEST GUST SPEED    26   HIGHEST GUST DIRECTION     E (80)
  AVERAGE WIND SPEED    10.3


SKY COVER
  AVERAGE SKY COVER 0.3


WEATHER CONDITIONS
 THE FOLLOWING WEATHER WAS RECORDED YESTERDAY.
  NO SIGNIFICANT WEATHER WAS OBSERVED.


RELATIVE HUMIDITY (PERCENT)
 HIGHEST    93           700 AM
 LOWEST     44           400 PM
 AVERAGE    69

..........................................................


THE ATLANTA CLIMATE NORMALS FOR TODAY
                         NORMAL    RECORD    YEAR
 MAXIMUM TEMPERATURE (F)   87        98      1990
 MINIMUM TEMPERATURE (F)   70        55      1992


SUNRISE AND SUNSET
AUGUST 29 2016........SUNRISE   710 AM EDT   SUNSET   806 PM EDT
AUGUST 30 2016........SUNRISE   711 AM EDT   SUNSET   805 PM EDT


-  INDICATES NEGATIVE NUMBERS.
R  INDICATES RECORD WAS SET OR TIED.
MM INDICATES DATA IS MISSING.
T  INDICATES TRACE AMOUNT.




$$
