000
CDUS42 KFFC 020021
CLIATL


CLIMATE REPORT
NATIONAL WEATHER SERVICE PEACHTREE CITY GA
721 PM EST SUN FEB 1 2015


...................................

...THE ATLANTA CLIMATE SUMMARY FOR FEBRUARY 1 2015...
VALID AS OF 0700 PM LOCAL TIME.

CLIMATE NORMAL PERIOD 1981 TO 2010
CLIMATE RECORD PERIOD 1878 TO 2015


WEATHER ITEM   OBSERVED TIME   RECORD YEAR NORMAL DEPARTURE LAST
                VALUE   (LST)  VALUE       VALUE  FROM      YEAR
                                                  NORMAL
..................................................................
TEMPERATURE (F)
 TODAY
  MAXIMUM         56    159 PM  77    1957  54      2       58
  MINIMUM         40    800 AM  10    1936  35      5       32
  AVERAGE         48                        45      3       45

PRECIPITATION (IN)
  TODAY            0.22          2.83 1973   0.17   0.05     0.00
  MONTH TO DATE    0.22                      0.17   0.05     0.00
  SINCE DEC 1     10.09                      8.27   1.82    11.15
  SINCE JAN 1      4.58                      4.37   0.21     3.35

SNOWFALL (IN)
  TODAY           MM             0.1  2007   0.0   MM        0.0
  MONTH TO DATE   MM                         0.0   MM        0.0
  SINCE DEC 1      0.0                       1.7   -1.7      2.6
  SINCE JUL 1      0.0                       1.7   -1.7      3.0
  SNOW DEPTH       0

DEGREE DAYS
 HEATING
  TODAY           17                        20     -3       20
  MONTH TO DATE   17                        20     -3       20
  SINCE DEC 1   1145                      1306   -161     1404
  SINCE JUL 1   1692                      1774    -82     1931

 COOLING
  TODAY            0                         0      0        0
  MONTH TO DATE    0                         0      0        0
  SINCE DEC 1      0                         1     -1        7
  SINCE JAN 1      0                         0      0        0
..................................................................


WIND (MPH)
  RESULTANT WIND SPEED   6   RESULTANT WIND DIRECTION   S (160)
  HIGHEST WIND SPEED    20   HIGHEST WIND DIRECTION     S (170)
  HIGHEST GUST SPEED    26   HIGHEST GUST DIRECTION     S (160)
  AVERAGE WIND SPEED     7.2


SKY COVER
  AVERAGE SKY COVER 0.9


WEATHER CONDITIONS
 THE FOLLOWING WEATHER WAS RECORDED TODAY.
  RAIN
  LIGHT RAIN
  FOG


RELATIVE HUMIDITY (PERCENT)
 HIGHEST    93           600 PM
 LOWEST     37           300 AM

..........................................................


THE ATLANTA CLIMATE NORMALS FOR TOMORROW
                         NORMAL    RECORD    YEAR
 MAXIMUM TEMPERATURE (F)   54        74      2014
 MINIMUM TEMPERATURE (F)   35         5      1917


SUNRISE AND SUNSET
FEBRUARY  1 2015......SUNRISE   734 AM EST   SUNSET   609 PM EST
FEBRUARY  2 2015......SUNRISE   734 AM EST   SUNSET   610 PM EST


-  INDICATES NEGATIVE NUMBERS.
R  INDICATES RECORD WAS SET OR TIED.
MM INDICATES DATA IS MISSING.
T  INDICATES TRACE AMOUNT.




$$
