000
CDUS42 KFFC 230820
CLIATL


CLIMATE REPORT
NATIONAL WEATHER SERVICE PEACHTREE CITY GA
418 AM EDT THU OCT 23 2014


...................................

...THE ATLANTA CLIMATE SUMMARY FOR OCTOBER 22 2014...

CLIMATE NORMAL PERIOD 1981 TO 2010
CLIMATE RECORD PERIOD 1878 TO 2014


WEATHER ITEM   OBSERVED TIME   RECORD YEAR NORMAL DEPARTURE LAST
                VALUE   (LST)  VALUE       VALUE  FROM      YEAR
                                                  NORMAL
..................................................................
TEMPERATURE (F)
 YESTERDAY
  MAXIMUM         70    410 PM  88    1941  71     -1       69
  MINIMUM         47    710 AM  33    1976  52     -5       56
  AVERAGE         59                        62     -3       63

PRECIPITATION (IN)
  YESTERDAY        0.00          3.21 1945   0.10  -0.10     0.01
  MONTH TO DATE    3.38                      2.52   0.86     2.52
  SINCE SEP 1      4.13                      6.99  -2.86     5.26
  SINCE JAN 1     38.10                     40.82  -2.72    56.30

DEGREE DAYS
 HEATING
  YESTERDAY        6                         5      1        2
  MONTH TO DATE   35                        63    -28       24
  SINCE SEP 1     35                        74    -39       24
  SINCE JUL 1     35                        74    -39       25

 COOLING
  YESTERDAY        0                         1     -1        0
  MONTH TO DATE  100                        58     42       77
  SINCE SEP 1    431                       324    107      366
  SINCE JAN 1   1969                      1863    106     1748
..................................................................


WIND (MPH)
  RESULTANT WIND SPEED   7   RESULTANT WIND DIRECTION   N (340)
  HIGHEST WIND SPEED    16   HIGHEST WIND DIRECTION    NW (320)
  HIGHEST GUST SPEED    21   HIGHEST GUST DIRECTION     N (350)
  AVERAGE WIND SPEED     7.9


SKY COVER
  AVERAGE SKY COVER 0.0


WEATHER CONDITIONS
 THE FOLLOWING WEATHER WAS RECORDED YESTERDAY.
  NO SIGNIFICANT WEATHER WAS OBSERVED.


RELATIVE HUMIDITY (PERCENT)
 HIGHEST    86           600 AM
 LOWEST     31           300 PM
 AVERAGE    59

..........................................................


THE ATLANTA CLIMATE NORMALS FOR TODAY
                         NORMAL    RECORD    YEAR
 MAXIMUM TEMPERATURE (F)   71        86      1941
                                             1935
 MINIMUM TEMPERATURE (F)   52        34      1937


SUNRISE AND SUNSET
OCTOBER 23 2014.......SUNRISE   749 AM EDT   SUNSET   655 PM EDT
OCTOBER 24 2014.......SUNRISE   750 AM EDT   SUNSET   654 PM EDT


-  INDICATES NEGATIVE NUMBERS.
R  INDICATES RECORD WAS SET OR TIED.
MM INDICATES DATA IS MISSING.
T  INDICATES TRACE AMOUNT.




$$
