000
CDUS44 KEWX 230736
CLIATT


CLIMATE REPORT
NATIONAL WEATHER SERVICE AUSTIN/SAN ANTONIO, TX
235 AM CDT WED APR 23 2014


...................................

...THE AUSTIN CAMP MABRY CLIMATE SUMMARY FOR APRIL 22 2014...

CLIMATE NORMAL PERIOD 1981 TO 2010
CLIMATE RECORD PERIOD 1898 TO 2014


WEATHER ITEM   OBSERVED TIME   RECORD YEAR NORMAL DEPARTURE LAST
                VALUE   (LST)  VALUE       VALUE  FROM      YEAR
                                                  NORMAL
..................................................................
TEMPERATURE (F)
 YESTERDAY
  MAXIMUM         87    314 PM  94    2011  81      6       85
                                      2009
  MINIMUM         63    604 AM  40    1931  60      3       56
  AVERAGE         75                        71      4

PRECIPITATION (IN)
  YESTERDAY        0.00          3.65 1946   0.07  -0.07     0.00
  MONTH TO DATE    1.89                      1.41   0.48     3.19
  SINCE MAR 1      3.16                      4.17  -1.01     4.36
  SINCE JAN 1      3.99                      8.41  -4.42     7.62

SNOWFALL (IN)
  YESTERDAY        0.0
  MONTH TO DATE    T
  SINCE MAR 1      T
  SINCE JUL 1      0.2
  SNOW DEPTH       0

DEGREE DAYS
 HEATING
  YESTERDAY        0                         1     -1        0
  MONTH TO DATE   49                        36     13       66
  SINCE MAR 1    275                       198     77      205
  SINCE JUL 1   1771                      1535    236     1226

 COOLING
  YESTERDAY       10                         6      4        6
  MONTH TO DATE   94                       106    -12       97
  SINCE MAR 1    137                       167    -30      175
  SINCE JAN 1    178                       194    -16      224
..................................................................


WIND (MPH)
  HIGHEST WIND SPEED    12   HIGHEST WIND DIRECTION     N (10)
  HIGHEST GUST SPEED    20   HIGHEST GUST DIRECTION     N (10)
  AVERAGE WIND SPEED     3.4


SKY COVER
  AVERAGE SKY COVER 0.1


WEATHER CONDITIONS
 THE FOLLOWING WEATHER WAS RECORDED YESTERDAY.
  NO SIGNIFICANT WEATHER WAS OBSERVED.


RELATIVE HUMIDITY (PERCENT)
 HIGHEST    87           600 AM
 LOWEST     35           300 PM
 AVERAGE    61

..........................................................


THE AUSTIN CAMP MABRY CLIMATE NORMALS FOR TODAY
                         NORMAL    RECORD    YEAR
 MAXIMUM TEMPERATURE (F)   82        98      2000
 MINIMUM TEMPERATURE (F)   61        44      1927


SUNRISE AND SUNSET
APRIL 23 2014.........SUNRISE   655 AM CDT   SUNSET   803 PM CDT
APRIL 24 2014.........SUNRISE   654 AM CDT   SUNSET   804 PM CDT


-  INDICATES NEGATIVE NUMBERS.
R  INDICATES RECORD WAS SET OR TIED.
MM INDICATES DATA IS MISSING.
T  INDICATES TRACE AMOUNT.




$$
