000
CDUS44 KEWX 312237
CLIATT


CLIMATE REPORT
NATIONAL WEATHER SERVICE AUSTIN/SAN ANTONIO, TX
537 PM CDT TUE MAY 31 2016


...................................

...THE AUSTIN CAMP MABRY CLIMATE SUMMARY FOR MAY 31 2016...
VALID TODAY AS OF 530 PM LOCAL TIME.

CLIMATE NORMAL PERIOD 1981 TO 2010
CLIMATE RECORD PERIOD 1897 TO 2016


WEATHER ITEM   OBSERVED TIME   RECORD YEAR NORMAL DEPARTURE LAST
                VALUE   (LST)  VALUE       VALUE  FROM      YEAR
                                                  NORMAL
..................................................................
TEMPERATURE (F)
 TODAY
  MAXIMUM         82   1109 AM 100    2004  90     -8       86
  MINIMUM         67    338 PM  53    1984  70     -3       67
  AVERAGE         75                        80     -5       77

PRECIPITATION (IN)
  TODAY            1.04          2.52 1937   0.16   0.88     0.00
  MONTH TO DATE    7.12                      4.44   2.68    17.59
  SINCE MAR 1     17.75                      9.29   8.46    24.73
  SINCE JAN 1     19.43                     13.53   5.90    30.25

SNOWFALL (IN)
  TODAY            0.0
  MONTH TO DATE    0.0
  SINCE MAR 1      T
  SINCE JUL 1      T
  SNOW DEPTH       0

DEGREE DAYS
 HEATING
  TODAY            0                         0      0        0
  MONTH TO DATE    1                         0      1        0
  SINCE MAR 1     84                       202   -118      215
  SINCE JUL 1   1081                      1539   -458     1698

 COOLING
  TODAY           10                        15     -5       12
  MONTH TO DATE  293                       361    -68      323
  SINCE MAR 1    576                       586    -10      590
  SINCE JAN 1    615                       613      2      601
..................................................................


WIND (MPH)
  HIGHEST WIND SPEED    14   HIGHEST WIND DIRECTION    SW (230)
  HIGHEST GUST SPEED    22   HIGHEST GUST DIRECTION    SW (230)
  AVERAGE WIND SPEED     4.4


SKY COVER
  AVERAGE SKY COVER 0.8


WEATHER CONDITIONS
 THE FOLLOWING WEATHER WAS RECORDED TODAY.
  THUNDERSTORM
  HEAVY RAIN
  LIGHT RAIN
  FOG


RELATIVE HUMIDITY (PERCENT)
 HIGHEST    94           100 AM
 LOWEST     69           200 PM
 AVERAGE    82

..........................................................


THE AUSTIN CAMP MABRY CLIMATE NORMALS FOR TOMORROW
                         NORMAL    RECORD    YEAR
 MAXIMUM TEMPERATURE (F)   90       100      2008
 MINIMUM TEMPERATURE (F)   70        55      1964
                                             1931


SUNRISE AND SUNSET
MAY 31 2016...........SUNRISE   630 AM CDT   SUNSET   828 PM CDT
JUNE  1 2016..........SUNRISE   629 AM CDT   SUNSET   828 PM CDT


-  INDICATES NEGATIVE NUMBERS.
R  INDICATES RECORD WAS SET OR TIED.
MM INDICATES DATA IS MISSING.
T  INDICATES TRACE AMOUNT.




$$
