000
CDUS44 KEWX 230734
CLIATT


CLIMATE REPORT
NATIONAL WEATHER SERVICE AUSTIN/SAN ANTONIO, TX
232 AM CDT SAT MAY 23 2015


...................................

...THE AUSTIN CAMP MABRY CLIMATE SUMMARY FOR MAY 22 2015...

CLIMATE NORMAL PERIOD 1981 TO 2010
CLIMATE RECORD PERIOD 1897 TO 2015


WEATHER ITEM   OBSERVED TIME   RECORD YEAR NORMAL DEPARTURE LAST
                VALUE   (LST)  VALUE       VALUE  FROM      YEAR
                                                  NORMAL
..................................................................
TEMPERATURE (F)
 YESTERDAY
  MAXIMUM         77    700 PM  98    1939  88    -11       87
  MINIMUM         62   1217 AM  54    2001  68     -6       70
  AVERAGE         70                        78     -8

PRECIPITATION (IN)
  YESTERDAY        0.03          1.30 1898   0.16  -0.13      T
  MONTH TO DATE    9.35                      2.99   6.36     3.59
  SINCE MAR 1     16.49                      7.84   8.65     6.75
  SINCE JAN 1     22.01                     12.08   9.93     7.58

SNOWFALL (IN)
  YESTERDAY        0.0
  MONTH TO DATE    0.0
  SINCE MAR 1      T
  SINCE JUL 1      T
  SNOW DEPTH       0

DEGREE DAYS
 HEATING
  YESTERDAY        0                         0      0        0
  MONTH TO DATE    0                         0      0        5
  SINCE MAR 1    215                       200     15      280
  SINCE JUL 1   1698                      1537    161     1776

 COOLING
  YESTERDAY        5                        13     -8       14
  MONTH TO DATE  219                       234    -15      203
  SINCE MAR 1    486                       459     27      427
  SINCE JAN 1    497                       486     11      468
..................................................................


WIND (MPH)
  HIGHEST WIND SPEED    10   HIGHEST WIND DIRECTION    SE (140)
  HIGHEST GUST SPEED    17   HIGHEST GUST DIRECTION    SE (130)
  AVERAGE WIND SPEED     4.2


SKY COVER
  AVERAGE SKY COVER 1.0


WEATHER CONDITIONS
 THE FOLLOWING WEATHER WAS RECORDED YESTERDAY.
  LIGHT RAIN
  FOG
  HAZE


RELATIVE HUMIDITY (PERCENT)
 HIGHEST   100           300 AM
 LOWEST     82           300 PM
 AVERAGE    91

..........................................................


THE AUSTIN CAMP MABRY CLIMATE NORMALS FOR TODAY
                         NORMAL    RECORD    YEAR
 MAXIMUM TEMPERATURE (F)   88       100      2008
 MINIMUM TEMPERATURE (F)   68        50      1913


SUNRISE AND SUNSET
MAY 23 2015...........SUNRISE   633 AM CDT   SUNSET   823 PM CDT
MAY 24 2015...........SUNRISE   632 AM CDT   SUNSET   823 PM CDT


-  INDICATES NEGATIVE NUMBERS.
R  INDICATES RECORD WAS SET OR TIED.
MM INDICATES DATA IS MISSING.
T  INDICATES TRACE AMOUNT.




$$
