000
CDUS44 KEWX 152250
CLIATT


CLIMATE REPORT
NATIONAL WEATHER SERVICE AUSTIN/SAN ANTONIO, TX
549 PM CDT MON SEP 15 2014


...................................

...THE AUSTIN CAMP MABRY CLIMATE SUMMARY FOR SEPTEMBER 15 2014...
VALID TODAY AS OF 549 PM LOCAL TIME.

CLIMATE NORMAL PERIOD 1981 TO 2010
CLIMATE RECORD PERIOD 1897 TO 2014


WEATHER ITEM   OBSERVED TIME   RECORD YEAR NORMAL DEPARTURE LAST
                VALUE   (LST)  VALUE       VALUE  FROM      YEAR
                                                  NORMAL
..................................................................
TEMPERATURE (F)
 TODAY
  MAXIMUM         88    311 PM  99    1953  91     -3       96
  MINIMUM         69    602 AM  55    1945  70     -1       75
  AVERAGE         79                        80     -1       86

PRECIPITATION (IN)
  TODAY            0.00          2.02 1998   0.10  -0.10     0.00
  MONTH TO DATE    2.61                      1.66   0.95     0.55
  SINCE SEP 1      2.61                      1.66   0.95     0.55
  SINCE JAN 1     22.47                     23.75  -1.28    18.33

SNOWFALL (IN)
  TODAY            0.0
  MONTH TO DATE    0.0
  SINCE SEP 1      0.0
  SINCE JUL 1      0.0
  SNOW DEPTH       0

DEGREE DAYS
 HEATING
  TODAY            0                         0      0        0
  MONTH TO DATE    2                         0      2        0
  SINCE SEP 1      2                         0      2        0
  SINCE JUL 1      2                         0      2        0

 COOLING
  TODAY           14                        15     -1       21
  MONTH TO DATE  275                       256     19      331
  SINCE SEP 1    275                       256     19      331
  SINCE JAN 1   2668                      2650     18     2941
..................................................................


WIND (MPH)
  HIGHEST WIND SPEED     8   HIGHEST WIND DIRECTION    SE (150)
  HIGHEST GUST SPEED    13   HIGHEST GUST DIRECTION    SE (150)
  AVERAGE WIND SPEED     0.7


SKY COVER
  AVERAGE SKY COVER 0.6


WEATHER CONDITIONS
 THE FOLLOWING WEATHER WAS RECORDED TODAY.
  FOG


RELATIVE HUMIDITY (PERCENT)
 HIGHEST    97           700 AM
 LOWEST     55           300 PM
 AVERAGE    76

..........................................................


THE AUSTIN CAMP MABRY CLIMATE NORMALS FOR TOMORROW
                         NORMAL    RECORD    YEAR
 MAXIMUM TEMPERATURE (F)   90        99      1965
                                             1954
                                             1920
 MINIMUM TEMPERATURE (F)   69        54      1945


SUNRISE AND SUNSET
SEPTEMBER 15 2014.....SUNRISE   715 AM CDT   SUNSET   736 PM CDT
SEPTEMBER 16 2014.....SUNRISE   716 AM CDT   SUNSET   735 PM CDT


-  INDICATES NEGATIVE NUMBERS.
R  INDICATES RECORD WAS SET OR TIED.
MM INDICATES DATA IS MISSING.
T  INDICATES TRACE AMOUNT.




$$
