000
CDUS44 KEWX 202222
CLIATT


CLIMATE REPORT
NATIONAL WEATHER SERVICE AUSTIN/SAN ANTONIO, TX
422 PM CST FRI JAN 20 2017


...................................

...THE AUSTIN CAMP MABRY CLIMATE SUMMARY FOR JANUARY 20 2017...
VALID TODAY AS OF 420 PM LOCAL TIME.

CLIMATE NORMAL PERIOD 1981 TO 2010
CLIMATE RECORD PERIOD 1897 TO 2017


WEATHER ITEM   OBSERVED TIME   RECORD YEAR NORMAL DEPARTURE LAST
                VALUE   (LST)  VALUE       VALUE  FROM      YEAR
                                                  NORMAL
..................................................................
TEMPERATURE (F)
 TODAY
  MAXIMUM         76    339 PM  83    1972  62     14       57
  MINIMUM         47    634 AM  17    1943  42      5       45
  AVERAGE         62                        52     10       51

PRECIPITATION (IN)
  TODAY            0.00          1.75 1968   0.07  -0.07     0.00
  MONTH TO DATE    4.11                      1.44   2.67     0.33
  SINCE DEC 1      6.65                      3.84   2.81     3.33
  SINCE JAN 1      4.11                      1.44   2.67     0.33

SNOWFALL (IN)
  TODAY            0.0
  MONTH TO DATE    0.0
  SINCE DEC 1      0.0
  SINCE JUL 1      0.0
  SNOW DEPTH       0

DEGREE DAYS
 HEATING
  TODAY            3                        14    -11       14
  MONTH TO DATE  197                       280    -83      288
  SINCE DEC 1    538                       680   -142      547
  SINCE JUL 1    598                       892   -294      707

 COOLING
  TODAY            0                         0      0        0
  MONTH TO DATE   20                         0     20        0
  SINCE DEC 1     60                        13     47       20
  SINCE JAN 1     20                         0     20        0
..................................................................


WIND (MPH)
  HIGHEST WIND SPEED     7   HIGHEST WIND DIRECTION    SE (150)
  HIGHEST GUST SPEED    10   HIGHEST GUST DIRECTION     S (200)
  AVERAGE WIND SPEED     1.6


SKY COVER
  AVERAGE SKY COVER 0.0


WEATHER CONDITIONS
 THE FOLLOWING WEATHER WAS RECORDED TODAY.
  FOG


RELATIVE HUMIDITY (PERCENT)
 HIGHEST    93          1200 AM
 LOWEST     38           400 PM
 AVERAGE    66

..........................................................


THE AUSTIN CAMP MABRY CLIMATE NORMALS FOR TOMORROW
                         NORMAL    RECORD    YEAR
 MAXIMUM TEMPERATURE (F)   62        82      2003
                                             1969
 MINIMUM TEMPERATURE (F)   42        17      1985
                                             1924


SUNRISE AND SUNSET
JANUARY 20 2017.......SUNRISE   727 AM CST   SUNSET   557 PM CST
JANUARY 21 2017.......SUNRISE   726 AM CST   SUNSET   558 PM CST


-  INDICATES NEGATIVE NUMBERS.
R  INDICATES RECORD WAS SET OR TIED.
MM INDICATES DATA IS MISSING.
T  INDICATES TRACE AMOUNT.




$$
