210
CDUS44 KEWX 290647
CLIATT


CLIMATE REPORT
NATIONAL WEATHER SERVICE AUSTIN/SAN ANTONIO, TX
143 AM CDT THU JUN 29 2017


...................................

...THE AUSTIN CAMP MABRY CLIMATE SUMMARY FOR JUNE 28 2017...

CLIMATE NORMAL PERIOD 1981 TO 2010
CLIMATE RECORD PERIOD 1897 TO 2017


WEATHER ITEM   OBSERVED TIME   RECORD YEAR NORMAL DEPARTURE LAST
                VALUE   (LST)  VALUE       VALUE  FROM      YEAR
                                                  NORMAL
..................................................................
TEMPERATURE (F)
 YESTERDAY
  MAXIMUM         92    420 PM 106    2013  94     -2      101
  MINIMUM         71    320 AM  63    2006  74     -3       72
                                      1916
  AVERAGE         82                        84     -2

PRECIPITATION (IN)
  YESTERDAY        0.00          1.47 1940   0.09  -0.09     0.33
  MONTH TO DATE    3.05                      4.14  -1.09     2.61
  SINCE JUN 1      3.05                      4.14  -1.09     2.61
  SINCE JAN 1     15.83                     17.67  -1.84    22.07

SNOWFALL (IN)
  YESTERDAY        0.0
  MONTH TO DATE    0.0
  SINCE JUN 1      0.0
  SINCE JUL 1      T
  SNOW DEPTH       0

DEGREE DAYS
 HEATING
  YESTERDAY        0                         0      0        0
  MONTH TO DATE    0                         0      0        0
  SINCE JUN 1      0                         0      0        0
  SINCE JUL 1    834                      1539   -705     1081

 COOLING
  YESTERDAY       17                        19     -2       22
  MONTH TO DATE  531                       478     53      510
  SINCE JUN 1    531                       478     53      510
  SINCE JAN 1   1393                      1091    302     1125
..................................................................


WIND (MPH)
  HIGHEST WIND SPEED    10   HIGHEST WIND DIRECTION    SE (150)
  HIGHEST GUST SPEED    18   HIGHEST GUST DIRECTION     S (160)
  AVERAGE WIND SPEED     4.3


SKY COVER
  AVERAGE SKY COVER 0.5


WEATHER CONDITIONS
 THE FOLLOWING WEATHER WAS RECORDED YESTERDAY.
  HAZE


RELATIVE HUMIDITY (PERCENT)
 HIGHEST    93          1200 AM
 LOWEST     47           600 PM
 AVERAGE    70

..........................................................


THE AUSTIN CAMP MABRY CLIMATE NORMALS FOR TODAY
                         NORMAL    RECORD    YEAR
 MAXIMUM TEMPERATURE (F)   94       108      2013
 MINIMUM TEMPERATURE (F)   74        64      1985
                                             1926


SUNRISE AND SUNSET
JUNE 29 2017..........SUNRISE   632 AM CDT   SUNSET   837 PM CDT
JUNE 30 2017..........SUNRISE   632 AM CDT   SUNSET   837 PM CDT


-  INDICATES NEGATIVE NUMBERS.
R  INDICATES RECORD WAS SET OR TIED.
MM INDICATES DATA IS MISSING.
T  INDICATES TRACE AMOUNT.




$$
