000
CDUS43 KABR 202228
CLIATY


CLIMATE REPORT
NATIONAL WEATHER SERVICE ABERDEEN SD
527 PM CDT SUN APR 20 2014


...................................

...THE WATERTOWN SD CLIMATE SUMMARY FOR APRIL 20 2014...
VALID TODAY AS OF 0500 PM LOCAL TIME.

CLIMATE NORMAL PERIOD 1981 TO 2010
CLIMATE RECORD PERIOD 1898 TO 2014


WEATHER ITEM   OBSERVED TIME   RECORD YEAR NORMAL DEPARTURE LAST
                VALUE   (LST)  VALUE       VALUE  FROM      YEAR
                                                  NORMAL
..................................................................
TEMPERATURE (F)
 TODAY
  MAXIMUM         74    359 PM  90    1980  58     16       33
  MINIMUM         35    606 AM   9    2013  34      1        9
  AVERAGE         55                        46      9       21

PRECIPITATION (IN)
  TODAY            0.00          1.24 2004   0.07  -0.07     0.08
  MONTH TO DATE    0.05                      1.22  -1.17     2.02
  SINCE MAR 1      1.02                      2.33  -1.31     3.23
  SINCE JAN 1      1.45                      3.41  -1.96     4.45

SNOWFALL (IN)
  TODAY            0.0
  MONTH TO DATE    4.0
  SINCE OCT 1     28.2
  SINCE JUL 1     28.2
  SNOW DEPTH       0

DEGREE DAYS
 HEATING
  TODAY           10                        19     -9       44
  MONTH TO DATE  530                       470     60      697
  SINCE MAR 1   1779                      1574    205     2075
  SINCE JUL 1   8745                      7985    760     8438

 COOLING
  TODAY            0                         0      0        0
  MONTH TO DATE    0                         0      0        0
  SINCE MAR 1      0                         0      0        0
  SINCE JAN 1      0                         0      0        0
..................................................................


WIND (MPH)
  HIGHEST WIND SPEED    17   HIGHEST WIND DIRECTION    SE (150)
  HIGHEST GUST SPEED    25   HIGHEST GUST DIRECTION    SE (130)
  AVERAGE WIND SPEED     5.6


SKY COVER
  POSSIBLE SUNSHINE  MM
  AVERAGE SKY COVER 0.0


WEATHER CONDITIONS
 THE FOLLOWING WEATHER WAS RECORDED TODAY.
  NO SIGNIFICANT WEATHER WAS OBSERVED.


RELATIVE HUMIDITY (PERCENT)
 HIGHEST    92           600 AM
 LOWEST     20          1200 PM
 AVERAGE    56

..........................................................


THE WATERTOWN SD CLIMATE NORMALS FOR TOMORROW
                         NORMAL    RECORD    YEAR
 MAXIMUM TEMPERATURE (F)   59        95      1980
 MINIMUM TEMPERATURE (F)   34        10      1927


SUNRISE AND SUNSET
APRIL 20 2014.........SUNRISE   635 AM CDT   SUNSET   820 PM CDT
APRIL 21 2014.........SUNRISE   634 AM CDT   SUNSET   822 PM CDT


-  INDICATES NEGATIVE NUMBERS.
R  INDICATES RECORD WAS SET OR TIED.
MM INDICATES DATA IS MISSING.
T  INDICATES TRACE AMOUNT.




$$
