000
CDUS43 KABR 202332
CLIATY


CLIMATE REPORT
NATIONAL WEATHER SERVICE ABERDEEN SD
531 PM CST FRI JAN 20 2017


...................................

...THE WATERTOWN SD CLIMATE SUMMARY FOR JANUARY 20 2017...
VALID TODAY AS OF 0500 PM LOCAL TIME.

CLIMATE NORMAL PERIOD 1981 TO 2010
CLIMATE RECORD PERIOD 1898 TO 2017


WEATHER ITEM   OBSERVED TIME   RECORD YEAR NORMAL DEPARTURE LAST
                VALUE   (LST)  VALUE       VALUE  FROM      YEAR
                                                  NORMAL
..................................................................
TEMPERATURE (F)
 TODAY
  MAXIMUM         37    140 PM  56    1944  22     15       26
  MINIMUM         34    347 AM -26    1985   3     31       18
                                      1962
  AVERAGE         36                        12     24       22

PRECIPITATION (IN)
  TODAY            0.00          0.22 1982   0.02  -0.02     0.00
  MONTH TO DATE    0.57                      0.34   0.23     0.13
  SINCE DEC 1      1.82                      0.87   0.95     0.45
  SINCE JAN 1      0.57                      0.34   0.23     0.13

SNOWFALL (IN)
  TODAY            0.0
  MONTH TO DATE    9.0
  SINCE OCT 1     26.7
  SINCE JUL 1     26.7
  SNOW DEPTH      10

DEGREE DAYS
 HEATING
  TODAY           29                        53    -24       43
  MONTH TO DATE 1152                      1053     99     1053
  SINCE DEC 1   2747                      2572    175     2318
  SINCE JUL 1   4118                      4512   -394     3677

 COOLING
  TODAY            0                         0      0        0
  MONTH TO DATE    0                         0      0        0
  SINCE DEC 1      0                         0      0        0
  SINCE JAN 1      0                         0      0        0
..................................................................


WIND (MPH)
  HIGHEST WIND SPEED    17   HIGHEST WIND DIRECTION    SE (150)
  HIGHEST GUST SPEED    22   HIGHEST GUST DIRECTION     S (160)
  AVERAGE WIND SPEED    12.3


SKY COVER
  POSSIBLE SUNSHINE  MM
  AVERAGE SKY COVER 1.0


WEATHER CONDITIONS
 THE FOLLOWING WEATHER WAS RECORDED TODAY.
  FOG
  FOG W/VISIBILITY <= 1/4 MILE


RELATIVE HUMIDITY (PERCENT)
 HIGHEST   100          1200 AM
 LOWEST     92           400 AM
 AVERAGE    96

..........................................................


THE WATERTOWN SD CLIMATE NORMALS FOR TOMORROW
                         NORMAL    RECORD    YEAR
 MAXIMUM TEMPERATURE (F)   22        50      1933
 MINIMUM TEMPERATURE (F)    3       -30      1954


SUNRISE AND SUNSET
JANUARY 20 2017.......SUNRISE   759 AM CST   SUNSET   520 PM CST
JANUARY 21 2017.......SUNRISE   759 AM CST   SUNSET   522 PM CST


-  INDICATES NEGATIVE NUMBERS.
R  INDICATES RECORD WAS SET OR TIED.
MM INDICATES DATA IS MISSING.
T  INDICATES TRACE AMOUNT.




$$
