189
CDUS43 KABR 181200
CLIATY


CLIMATE REPORT
NATIONAL WEATHER SERVICE ABERDEEN SD
700 AM CDT FRI AUG 18 2017


...................................

...THE WATERTOWN SD CLIMATE SUMMARY FOR AUGUST 17 2017...

CLIMATE NORMAL PERIOD 1981 TO 2010
CLIMATE RECORD PERIOD 1898 TO 2017


WEATHER ITEM   OBSERVED TIME   RECORD YEAR NORMAL DEPARTURE LAST
                VALUE   (LST)  VALUE       VALUE  FROM      YEAR
                                                  NORMAL
..................................................................
TEMPERATURE (F)
 YESTERDAY
  MAXIMUM         77    342 PM  98    1976  80     -3       85
  MINIMUM         60    541 AM  39    1943  57      3       58
  AVERAGE         69                        69      0       72

PRECIPITATION (IN)
  YESTERDAY        0.00          1.60 2005   0.09  -0.09     0.00
  MONTH TO DATE    1.94                      1.55   0.39     6.25
  SINCE JUN 1      8.89                      8.15   0.74    10.26
  SINCE JAN 1     13.84                     15.00  -1.16    15.91

DEGREE DAYS
 HEATING
  YESTERDAY        0                         1     -1        0
  MONTH TO DATE   17                        17      0        0
  SINCE JUN 1     66                       112    -46       37
  SINCE JUL 1     18                        34    -16       12

 COOLING
  YESTERDAY        4                         5     -1        7
  MONTH TO DATE   19                        95    -76      150
  SINCE JUN 1    349                       397    -48      594
  SINCE JAN 1    360                       419    -59      618
..................................................................


WIND (MPH)
  HIGHEST WIND SPEED    23   HIGHEST WIND DIRECTION    NW (330)
  HIGHEST GUST SPEED    28   HIGHEST GUST DIRECTION    NW (330)
  AVERAGE WIND SPEED    11.5


SKY COVER
  POSSIBLE SUNSHINE  MM
  AVERAGE SKY COVER 0.4


WEATHER CONDITIONS
 THE FOLLOWING WEATHER WAS RECORDED YESTERDAY.
  NO SIGNIFICANT WEATHER WAS OBSERVED.


RELATIVE HUMIDITY (PERCENT)
 HIGHEST   100           100 AM
 LOWEST     46           300 PM
 AVERAGE    73

..........................................................


THE WATERTOWN SD CLIMATE NORMALS FOR TODAY
                         NORMAL    RECORD    YEAR
 MAXIMUM TEMPERATURE (F)   80       100      1976
 MINIMUM TEMPERATURE (F)   57        41      2012


SUNRISE AND SUNSET
AUGUST 18 2017........SUNRISE   634 AM CDT   SUNSET   829 PM CDT
AUGUST 19 2017........SUNRISE   636 AM CDT   SUNSET   828 PM CDT


-  INDICATES NEGATIVE NUMBERS.
R  INDICATES RECORD WAS SET OR TIED.
MM INDICATES DATA IS MISSING.
T  INDICATES TRACE AMOUNT.




$$
