000
CDUS43 KABR 081008
CLIATY


CLIMATE REPORT
NATIONAL WEATHER SERVICE ABERDEEN SD
408 AM CST THU DEC 8 2016


...................................

...THE WATERTOWN SD CLIMATE SUMMARY FOR DECEMBER 7 2016...

CLIMATE NORMAL PERIOD 1981 TO 2010
CLIMATE RECORD PERIOD 1898 TO 2016


WEATHER ITEM   OBSERVED TIME   RECORD YEAR NORMAL DEPARTURE LAST
                VALUE   (LST)  VALUE       VALUE  FROM      YEAR
                                                  NORMAL
..................................................................
TEMPERATURE (F)
 YESTERDAY
  MAXIMUM         12    254 PM  56    1918  27    -15       39
  MINIMUM          5    646 AM -23    2013  10     -5       23
  AVERAGE          9                        18     -9       31

PRECIPITATION (IN)
  YESTERDAY       MM             0.60 1927   0.02  MM        0.00
  MONTH TO DATE    0.03                      0.13  -0.10     0.09
  SINCE DEC 1      0.03                      0.13  -0.10     0.09
  SINCE JAN 1     22.19                     21.68   0.51    21.19

SNOWFALL (IN)
  YESTERDAY       MM
  MONTH TO DATE    0.6
  SINCE OCT 1      4.7
  SINCE JUL 1      4.7
  SNOW DEPTH       1

DEGREE DAYS
 HEATING
  YESTERDAY       56                        47      9       34
  MONTH TO DATE  292                       317    -25      269
  SINCE DEC 1    292                       317    -25      269
  SINCE JUL 1   1663                      2257   -594     1628

 COOLING
  YESTERDAY        0                         0      0        0
  MONTH TO DATE    0                         0      0        0
  SINCE DEC 1      0                         0      0        0
  SINCE JAN 1    721                       515    206      588
..................................................................


WIND (MPH)
  HIGHEST WIND SPEED    31   HIGHEST WIND DIRECTION     W (280)
  HIGHEST GUST SPEED    40   HIGHEST GUST DIRECTION     W (280)
  AVERAGE WIND SPEED    21.9


SKY COVER
  POSSIBLE SUNSHINE  MM
  AVERAGE SKY COVER 1.0


WEATHER CONDITIONS
 THE FOLLOWING WEATHER WAS RECORDED YESTERDAY.
  LIGHT SNOW
  FOG
  HAZE


RELATIVE HUMIDITY (PERCENT)
 HIGHEST    80          1200 AM
 LOWEST     67           200 PM
 AVERAGE    74

..........................................................


THE WATERTOWN SD CLIMATE NORMALS FOR TODAY
                         NORMAL    RECORD    YEAR
 MAXIMUM TEMPERATURE (F)   27        57      1990
 MINIMUM TEMPERATURE (F)    9       -27      1927


SUNRISE AND SUNSET
DECEMBER  8 2016......SUNRISE   754 AM CST   SUNSET   447 PM CST
DECEMBER  9 2016......SUNRISE   755 AM CST   SUNSET   447 PM CST


-  INDICATES NEGATIVE NUMBERS.
R  INDICATES RECORD WAS SET OR TIED.
MM INDICATES DATA IS MISSING.
T  INDICATES TRACE AMOUNT.




$$
