000
CDUS41 KGYX 270821
CLIAUG


CLIMATE REPORT
NATIONAL WEATHER SERVICE GRAY ME
421 AM EDT FRI MAY 27 2016


...................................

...THE AUGUSTA CLIMATE SUMMARY FOR MAY 26 2016...

CLIMATE NORMAL PERIOD 1981 TO 2010
CLIMATE RECORD PERIOD 1948 TO 2016


WEATHER ITEM   OBSERVED TIME   RECORD YEAR NORMAL DEPARTURE LAST
                VALUE   (LST)  VALUE       VALUE  FROM      YEAR
                                                  NORMAL
..................................................................
TEMPERATURE (F)
 YESTERDAY
  MAXIMUM         80    426 PM  88    2010  68     12       83
  MINIMUM         53    412 AM  32    1992  48      5       58
  AVERAGE         67                        58      9       71

PRECIPITATION (IN)
  YESTERDAY        0.00          0.82 2005   0.12  -0.12     0.17
  MONTH TO DATE    1.40                      3.11  -1.71     1.42
  SINCE MAR 1      7.62                     10.27  -2.65     6.95
  SINCE JAN 1     13.49                     15.31  -1.82     9.22

DEGREE DAYS
 HEATING
  YESTERDAY        0                         8     -8        0
  MONTH TO DATE  273                       288    -15      188
  SINCE MAR 1   1895                      1949    -54     2030
  SINCE JUL 1   6574                      7292   -718     7657

 COOLING
  YESTERDAY        2                         1      1        6
  MONTH TO DATE    2                         2      0       14
  SINCE MAR 1      2                         2      0       14
  SINCE JAN 1      2                         2      0       14
..................................................................


WIND (MPH)
  HIGHEST WIND SPEED    13   HIGHEST WIND DIRECTION     S (170)
  HIGHEST GUST SPEED    19   HIGHEST GUST DIRECTION     S (170)
  AVERAGE WIND SPEED     6.1


SKY COVER
  AVERAGE SKY COVER 0.0


WEATHER CONDITIONS
 THE FOLLOWING WEATHER WAS RECORDED YESTERDAY.
  NO SIGNIFICANT WEATHER WAS OBSERVED.


RELATIVE HUMIDITY (PERCENT)
 HIGHEST    93           400 AM
 LOWEST     19           400 PM
 AVERAGE    56

..........................................................


THE AUGUSTA CLIMATE NORMALS FOR TODAY
                         NORMAL    RECORD    YEAR
 MAXIMUM TEMPERATURE (F)   69        88      1959
 MINIMUM TEMPERATURE (F)   48        32      1969


SUNRISE AND SUNSET
MAY 27 2016...........SUNRISE   501 AM EDT   SUNSET   812 PM EDT
MAY 28 2016...........SUNRISE   500 AM EDT   SUNSET   813 PM EDT


-  INDICATES NEGATIVE NUMBERS.
R  INDICATES RECORD WAS SET OR TIED.
MM INDICATES DATA IS MISSING.
T  INDICATES TRACE AMOUNT.




$$
