000
CDUS41 KGYX 091153
CLIAUG


CLIMATE REPORT
NATIONAL WEATHER SERVICE GRAY ME
653 AM EST FRI DEC 9 2016


...................................

...THE AUGUSTA CLIMATE SUMMARY FOR DECEMBER 8 2016...

CLIMATE NORMAL PERIOD 1981 TO 2010
CLIMATE RECORD PERIOD 1948 TO 2016


WEATHER ITEM   OBSERVED TIME   RECORD YEAR NORMAL DEPARTURE LAST
                VALUE   (LST)  VALUE       VALUE  FROM      YEAR
                                                  NORMAL
..................................................................
TEMPERATURE (F)
 YESTERDAY
  MAXIMUM         39    232 PM  56    1951  36      3       35
  MINIMUM         28   1136 PM   1    1989  22      6       24
  AVERAGE         34                        29      5       30

PRECIPITATION (IN)
  YESTERDAY        0.01          1.38 1974   0.11  -0.10     0.00
  MONTH TO DATE    1.37                      0.96   0.41     0.75
  SINCE DEC 1      1.37                      0.96   0.41     0.75
  SINCE JAN 1     32.65                     39.60  -6.95    35.23

DEGREE DAYS
 HEATING
  YESTERDAY       31                        36     -5       35
  MONTH TO DATE  264                       277    -13      232
  SINCE DEC 1    264                       277    -13      232
  SINCE JUL 1   1582                      1825   -243     1610

 COOLING
  YESTERDAY        0                         0      0        0
  MONTH TO DATE    0                         0      0        0
  SINCE DEC 1      0                         0      0        0
  SINCE JAN 1    530                       388    142      457
..................................................................


WIND (MPH)
  HIGHEST WIND SPEED    15   HIGHEST WIND DIRECTION    NW (330)
  HIGHEST GUST SPEED    18   HIGHEST GUST DIRECTION    NW (320)
  AVERAGE WIND SPEED     3.2


SKY COVER
  AVERAGE SKY COVER 0.7


WEATHER CONDITIONS
 THE FOLLOWING WEATHER WAS RECORDED YESTERDAY.
  LIGHT SNOW
  FOG
  FOG W/VISIBILITY <= 1/4 MILE


RELATIVE HUMIDITY (PERCENT)
 HIGHEST   100          1200 AM
 LOWEST     70           100 PM
 AVERAGE    85

..........................................................


THE AUGUSTA CLIMATE NORMALS FOR TODAY
                         NORMAL    RECORD    YEAR
 MAXIMUM TEMPERATURE (F)   36        55      1973
 MINIMUM TEMPERATURE (F)   21        -4      1989


SUNRISE AND SUNSET
DECEMBER  9 2016......SUNRISE   703 AM EST   SUNSET   400 PM EST
DECEMBER 10 2016......SUNRISE   704 AM EST   SUNSET   400 PM EST


-  INDICATES NEGATIVE NUMBERS.
R  INDICATES RECORD WAS SET OR TIED.
MM INDICATES DATA IS MISSING.
T  INDICATES TRACE AMOUNT.




$$
