000
CDUS41 KGYX 130913
CLIAUG


CLIMATE REPORT
NATIONAL WEATHER SERVICE GRAY ME
413 AM EST SAT FEB 13 2016


...................................

...THE AUGUSTA CLIMATE SUMMARY FOR FEBRUARY 12 2016...

CLIMATE NORMAL PERIOD 1981 TO 2010
CLIMATE RECORD PERIOD 1948 TO 2016


WEATHER ITEM   OBSERVED TIME   RECORD YEAR NORMAL DEPARTURE LAST
                VALUE   (LST)  VALUE       VALUE  FROM      YEAR
                                                  NORMAL
..................................................................
TEMPERATURE (F)
 YESTERDAY
  MAXIMUM         18    322 PM  MM      MM  31    -13       11
  MINIMUM         -2    702 AM  MM      MM  14    -16        1
  AVERAGE          8                        22    -14        6

PRECIPITATION (IN)
  YESTERDAY        0.00         MM      MM   0.09  -0.09      T
  MONTH TO DATE    0.81                      1.01  -0.20     0.28
  SINCE DEC 1      7.18                      6.86   0.32     6.38
  SINCE JAN 1      3.21                      3.62  -0.41     1.90

DEGREE DAYS
 HEATING
  YESTERDAY       57                        43     14       59
  MONTH TO DATE  461                       527    -66      669
  SINCE DEC 1   2643                      3150   -507     3278
  SINCE JUL 1   4021                      4698   -677     4767

 COOLING
  YESTERDAY        0                         0      0        0
  MONTH TO DATE    0                         0      0        0
  SINCE DEC 1      0                         0      0        0
  SINCE JAN 1      0                         0      0        0
..................................................................


WIND (MPH)
  HIGHEST WIND SPEED    15   HIGHEST WIND DIRECTION     W (270)
  HIGHEST GUST SPEED    23   HIGHEST GUST DIRECTION     W (260)
  AVERAGE WIND SPEED     5.8


SKY COVER
  AVERAGE SKY COVER 0.0


WEATHER CONDITIONS
 THE FOLLOWING WEATHER WAS RECORDED YESTERDAY.
  NO SIGNIFICANT WEATHER WAS OBSERVED.


RELATIVE HUMIDITY (PERCENT)
 HIGHEST    63          1000 PM
 LOWEST     33           300 PM
 AVERAGE    48

..........................................................


THE AUGUSTA CLIMATE NORMALS FOR TODAY
                         NORMAL
 MAXIMUM TEMPERATURE (F)   31
 MINIMUM TEMPERATURE (F)   14


SUNRISE AND SUNSET
FEBRUARY 13 2016......SUNRISE   643 AM EST   SUNSET   505 PM EST
FEBRUARY 14 2016......SUNRISE   641 AM EST   SUNSET   506 PM EST


-  INDICATES NEGATIVE NUMBERS.
R  INDICATES RECORD WAS SET OR TIED.
MM INDICATES DATA IS MISSING.
T  INDICATES TRACE AMOUNT.




$$
