000
CDUS41 KGYX 182151
CLIAUG


CLIMATE REPORT
NATIONAL WEATHER SERVICE GRAY ME
450 PM EST WED JAN 18 2017


...................................

...THE AUGUSTA CLIMATE SUMMARY FOR JANUARY 18 2017...
VALID TODAY AS OF 0400 PM LOCAL TIME.

CLIMATE NORMAL PERIOD 1981 TO 2010
CLIMATE RECORD PERIOD 1948 TO 2017


WEATHER ITEM   OBSERVED TIME   RECORD YEAR NORMAL DEPARTURE LAST
                VALUE   (LST)  VALUE       VALUE  FROM      YEAR
                                                  NORMAL
..................................................................
TEMPERATURE (F)
 TODAY
  MAXIMUM         26   1257 AM  56    1990  27     -1       25
  MINIMUM         18    803 AM -18    1957  10      8       13
  AVERAGE         22                        19      3       19

PRECIPITATION (IN)
  TODAY            0.01          1.07 1999   0.09  -0.08     0.02
  MONTH TO DATE    1.39                      1.51  -0.12     2.37
  SINCE DEC 1      5.36                      4.75   0.61     6.34
  SINCE JAN 1      1.39                      1.51  -0.12     2.37

DEGREE DAYS
 HEATING
  TODAY           43                        46     -3       46
  MONTH TO DATE  731                       819    -88      722
  SINCE DEC 1   1974                      2026    -52     1651
  SINCE JUL 1   3292                      3574   -282     3029

 COOLING
  TODAY            0                         0      0        0
  MONTH TO DATE    0                         0      0        0
  SINCE DEC 1      0                         0      0        0
  SINCE JAN 1      0                         0      0        0
..................................................................


WIND (MPH)
  HIGHEST WIND SPEED    13   HIGHEST WIND DIRECTION    NE (30)
  HIGHEST GUST SPEED    17   HIGHEST GUST DIRECTION     N (20)
  AVERAGE WIND SPEED     9.3


SKY COVER
  AVERAGE SKY COVER 1.0


WEATHER CONDITIONS
 THE FOLLOWING WEATHER WAS RECORDED TODAY.
  LIGHT SNOW
  FOG
  HAZE


RELATIVE HUMIDITY (PERCENT)
 HIGHEST    84           500 AM
 LOWEST     42           100 AM
 AVERAGE    63

..........................................................


THE AUGUSTA CLIMATE NORMALS FOR TOMORROW
                         NORMAL    RECORD    YEAR
 MAXIMUM TEMPERATURE (F)   27        57      1972
 MINIMUM TEMPERATURE (F)   10       -15      1976


SUNRISE AND SUNSET
JANUARY 18 2017.......SUNRISE   710 AM EST   SUNSET   430 PM EST
JANUARY 19 2017.......SUNRISE   709 AM EST   SUNSET   431 PM EST


-  INDICATES NEGATIVE NUMBERS.
R  INDICATES RECORD WAS SET OR TIED.
MM INDICATES DATA IS MISSING.
T  INDICATES TRACE AMOUNT.




$$
