000
CDUS41 KGYX 290802
CLIAUG


CLIMATE REPORT
NATIONAL WEATHER SERVICE GRAY ME
401 AM EDT FRI MAY 29 2015


...................................

...THE AUGUSTA CLIMATE SUMMARY FOR MAY 28 2015...

CLIMATE NORMAL PERIOD 1981 TO 2010
CLIMATE RECORD PERIOD 1948 TO 2015


WEATHER ITEM   OBSERVED TIME   RECORD YEAR NORMAL DEPARTURE LAST
                VALUE   (LST)  VALUE       VALUE  FROM      YEAR
                                                  NORMAL
..................................................................
TEMPERATURE (F)
 YESTERDAY
  MAXIMUM         83   1255 PM  MM      MM  69     14       55
  MINIMUM         59    425 AM  MM      MM  48     11       42
  AVERAGE         71                        58     13       49

PRECIPITATION (IN)
  YESTERDAY        0.20         MM      MM   0.12   0.08     0.15
  MONTH TO DATE    1.62                      3.34  -1.72     3.56
  SINCE MAR 1      7.15                     10.50  -3.35     9.33
  SINCE JAN 1      9.42                     15.54  -6.12    14.12

DEGREE DAYS
 HEATING
  YESTERDAY        0                         7     -7       16
  MONTH TO DATE  188                       302   -114      262
  SINCE MAR 1   2030                      1963     67     2161
  SINCE JUL 1   7657                      7306    351     7667

 COOLING
  YESTERDAY        6                         1      5        0
  MONTH TO DATE   27                         4     23        0
  SINCE MAR 1     27                         4     23        0
  SINCE JAN 1     27                         4     23        0
..................................................................


WIND (MPH)
  HIGHEST WIND SPEED    16   HIGHEST WIND DIRECTION     S (180)
  HIGHEST GUST SPEED    24   HIGHEST GUST DIRECTION     S (160)
  AVERAGE WIND SPEED     6.6


SKY COVER
  AVERAGE SKY COVER 0.4


WEATHER CONDITIONS
 THE FOLLOWING WEATHER WAS RECORDED YESTERDAY.
  THUNDERSTORM
  HEAVY RAIN
  LIGHT RAIN
  FOG


RELATIVE HUMIDITY (PERCENT)
 HIGHEST    97           300 AM
 LOWEST     58           100 PM
 AVERAGE    78

..........................................................


THE AUGUSTA CLIMATE NORMALS FOR TODAY
                         NORMAL
 MAXIMUM TEMPERATURE (F)   69
 MINIMUM TEMPERATURE (F)   49


SUNRISE AND SUNSET
MAY 29 2015...........SUNRISE   500 AM EDT   SUNSET   813 PM EDT
MAY 30 2015...........SUNRISE   500 AM EDT   SUNSET   814 PM EDT


-  INDICATES NEGATIVE NUMBERS.
R  INDICATES RECORD WAS SET OR TIED.
MM INDICATES DATA IS MISSING.
T  INDICATES TRACE AMOUNT.




$$
