000
CDUS41 KGYX 202141
CLIAUG


CLIMATE REPORT
NATIONAL WEATHER SERVICE GRAY ME
441 PM EST SAT DEC 20 2014


...................................

...THE AUGUSTA CLIMATE SUMMARY FOR DECEMBER 20 2014...
VALID TODAY AS OF 0400 PM LOCAL TIME.

CLIMATE NORMAL PERIOD 1981 TO 2010
CLIMATE RECORD PERIOD 1948 TO 2014


WEATHER ITEM   OBSERVED TIME   RECORD YEAR NORMAL DEPARTURE LAST
                VALUE   (LST)  VALUE       VALUE  FROM      YEAR
                                                  NORMAL
..................................................................
TEMPERATURE (F)
 TODAY
  MAXIMUM         26   1223 PM  MM      MM  32     -6       34
  MINIMUM         18    721 AM  MM      MM  17      1       26
  AVERAGE         22                        24     -2       30

PRECIPITATION (IN)
  TODAY            0.00         MM      MM   0.09  -0.09     0.01
  MONTH TO DATE    3.32                      2.24   1.08     1.32
  SINCE DEC 1      3.32                      2.24   1.08     1.32
  SINCE JAN 1     41.82                     40.88   0.94    41.05

DEGREE DAYS
 HEATING
  TODAY           43                        41      2       35
  MONTH TO DATE  736                       740     -4      860
  SINCE DEC 1    736                       740     -4      860
  SINCE JUL 1   2225                      2288    -63     2369

 COOLING
  TODAY            0                         0      0        0
  MONTH TO DATE    0                         0      0        0
  SINCE DEC 1      0                         0      0        0
  SINCE JAN 1    371                       388    -17      428
..................................................................


WIND (MPH)
  HIGHEST WIND SPEED    17   HIGHEST WIND DIRECTION    NE (40)
  HIGHEST GUST SPEED    22   HIGHEST GUST DIRECTION    NE (30)
  AVERAGE WIND SPEED     8.3


SKY COVER
  AVERAGE SKY COVER 0.1


WEATHER CONDITIONS
 THE FOLLOWING WEATHER WAS RECORDED TODAY.
  NO SIGNIFICANT WEATHER WAS OBSERVED.


RELATIVE HUMIDITY (PERCENT)
 HIGHEST    80           700 AM
 LOWEST     68           200 AM
 AVERAGE    74

..........................................................


THE AUGUSTA CLIMATE NORMALS FOR TOMORROW
                         NORMAL
 MAXIMUM TEMPERATURE (F)   32
 MINIMUM TEMPERATURE (F)   16


SUNRISE AND SUNSET
DECEMBER 20 2014......SUNRISE   711 AM EST   SUNSET   402 PM EST
DECEMBER 21 2014......SUNRISE   712 AM EST   SUNSET   403 PM EST


-  INDICATES NEGATIVE NUMBERS.
R  INDICATES RECORD WAS SET OR TIED.
MM INDICATES DATA IS MISSING.
T  INDICATES TRACE AMOUNT.




$$
