000
CDUS41 KGYX 280911
CLIAUG


CLIMATE REPORT
NATIONAL WEATHER SERVICE GRAY ME
411 AM EST TUE FEB 28 2017


...................................

...THE AUGUSTA CLIMATE SUMMARY FOR FEBRUARY 27 2017...

CLIMATE NORMAL PERIOD 1981 TO 2010
CLIMATE RECORD PERIOD 1948 TO 2017


WEATHER ITEM   OBSERVED TIME   RECORD YEAR NORMAL DEPARTURE LAST
                VALUE   (LST)  VALUE       VALUE  FROM      YEAR
                                                  NORMAL
..................................................................
TEMPERATURE (F)
 YESTERDAY
  MAXIMUM         46    450 PM  56    1976  35     11       33
  MINIMUM         19    238 AM -11    1963  18      1       12
  AVERAGE         33                        26      7       23

PRECIPITATION (IN)
  YESTERDAY        0.00          0.84 2002   0.10  -0.10     0.00
  MONTH TO DATE    3.73                      2.34   1.39     3.47
  SINCE DEC 1     10.44                      8.19   2.25     9.84
  SINCE JAN 1      6.47                      4.95   1.52     5.87

DEGREE DAYS
 HEATING
  YESTERDAY       32                        39     -7       42
  MONTH TO DATE 1044                      1134    -90     1066
  SINCE DEC 1   3467                      3757   -290     3248
  SINCE JUL 1   4785                      5305   -520     4626

 COOLING
  YESTERDAY        0                         0      0        0
  MONTH TO DATE    0                         0      0        0
  SINCE DEC 1      0                         0      0        0
  SINCE JAN 1      0                         0      0        0
..................................................................


WIND (MPH)
  HIGHEST WIND SPEED    17   HIGHEST WIND DIRECTION     W (250)
  HIGHEST GUST SPEED    26   HIGHEST GUST DIRECTION    SW (210)
  AVERAGE WIND SPEED     7.4


SKY COVER
  AVERAGE SKY COVER 0.4


WEATHER CONDITIONS
 THE FOLLOWING WEATHER WAS RECORDED YESTERDAY.
  NO SIGNIFICANT WEATHER WAS OBSERVED.


RELATIVE HUMIDITY (PERCENT)
 HIGHEST    67           500 AM
 LOWEST     33           100 PM
 AVERAGE    50

..........................................................


THE AUGUSTA CLIMATE NORMALS FOR TODAY
                         NORMAL    RECORD    YEAR
 MAXIMUM TEMPERATURE (F)   35        50      2016
                                             1979
 MINIMUM TEMPERATURE (F)   18        -3      1982


SUNRISE AND SUNSET
FEBRUARY 28 2017......SUNRISE   618 AM EST   SUNSET   526 PM EST
MARCH  1 2017.........SUNRISE   616 AM EST   SUNSET   528 PM EST


-  INDICATES NEGATIVE NUMBERS.
R  INDICATES RECORD WAS SET OR TIED.
MM INDICATES DATA IS MISSING.
T  INDICATES TRACE AMOUNT.




$$
