000
CDUS41 KGYX 282041
CLIAUG


CLIMATE REPORT
NATIONAL WEATHER SERVICE GRAY ME
441 PM EDT THU JUL 28 2016


...................................

...THE AUGUSTA CLIMATE SUMMARY FOR JULY 28 2016...
VALID TODAY AS OF 0400 PM LOCAL TIME.

CLIMATE NORMAL PERIOD 1981 TO 2010
CLIMATE RECORD PERIOD 1948 TO 2016


WEATHER ITEM   OBSERVED TIME   RECORD YEAR NORMAL DEPARTURE LAST
                VALUE   (LST)  VALUE       VALUE  FROM      YEAR
                                                  NORMAL
..................................................................
TEMPERATURE (F)
 TODAY
  MAXIMUM         90    144 PM  97    1949  80     10       82
  MINIMUM         65    529 AM  51    1987  60      5       64
  AVERAGE         78                        70      8       73

PRECIPITATION (IN)
  TODAY            0.00          2.08 1982   0.11  -0.11     0.33
  MONTH TO DATE    1.76                      3.06  -1.30     2.15
  SINCE JUN 1      5.50                      6.62  -1.12     7.61
  SINCE JAN 1     19.07                     22.51  -3.44    17.29

DEGREE DAYS
 HEATING
  TODAY            0                         0      0        0
  MONTH TO DATE   21                        12      9       18
  SINCE JUN 1     99                       106     -7      169
  SINCE JUL 1     21                        12      9       18

 COOLING
  TODAY           13                         5      8        8
  MONTH TO DATE  187                       135     52      100
  SINCE JUN 1    222                       199     23      133
  SINCE JAN 1    237                       208     29      167
..................................................................


WIND (MPH)
  HIGHEST WIND SPEED    14   HIGHEST WIND DIRECTION    SE (150)
  HIGHEST GUST SPEED    19   HIGHEST GUST DIRECTION     S (170)
  AVERAGE WIND SPEED     5.0


SKY COVER
  AVERAGE SKY COVER 0.1


WEATHER CONDITIONS
 THE FOLLOWING WEATHER WAS RECORDED TODAY.
  THUNDERSTORM


RELATIVE HUMIDITY (PERCENT)
 HIGHEST    93           500 AM
 LOWEST     41           200 PM
 AVERAGE    67

..........................................................


THE AUGUSTA CLIMATE NORMALS FOR TOMORROW
                         NORMAL    RECORD    YEAR
 MAXIMUM TEMPERATURE (F)   80        95      1949
 MINIMUM TEMPERATURE (F)   60        48      1987


SUNRISE AND SUNSET
JULY 28 2016..........SUNRISE   523 AM EDT   SUNSET   808 PM EDT
JULY 29 2016..........SUNRISE   524 AM EDT   SUNSET   807 PM EDT


-  INDICATES NEGATIVE NUMBERS.
R  INDICATES RECORD WAS SET OR TIED.
MM INDICATES DATA IS MISSING.
T  INDICATES TRACE AMOUNT.




$$
