000
CDUS41 KGYX 262042
CLIAUG


CLIMATE REPORT
NATIONAL WEATHER SERVICE GRAY ME
442 PM EDT MON SEP 26 2016


...................................

...THE AUGUSTA CLIMATE SUMMARY FOR SEPTEMBER 26 2016...
VALID TODAY AS OF 0400 PM LOCAL TIME.

CLIMATE NORMAL PERIOD 1981 TO 2010
CLIMATE RECORD PERIOD 1948 TO 2016


WEATHER ITEM   OBSERVED TIME   RECORD YEAR NORMAL DEPARTURE LAST
                VALUE   (LST)  VALUE       VALUE  FROM      YEAR
                                                  NORMAL
..................................................................
TEMPERATURE (F)
 TODAY
  MAXIMUM         63    258 PM  91    2007  65     -2       62
  MINIMUM         41    603 AM  32    1950  47     -6       40
  AVERAGE         52                        56     -4       51

PRECIPITATION (IN)
  TODAY            0.00          2.58 1977   0.13  -0.13     0.00
  MONTH TO DATE    0.94                      3.17  -2.23     1.35
  SINCE SEP 1      0.94                      3.17  -2.23     1.35
  SINCE JAN 1     22.52                     29.35  -6.83    23.81

DEGREE DAYS
 HEATING
  TODAY           13                         9      4       14
  MONTH TO DATE   62                       137    -75       68
  SINCE SEP 1     62                       137    -75       68
  SINCE JUL 1     87                       179    -92       86

 COOLING
  TODAY            0                         0      0        0
  MONTH TO DATE   73                        27     46       96
  SINCE SEP 1     73                        27     46       96
  SINCE JAN 1    530                       384    146      453
..................................................................


WIND (MPH)
  HIGHEST WIND SPEED     9   HIGHEST WIND DIRECTION     W (260)
  HIGHEST GUST SPEED    13   HIGHEST GUST DIRECTION     W (250)
  AVERAGE WIND SPEED     4.8


SKY COVER
  AVERAGE SKY COVER 0.0


WEATHER CONDITIONS
 THE FOLLOWING WEATHER WAS RECORDED TODAY.
  HAZE


RELATIVE HUMIDITY (PERCENT)
 HIGHEST    79           500 AM
 LOWEST     34           300 PM
 AVERAGE    57

..........................................................


THE AUGUSTA CLIMATE NORMALS FOR TOMORROW
                         NORMAL    RECORD    YEAR
 MAXIMUM TEMPERATURE (F)   65        82      2014
 MINIMUM TEMPERATURE (F)   46        31      1965


SUNRISE AND SUNSET
SEPTEMBER 26 2016.....SUNRISE   632 AM EDT   SUNSET   628 PM EDT
SEPTEMBER 27 2016.....SUNRISE   633 AM EDT   SUNSET   626 PM EDT


-  INDICATES NEGATIVE NUMBERS.
R  INDICATES RECORD WAS SET OR TIED.
MM INDICATES DATA IS MISSING.
T  INDICATES TRACE AMOUNT.




$$
