000
CDUS44 KEWX 222250
CLIAUS


CLIMATE REPORT
NATIONAL WEATHER SERVICE AUSTIN/SAN ANTONIO, TX
549 PM CDT SAT JUL 22 2017


...................................

...THE AUSTIN BERGSTROM CLIMATE SUMMARY FOR JULY 22 2017...
VALID TODAY AS OF 0549 PM LOCAL TIME.

CLIMATE NORMAL PERIOD 1981 TO 2010
CLIMATE RECORD PERIOD 1943 TO 2017


WEATHER ITEM   OBSERVED TIME   RECORD YEAR NORMAL DEPARTURE LAST
                VALUE   (LST)  VALUE       VALUE  FROM      YEAR
                                                  NORMAL
..................................................................
TEMPERATURE (F)
 TODAY
  MAXIMUM        101    440 PM 102    2009  96      5      100
                                      2006
                                      2001
  MINIMUM         75    459 AM  66    2008  72      3       72
                                      2001
                                      1988
  AVERAGE         88                        84      4       86

PRECIPITATION (IN)
  TODAY            0.00          1.10 2009   0.07  -0.07     0.00
  MONTH TO DATE    1.06                      1.95  -0.89      T
  SINCE JUN 1      3.49                      6.58  -3.09     2.63
  SINCE JAN 1     18.27                     20.19  -1.92    30.92

SNOWFALL (IN)
  TODAY            0.0
  MONTH TO DATE    0.0
  SINCE JUN 1      0.0
  SINCE JUL 1      0.0
  SNOW DEPTH       0

DEGREE DAYS
 HEATING
  TODAY            0                         0      0        0
  MONTH TO DATE    0                         0      0        0
  SINCE JUN 1      0                         0      0        0
  SINCE JUL 1      0                         0      0        0

 COOLING
  TODAY           23                        19      4       21
  MONTH TO DATE  473                       402     71      488
  SINCE JUN 1   1034                       883    151     1006
  SINCE JAN 1   1819                      1390    429     1510
..................................................................


WIND (MPH)
  HIGHEST WIND SPEED    17   HIGHEST WIND DIRECTION     S (190)
  HIGHEST GUST SPEED    21   HIGHEST GUST DIRECTION    SW (210)
  AVERAGE WIND SPEED     7.6


SKY COVER
  AVERAGE SKY COVER 0.4


WEATHER CONDITIONS
 THE FOLLOWING WEATHER WAS RECORDED TODAY.
  NO SIGNIFICANT WEATHER WAS OBSERVED.


RELATIVE HUMIDITY (PERCENT)
 HIGHEST    94           500 AM
 LOWEST     33           200 PM
 AVERAGE    64

..........................................................


THE AUSTIN BERGSTROM CLIMATE NORMALS FOR TOMORROW
                         NORMAL    RECORD    YEAR
 MAXIMUM TEMPERATURE (F)   96       103      1994
                                             1980
 MINIMUM TEMPERATURE (F)   72        62      1970


SUNRISE AND SUNSET
JULY 22 2017..........SUNRISE   643 AM CDT   SUNSET   830 PM CDT
JULY 23 2017..........SUNRISE   644 AM CDT   SUNSET   830 PM CDT


-  INDICATES NEGATIVE NUMBERS.
R  INDICATES RECORD WAS SET OR TIED.
MM INDICATES DATA IS MISSING.
T  INDICATES TRACE AMOUNT.




$$
