000
CDUS44 KEWX 270734
CLIAUS


CLIMATE REPORT
NATIONAL WEATHER SERVICE AUSTIN/SAN ANTONIO, TX
234 AM CDT FRI MAY 27 2016


...................................

...THE AUSTIN BERGSTROM CLIMATE SUMMARY FOR MAY 26 2016...

CLIMATE NORMAL PERIOD 1981 TO 2010
CLIMATE RECORD PERIOD 1943 TO 2016


WEATHER ITEM   OBSERVED TIME   RECORD YEAR NORMAL DEPARTURE LAST
                VALUE   (LST)  VALUE       VALUE  FROM      YEAR
                                                  NORMAL
..................................................................
TEMPERATURE (F)
 YESTERDAY
  MAXIMUM         88    415 PM  96    2006  89     -1       88
                                      1963
  MINIMUM         67   1125 PM  58    1947  67      0       64
  AVERAGE         78                        78      0       76

PRECIPITATION (IN)
  YESTERDAY        8.79R         2.86 1957   0.14   8.65     0.00
  MONTH TO DATE   14.42                      3.37  11.05    12.01
  SINCE MAR 1     24.71                      8.42  16.29    18.40
  SINCE JAN 1     26.89                     12.93  13.96    24.14

SNOWFALL (IN)
  YESTERDAY        0.0
  MONTH TO DATE    0.0
  SINCE MAR 1      T
  SINCE JUL 1      T
  SNOW DEPTH       0

DEGREE DAYS
 HEATING
  YESTERDAY        0                         0      0        0
  MONTH TO DATE    3                         0      3        0
  SINCE MAR 1    146                       285   -139      265
  SINCE JUL 1   1380                      1900   -520     1979

 COOLING
  YESTERDAY       13                        13      0       11
  MONTH TO DATE  218                       254    -36      224
  SINCE MAR 1    424                       426     -2      430
  SINCE JAN 1    447                       442      5      432
..................................................................


WIND (MPH)
  HIGHEST WIND SPEED    41   HIGHEST WIND DIRECTION     E (100)
  HIGHEST GUST SPEED    54   HIGHEST GUST DIRECTION     E (100)
  AVERAGE WIND SPEED    13.5


SKY COVER
  AVERAGE SKY COVER 0.9


WEATHER CONDITIONS
 THE FOLLOWING WEATHER WAS RECORDED YESTERDAY.
  THUNDERSTORM
  HEAVY RAIN
  LIGHT RAIN
  HAIL
  FOG
  HAZE


RELATIVE HUMIDITY (PERCENT)
 HIGHEST   100           900 PM
 LOWEST     65           200 PM
 AVERAGE    83

..........................................................


THE AUSTIN BERGSTROM CLIMATE NORMALS FOR TODAY
                         NORMAL    RECORD    YEAR
 MAXIMUM TEMPERATURE (F)   89       100      2011
 MINIMUM TEMPERATURE (F)   67        59      1950


SUNRISE AND SUNSET
MAY 27 2016...........SUNRISE   631 AM CDT   SUNSET   825 PM CDT
MAY 28 2016...........SUNRISE   631 AM CDT   SUNSET   826 PM CDT


-  INDICATES NEGATIVE NUMBERS.
R  INDICATES RECORD WAS SET OR TIED.
MM INDICATES DATA IS MISSING.
T  INDICATES TRACE AMOUNT.




$$
