000
CDUS44 KEWX 262221
CLIAUS


CLIMATE REPORT
NATIONAL WEATHER SERVICE AUSTIN/SAN ANTONIO, TX
421 PM CST THU FEB 26 2015


...................................

...THE AUSTIN BERGSTROM CLIMATE SUMMARY FOR FEBRUARY 26 2015...
VALID TODAY AS OF 420 PM LOCAL TIME.

CLIMATE NORMAL PERIOD 1981 TO 2010
CLIMATE RECORD PERIOD 1943 TO 2015


WEATHER ITEM   OBSERVED TIME   RECORD YEAR NORMAL DEPARTURE LAST
                VALUE   (LST)  VALUE       VALUE  FROM      YEAR
                                                  NORMAL
..................................................................
TEMPERATURE (F)
 TODAY
  MAXIMUM         52   1134 AM  88    2009  67    -15       51
  MINIMUM         26    655 AM  23    2002  42    -16       29
  AVERAGE         39                        54    -15       40

PRECIPITATION (IN)
  TODAY            0.00          0.95 1984   0.09  -0.09     0.27
  MONTH TO DATE    0.35                      2.17  -1.82     0.52
  SINCE DEC 1      7.75                      6.58   1.17     1.95
  SINCE JAN 1      5.63                      4.37   1.26     1.09

SNOWFALL (IN)
  TODAY            0.0
  MONTH TO DATE    T
  SINCE DEC 1      T
  SINCE JUL 1      T
  SNOW DEPTH       0

DEGREE DAYS
 HEATING
  TODAY           26                        11     15       25
  MONTH TO DATE  373                       350     23      342
  SINCE DEC 1   1314                      1307      7     1460
  SINCE JUL 1   1652                      1592     60     1785

 COOLING
  TODAY            0                         1     -1        0
  MONTH TO DATE    2                         6     -4       16
  SINCE DEC 1      6                        21    -15       22
  SINCE JAN 1      2                        11     -9       17
..................................................................


WIND (MPH)
  HIGHEST WIND SPEED    25   HIGHEST WIND DIRECTION    NE (30)
  HIGHEST GUST SPEED    32   HIGHEST GUST DIRECTION     N (20)
  AVERAGE WIND SPEED     9.7


SKY COVER
  AVERAGE SKY COVER 0.4


WEATHER CONDITIONS
 THE FOLLOWING WEATHER WAS RECORDED TODAY.
  NO SIGNIFICANT WEATHER WAS OBSERVED.


RELATIVE HUMIDITY (PERCENT)
 HIGHEST   100           300 AM
 LOWEST     61          1100 AM
 AVERAGE    81

..........................................................


THE AUSTIN BERGSTROM CLIMATE NORMALS FOR TOMORROW
                         NORMAL    RECORD    YEAR
 MAXIMUM TEMPERATURE (F)   67        89      2009
 MINIMUM TEMPERATURE (F)   42        13      2002


SUNRISE AND SUNSET
FEBRUARY 26 2015......SUNRISE   700 AM CST   SUNSET   627 PM CST
FEBRUARY 27 2015......SUNRISE   659 AM CST   SUNSET   628 PM CST


-  INDICATES NEGATIVE NUMBERS.
R  INDICATES RECORD WAS SET OR TIED.
MM INDICATES DATA IS MISSING.
T  INDICATES TRACE AMOUNT.




$$
