000
CDUS44 KEWX 070718
CLIAUS


CLIMATE REPORT
NATIONAL WEATHER SERVICE AUSTIN/SAN ANTONIO, TX
118 AM CST WED DEC 7 2016


...................................

...THE AUSTIN BERGSTROM CLIMATE SUMMARY FOR DECEMBER 6 2016...

CLIMATE NORMAL PERIOD 1981 TO 2010
CLIMATE RECORD PERIOD 1943 TO 2016


WEATHER ITEM   OBSERVED TIME   RECORD YEAR NORMAL DEPARTURE LAST
                VALUE   (LST)  VALUE       VALUE  FROM      YEAR
                                                  NORMAL
..................................................................
TEMPERATURE (F)
 YESTERDAY
  MAXIMUM         60   1100 AM  83    1966  65     -5       69
                                      1951
  MINIMUM         39   1124 PM  19    1999  39      0       38
                                      1950
  AVERAGE         50                        52     -2       54

PRECIPITATION (IN)
  YESTERDAY        0.00          0.88 1969   0.07  -0.07     0.00
  MONTH TO DATE    3.02                      0.47   2.55     0.00
  SINCE DEC 1      3.02                      0.47   2.55     0.00
  SINCE JAN 1     53.77                     32.90  20.87    56.00

SNOWFALL (IN)
  YESTERDAY        0.0
  MONTH TO DATE    0.0
  SINCE DEC 1      0.0
  SINCE JUL 1      0.0
  SNOW DEPTH       0

DEGREE DAYS
 HEATING
  YESTERDAY       15                        14      1       11
  MONTH TO DATE   82                        79      3       85
  SINCE DEC 1     82                        79      3       85
  SINCE JUL 1    176                       364   -188      263

 COOLING
  YESTERDAY        0                         0      0        0
  MONTH TO DATE    0                         5     -5        0
  SINCE DEC 1      0                         5     -5        0
  SINCE JAN 1   3082                      2746    336     2852
..................................................................


WIND (MPH)
  HIGHEST WIND SPEED    21   HIGHEST WIND DIRECTION    NW (310)
  HIGHEST GUST SPEED    28   HIGHEST GUST DIRECTION    NW (310)
  AVERAGE WIND SPEED     8.3


SKY COVER
  AVERAGE SKY COVER 0.4


WEATHER CONDITIONS
 THE FOLLOWING WEATHER WAS RECORDED YESTERDAY.
  FOG


RELATIVE HUMIDITY (PERCENT)
 HIGHEST   100          1200 AM
 LOWEST     64          1100 AM
 AVERAGE    82

..........................................................


THE AUSTIN BERGSTROM CLIMATE NORMALS FOR TODAY
                         NORMAL    RECORD    YEAR
 MAXIMUM TEMPERATURE (F)   65        81      1966
                                             1956
 MINIMUM TEMPERATURE (F)   39        17      1950


SUNRISE AND SUNSET
DECEMBER  7 2016......SUNRISE   714 AM CST   SUNSET   530 PM CST
DECEMBER  8 2016......SUNRISE   715 AM CST   SUNSET   531 PM CST


-  INDICATES NEGATIVE NUMBERS.
R  INDICATES RECORD WAS SET OR TIED.
MM INDICATES DATA IS MISSING.
T  INDICATES TRACE AMOUNT.




$$
