000
CDUS44 KEWX 092224
CLIAUS


CLIMATE REPORT
NATIONAL WEATHER SERVICE AUSTIN/SAN ANTONIO, TX
523 PM CDT WED JUL 9 2014


...................................

...THE AUSTIN BERGSTROM CLIMATE SUMMARY FOR JULY 9 2014...
VALID TODAY AS OF 0523 PM LOCAL TIME.

CLIMATE NORMAL PERIOD 1981 TO 2010
CLIMATE RECORD PERIOD 1943 TO 2014


WEATHER ITEM   OBSERVED TIME   RECORD YEAR NORMAL DEPARTURE LAST
                VALUE   (LST)  VALUE       VALUE  FROM      YEAR
                                                  NORMAL
..................................................................
TEMPERATURE (F)
 TODAY
  MAXIMUM         96    406 PM 104    2009  95      1       99
  MINIMUM         67R   513 AM  67    2000  72     -5       74
  AVERAGE         82                        83     -1       87

PRECIPITATION (IN)
  TODAY            0.00          3.96 1961   0.10  -0.10     0.00
  MONTH TO DATE    0.69                      0.90  -0.21     0.02
  SINCE JUN 1      2.37                      5.28  -2.91     0.77
  SINCE JAN 1     14.19                     17.33  -3.14    16.15

SNOWFALL (IN)
  TODAY            0.0
  MONTH TO DATE    0.0
  SINCE JUN 1      0.0
  SINCE JUL 1      0.0
  SNOW DEPTH       0

DEGREE DAYS
 HEATING
  TODAY            0                         0      0        0
  MONTH TO DATE    0                         0      0        0
  SINCE JUN 1      0                         0      0        0
  SINCE JUL 1      0                         0      0        0

 COOLING
  TODAY           17                        18     -1       22
  MONTH TO DATE  153                       162     -9      154
  SINCE JUN 1    660                       643     17      723
  SINCE JAN 1   1115                      1150    -35     1237
..................................................................


WIND (MPH)
  HIGHEST WIND SPEED    17   HIGHEST WIND DIRECTION     S (160)
  HIGHEST GUST SPEED    23   HIGHEST GUST DIRECTION    SE (140)
  AVERAGE WIND SPEED     8.1


SKY COVER
  AVERAGE SKY COVER 0.3


WEATHER CONDITIONS
 THE FOLLOWING WEATHER WAS RECORDED TODAY.
  FOG
  HAZE


RELATIVE HUMIDITY (PERCENT)
 HIGHEST    97           600 AM
 LOWEST     30           400 PM
 AVERAGE    64

..........................................................


THE AUSTIN BERGSTROM CLIMATE NORMALS FOR TOMORROW
                         NORMAL    RECORD    YEAR
 MAXIMUM TEMPERATURE (F)   95       103      1954
 MINIMUM TEMPERATURE (F)   72        68      2004


SUNRISE AND SUNSET
JULY  9 2014..........SUNRISE   636 AM CDT   SUNSET   835 PM CDT
JULY 10 2014..........SUNRISE   637 AM CDT   SUNSET   835 PM CDT


-  INDICATES NEGATIVE NUMBERS.
R  INDICATES RECORD WAS SET OR TIED.
MM INDICATES DATA IS MISSING.
T  INDICATES TRACE AMOUNT.




$$
