000
CDUS44 KEWX 200719
CLIAUS


CLIMATE REPORT
NATIONAL WEATHER SERVICE AUSTIN/SAN ANTONIO, TX
218 AM CDT SAT SEP 20 2014


...................................

...THE AUSTIN BERGSTROM CLIMATE SUMMARY FOR SEPTEMBER 19 2014...

CLIMATE NORMAL PERIOD 1981 TO 2010
CLIMATE RECORD PERIOD 1943 TO 2014


WEATHER ITEM   OBSERVED TIME   RECORD YEAR NORMAL DEPARTURE LAST
                VALUE   (LST)  VALUE       VALUE  FROM      YEAR
                                                  NORMAL
..................................................................
TEMPERATURE (F)
 YESTERDAY
  MAXIMUM         86    339 PM 101    1956  90     -4       94
  MINIMUM         74    821 PM  47    1981  64     10       74
  AVERAGE         80                        77      3       84

PRECIPITATION (IN)
  YESTERDAY        0.57          2.01 1958   0.09   0.48     0.03
  MONTH TO DATE    3.21                      1.66   1.55     2.58
  SINCE SEP 1      3.21                      1.66   1.55     2.58
  SINCE JAN 1     18.76                     24.76  -6.00    21.80

SNOWFALL (IN)
  YESTERDAY        0.0
  MONTH TO DATE    0.0
  SINCE SEP 1      0.0
  SINCE JUL 1      0.0
  SNOW DEPTH       0

DEGREE DAYS
 HEATING
  YESTERDAY        0                         0      0        0
  MONTH TO DATE    1                         0      1        0
  SINCE SEP 1      1                         0      1        0
  SINCE JUL 1      1                         0      1        0

 COOLING
  YESTERDAY       15                        12      3       19
  MONTH TO DATE  326                       273     53      350
  SINCE SEP 1    326                       273     53      350
  SINCE JAN 1   2486                      2413     73     2689
..................................................................


WIND (MPH)
  HIGHEST WIND SPEED    16   HIGHEST WIND DIRECTION     E (110)
  HIGHEST GUST SPEED    20   HIGHEST GUST DIRECTION     E (110)
  AVERAGE WIND SPEED     5.2


SKY COVER
  AVERAGE SKY COVER 0.9


WEATHER CONDITIONS
 THE FOLLOWING WEATHER WAS RECORDED YESTERDAY.
  LIGHT RAIN
  FOG


RELATIVE HUMIDITY (PERCENT)
 HIGHEST   100           100 AM
 LOWEST     65           400 PM
 AVERAGE    83

..........................................................


THE AUSTIN BERGSTROM CLIMATE NORMALS FOR TODAY
                         NORMAL    RECORD    YEAR
 MAXIMUM TEMPERATURE (F)   89       103      1956
 MINIMUM TEMPERATURE (F)   64        52      1971


SUNRISE AND SUNSET
SEPTEMBER 20 2014.....SUNRISE   718 AM CDT   SUNSET   730 PM CDT
SEPTEMBER 21 2014.....SUNRISE   718 AM CDT   SUNSET   728 PM CDT


-  INDICATES NEGATIVE NUMBERS.
R  INDICATES RECORD WAS SET OR TIED.
MM INDICATES DATA IS MISSING.
T  INDICATES TRACE AMOUNT.




$$
