000
CDUS43 KGRB 280736
CLIAUW

CLIMATE REPORT
NATIONAL WEATHER SERVICE GREEN BAY
133 AM CST FRI NOV 28 2014

...................................

...THE WAUSAU WI CLIMATE SUMMARY FOR NOVEMBER 27 2014...

CLIMATE NORMAL PERIOD 1981 TO 2010
CLIMATE RECORD PERIOD 1896 TO 2014

WEATHER ITEM   OBSERVED TIME   RECORD YEAR NORMAL DEPARTURE LAST
                VALUE   (LST)  VALUE       VALUE  FROM      YEAR
                                                  NORMAL
..................................................................
TEMPERATURE (F)
 YESTERDAY
  MAXIMUM         20   1207 AM  62    1998  34    -14       26
  MINIMUM          0   1027 PM -10    1897  19    -19        6
  AVERAGE         10                        26    -16

PRECIPITATION (IN)
  YESTERDAY        T             0.67 1989   0.06  -0.06     0.04
  MONTH TO DATE    2.26                      1.83   0.43     2.24
  SINCE SEP 1     12.80                      8.67   4.13     9.30
  SINCE JAN 1     39.45                     30.88   8.57    36.93

SNOWFALL (IN)
  YESTERDAY        0.2           7.0  1977   0.4   -0.2      1.0
  MONTH TO DATE   17.9                       5.9   12.0      4.3
  SINCE JUL 1     19.6                       7.3   12.3      4.3
  SNOW DEPTH       5

DEGREE DAYS
 HEATING
  YESTERDAY       55                        39     16       49
  MONTH TO DATE 1077                       859    218      895
  SINCE SEP 1   1891                      1677    214     1619
  SINCE JUL 1   1945                      1743    202     1675

COOLING
  YESTERDAY        0                         0      0        0
  MONTH TO DATE    0                         0      0        0
  SINCE SEP 1     12                        32    -20       56
  SINCE JAN 1    338                       407    -69      506
..................................................................

WIND (MPH)
  HIGHEST WIND SPEED    13   HIGHEST WIND DIRECTION    NW (330)
  HIGHEST GUST SPEED    16   HIGHEST GUST DIRECTION    NW (330)
  AVERAGE WIND SPEED     7.0

SKY COVER
  POSSIBLE SUNSHINE  MM
  AVERAGE SKY COVER 0.3

WEATHER CONDITIONS
 THE FOLLOWING WEATHER WAS RECORDED YESTERDAY.
  LIGHT SNOW
  FOG

RELATIVE HUMIDITY (PERCENT)
 HIGHEST    88           400 AM
 LOWEST     58           200 PM
 AVERAGE    73
..........................................................

THE WAUSAU WI CLIMATE NORMALS FOR TODAY
                         NORMAL    RECORD    YEAR
 MAXIMUM TEMPERATURE (F)   33        60      1909
 MINIMUM TEMPERATURE (F)   19        -8      1976

SUNRISE AND SUNSET
NOVEMBER 28 2014......SUNRISE   713 AM CST   SUNSET   420 PM CST
NOVEMBER 29 2014......SUNRISE   714 AM CST   SUNSET   420 PM CST

-  INDICATES NEGATIVE NUMBERS.
R  INDICATES RECORD WAS SET OR TIED.
MM INDICATES DATA IS MISSING.
T  INDICATES TRACE AMOUNT.

$$
