000
CDUS43 KGRB 180637
CLIAUW


CLIMATE REPORT
NATIONAL WEATHER SERVICE GREEN BAY
137 AM CDT FRI APR 18 2014


...................................

...THE WAUSAU WI CLIMATE SUMMARY FOR APRIL 17 2014...

CLIMATE NORMAL PERIOD 1981 TO 2010
CLIMATE RECORD PERIOD 1896 TO 2014


WEATHER ITEM   OBSERVED TIME   RECORD YEAR NORMAL DEPARTURE LAST
                VALUE   (LST)  VALUE       VALUE  FROM      YEAR
                                                  NORMAL
..................................................................
TEMPERATURE (F)
 YESTERDAY
  MAXIMUM         41    241 PM  78    1958  56    -15       41
  MINIMUM         32    130 AM  17    1983  34     -2       30
  AVERAGE         37                        45     -8

PRECIPITATION (IN)
  YESTERDAY        0.18          1.36 1976   0.09   0.09     0.10
  MONTH TO DATE    2.14                      1.43   0.71     2.55
  SINCE MAR 1      2.89                      3.19  -0.30     4.73
  SINCE JAN 1      5.83                      5.13   0.70     7.88

SNOWFALL (IN)
  YESTERDAY        1.5           2.0  1965   0.2    1.3       T
                                      1949
  MONTH TO DATE    8.4                       2.8    5.6      6.7
  SINCE MAR 1     14.7                      12.8    1.9     19.4
  SINCE JUL 1     84.3                      58.1   26.2     75.4
  SNOW DEPTH       0

DEGREE DAYS
 HEATING
  YESTERDAY       28                        20      8       29
  MONTH TO DATE  487                       407     80      531
  SINCE MAR 1   1819                      1492    327     1783
  SINCE JUL 1   8766                      7628   1138     7607

 COOLING
  YESTERDAY        0                         0      0        0
  MONTH TO DATE    0                         0      0        0
  SINCE MAR 1      0                         0      0        0
  SINCE JAN 1      0                         0      0        0
..................................................................


WIND (MPH)
  HIGHEST WIND SPEED    22   HIGHEST WIND DIRECTION     E (100)
  HIGHEST GUST SPEED    29   HIGHEST GUST DIRECTION     E (100)
  AVERAGE WIND SPEED     9.9


SKY COVER
  POSSIBLE SUNSHINE  MM
  AVERAGE SKY COVER 1.0


WEATHER CONDITIONS
 THE FOLLOWING WEATHER WAS RECORDED YESTERDAY.
  LIGHT RAIN
  SNOW
  LIGHT SNOW
  FOG
  HAZE


RELATIVE HUMIDITY (PERCENT)
 HIGHEST    96           500 AM
 LOWEST     70           900 PM
 AVERAGE    83

..........................................................


THE WAUSAU WI CLIMATE NORMALS FOR TODAY
                         NORMAL    RECORD    YEAR
 MAXIMUM TEMPERATURE (F)   56        83      1987
 MINIMUM TEMPERATURE (F)   35        16      1904


SUNRISE AND SUNSET
APRIL 18 2014.........SUNRISE   609 AM CDT   SUNSET   748 PM CDT
APRIL 19 2014.........SUNRISE   607 AM CDT   SUNSET   749 PM CDT


-  INDICATES NEGATIVE NUMBERS.
R  INDICATES RECORD WAS SET OR TIED.
MM INDICATES DATA IS MISSING.
T  INDICATES TRACE AMOUNT.




$$
