000
CDUS43 KGRB 290710
CLIAUW

CLIMATE REPORT
NATIONAL WEATHER SERVICE GREEN BAY
207 AM CDT THU JUN 29 2017

...................................

...THE WAUSAU WI CLIMATE SUMMARY FOR JUNE 28 2017...

CLIMATE NORMAL PERIOD 1981 TO 2010
CLIMATE RECORD PERIOD 1896 TO 2017

WEATHER ITEM   OBSERVED TIME   RECORD YEAR NORMAL DEPARTURE LAST
                VALUE   (LST)  VALUE       VALUE  FROM      YEAR
                                                  NORMAL
..................................................................
TEMPERATURE (F)
 YESTERDAY
  MAXIMUM         67        MM  96    1931  79    -12       75
  MINIMUM         51        MM  42    1911  57     -6       52
  AVERAGE         59                        68     -9

PRECIPITATION (IN)
  YESTERDAY        0.47          1.56 1942   0.13   0.34     0.00
  MONTH TO DATE    5.34                      4.05   1.29     4.88
  SINCE JUN 1      5.34                      4.05   1.29     4.88
  SINCE JAN 1     21.13                     13.96   7.17    16.54

SNOWFALL (IN)
  YESTERDAY        0.0           0.0    MM   0.0    0.0      0.0
  MONTH TO DATE    0.0                       0.0    0.0      0.0
  SINCE JUL 1     60.5                      59.6    0.9     43.4
  SNOW DEPTH       0

DEGREE DAYS
 HEATING
  YESTERDAY        6                         1      5        1
  MONTH TO DATE   54                        85    -31       28
  SINCE JUN 1     54                        85    -31       28
  SINCE JUL 1   7267                      8245   -978     6811

COOLING
  YESTERDAY        0                         4     -4        0
  MONTH TO DATE   76                        74      2      104
  SINCE JUN 1     76                        74      2      104
  SINCE JAN 1     77                        93    -16      151
..................................................................

WIND (MPH)
  HIGHEST WIND SPEED    13   HIGHEST WIND DIRECTION     S (170)
  HIGHEST GUST SPEED    MM   HIGHEST GUST DIRECTION    MM
  AVERAGE WIND SPEED     8.7

SKY COVER
  POSSIBLE SUNSHINE  MM
  AVERAGE SKY COVER 0.5

WEATHER CONDITIONS
 THE FOLLOWING WEATHER WAS RECORDED YESTERDAY.
  THUNDERSTORM
  HEAVY RAIN
  RAIN
  LIGHT RAIN
  FOG

RELATIVE HUMIDITY (PERCENT)
 HIGHEST   100          1200 PM
 LOWEST     93           300 PM
 AVERAGE    97
..........................................................

THE WAUSAU WI CLIMATE NORMALS FOR TODAY
                         NORMAL    RECORD    YEAR
 MAXIMUM TEMPERATURE (F)   79       100      1931
 MINIMUM TEMPERATURE (F)   58        36      1900

SUNRISE AND SUNSET
JUNE 29 2017..........SUNRISE   515 AM CDT   SUNSET   849 PM CDT
JUNE 30 2017..........SUNRISE   516 AM CDT   SUNSET   849 PM CDT

-  INDICATES NEGATIVE NUMBERS.
R  INDICATES RECORD WAS SET OR TIED.
MM INDICATES DATA IS MISSING.
T  INDICATES TRACE AMOUNT.

$$
