000
CDUS43 KGRB 300639
CLIAUW


CLIMATE REPORT
NATIONAL WEATHER SERVICE GREEN BAY
139 AM CDT SAT AUG 30 2014


...................................

...THE WAUSAU WI CLIMATE SUMMARY FOR AUGUST 29 2014...

CLIMATE NORMAL PERIOD 1981 TO 2010
CLIMATE RECORD PERIOD 1896 TO 2014


WEATHER ITEM   OBSERVED TIME   RECORD YEAR NORMAL DEPARTURE LAST
                VALUE   (LST)  VALUE       VALUE  FROM      YEAR
                                                  NORMAL
..................................................................
TEMPERATURE (F)
 YESTERDAY
  MAXIMUM         80    502 PM  93    1973  75      5       86
  MINIMUM         57    243 AM  35    1965  55      2       67
  AVERAGE         69                        65      4

PRECIPITATION (IN)
  YESTERDAY        0.97          1.88 1962   0.13   0.84     0.19
  MONTH TO DATE    6.15                      3.90   2.25     3.53
  SINCE JUN 1     14.26                     12.04   2.22    13.16
  SINCE JAN 1     25.70                     21.95   3.75    27.63

SNOWFALL (IN)
  YESTERDAY        0.0           0.0    MM   0.0    0.0      0.0
  MONTH TO DATE    0.0                       0.0    0.0      0.0
  SINCE JUN 1      0.0                       0.0    0.0      0.0
  SINCE JUL 1      0.0                       0.0    0.0      0.0
  SNOW DEPTH       0

DEGREE DAYS
 HEATING
  YESTERDAY        0                         2     -2        0
  MONTH TO DATE   15                        37    -22       26
  SINCE JUN 1     76                       149    -73      142
  SINCE JUL 1     54                        60     -6       56

 COOLING
  YESTERDAY        4                         3      1       12
  MONTH TO DATE   99                       112    -13      133
  SINCE JUN 1    293                       353    -60      402
  SINCE JAN 1    318                       372    -54      439
..................................................................


WIND (MPH)
  HIGHEST WIND SPEED    28   HIGHEST WIND DIRECTION    NW (300)
  HIGHEST GUST SPEED    40   HIGHEST GUST DIRECTION     W (250)
  AVERAGE WIND SPEED     7.6


SKY COVER
  POSSIBLE SUNSHINE  MM
  AVERAGE SKY COVER 0.8


WEATHER CONDITIONS
 THE FOLLOWING WEATHER WAS RECORDED YESTERDAY.
  THUNDERSTORM
  HEAVY RAIN
  RAIN
  LIGHT RAIN
  FOG
  HAZE


RELATIVE HUMIDITY (PERCENT)
 HIGHEST   100          1200 AM
 LOWEST     74           300 PM
 AVERAGE    87

..........................................................


THE WAUSAU WI CLIMATE NORMALS FOR TODAY
                         NORMAL    RECORD    YEAR
 MAXIMUM TEMPERATURE (F)   75        93      2012
                                             1908
 MINIMUM TEMPERATURE (F)   55        32      1915


SUNRISE AND SUNSET
AUGUST 30 2014........SUNRISE   618 AM CDT   SUNSET   739 PM CDT
AUGUST 31 2014........SUNRISE   619 AM CDT   SUNSET   737 PM CDT


-  INDICATES NEGATIVE NUMBERS.
R  INDICATES RECORD WAS SET OR TIED.
MM INDICATES DATA IS MISSING.
T  INDICATES TRACE AMOUNT.




$$
