000
CDUS43 KGRB 030822
CLIAUW


CLIMATE REPORT
NATIONAL WEATHER SERVICE GREEN BAY
220 AM CST TUE MAR 3 2015


...................................

...THE WAUSAU WI CLIMATE SUMMARY FOR MARCH 2 2015...

CLIMATE NORMAL PERIOD 1981 TO 2010
CLIMATE RECORD PERIOD 1896 TO 2015


WEATHER ITEM   OBSERVED TIME   RECORD YEAR NORMAL DEPARTURE LAST
                VALUE   (LST)  VALUE       VALUE  FROM      YEAR
                                                  NORMAL
..................................................................
TEMPERATURE (F)
 YESTERDAY
  MAXIMUM         26    417 PM  54    1964  33     -7        1
  MINIMUM          7    644 AM -21    1943  15     -8      -14
  AVERAGE         17                        24     -7

PRECIPITATION (IN)
  YESTERDAY        0.00          1.05 1951   0.05  -0.05     0.00
  MONTH TO DATE    0.00                      0.10  -0.10     0.00
  SINCE MAR 1      0.00                      0.10  -0.10     0.00
  SINCE JAN 1      0.75                      2.04  -1.29     2.94

SNOWFALL (IN)
  YESTERDAY        0.0          10.3  1951   0.4   -0.4      0.0
  MONTH TO DATE    0.0                       0.8   -0.8      0.0
  SINCE JUL 1     44.0                      46.1   -2.1     69.6
  SNOW DEPTH      10

DEGREE DAYS
 HEATING
  YESTERDAY       48                        41      7       71
  MONTH TO DATE   99                        82     17      133
  SINCE MAR 1     99                        82     17      133
  SINCE JUL 1   6679                      6218    461     7080

 COOLING
  YESTERDAY        0                         0      0        0
  MONTH TO DATE    0                         0      0        0
  SINCE MAR 1      0                         0      0        0
  SINCE JAN 1      0                         0      0        0
..................................................................


WIND (MPH)
  HIGHEST WIND SPEED    13   HIGHEST WIND DIRECTION     W (270)
  HIGHEST GUST SPEED    14   HIGHEST GUST DIRECTION     W (290)
  AVERAGE WIND SPEED     5.8


SKY COVER
  POSSIBLE SUNSHINE  MM
  AVERAGE SKY COVER 0.1


WEATHER CONDITIONS
 THE FOLLOWING WEATHER WAS RECORDED YESTERDAY.
  NO SIGNIFICANT WEATHER WAS OBSERVED.


RELATIVE HUMIDITY (PERCENT)
 HIGHEST    80           600 AM
 LOWEST     36           400 PM
 AVERAGE    58

..........................................................


THE WAUSAU WI CLIMATE NORMALS FOR TODAY
                         NORMAL    RECORD    YEAR
 MAXIMUM TEMPERATURE (F)   34        52      2000
 MINIMUM TEMPERATURE (F)   15       -22      1943


SUNRISE AND SUNSET
MARCH  3 2015.........SUNRISE   633 AM CST   SUNSET   548 PM CST
MARCH  4 2015.........SUNRISE   631 AM CST   SUNSET   550 PM CST


-  INDICATES NEGATIVE NUMBERS.
R  INDICATES RECORD WAS SET OR TIED.
MM INDICATES DATA IS MISSING.
T  INDICATES TRACE AMOUNT.

$$
