000
CDUS43 KGRB 300708
CLIAUW


CLIMATE REPORT
NATIONAL WEATHER SERVICE GREEN BAY
205 AM CDT SAT APR 30 2016


...................................

...THE WAUSAU WI CLIMATE SUMMARY FOR APRIL 29 2016...

CLIMATE NORMAL PERIOD 1981 TO 2010
CLIMATE RECORD PERIOD 1896 TO 2016


WEATHER ITEM   OBSERVED TIME   RECORD YEAR NORMAL DEPARTURE LAST
                VALUE   (LST)  VALUE       VALUE  FROM      YEAR
                                                  NORMAL
..................................................................
TEMPERATURE (F)
 YESTERDAY
  MAXIMUM         58    453 PM  91    1952  61     -3       63
  MINIMUM         39   1135 PM  19    1958  39      0       42
                                      1956
  AVERAGE         49                        50     -1

PRECIPITATION (IN)
  YESTERDAY        T             1.92 1984   0.11  -0.11     0.00
  MONTH TO DATE    2.39                      2.62  -0.23     3.15
  SINCE MAR 1      7.34                      4.38   2.96     3.97
  SINCE JAN 1      8.77                      6.32   2.45     4.72

SNOWFALL (IN)
  YESTERDAY        0.0           9.0  1956   0.0    0.0      0.0
  MONTH TO DATE    5.8                       4.0    1.8      5.2
  SINCE JUL 1     43.4                      59.3  -15.9     53.7
  SNOW DEPTH       0

DEGREE DAYS
 HEATING
  YESTERDAY       16                        15      1       12
  MONTH TO DATE  598                       616    -18      553
  SINCE MAR 1   1406                      1701   -295     1586
  SINCE JUL 1   6529                      7837  -1308     8166

 COOLING
  YESTERDAY        0                         0      0        0
  MONTH TO DATE    2                         0      2        0
  SINCE MAR 1      2                         0      2        0
  SINCE JAN 1      2                         0      2        0
..................................................................


WIND (MPH)
  HIGHEST WIND SPEED    12   HIGHEST WIND DIRECTION     E (80)
  HIGHEST GUST SPEED    16   HIGHEST GUST DIRECTION     N (10)
  AVERAGE WIND SPEED     5.8


SKY COVER
  POSSIBLE SUNSHINE  MM
  AVERAGE SKY COVER 0.7


WEATHER CONDITIONS
 THE FOLLOWING WEATHER WAS RECORDED YESTERDAY.
  LIGHT RAIN


RELATIVE HUMIDITY (PERCENT)
 HIGHEST    85           100 AM
 LOWEST     39           500 PM
 AVERAGE    62

..........................................................


THE WAUSAU WI CLIMATE NORMALS FOR TODAY
                         NORMAL    RECORD    YEAR
 MAXIMUM TEMPERATURE (F)   62        88      1952
 MINIMUM TEMPERATURE (F)   39        11      1956


SUNRISE AND SUNSET
APRIL 30 2016.........SUNRISE   549 AM CDT   SUNSET   803 PM CDT
MAY  1 2016...........SUNRISE   547 AM CDT   SUNSET   805 PM CDT


-  INDICATES NEGATIVE NUMBERS.
R  INDICATES RECORD WAS SET OR TIED.
MM INDICATES DATA IS MISSING.
T  INDICATES TRACE AMOUNT.

$$
