000
CDUS43 KGRB 290732
CLIAUW


CLIMATE REPORT
NATIONAL WEATHER SERVICE GREEN BAY
230 AM CDT SAT APR 29 2017


...................................

...THE WAUSAU WI CLIMATE SUMMARY FOR APRIL 28 2017...

CLIMATE NORMAL PERIOD 1981 TO 2010
CLIMATE RECORD PERIOD 1896 TO 2017


WEATHER ITEM   OBSERVED TIME   RECORD YEAR NORMAL DEPARTURE LAST
                VALUE   (LST)  VALUE       VALUE  FROM      YEAR
                                                  NORMAL
..................................................................
TEMPERATURE (F)
 YESTERDAY
  MAXIMUM         47    422 PM  91    1952  61    -14       48
  MINIMUM         30    313 AM  25    1958  38     -8       39
                                      1953
  AVERAGE         39                        50    -11

PRECIPITATION (IN)
  YESTERDAY        T             1.13 1938   0.10  -0.10     0.08
  MONTH TO DATE    5.64                      2.51   3.13     2.39
  SINCE MAR 1      7.82                      4.27   3.55     7.34
  SINCE JAN 1     11.76                      6.21   5.55     8.77

SNOWFALL (IN)
  YESTERDAY        0.0           1.0  1969   0.1   -0.1      0.0
  MONTH TO DATE    1.7                       4.0   -2.3      5.8
  SINCE JUL 1     60.5                      59.3    1.2     43.4
  SNOW DEPTH       0

DEGREE DAYS
 HEATING
  YESTERDAY       26                        16     10       21
  MONTH TO DATE  512                       601    -89      582
  SINCE MAR 1   1597                      1686    -89     1390
  SINCE JUL 1   6823                      7822   -999     6513

 COOLING
  YESTERDAY        0                         0      0        0
  MONTH TO DATE    0                         0      0        2
  SINCE MAR 1      0                         0      0        2
  SINCE JAN 1      0                         0      0        2
..................................................................


WIND (MPH)
  HIGHEST WIND SPEED    20   HIGHEST WIND DIRECTION     W (260)
  HIGHEST GUST SPEED    26   HIGHEST GUST DIRECTION     W (270)
  AVERAGE WIND SPEED     8.8


SKY COVER
  POSSIBLE SUNSHINE  MM
  AVERAGE SKY COVER 0.5


WEATHER CONDITIONS
 THE FOLLOWING WEATHER WAS RECORDED YESTERDAY.
  LIGHT RAIN


RELATIVE HUMIDITY (PERCENT)
 HIGHEST    92          1200 AM
 LOWEST     53           200 PM
 AVERAGE    73

..........................................................


THE WAUSAU WI CLIMATE NORMALS FOR TODAY
                         NORMAL    RECORD    YEAR
 MAXIMUM TEMPERATURE (F)   61        91      1952
 MINIMUM TEMPERATURE (F)   39        19      1958
                                             1956


SUNRISE AND SUNSET
APRIL 29 2017.........SUNRISE   551 AM CDT   SUNSET   802 PM CDT
APRIL 30 2017.........SUNRISE   549 AM CDT   SUNSET   803 PM CDT


-  INDICATES NEGATIVE NUMBERS.
R  INDICATES RECORD WAS SET OR TIED.
MM INDICATES DATA IS MISSING.
T  INDICATES TRACE AMOUNT.

$$
