000
CDUS43 KGRB 172133
CLIAUW


CLIMATE REPORT
NATIONAL WEATHER SERVICE GREEN BAY
432 PM CDT WED SEP 17 2014


...................................

...THE WAUSAU WI CLIMATE SUMMARY FOR SEPTEMBER 17 2014...
VALID TODAY AS OF 0400 PM LOCAL TIME.

CLIMATE NORMAL PERIOD 1981 TO 2010
CLIMATE RECORD PERIOD 1896 TO 2014


WEATHER ITEM   OBSERVED TIME   RECORD YEAR NORMAL DEPARTURE LAST
                VALUE   (LST)  VALUE       VALUE  FROM      YEAR
                                                  NORMAL
..................................................................
TEMPERATURE (F)
 TODAY
  MAXIMUM         70    140 PM  87    1948  68      2       67
  MINIMUM         39    552 AM  28    1943  48     -9       37
  AVERAGE         55                        58     -3       52

PRECIPITATION (IN)
  TODAY            0.00          1.50 1942   0.13  -0.13     0.10
  MONTH TO DATE    5.31                      2.21   3.10     1.30
  SINCE SEP 1      5.31                      2.21   3.10     1.30
  SINCE JAN 1     31.96                     24.42   7.54    28.93

SNOWFALL (IN)
  TODAY            0.0           T    1992   0.0             0.0
  MONTH TO DATE    0.0                       0.0             0.0
  SINCE SEP 1      0.0                       0.0             0.0
  SINCE JUL 1      0.0                       0.0             0.0
  SNOW DEPTH       0

DEGREE DAYS
 HEATING
  TODAY           10                         8      2       13
  MONTH TO DATE  127                        89     38       82
  SINCE SEP 1    127                        89     38       82
  SINCE JUL 1    181                       155     26      138

 COOLING
  TODAY            0                         1     -1        0
  MONTH TO DATE    9                        26    -17       50
  SINCE JAN 1    335                       401    -66      500
..................................................................


WIND (MPH)
  HIGHEST WIND SPEED    15   HIGHEST WIND DIRECTION     W (260)
  HIGHEST GUST SPEED    19   HIGHEST GUST DIRECTION     W (290)
  AVERAGE WIND SPEED     6.5


SKY COVER
  POSSIBLE SUNSHINE  MM
  AVERAGE SKY COVER 0.3


WEATHER CONDITIONS
 THE FOLLOWING WEATHER WAS RECORDED TODAY.
  NO SIGNIFICANT WEATHER WAS OBSERVED.


RELATIVE HUMIDITY (PERCENT)
 HIGHEST   100           200 AM
 LOWEST     47           100 PM
 AVERAGE    74

..........................................................


THE WAUSAU WI CLIMATE NORMALS FOR TOMORROW
                         NORMAL    RECORD    YEAR
 MAXIMUM TEMPERATURE (F)   68        88      1955
                                             1908
 MINIMUM TEMPERATURE (F)   47        28      1916


SUNRISE AND SUNSET
SEPTEMBER 17 2014.....SUNRISE   640 AM CDT   SUNSET   706 PM CDT
SEPTEMBER 18 2014.....SUNRISE   641 AM CDT   SUNSET   704 PM CDT


-  INDICATES NEGATIVE NUMBERS.
R  INDICATES RECORD WAS SET OR TIED.
MM INDICATES DATA IS MISSING.
T  INDICATES TRACE AMOUNT.




$$
