000
CDUS43 KGRB 010733
CLIAUW

CLIMATE REPORT
NATIONAL WEATHER SERVICE GREEN BAY
231 AM CDT TUE SEP 1 2015

...................................

...THE WAUSAU WI CLIMATE SUMMARY FOR AUGUST 31 2015...

CLIMATE NORMAL PERIOD 1981 TO 2010
CLIMATE RECORD PERIOD 1896 TO 2015

WEATHER ITEM   OBSERVED TIME   RECORD YEAR NORMAL DEPARTURE LAST
                VALUE   (LST)  VALUE       VALUE  FROM      YEAR
                                                  NORMAL
..................................................................
TEMPERATURE (F)
 YESTERDAY
  MAXIMUM         78    322 PM  93    1898  75      3       79
  MINIMUM         62    721 AM  35    1915  54      8       60
  AVERAGE         70                        64      6

PRECIPITATION (IN)
  YESTERDAY        0.00          4.42 1938   0.13  -0.13     0.05
  MONTH TO DATE    3.62                      4.16  -0.54     7.10
  SINCE JUN 1     11.26                     12.30  -1.04    15.21
  SINCE JAN 1     21.99                     22.21  -0.22    26.65

SNOWFALL (IN)
  YESTERDAY        0.0           0.0    MM   0.0    0.0      0.0
  MONTH TO DATE    0.0                       0.0    0.0      0.0
  SINCE JUL 1      0.0                       0.0    0.0      0.0
  SNOW DEPTH       0

DEGREE DAYS
 HEATING
  YESTERDAY        0                         3     -3        0
  MONTH TO DATE   44                        43      1       15
  SINCE JUN 1    123                       155    -32       76
  SINCE JUL 1     62                        66     -4       54

COOLING
  YESTERDAY        5                         2      3        5
  MONTH TO DATE  109                       115     -6      107
  SINCE JUN 1    320                       356    -36      301
  SINCE JAN 1    338                       375    -37      326
..................................................................

WIND (MPH)
  HIGHEST WIND SPEED    13   HIGHEST WIND DIRECTION     S (200)
  HIGHEST GUST SPEED    16   HIGHEST GUST DIRECTION     S (200)
  AVERAGE WIND SPEED     5.1

SKY COVER
  POSSIBLE SUNSHINE  MM
  AVERAGE SKY COVER 0.5

WEATHER CONDITIONS
 THE FOLLOWING WEATHER WAS RECORDED YESTERDAY.
  FOG
  FOG W/VISIBILITY <= 1/4 MILE

RELATIVE HUMIDITY (PERCENT)
 HIGHEST   100          1200 AM
 LOWEST     69           200 PM
 AVERAGE    85
..........................................................

THE WAUSAU WI CLIMATE NORMALS FOR TODAY
                         NORMAL    RECORD    YEAR
 MAXIMUM TEMPERATURE (F)   75        95      1953
 MINIMUM TEMPERATURE (F)   54        33      1909

SUNRISE AND SUNSET
SEPTEMBER  1 2015.....SUNRISE   620 AM CDT   SUNSET   736 PM CDT
SEPTEMBER  2 2015.....SUNRISE   621 AM CDT   SUNSET   734 PM CDT

-  INDICATES NEGATIVE NUMBERS.
R  INDICATES RECORD WAS SET OR TIED.
MM INDICATES DATA IS MISSING.
T  INDICATES TRACE AMOUNT.

$$
