000
CDUS43 KGRB 280821
CLIAUW

CLIMATE REPORT
NATIONAL WEATHER SERVICE GREEN BAY
219 AM CST SUN DEC 28 2014

...................................

...THE WAUSAU WI CLIMATE SUMMARY FOR DECEMBER 27 2014...

CLIMATE NORMAL PERIOD 1981 TO 2010
CLIMATE RECORD PERIOD 1896 TO 2014

WEATHER ITEM   OBSERVED TIME   RECORD YEAR NORMAL DEPARTURE LAST
                VALUE   (LST)  VALUE       VALUE  FROM      YEAR
                                                  NORMAL
..................................................................
TEMPERATURE (F)
 YESTERDAY
  MAXIMUM         33    208 AM  49    1936  24      9       33
  MINIMUM         15   1021 PM -21    1950   8      7       17
                                      1933
  AVERAGE         24                        16      8

PRECIPITATION (IN)
  YESTERDAY        0.41R         0.32 1982   0.05   0.36     0.00
  MONTH TO DATE    1.40                      1.21   0.19     1.57
  SINCE DEC 1      1.40                      1.21   0.19     1.57
  SINCE JAN 1     40.89                     32.26   8.63    38.52

SNOWFALL (IN)
  YESTERDAY        4.0           4.1  1968   0.5    3.5      0.0
  MONTH TO DATE   10.6                      12.1   -1.5     23.4
  SINCE JUL 1     30.8                      20.4   10.4     28.5
  SNOW DEPTH       6

DEGREE DAYS
 HEATING
  YESTERDAY       41                        49     -8       40
  MONTH TO DATE 1075                      1230   -155     1424
  SINCE DEC 1   1075                      1230   -155     1424
  SINCE JUL 1   3158                      3089     69     3234

COOLING
  YESTERDAY        0                         0      0        0
  MONTH TO DATE    0                         0      0        0
  SINCE DEC 1      0                         0      0        0
  SINCE JAN 1    338                       407    -69      506
..................................................................

WIND (MPH)
  HIGHEST WIND SPEED    18   HIGHEST WIND DIRECTION     W (280)
  HIGHEST GUST SPEED    23   HIGHEST GUST DIRECTION    NW (300)
  AVERAGE WIND SPEED     7.1

SKY COVER
  POSSIBLE SUNSHINE  MM
  AVERAGE SKY COVER 0.9

WEATHER CONDITIONS
 THE FOLLOWING WEATHER WAS RECORDED YESTERDAY.
  LIGHT SNOW
  FOG
  HAZE

RELATIVE HUMIDITY (PERCENT)
 HIGHEST   100           700 AM
 LOWEST     74           700 PM
 AVERAGE    87
..........................................................

THE WAUSAU WI CLIMATE NORMALS FOR TODAY
                         NORMAL    RECORD    YEAR
 MAXIMUM TEMPERATURE (F)   24        48      2003
                                             1984
 MINIMUM TEMPERATURE (F)    8       -23      1924

SUNRISE AND SUNSET
DECEMBER 28 2014......SUNRISE   736 AM CST   SUNSET   424 PM CST
DECEMBER 29 2014......SUNRISE   736 AM CST   SUNSET   425 PM CST

-  INDICATES NEGATIVE NUMBERS.
R  INDICATES RECORD WAS SET OR TIED.
MM INDICATES DATA IS MISSING.
T  INDICATES TRACE AMOUNT.

$$
