854
CDUS43 KGRB 230732
CLIAUW


CLIMATE REPORT
NATIONAL WEATHER SERVICE GREEN BAY
231 AM CDT MON OCT 23 2017


...................................

...THE WAUSAU WI CLIMATE SUMMARY FOR OCTOBER 22 2017...

CLIMATE NORMAL PERIOD 1981 TO 2010
CLIMATE RECORD PERIOD 1896 TO 2017


WEATHER ITEM   OBSERVED TIME   RECORD YEAR NORMAL DEPARTURE LAST
                VALUE   (LST)  VALUE       VALUE  FROM      YEAR
                                                  NORMAL
..................................................................
TEMPERATURE (F)
 YESTERDAY
  MAXIMUM         65   1206 AM  80    1947  53     12       58
  MINIMUM         41   1051 PM  16    1913  35      6       37
                                      1896
  AVERAGE         53                        44      9

PRECIPITATION (IN)
  YESTERDAY        0.24          1.05 1979   0.09   0.15     0.00
  MONTH TO DATE    3.27                      2.25   1.02     1.64
  SINCE SEP 1      5.22                      6.15  -0.93     6.41
  SINCE JAN 1     34.54                     28.36   6.18    31.76

SNOWFALL (IN)
  YESTERDAY        0.0           3.0  1917   0.1   -0.1      0.0
  MONTH TO DATE    0.0                       0.8   -0.8      0.0
  SINCE JUL 1      0.0                       0.8   -0.8      0.0
  SNOW DEPTH       0

DEGREE DAYS
 HEATING
  YESTERDAY       12                        21     -9       17
  MONTH TO DATE  213                       382   -169      265
  SINCE SEP 1    369                       609   -240      362
  SINCE JUL 1    427                       675   -248      384

 COOLING
  YESTERDAY        0                         0      0        0
  MONTH TO DATE    1                         0      1        1
  SINCE SEP 1     67                        30     37       25
  SINCE JAN 1    339                       405    -66      512
..................................................................


WIND (MPH)
  HIGHEST WIND SPEED    20   HIGHEST WIND DIRECTION     W (290)
  HIGHEST GUST SPEED    27   HIGHEST GUST DIRECTION     W (290)
  AVERAGE WIND SPEED     7.2


SKY COVER
  POSSIBLE SUNSHINE  MM
  AVERAGE SKY COVER 0.6


WEATHER CONDITIONS
 THE FOLLOWING WEATHER WAS RECORDED YESTERDAY.
  THUNDERSTORM
  HEAVY RAIN
  RAIN
  LIGHT RAIN
  FOG


RELATIVE HUMIDITY (PERCENT)
 HIGHEST   100          1100 PM
 LOWEST     71           300 PM
 AVERAGE    86

..........................................................


THE WAUSAU WI CLIMATE NORMALS FOR TODAY
                         NORMAL    RECORD    YEAR
 MAXIMUM TEMPERATURE (F)   52        80      1899
 MINIMUM TEMPERATURE (F)   34        14      1936


SUNRISE AND SUNSET
OCTOBER 23 2017.......SUNRISE   725 AM CDT   SUNSET   600 PM CDT
OCTOBER 24 2017.......SUNRISE   726 AM CDT   SUNSET   558 PM CDT


-  INDICATES NEGATIVE NUMBERS.
R  INDICATES RECORD WAS SET OR TIED.
MM INDICATES DATA IS MISSING.
T  INDICATES TRACE AMOUNT.




$$
