000
CDUS43 KGRB 010721
CLIAUW

CLIMATE REPORT
NATIONAL WEATHER SERVICE GREEN BAY
218 AM CDT SAT NOV 1 2014

...................................

...THE WAUSAU WI CLIMATE SUMMARY FOR OCTOBER 31 2014...

CLIMATE NORMAL PERIOD 1981 TO 2010
CLIMATE RECORD PERIOD 1896 TO 2014

WEATHER ITEM   OBSERVED TIME   RECORD YEAR NORMAL DEPARTURE LAST
                VALUE   (LST)  VALUE       VALUE  FROM      YEAR
                                                  NORMAL
..................................................................
TEMPERATURE (F)
 YESTERDAY
  MAXIMUM         37    219 PM  78    1950  49    -12       53
  MINIMUM         26   1159 PM  12    1906  32     -6       42
  AVERAGE         32                        40     -8

PRECIPITATION (IN)
  YESTERDAY        0.13          1.36 1960   0.07   0.06     0.35
  MONTH TO DATE    4.55                      2.94   1.61     4.30
  SINCE SEP 1     10.54                      6.84   3.70     7.06
  SINCE JAN 1     37.19                     29.05   8.14    34.69

SNOWFALL (IN)
  YESTERDAY        1.7 R         1.6  1932   0.1    1.6      0.0
  MONTH TO DATE    1.7                       1.4    0.3       T
  SINCE JUL 1      1.7                       1.4    0.3       T
  SNOW DEPTH       T

DEGREE DAYS
 HEATING
  YESTERDAY       33                        25      8       17
  MONTH TO DATE  590                       591     -1      552
  SINCE SEP 1    814                       818     -4      724
  SINCE JUL 1    868                       884    -16      780

COOLING
  YESTERDAY        0                         0      0        0
  MONTH TO DATE    0                         2     -2        0
  SINCE SEP 1     12                        32    -20       56
  SINCE JAN 1    338                       407    -69      506
..................................................................

WIND (MPH)
  HIGHEST WIND SPEED    25   HIGHEST WIND DIRECTION     N (10)
  HIGHEST GUST SPEED    39   HIGHEST GUST DIRECTION     N (20)
  AVERAGE WIND SPEED    11.8

SKY COVER
  POSSIBLE SUNSHINE  MM
  AVERAGE SKY COVER 0.5

WEATHER CONDITIONS
 THE FOLLOWING WEATHER WAS RECORDED YESTERDAY.
  SNOW
  LIGHT SNOW
  FOG

RELATIVE HUMIDITY (PERCENT)
 HIGHEST    92           200 AM
 LOWEST     47          1200 PM
 AVERAGE    70
..........................................................

THE WAUSAU WI CLIMATE NORMALS FOR TODAY
                         NORMAL    RECORD    YEAR
 MAXIMUM TEMPERATURE (F)   48        75      1933
 MINIMUM TEMPERATURE (F)   31        10      1951


SUNRISE AND SUNSET
NOVEMBER  1 2014......SUNRISE   737 AM CDT   SUNSET   547 PM CDT
NOVEMBER  2 2014......SUNRISE   638 AM CST   SUNSET   445 PM CST

-  INDICATES NEGATIVE NUMBERS.
R  INDICATES RECORD WAS SET OR TIED.
MM INDICATES DATA IS MISSING.
T  INDICATES TRACE AMOUNT.

$$
