000
CDUS43 KGRB 242132
CLIAUW


CLIMATE REPORT
NATIONAL WEATHER SERVICE GREEN BAY
432 PM CDT WED AUG 24 2016


...................................

...THE WAUSAU WI CLIMATE SUMMARY FOR AUGUST 24 2016...
VALID TODAY AS OF 0400 PM LOCAL TIME.

CLIMATE NORMAL PERIOD 1981 TO 2010
CLIMATE RECORD PERIOD 1896 TO 2016


WEATHER ITEM   OBSERVED TIME   RECORD YEAR NORMAL DEPARTURE LAST
                VALUE   (LST)  VALUE       VALUE  FROM      YEAR
                                                  NORMAL
..................................................................
TEMPERATURE (F)
 TODAY
  MAXIMUM         79    256 PM  99    1948  77      2       59
  MINIMUM         65   1259 AM  35    1942  56      9       52
  AVERAGE         72                        66      6       56

PRECIPITATION (IN)
  TODAY            0.42          1.55 2006   0.14   0.28      T
  MONTH TO DATE    3.78                      3.27   0.51     3.60
  SINCE JUN 1     13.60                     11.41   2.19    11.24
  SINCE JAN 1     25.26                     21.32   3.94    21.97

SNOWFALL (IN)
  TODAY            0.0           0.0    MM   0.0             0.0
  MONTH TO DATE    0.0                       0.0             0.0
  SINCE JUN 1      0.0                       0.0             0.0
  SINCE JUL 1      0.0                       0.0             0.0
  SNOW DEPTH       0

DEGREE DAYS
 HEATING
  TODAY            0                         2     -2        9
  MONTH TO DATE    8                        27    -19       24
  SINCE JUN 1     47                       139    -92      103
  SINCE JUL 1     17                        50    -33       42

 COOLING
  TODAY            7                         3      4        0
  MONTH TO DATE  145                        97     48      104
  SINCE JAN 1    467                       357    110      333
..................................................................


WIND (MPH)
  HIGHEST WIND SPEED    18   HIGHEST WIND DIRECTION     S (160)
  HIGHEST GUST SPEED    24   HIGHEST GUST DIRECTION     S (170)
  AVERAGE WIND SPEED    10.6


SKY COVER
  POSSIBLE SUNSHINE  MM
  AVERAGE SKY COVER 0.9


WEATHER CONDITIONS
 THE FOLLOWING WEATHER WAS RECORDED TODAY.
  HEAVY RAIN
  RAIN
  LIGHT RAIN
  FOG
  HAZE


RELATIVE HUMIDITY (PERCENT)
 HIGHEST   100           100 AM
 LOWEST     67           300 PM
 AVERAGE    84

..........................................................


THE WAUSAU WI CLIMATE NORMALS FOR TOMORROW
                         NORMAL    RECORD    YEAR
 MAXIMUM TEMPERATURE (F)   76        96      1948
 MINIMUM TEMPERATURE (F)   56        37      1917


SUNRISE AND SUNSET
AUGUST 24 2016........SUNRISE   612 AM CDT   SUNSET   749 PM CDT
AUGUST 25 2016........SUNRISE   613 AM CDT   SUNSET   747 PM CDT


-  INDICATES NEGATIVE NUMBERS.
R  INDICATES RECORD WAS SET OR TIED.
MM INDICATES DATA IS MISSING.
T  INDICATES TRACE AMOUNT.




$$
