697
CDUS43 KGRB 130630
CLIAUW


CLIMATE REPORT
NATIONAL WEATHER SERVICE GREEN BAY
1229 AM CST SAT FEB 13 2016


...................................

...THE WAUSAU WI CLIMATE SUMMARY FOR FEBRUARY 12 2016...

CLIMATE NORMAL PERIOD 1981 TO 2010
CLIMATE RECORD PERIOD 1896 TO 2016


WEATHER ITEM   OBSERVED TIME   RECORD YEAR NORMAL DEPARTURE LAST
                VALUE   (LST)  VALUE       VALUE  FROM      YEAR
                                                  NORMAL
..................................................................
TEMPERATURE (F)
 YESTERDAY
  MAXIMUM         14   1210 AM  48    2005  27    -13       12
  MINIMUM         -3   1159 PM -35    1899   9    -12       -3
  AVERAGE          6                        18    -12

PRECIPITATION (IN)
  YESTERDAY        0.00          1.11 1984   0.03  -0.03     0.00
  MONTH TO DATE    0.48                      0.36   0.12     0.13
  SINCE DEC 1      6.27                      2.74   3.53     2.11
  SINCE JAN 1      1.32                      1.38  -0.06     0.71

SNOWFALL (IN)
  YESTERDAY        0.0           7.0  1965   0.3   -0.3      0.0
  MONTH TO DATE    6.6                       4.2    2.4      2.3
  SINCE JUL 1     22.0                      39.9  -17.9     42.7
  SNOW DEPTH      10

DEGREE DAYS
 HEATING
  YESTERDAY       59                        47     12       60
  MONTH TO DATE  549                       578    -29      632
  SINCE DEC 1   3057                      3569   -512     3506
  SINCE JUL 1   4463                      5428   -965     5589

 COOLING
  YESTERDAY        0                         0      0        0
  MONTH TO DATE    0                         0      0        0
  SINCE DEC 1      0                         0      0        0
  SINCE JAN 1      0                         0      0        0
..................................................................


WIND (MPH)
  HIGHEST WIND SPEED    24   HIGHEST WIND DIRECTION    NW (310)
  HIGHEST GUST SPEED    32   HIGHEST GUST DIRECTION    NW (320)
  AVERAGE WIND SPEED    12.8


SKY COVER
  POSSIBLE SUNSHINE  MM
  AVERAGE SKY COVER 0.2


WEATHER CONDITIONS
 THE FOLLOWING WEATHER WAS RECORDED YESTERDAY.
  NO SIGNIFICANT WEATHER WAS OBSERVED.


RELATIVE HUMIDITY (PERCENT)
 HIGHEST    67           400 AM
 LOWEST     41           200 PM
 AVERAGE    54

..........................................................


THE WAUSAU WI CLIMATE NORMALS FOR TODAY
                         NORMAL    RECORD    YEAR
 MAXIMUM TEMPERATURE (F)   27        50      2011
 MINIMUM TEMPERATURE (F)    9       -25      1905


SUNRISE AND SUNSET
FEBRUARY 13 2016......SUNRISE   703 AM CST   SUNSET   523 PM CST
FEBRUARY 14 2016......SUNRISE   701 AM CST   SUNSET   525 PM CST


-  INDICATES NEGATIVE NUMBERS.
R  INDICATES RECORD WAS SET OR TIED.
MM INDICATES DATA IS MISSING.
T  INDICATES TRACE AMOUNT.




$$
