000
CDUS42 KGSP 180636
CLIAVL

CLIMATE REPORT
NATIONAL WEATHER SERVICE GREENVILLE-SPARTANBURG SC
234 AM EDT FRI APR 18 2014


...................................

...THE ASHEVILLE NC CLIMATE SUMMARY FOR APRIL 17 2014...

CLIMATE NORMAL PERIOD 1981 TO 2010
CLIMATE RECORD PERIOD 1869 TO 2014


WEATHER ITEM   OBSERVED TIME   RECORD YEAR NORMAL DEPARTURE LAST
                VALUE   (LST)  VALUE       VALUE  FROM      YEAR
                                                  NORMAL
..................................................................
TEMPERATURE (F)
 YESTERDAY
  MAXIMUM         59    425 PM  89    1896  68     -9       76
  MINIMUM         30    643 AM  26    1904  43    -13       55
  AVERAGE         45                        56    -11       66

PRECIPITATION (IN)
  YESTERDAY        0.00          1.54 1945   0.10  -0.10     0.30
  MONTH TO DATE    2.91                      1.88   1.03     2.52
  SINCE MAR 1      5.21                      5.71  -0.50     5.84
  SINCE JAN 1     10.56                     13.14  -2.58    17.98

SNOWFALL (IN)
  YESTERDAY        0.0           2.0  1875   0.0             0.0
  MONTH TO DATE    0.0                       0.6             0.0
  SINCE MAR 1      0.4                       2.5             0.3
  SINCE JUL 1      9.8                       9.8             0.5
  SNOW DEPTH       0

DEGREE DAYS
 HEATING
  YESTERDAY       20                        10     10        0
  MONTH TO DATE  180                       199    -19      151
  SINCE MAR 1    809                       754     55      861
  SINCE JUL 1   4128                      3971    157     3802

 COOLING
  YESTERDAY        0                         0      0        1
  MONTH TO DATE    0                         0      0        4
  SINCE MAR 1      0                         1     -1        4
  SINCE JAN 1      0                         1     -1        4
..................................................................


WIND (MPH)
  HIGHEST WIND SPEED    15   HIGHEST WIND DIRECTION     S (190)
  HIGHEST GUST SPEED    21   HIGHEST GUST DIRECTION     S (170)
  AVERAGE WIND SPEED     4.6


SKY COVER
  POSSIBLE SUNSHINE  MM
  AVERAGE SKY COVER 0.0


WEATHER CONDITIONS
 THE FOLLOWING WEATHER WAS RECORDED YESTERDAY.
  NO SIGNIFICANT WEATHER WAS OBSERVED.


RELATIVE HUMIDITY (PERCENT)
 HIGHEST    92           300 AM
 LOWEST     24           400 PM
 AVERAGE    58

..........................................................


THE ASHEVILLE NC CLIMATE NORMALS FOR TODAY
                         NORMAL    RECORD    YEAR
 MAXIMUM TEMPERATURE (F)   69        90      1896
 MINIMUM TEMPERATURE (F)   43        28      1905


SUNRISE AND SUNSET
APRIL 18 2014.........SUNRISE   654 AM EDT   SUNSET   806 PM EDT
APRIL 19 2014.........SUNRISE   653 AM EDT   SUNSET   806 PM EDT


-  INDICATES NEGATIVE NUMBERS.
R  INDICATES RECORD WAS SET OR TIED.
MM INDICATES DATA IS MISSING.
T  INDICATES TRACE AMOUNT.

$$
