000
CDUS42 KGSP 280638
CLIAVL

CLIMATE REPORT
NATIONAL WEATHER SERVICE GREENVILLE-SPARTANBURG SC
237 AM EDT SAT MAY 28 2016


...................................

...THE ASHEVILLE NC CLIMATE SUMMARY FOR MAY 27 2016...

CLIMATE NORMAL PERIOD 1981 TO 2010
CLIMATE RECORD PERIOD 1869 TO 2016


WEATHER ITEM   OBSERVED TIME   RECORD YEAR NORMAL DEPARTURE LAST
                VALUE   (LST)  VALUE       VALUE  FROM      YEAR
                                                  NORMAL
..................................................................
TEMPERATURE (F)
 YESTERDAY
  MAXIMUM         80    344 PM  93    1890  77      3       78
  MINIMUM         59    636 AM  36    1961  55      4       60
  AVERAGE         70                        66      4       69

PRECIPITATION (IN)
  YESTERDAY        0.28          4.39 1973   0.13   0.15     0.00
  MONTH TO DATE    1.83                      3.15  -1.32     1.33
  SINCE MAR 1      5.89                     10.31  -4.42     8.39
  SINCE JAN 1     14.87                     17.74  -2.87    14.23

SNOWFALL (IN)
  YESTERDAY        0.0           0.0    MM   0.0             0.0
  MONTH TO DATE    0.0                       0.0             0.0
  SINCE MAR 1      T                         2.6              T
  SINCE JUL 1     13.9                       9.9            13.3
  SNOW DEPTH       0

DEGREE DAYS
 HEATING
  YESTERDAY        0                         2     -2        0
  MONTH TO DATE   93                       103    -10       43
  SINCE MAR 1    709                       958   -249      674
  SINCE JUL 1   3456                      4175   -719     3983

 COOLING
  YESTERDAY        5                         3      2        4
  MONTH TO DATE   36                        41     -5       81
  SINCE MAR 1     52                        49      3      100
  SINCE JAN 1     52                        49      3      100
..................................................................


WIND (MPH)
  HIGHEST WIND SPEED    14   HIGHEST WIND DIRECTION     S (180)
  HIGHEST GUST SPEED    20   HIGHEST GUST DIRECTION     S (170)
  AVERAGE WIND SPEED     3.3


SKY COVER
  POSSIBLE SUNSHINE  MM
  AVERAGE SKY COVER 0.4


WEATHER CONDITIONS
 THE FOLLOWING WEATHER WAS RECORDED YESTERDAY.
  HEAVY RAIN
  LIGHT RAIN
  FOG
  FOG W/VISIBILITY <= 1/4 MILE


RELATIVE HUMIDITY (PERCENT)
 HIGHEST    93           400 AM
 LOWEST     51           300 PM
 AVERAGE    72

..........................................................


THE ASHEVILLE NC CLIMATE NORMALS FOR TODAY
                         NORMAL    RECORD    YEAR
 MAXIMUM TEMPERATURE (F)   77        91      1941
                                             1914
 MINIMUM TEMPERATURE (F)   55        35      1961


SUNRISE AND SUNSET
MAY 28 2016...........SUNRISE   618 AM EDT   SUNSET   838 PM EDT
MAY 29 2016...........SUNRISE   617 AM EDT   SUNSET   838 PM EDT


-  INDICATES NEGATIVE NUMBERS.
R  INDICATES RECORD WAS SET OR TIED.
MM INDICATES DATA IS MISSING.
T  INDICATES TRACE AMOUNT.

$$
