000
CDUS42 KGSP 240642
CLIAVL

CLIMATE REPORT
NATIONAL WEATHER SERVICE GREENVILLE-SPARTANBURG SC
142 AM EST MON NOV 24 2014


...................................

...THE ASHEVILLE NC CLIMATE SUMMARY FOR NOVEMBER 23 2014...

CLIMATE NORMAL PERIOD 1981 TO 2010
CLIMATE RECORD PERIOD 1869 TO 2014


WEATHER ITEM   OBSERVED TIME   RECORD YEAR NORMAL DEPARTURE LAST
                VALUE   (LST)  VALUE       VALUE  FROM      YEAR
                                                  NORMAL
..................................................................
TEMPERATURE (F)
 YESTERDAY
  MAXIMUM         56   1130 PM  75    1973  56      0       59
  MINIMUM         40    954 AM  13    1937  34      6       32
  AVERAGE         48                        45      3       46

PRECIPITATION (IN)
  YESTERDAY        2.05          2.63 1961   0.14   1.91     0.00
  MONTH TO DATE    3.35                      2.70   0.65     0.86
  SINCE SEP 1     13.25                      9.42   3.83     6.10
  SINCE JAN 1     44.03                     41.03   3.00    64.86

SNOWFALL (IN)
  YESTERDAY        0.0           5.0  1975   0.0             0.0
  MONTH TO DATE    3.2                       0.1              T
  SINCE SEP 1      3.2                       0.1              T
  SINCE JUL 1      3.2                       0.1              T
  SNOW DEPTH       0

DEGREE DAYS
 HEATING
  YESTERDAY       17                        20     -3       19
  MONTH TO DATE  526                       383    143      413
  SINCE SEP 1    770                       716     54      659
  SINCE JUL 1    772                       718     54      664

 COOLING
  YESTERDAY        0                         0      0        0
  MONTH TO DATE    0                         0      0        0
  SINCE SEP 1    167                       105     62      122
  SINCE JAN 1    919                       862     57      860
..................................................................


WIND (MPH)
  HIGHEST WIND SPEED    31   HIGHEST WIND DIRECTION     W (250)
  HIGHEST GUST SPEED    42   HIGHEST GUST DIRECTION     W (260)
  AVERAGE WIND SPEED     5.3


SKY COVER
  POSSIBLE SUNSHINE  MM
  AVERAGE SKY COVER 1.0


WEATHER CONDITIONS
 THE FOLLOWING WEATHER WAS RECORDED YESTERDAY.
  THUNDERSTORM
  HEAVY RAIN
  RAIN
  LIGHT RAIN
  FOG


RELATIVE HUMIDITY (PERCENT)
 HIGHEST   100           500 PM
 LOWEST     37          1200 AM
 AVERAGE    69

..........................................................


THE ASHEVILLE NC CLIMATE NORMALS FOR TODAY
                         NORMAL    RECORD    YEAR
 MAXIMUM TEMPERATURE (F)   56        74      1973
 MINIMUM TEMPERATURE (F)   34         8      1950


SUNRISE AND SUNSET
NOVEMBER 24 2014......SUNRISE   714 AM EST   SUNSET   519 PM EST
NOVEMBER 25 2014......SUNRISE   715 AM EST   SUNSET   519 PM EST


-  INDICATES NEGATIVE NUMBERS.
R  INDICATES RECORD WAS SET OR TIED.
MM INDICATES DATA IS MISSING.
T  INDICATES TRACE AMOUNT.




$$
