000
CDUS42 KGSP 252037
CLIAVL

CLIMATE REPORT
NATIONAL WEATHER SERVICE GREENVILLE-SPARTANBURG SC
437 PM EDT MON MAY 25 2015


...................................

...THE ASHEVILLE NC CLIMATE SUMMARY FOR MAY 25 2015...
VALID TODAY AS OF 0435 PM LOCAL TIME.

CLIMATE NORMAL PERIOD 1981 TO 2010
CLIMATE RECORD PERIOD 1869 TO 2015


WEATHER ITEM   OBSERVED TIME   RECORD YEAR NORMAL DEPARTURE LAST
                VALUE   (LST)  VALUE       VALUE  FROM      YEAR
                                                  NORMAL
..................................................................
TEMPERATURE (F)
 TODAY
  MAXIMUM         80    324 PM  89    1896  77      3       76
  MINIMUM         57    323 AM  39    1925  54      3       49
  AVERAGE         69                        65      4       63

PRECIPITATION (IN)
  TODAY            0.00          1.11 1939   0.12  -0.12     0.42
  MONTH TO DATE    0.20                      2.90  -2.70     3.06
  SINCE MAR 1      7.26                     10.06  -2.80    10.45
  SINCE JAN 1     13.10                     17.49  -4.39    15.80

SNOWFALL (IN)
  TODAY            0.0           T    1979   0.0    0.0      0.0
  MONTH TO DATE    0.0                       0.0    0.0      0.0
  SINCE MAR 1      T                         2.6   -2.6      0.4
  SINCE JUL 1     13.3                       9.9    3.4      9.8
  SNOW DEPTH       0

DEGREE DAYS
 HEATING
  TODAY            0                         2     -2        2
  MONTH TO DATE   43                        99    -56       83
  SINCE MAR 1    674                       954   -280      975
  SINCE JUL 1   3983                      4171   -188     4294

 COOLING
  TODAY            4                         3      1        0
  MONTH TO DATE   70                        35     35       47
  SINCE MAR 1     89                        43     46       49
  SINCE JAN 1     89                        43     46       49
..................................................................


WIND (MPH)
  HIGHEST WIND SPEED    18   HIGHEST WIND DIRECTION     S (170)
  HIGHEST GUST SPEED    25   HIGHEST GUST DIRECTION     S (160)
  AVERAGE WIND SPEED     7.9


SKY COVER
  POSSIBLE SUNSHINE  MM
  AVERAGE SKY COVER 0.5


WEATHER CONDITIONS
 THE FOLLOWING WEATHER WAS RECORDED TODAY.
  NO SIGNIFICANT WEATHER WAS OBSERVED.


RELATIVE HUMIDITY (PERCENT)
 HIGHEST    84           500 AM
 LOWEST     42           100 PM
 AVERAGE    63

..........................................................


THE ASHEVILLE NC CLIMATE NORMALS FOR TOMORROW
                         NORMAL    RECORD    YEAR
 MAXIMUM TEMPERATURE (F)   77        88      1989
                                             1916
 MINIMUM TEMPERATURE (F)   54        34      1925


SUNRISE AND SUNSET
MAY 25 2015...........SUNRISE   619 AM EDT   SUNSET   835 PM EDT
MAY 26 2015...........SUNRISE   619 AM EDT   SUNSET   836 PM EDT


-  INDICATES NEGATIVE NUMBERS.
R  INDICATES RECORD WAS SET OR TIED.
MM INDICATES DATA IS MISSING.
T  INDICATES TRACE AMOUNT.

$$

OUTLAW
