000
CDUS42 KGSP 222137
CLIAVL

CLIMATE REPORT
NATIONAL WEATHER SERVICE GREENVILLE-SPARTANBURG SC
435 PM EST WED NOV 22 2017


...................................

...THE ASHEVILLE NC CLIMATE SUMMARY FOR NOVEMBER 22 2017...
VALID TODAY AS OF 0430 PM LOCAL TIME.

CLIMATE NORMAL PERIOD 1981 TO 2010
CLIMATE RECORD PERIOD 1869 TO 2017


WEATHER ITEM   OBSERVED TIME   RECORD YEAR NORMAL DEPARTURE LAST
                VALUE   (LST)  VALUE       VALUE  FROM      YEAR
                                                  NORMAL
..................................................................
TEMPERATURE (F)
 TODAY
  MAXIMUM         56    225 PM  74    1940  57     -1       58
  MINIMUM         40    320 AM  15    2008  34      6       30
                                      1937
  AVERAGE         48                        45      3       44

PRECIPITATION (IN)
  TODAY            0.00          1.18 1992   0.13  -0.13     0.00
  MONTH TO DATE    1.59                      2.56  -0.97      T
  SINCE SEP 1     15.02                      9.28   5.74     1.10
  SINCE JAN 1     51.63                     40.89  10.74    29.55

SNOWFALL (IN)
  TODAY            0.0           1.3  1952   0.1   -0.1      0.0
  MONTH TO DATE    0.0                       0.1   -0.1      0.0
  SINCE SEP 1      T                         0.1   -0.1      0.0
  SINCE JUL 1      T                         0.1   -0.1      0.0
  SNOW DEPTH       0

DEGREE DAYS
 HEATING
  TODAY           17                        20     -3       21
  MONTH TO DATE  293                       363    -70      302
  SINCE SEP 1    562                       696   -134      448
  SINCE JUL 1    562                       698   -136      448

 COOLING
  TODAY            0                         0      0        0
  MONTH TO DATE    0                         0      0        2
  SINCE SEP 1    176                       105     71      234
  SINCE JAN 1   1042                       862    180     1317
..................................................................


WIND (MPH)
  HIGHEST WIND SPEED    28   HIGHEST WIND DIRECTION     N (350)
  HIGHEST GUST SPEED    35   HIGHEST GUST DIRECTION     N (340)
  AVERAGE WIND SPEED    11.1


SKY COVER
  POSSIBLE SUNSHINE  MM
  AVERAGE SKY COVER 0.2


WEATHER CONDITIONS
 THE FOLLOWING WEATHER WAS RECORDED TODAY.
  FOG
  FOG W/VISIBILITY <= 1/4 MILE


RELATIVE HUMIDITY (PERCENT)
 HIGHEST    93           100 AM
 LOWEST     26           300 PM
 AVERAGE    60

..........................................................


THE ASHEVILLE NC CLIMATE NORMALS FOR TOMORROW
                         NORMAL    RECORD    YEAR
 MAXIMUM TEMPERATURE (F)   56        75      1973
 MINIMUM TEMPERATURE (F)   34        13      1937


SUNRISE AND SUNSET
NOVEMBER 22 2017......SUNRISE   713 AM EST   SUNSET   520 PM EST
NOVEMBER 23 2017......SUNRISE   714 AM EST   SUNSET   520 PM EST


-  INDICATES NEGATIVE NUMBERS.
R  INDICATES RECORD WAS SET OR TIED.
MM INDICATES DATA IS MISSING.
T  INDICATES TRACE AMOUNT.




$$
