000
CDUS42 KGSP 220629 RRB
CLIAVL

CLIMATE REPORT
NATIONAL WEATHER SERVICE GREENVILLE-SPARTANBURG SC
128 AM EST MON DEC 22 2014


...................................

...THE ASHEVILLE NC CLIMATE SUMMARY FOR DECEMBER 21 2014...

CLIMATE NORMAL PERIOD 1981 TO 2010
CLIMATE RECORD PERIOD 1869 TO 2014


WEATHER ITEM   OBSERVED TIME   RECORD YEAR NORMAL DEPARTURE LAST
                VALUE   (LST)  VALUE       VALUE  FROM      YEAR
                                                  NORMAL
..................................................................
TEMPERATURE (F)
 YESTERDAY
  MAXIMUM         48    158 PM  68    1970  48      0       65
                                      1956
                                      1923
  MINIMUM         38    501 AM   6    1935  28     10       52
  AVERAGE         43                        38      5       59

PRECIPITATION (IN)
  YESTERDAY        0.00          1.08 1900   0.11  -0.11     0.65
  MONTH TO DATE    0.09                      2.54  -2.45     3.63
  SINCE DEC 1      0.09                      2.54  -2.45     3.63
  SINCE JAN 1     44.60                     44.52   0.08    71.18

SNOWFALL (IN)
  YESTERDAY        0.0           3.7  1969   0.0             0.0
  MONTH TO DATE    T                         0.4             0.0
  SINCE DEC 1      T                         0.4             0.0
  SINCE JUL 1      3.2                       0.5             0.2
  SNOW DEPTH       0

DEGREE DAYS
 HEATING
  YESTERDAY       22                        27     -5        6
  MONTH TO DATE  436                       520    -84      434
  SINCE DEC 1    436                       520    -84      434
  SINCE JUL 1   1351                      1387    -36     1317

 COOLING
  YESTERDAY        0                         0      0        0
  MONTH TO DATE    0                         0      0        0
  SINCE DEC 1      0                         0      0        0
  SINCE JAN 1    919                       863     56      860
..................................................................


WIND (MPH)
  HIGHEST WIND SPEED    12   HIGHEST WIND DIRECTION     S (160)
  HIGHEST GUST SPEED    15   HIGHEST GUST DIRECTION     S (160)
  AVERAGE WIND SPEED     4.2


SKY COVER
  POSSIBLE SUNSHINE  MM
  AVERAGE SKY COVER 1.0


WEATHER CONDITIONS
 THE FOLLOWING WEATHER WAS RECORDED YESTERDAY.
  FOG


RELATIVE HUMIDITY (PERCENT)
 HIGHEST    92          1200 AM
 LOWEST     71           100 PM
 AVERAGE    82

..........................................................


THE ASHEVILLE NC CLIMATE NORMALS FOR TODAY
                         NORMAL    RECORD    YEAR
 MAXIMUM TEMPERATURE (F)   48        71      1970
 MINIMUM TEMPERATURE (F)   28         4      1989
                                             1960


SUNRISE AND SUNSET
DECEMBER 22 2014......SUNRISE   736 AM EST   SUNSET   522 PM EST
DECEMBER 23 2014......SUNRISE   736 AM EST   SUNSET   522 PM EST


-  INDICATES NEGATIVE NUMBERS.
R  INDICATES RECORD WAS SET OR TIED.
MM INDICATES DATA IS MISSING.
T  INDICATES TRACE AMOUNT.

$$
