189
CDUS42 KGSP 070640 RRA
CLIAVL

CLIMATE REPORT
NATIONAL WEATHER SERVICE GREENVILLE-SPARTANBURG SC
140 AM EST SUN FEB 7 2016


...................................

...THE ASHEVILLE NC CLIMATE SUMMARY FOR FEBRUARY 6 2016...

CLIMATE NORMAL PERIOD 1981 TO 2010
CLIMATE RECORD PERIOD 1869 TO 2016


WEATHER ITEM   OBSERVED TIME   RECORD YEAR NORMAL DEPARTURE LAST
                VALUE   (LST)  VALUE       VALUE  FROM      YEAR
                                                  NORMAL
..................................................................
TEMPERATURE (F)
 YESTERDAY
  MAXIMUM         45    407 PM  71    1938  49     -4       49
  MINIMUM         23    745 AM   6    1966  28     -5       15
  AVERAGE         34                        39     -5       32

PRECIPITATION (IN)
  YESTERDAY        0.00          1.85 1897   0.13  -0.13     0.00
  MONTH TO DATE    2.42                      0.80   1.62     0.71
  SINCE DEC 1     14.47                      8.06   6.41     6.17
  SINCE JAN 1      5.71                      4.47   1.24     3.77

SNOWFALL (IN)
  YESTERDAY        0.0           7.0  1979   0.1             0.0
  MONTH TO DATE    T                         0.6              T
  SINCE DEC 1     13.8                       5.6              T
  SINCE JUL 1     13.8                       5.7             3.2
  SNOW DEPTH       0

DEGREE DAYS
 HEATING
  YESTERDAY       31                        26      5       33
  MONTH TO DATE  119                       160    -41      177
  SINCE DEC 1   1467                      1820   -353     1677
  SINCE JUL 1   2142                      2687   -545     2592

 COOLING
  YESTERDAY        0                         0      0        0
  MONTH TO DATE    0                         0      0        0
  SINCE DEC 1      0                         0      0        0
  SINCE JAN 1      0                         0      0        0
..................................................................


WIND (MPH)
  HIGHEST WIND SPEED    15   HIGHEST WIND DIRECTION     N (340)
  HIGHEST GUST SPEED    21   HIGHEST GUST DIRECTION     N (340)
  AVERAGE WIND SPEED     4.6


SKY COVER
  POSSIBLE SUNSHINE  MM
  AVERAGE SKY COVER 0.0


WEATHER CONDITIONS
 THE FOLLOWING WEATHER WAS RECORDED YESTERDAY.
  HAZE


RELATIVE HUMIDITY (PERCENT)
 HIGHEST    81           600 AM
 LOWEST     18           400 PM
 AVERAGE    50

..........................................................


THE ASHEVILLE NC CLIMATE NORMALS FOR TODAY
                         NORMAL    RECORD    YEAR
 MAXIMUM TEMPERATURE (F)   50        71      1925
 MINIMUM TEMPERATURE (F)   28        -4      1895


SUNRISE AND SUNSET
FEBRUARY  7 2016......SUNRISE   725 AM EST   SUNSET   604 PM EST
FEBRUARY  8 2016......SUNRISE   724 AM EST   SUNSET   605 PM EST


-  INDICATES NEGATIVE NUMBERS.
R  INDICATES RECORD WAS SET OR TIED.
MM INDICATES DATA IS MISSING.
T  INDICATES TRACE AMOUNT.

$$
