000
CDUS42 KGSP 282032
CLIAVL

CLIMATE REPORT
NATIONAL WEATHER SERVICE GREENVILLE-SPARTANBURG SC
432 PM EDT FRI APR 28 2017


...................................

...THE ASHEVILLE NC CLIMATE SUMMARY FOR APRIL 28 2017...
VALID TODAY AS OF 0430 PM LOCAL TIME.

CLIMATE NORMAL PERIOD 1981 TO 2010
CLIMATE RECORD PERIOD 1869 TO 2017


WEATHER ITEM   OBSERVED TIME   RECORD YEAR NORMAL DEPARTURE LAST
                VALUE   (LST)  VALUE       VALUE  FROM      YEAR
                                                  NORMAL
..................................................................
TEMPERATURE (F)
 TODAY
  MAXIMUM         78    326 PM  86    1986  71      7       84
                                      1957
  MINIMUM         56    609 AM  29    1928  46     10       58
  AVERAGE         67                        59      8       71

PRECIPITATION (IN)
  TODAY            0.00          1.95 2013   0.11  -0.11     0.00
  MONTH TO DATE    7.58                      3.11   4.47     1.43
  SINCE MAR 1     11.50                      6.94   4.56     2.99
  SINCE JAN 1     15.92                     14.37   1.55    11.97

SNOWFALL (IN)
  TODAY            0.0           2.0  1928   0.0    0.0      0.0
  MONTH TO DATE    0.0                       0.7   -0.7      0.0
  SINCE MAR 1      2.1                       2.6   -0.5       T
  SINCE JUL 1      9.4                       9.9   -0.5     13.9
  SNOW DEPTH       0

DEGREE DAYS
 HEATING
  TODAY            0                         7     -7        0
  MONTH TO DATE  152                       288   -136      255
  SINCE MAR 1    659                       843   -184      616
  SINCE JUL 1   3053                      4060  -1007     3363

 COOLING
  TODAY            2                         0      2        6
  MONTH TO DATE   13                         0     13       11
  SINCE MAR 1     13                         1     12       11
  SINCE JAN 1     13                         1     12       11
..................................................................


WIND (MPH)
  HIGHEST WIND SPEED    20   HIGHEST WIND DIRECTION     S (180)
  HIGHEST GUST SPEED    25   HIGHEST GUST DIRECTION     S (170)
  AVERAGE WIND SPEED     5.0


SKY COVER
  POSSIBLE SUNSHINE  MM
  AVERAGE SKY COVER 0.7


WEATHER CONDITIONS
 THE FOLLOWING WEATHER WAS RECORDED TODAY.
  FOG
  FOG W/VISIBILITY <= 1/4 MILE


RELATIVE HUMIDITY (PERCENT)
 HIGHEST    93          1200 AM
 LOWEST     52           300 PM
 AVERAGE    73

..........................................................


THE ASHEVILLE NC CLIMATE NORMALS FOR TOMORROW
                         NORMAL    RECORD    YEAR
 MAXIMUM TEMPERATURE (F)   71        89      1970
 MINIMUM TEMPERATURE (F)   47        28      1967


SUNRISE AND SUNSET
APRIL 28 2017.........SUNRISE   642 AM EDT   SUNSET   814 PM EDT
APRIL 29 2017.........SUNRISE   641 AM EDT   SUNSET   815 PM EDT


-  INDICATES NEGATIVE NUMBERS.
R  INDICATES RECORD WAS SET OR TIED.
MM INDICATES DATA IS MISSING.
T  INDICATES TRACE AMOUNT.




$$

LEV
