000
CDUS41 KBGM 230547
CLIAVP


CLIMATE REPORT
NATIONAL WEATHER SERVICE BINGHAMTON NY
146 AM EDT SAT AUG 23 2014


...................................

...THE AVOCA PA CLIMATE SUMMARY FOR AUGUST 22 2014...

CLIMATE NORMAL PERIOD 1981 TO 2010
CLIMATE RECORD PERIOD 1901 TO 2014


WEATHER ITEM   OBSERVED TIME   RECORD YEAR NORMAL DEPARTURE LAST
                VALUE   (LST)  VALUE       VALUE  FROM      YEAR
                                                  NORMAL
..................................................................
TEMPERATURE (F)
 YESTERDAY
  MAXIMUM         74    400 PM  98    1916  79     -5       86
  MINIMUM         66   1138 PM  42    1982  59      7       67
  AVERAGE         70                        69      1       77

PRECIPITATION (IN)
  YESTERDAY        0.82          2.80 1937   0.11   0.71     0.19
  MONTH TO DATE    3.13                      2.48   0.65     1.06
  SINCE JUN 1      7.78                     10.30  -2.52     8.21
  SINCE JAN 1     20.49                     24.10  -3.61    17.98

SNOWFALL (IN)
  YESTERDAY        0.0           T    1955   0.0    0.0      0.0
  MONTH TO DATE    0.0                       0.0    0.0      0.0
  SINCE JUN 1      0.0                       0.0    0.0      0.0
  SINCE JUL 1      0.0                       0.0    0.0      0.0

DEGREE DAYS
 HEATING
  YESTERDAY        0                         1     -1        0
  MONTH TO DATE    7                         5      2        8
  SINCE JUN 1     20                        67    -47       30
  SINCE JUL 1      9                        13     -4        9

 COOLING
  YESTERDAY        5                         5      0       12
  MONTH TO DATE  114                       125    -11       97
  SINCE JUN 1    508                       448     60      562
  SINCE JAN 1    549                       485     64      626
..................................................................


WIND (MPH)
  HIGHEST WIND SPEED    12   HIGHEST WIND DIRECTION    SE (120)
  HIGHEST GUST SPEED    21   HIGHEST GUST DIRECTION     E (110)
  AVERAGE WIND SPEED     4.2


SKY COVER
  AVERAGE SKY COVER 0.8



RELATIVE HUMIDITY (PERCENT)
 HIGHEST    93           400 AM
 LOWEST     73          1000 AM
 AVERAGE    83

..........................................................


THE AVOCA PA CLIMATE NORMALS FOR TODAY
                         NORMAL    RECORD    YEAR
 MAXIMUM TEMPERATURE (F)   79        95      1936
 MINIMUM TEMPERATURE (F)   59        44      1973


SUNRISE AND SUNSET
AUGUST 23 2014........SUNRISE   620 AM EDT   SUNSET   750 PM EDT
AUGUST 24 2014........SUNRISE   621 AM EDT   SUNSET   749 PM EDT


-  INDICATES NEGATIVE NUMBERS.
R  INDICATES RECORD WAS SET OR TIED.
MM INDICATES DATA IS MISSING.
T  INDICATES TRACE AMOUNT.

$$
