000
CDUS41 KBGM 240708
CLIAVP


CLIMATE REPORT
NATIONAL WEATHER SERVICE BINGHAMTON NY
308 AM EDT TUE MAY 24 2016


...................................

...THE AVOCA PA CLIMATE SUMMARY FOR MAY 23 2016...

CLIMATE NORMAL PERIOD 1981 TO 2010
CLIMATE RECORD PERIOD 1901 TO 2016


WEATHER ITEM   OBSERVED TIME   RECORD YEAR NORMAL DEPARTURE LAST
                VALUE   (LST)  VALUE       VALUE  FROM      YEAR
                                                  NORMAL
..................................................................
TEMPERATURE (F)
 YESTERDAY
  MAXIMUM         77    511 PM  93    1911  72      5       68
  MINIMUM         51    348 AM  36    1998  50      1       40
                                      1967
                                      1929
  AVERAGE         64                        61      3       54

PRECIPITATION (IN)
  YESTERDAY        0.03          1.08 1913   0.12  -0.09     0.00
  MONTH TO DATE    2.33                      2.55  -0.22     0.39
  SINCE MAR 1      6.80                      8.43  -1.63     5.23
  SINCE JAN 1     12.60                     12.83  -0.23     8.23

SNOWFALL (IN)
  YESTERDAY        0.0           0.0    MM   0.0    0.0      0.0
  MONTH TO DATE    0.0                       0.3   -0.3      0.0
  SINCE MAR 1      3.5                      12.6   -9.1      9.0
  SINCE JUL 1     15.5                      46.5  -31.0     51.4

DEGREE DAYS
 HEATING
  YESTERDAY        1                         6     -5       11
  MONTH TO DATE  231                       190     41       96
  SINCE MAR 1   1372                      1557   -185     1543
  SINCE JUL 1   4942                      6163  -1221     6240

 COOLING
  YESTERDAY        0                         1     -1        0
  MONTH TO DATE    0                        16    -16       82
  SINCE MAR 1      1                        22    -21       82
  SINCE JAN 1      1                        22    -21       82
..................................................................


WIND (MPH)
  HIGHEST WIND SPEED    13   HIGHEST WIND DIRECTION    SE (130)
  HIGHEST GUST SPEED    21   HIGHEST GUST DIRECTION    SE (150)
  AVERAGE WIND SPEED     2.2


SKY COVER
  AVERAGE SKY COVER 0.5



RELATIVE HUMIDITY (PERCENT)
 HIGHEST   100           100 AM
 LOWEST     38           500 PM
 AVERAGE    69

..........................................................


THE AVOCA PA CLIMATE NORMALS FOR TODAY
                         NORMAL    RECORD    YEAR
 MAXIMUM TEMPERATURE (F)   72        88      1975
                                             1964
                                             1936
 MINIMUM TEMPERATURE (F)   50        32      1963


SUNRISE AND SUNSET
MAY 24 2016...........SUNRISE   536 AM EDT   SUNSET   824 PM EDT
MAY 25 2016...........SUNRISE   536 AM EDT   SUNSET   825 PM EDT


-  INDICATES NEGATIVE NUMBERS.
R  INDICATES RECORD WAS SET OR TIED.
MM INDICATES DATA IS MISSING.
T  INDICATES TRACE AMOUNT.




$$
