000
CDUS41 KBGM 040839
CLIAVP


CLIMATE REPORT
NATIONAL WEATHER SERVICE BINGHAMTON NY
437 AM EDT SAT JUL 4 2015


...................................

...THE AVOCA PA CLIMATE SUMMARY FOR JULY 3 2015...

CLIMATE NORMAL PERIOD 1981 TO 2010
CLIMATE RECORD PERIOD 1901 TO 2015


WEATHER ITEM   OBSERVED TIME   RECORD YEAR NORMAL DEPARTURE LAST
                VALUE   (LST)  VALUE       VALUE  FROM      YEAR
                                                  NORMAL
..................................................................
TEMPERATURE (F)
 YESTERDAY
  MAXIMUM         81    432 PM 101    1966  81      0       90
  MINIMUM         56    507 AM  45    1957  60     -4       68
  AVERAGE         69                        71     -2       79

PRECIPITATION (IN)
  YESTERDAY        0.00          1.57 2011   0.11  -0.11     0.22
  MONTH TO DATE    0.10                      0.33  -0.23     0.52
  SINCE JUN 1      6.62                      4.36   2.26     2.68
  SINCE JAN 1     16.18                     18.16  -1.98    15.39

SNOWFALL (IN)
  YESTERDAY        0.0           0.0  1995   0.0    0.0      0.0
  MONTH TO DATE    0.0                       0.0    0.0      0.0
  SINCE JUN 1      0.0                       0.0    0.0      0.0
  SINCE JUL 1      0.0                       0.0    0.0      0.0

DEGREE DAYS
 HEATING
  YESTERDAY        0                         0      0        0
  MONTH TO DATE    0                         0      0        0
  SINCE JUN 1     24                        54    -30       11
  SINCE JUL 1      0                         0      0        0

 COOLING
  YESTERDAY        4                         6     -2       14
  MONTH TO DATE   12                        18     -6       44
  SINCE JUN 1    167                       135     32      203
  SINCE JAN 1    315                       172    143      244
..................................................................


WIND (MPH)
  HIGHEST WIND SPEED    13   HIGHEST WIND DIRECTION     W (270)
  HIGHEST GUST SPEED    16   HIGHEST GUST DIRECTION     N (20)
  AVERAGE WIND SPEED     3.8


SKY COVER
  AVERAGE SKY COVER 0.3



RELATIVE HUMIDITY (PERCENT)
 HIGHEST    86           300 AM
 LOWEST     39           400 PM
 AVERAGE    63

..........................................................


THE AVOCA PA CLIMATE NORMALS FOR TODAY
                         NORMAL    RECORD    YEAR
 MAXIMUM TEMPERATURE (F)   82        99      1911
 MINIMUM TEMPERATURE (F)   60        46      1986


SUNRISE AND SUNSET
JULY  4 2015..........SUNRISE   535 AM EDT   SUNSET   839 PM EDT
JULY  5 2015..........SUNRISE   535 AM EDT   SUNSET   839 PM EDT


-  INDICATES NEGATIVE NUMBERS.
R  INDICATES RECORD WAS SET OR TIED.
MM INDICATES DATA IS MISSING.
T  INDICATES TRACE AMOUNT.

$$
