000
CDUS41 KBGM 270551
CLIAVP


CLIMATE REPORT
NATIONAL WEATHER SERVICE BINGHAMTON NY
150 AM EDT THU JUL 27 2017


...................................

...THE AVOCA PA CLIMATE SUMMARY FOR JULY 26 2017...

CLIMATE NORMAL PERIOD 1981 TO 2010
CLIMATE RECORD PERIOD 1901 TO 2017


WEATHER ITEM   OBSERVED TIME   RECORD YEAR NORMAL DEPARTURE LAST
                VALUE   (LST)  VALUE       VALUE  FROM      YEAR
                                                  NORMAL
..................................................................
TEMPERATURE (F)
 YESTERDAY
  MAXIMUM         77    430 PM  94    2005  82     -5       90
                                      1949
                                      1940
  MINIMUM         62    545 AM  47    1976  61      1       68
                                      1920
  AVERAGE         70                        72     -2       79

PRECIPITATION (IN)
  YESTERDAY        0.00          1.48 1985   0.13  -0.13      T
  MONTH TO DATE    5.81                      3.14   2.67     1.42
  SINCE JUN 1      9.69                      7.17   2.52     3.01
  SINCE JAN 1     28.02                     20.97   7.05    15.83

SNOWFALL (IN)
  YESTERDAY        0.0           0.0  1995   0.0    0.0      0.0
  MONTH TO DATE    0.0                       0.0    0.0      0.0
  SINCE JUN 1      0.0                       0.0    0.0      0.0
  SINCE JUL 1      0.0                       0.0    0.0      0.0

DEGREE DAYS
 HEATING
  YESTERDAY        0                         0      0        0
  MONTH TO DATE    0                         0      0        0
  SINCE JUN 1     43                        54    -11       24
  SINCE JUL 1      0                         0      0        0

 COOLING
  YESTERDAY        5                         7     -2       14
  MONTH TO DATE  239                       177     62      286
  SINCE JUN 1    396                       294    102      429
  SINCE JAN 1    448                       331    117      501
..................................................................


WIND (MPH)
  HIGHEST WIND SPEED    13   HIGHEST WIND DIRECTION     W (260)
  HIGHEST GUST SPEED    15   HIGHEST GUST DIRECTION     W (260)
  AVERAGE WIND SPEED     2.9


SKY COVER
  AVERAGE SKY COVER 0.8



RELATIVE HUMIDITY (PERCENT)
 HIGHEST    93           200 AM
 LOWEST     60           200 PM
 AVERAGE    77

..........................................................


THE AVOCA PA CLIMATE NORMALS FOR TODAY
                         NORMAL    RECORD    YEAR
 MAXIMUM TEMPERATURE (F)   82        94      1964
                                             1955
                                             1941
 MINIMUM TEMPERATURE (F)   61        47      1977
                                             1920


SUNRISE AND SUNSET
JULY 27 2017..........SUNRISE   554 AM EDT   SUNSET   825 PM EDT
JULY 28 2017..........SUNRISE   554 AM EDT   SUNSET   824 PM EDT


-  INDICATES NEGATIVE NUMBERS.
R  INDICATES RECORD WAS SET OR TIED.
MM INDICATES DATA IS MISSING.
T  INDICATES TRACE AMOUNT.




$$
