000
CDUS41 KBGM 300613
CLIAVP


CLIMATE REPORT
NATIONAL WEATHER SERVICE BINGHAMTON NY
211 AM EDT TUE SEP 30 2014


...................................

...THE AVOCA PA CLIMATE SUMMARY FOR SEPTEMBER 29 2014...

CLIMATE NORMAL PERIOD 1981 TO 2010
CLIMATE RECORD PERIOD 1901 TO 2014


WEATHER ITEM   OBSERVED TIME   RECORD YEAR NORMAL DEPARTURE LAST
                VALUE   (LST)  VALUE       VALUE  FROM      YEAR
                                                  NORMAL
..................................................................
TEMPERATURE (F)
 YESTERDAY
  MAXIMUM         74    328 PM  85    1921  67      7       73
  MINIMUM         58    649 AM  29    2000  47     11       47
  AVERAGE         66                        57      9       60

PRECIPITATION (IN)
  YESTERDAY        0.00          2.00 1924   0.14  -0.14     0.00
  MONTH TO DATE    0.68                      3.93  -3.25     1.57
  SINCE SEP 1      0.68                      3.93  -3.25     1.57
  SINCE JAN 1     22.24                     28.96  -6.72    19.92

SNOWFALL (IN)
  YESTERDAY        0.0           T    1993   0.0    0.0      0.0
  MONTH TO DATE    0.0                       0.0    0.0      0.0
  SINCE SEP 1      0.0                       0.0    0.0      0.0
  SINCE JUL 1      0.0                       0.0    0.0      0.0

DEGREE DAYS
 HEATING
  YESTERDAY        0                         9     -9        5
  MONTH TO DATE  102                       127    -25      150
  SINCE SEP 1    102                       127    -25      150
  SINCE JUL 1    113                       153    -40      159

 COOLING
  YESTERDAY        1                         1      0        0
  MONTH TO DATE   88                        53     35       69
  SINCE SEP 1     88                        53     35       69
  SINCE JAN 1    674                       577     97      771
..................................................................


WIND (MPH)
  HIGHEST WIND SPEED     9   HIGHEST WIND DIRECTION     W (250)
  HIGHEST GUST SPEED    11   HIGHEST GUST DIRECTION     W (250)
  AVERAGE WIND SPEED     3.6


SKY COVER
  AVERAGE SKY COVER 0.0



RELATIVE HUMIDITY (PERCENT)
 HIGHEST    80           300 AM
 LOWEST     57          1100 AM
 AVERAGE    69

..........................................................


THE AVOCA PA CLIMATE NORMALS FOR TODAY
                         NORMAL    RECORD    YEAR
 MAXIMUM TEMPERATURE (F)   67        87      1953
 MINIMUM TEMPERATURE (F)   47        32      1991
                                             1951
                                             1932


SUNRISE AND SUNSET
SEPTEMBER 30 2014.....SUNRISE   659 AM EDT   SUNSET   646 PM EDT
OCTOBER  1 2014.......SUNRISE   700 AM EDT   SUNSET   645 PM EDT


-  INDICATES NEGATIVE NUMBERS.
R  INDICATES RECORD WAS SET OR TIED.
MM INDICATES DATA IS MISSING.
T  INDICATES TRACE AMOUNT.

$$
