000
CDUS41 KBGM 250546
CLIAVP


CLIMATE REPORT
NATIONAL WEATHER SERVICE BINGHAMTON NY
145 AM EDT THU MAY 25 2017


...................................

...THE AVOCA PA CLIMATE SUMMARY FOR MAY 24 2017...

CLIMATE NORMAL PERIOD 1981 TO 2010
CLIMATE RECORD PERIOD 1901 TO 2017


WEATHER ITEM   OBSERVED TIME   RECORD YEAR NORMAL DEPARTURE LAST
                VALUE   (LST)  VALUE       VALUE  FROM      YEAR
                                                  NORMAL
..................................................................
TEMPERATURE (F)
 YESTERDAY
  MAXIMUM         74   1240 PM  88    1975  72      2       82
                                      1964
                                      1936
  MINIMUM         53    532 AM  32    1963  50      3       53
  AVERAGE         64                        61      3       68

PRECIPITATION (IN)
  YESTERDAY        0.00          2.00 1979   0.13  -0.13     0.00
  MONTH TO DATE    2.62                      2.68  -0.06     2.33
  SINCE MAR 1     11.06                      8.56   2.50     6.80
  SINCE JAN 1     17.29                     12.96   4.33    12.60

SNOWFALL (IN)
  YESTERDAY        0.0           0.0    MM   0.0    0.0      0.0
  MONTH TO DATE    0.0                       0.3   -0.3      0.0
  SINCE MAR 1     30.7                      12.6   18.1      3.5
  SINCE JUL 1     55.5                      46.5    9.0     15.5

DEGREE DAYS
 HEATING
  YESTERDAY        1                         6     -5        0
  MONTH TO DATE  198                       196      2      231
  SINCE MAR 1   1422                      1563   -141     1372
  SINCE JUL 1   5177                      6169   -992     4942

 COOLING
  YESTERDAY        0                         1     -1        3
  MONTH TO DATE   26                        17      9        3
  SINCE MAR 1     48                        23     25        4
  SINCE JAN 1     48                        23     25        4
..................................................................


WIND (MPH)
  HIGHEST WIND SPEED    14   HIGHEST WIND DIRECTION     E (90)
  HIGHEST GUST SPEED    22   HIGHEST GUST DIRECTION    SE (120)
  AVERAGE WIND SPEED     5.5


SKY COVER
  AVERAGE SKY COVER 0.3



RELATIVE HUMIDITY (PERCENT)
 HIGHEST    83           100 AM
 LOWEST     38          1200 PM
 AVERAGE    61

..........................................................


THE AVOCA PA CLIMATE NORMALS FOR TODAY
                         NORMAL    RECORD    YEAR
 MAXIMUM TEMPERATURE (F)   72        91      1904
 MINIMUM TEMPERATURE (F)   50        30      1956


SUNRISE AND SUNSET
MAY 25 2017...........SUNRISE   536 AM EDT   SUNSET   824 PM EDT
MAY 26 2017...........SUNRISE   535 AM EDT   SUNSET   825 PM EDT


-  INDICATES NEGATIVE NUMBERS.
R  INDICATES RECORD WAS SET OR TIED.
MM INDICATES DATA IS MISSING.
T  INDICATES TRACE AMOUNT.




$$
