000
CDUS41 KBGM 230546
CLIAVP


CLIMATE REPORT
NATIONAL WEATHER SERVICE BINGHAMTON NY
145 AM EDT SAT SEP 23 2017


...................................

...THE AVOCA PA CLIMATE SUMMARY FOR SEPTEMBER 22 2017...

CLIMATE NORMAL PERIOD 1981 TO 2010
CLIMATE RECORD PERIOD 1901 TO 2017


WEATHER ITEM   OBSERVED TIME   RECORD YEAR NORMAL DEPARTURE LAST
                VALUE   (LST)  VALUE       VALUE  FROM      YEAR
                                                  NORMAL
..................................................................
TEMPERATURE (F)
 YESTERDAY
  MAXIMUM         84    150 PM  94    1931  70     14       84
  MINIMUM         57   1151 PM  31    1904  50      7       54
  AVERAGE         71                        60     11       69

PRECIPITATION (IN)
  YESTERDAY        0.00          1.31 1992   0.14  -0.14     0.00
  MONTH TO DATE    1.65                      2.95  -1.30     1.81
  SINCE SEP 1      1.65                      2.95  -1.30     1.81
  SINCE JAN 1     31.77                     27.98   3.79    23.37

SNOWFALL (IN)
  YESTERDAY        0.0           T    1992   0.0    0.0      0.0
  MONTH TO DATE    0.0                       0.0    0.0      0.0
  SINCE SEP 1      0.0                       0.0    0.0      0.0
  SINCE JUL 1      0.0                       0.0    0.0      0.0

DEGREE DAYS
 HEATING
  YESTERDAY        0                         6     -6        0
  MONTH TO DATE   64                        75    -11        8
  SINCE SEP 1     64                        75    -11        8
  SINCE JUL 1     81                       101    -20        9

 COOLING
  YESTERDAY        6                         1      5        4
  MONTH TO DATE   73                        46     27      121
  SINCE SEP 1     73                        46     27      121
  SINCE JAN 1    712                       570    142      987
..................................................................


WIND (MPH)
  HIGHEST WIND SPEED    15   HIGHEST WIND DIRECTION     N (360)
  HIGHEST GUST SPEED    21   HIGHEST GUST DIRECTION    NW (320)
  AVERAGE WIND SPEED     4.8


SKY COVER
  AVERAGE SKY COVER 0.0



RELATIVE HUMIDITY (PERCENT)
 HIGHEST   100           200 AM
 LOWEST     26           200 PM
 AVERAGE    63

..........................................................


THE AVOCA PA CLIMATE NORMALS FOR TODAY
                         NORMAL    RECORD    YEAR
 MAXIMUM TEMPERATURE (F)   70        91      1914
                                             1908
 MINIMUM TEMPERATURE (F)   49        33      1904


SUNRISE AND SUNSET
SEPTEMBER 23 2017.....SUNRISE   652 AM EDT   SUNSET   658 PM EDT
SEPTEMBER 24 2017.....SUNRISE   653 AM EDT   SUNSET   656 PM EDT


-  INDICATES NEGATIVE NUMBERS.
R  INDICATES RECORD WAS SET OR TIED.
MM INDICATES DATA IS MISSING.
T  INDICATES TRACE AMOUNT.




$$
