000
CDUS41 KBGM 290803
CLIAVP


CLIMATE REPORT
NATIONAL WEATHER SERVICE BINGHAMTON NY
403 AM EDT TUE JUL 29 2014


...................................

...THE AVOCA PA CLIMATE SUMMARY FOR JULY 28 2014...

CLIMATE NORMAL PERIOD 1981 TO 2010
CLIMATE RECORD PERIOD 1901 TO 2014


WEATHER ITEM   OBSERVED TIME   RECORD YEAR NORMAL DEPARTURE LAST
                VALUE   (LST)  VALUE       VALUE  FROM      YEAR
                                                  NORMAL
..................................................................
TEMPERATURE (F)
 YESTERDAY
  MAXIMUM         80    209 PM  95    1931  82     -2       77
  MINIMUM         59   1159 PM  44    1903  61     -2       66
  AVERAGE         70                        71     -1       72

PRECIPITATION (IN)
  YESTERDAY        0.18          2.40 1945   0.13   0.05     0.05
  MONTH TO DATE    2.48                      3.39  -0.91     1.74
  SINCE JUN 1      4.64                      7.42  -2.78     7.15
  SINCE JAN 1     17.35                     21.22  -3.87    16.92

SNOWFALL (IN)
  YESTERDAY        0.0           0.0  1995   0.0    0.0      0.0
  MONTH TO DATE    0.0                       0.0    0.0      0.0
  SINCE JUN 1      0.0                       0.0    0.0      0.0
  SINCE JUL 1      0.0                       0.0    0.0      0.0

DEGREE DAYS
 HEATING
  YESTERDAY        0                         0      0        0
  MONTH TO DATE    0                         0      0        1
  SINCE JUN 1     11                        54    -43       22
  SINCE JUL 1      0                         0      0        1

 COOLING
  YESTERDAY        5                         7     -2        7
  MONTH TO DATE  230                       191     39      321
  SINCE JUN 1    389                       308     81      457
  SINCE JAN 1    430                       345     85      521
..................................................................


WIND (MPH)
  HIGHEST WIND SPEED    24   HIGHEST WIND DIRECTION     N (340)
  HIGHEST GUST SPEED    32   HIGHEST GUST DIRECTION     N (340)
  AVERAGE WIND SPEED     7.0


SKY COVER
  AVERAGE SKY COVER 0.9



RELATIVE HUMIDITY (PERCENT)
 HIGHEST    93           500 AM
 LOWEST     48           200 PM
 AVERAGE    71

..........................................................


THE AVOCA PA CLIMATE NORMALS FOR TODAY
                         NORMAL    RECORD    YEAR
 MAXIMUM TEMPERATURE (F)   82        96      1949
                                             1940
 MINIMUM TEMPERATURE (F)   61        51      1989


SUNRISE AND SUNSET
JULY 29 2014..........SUNRISE   555 AM EDT   SUNSET   823 PM EDT
JULY 30 2014..........SUNRISE   556 AM EDT   SUNSET   822 PM EDT


-  INDICATES NEGATIVE NUMBERS.
R  INDICATES RECORD WAS SET OR TIED.
MM INDICATES DATA IS MISSING.
T  INDICATES TRACE AMOUNT.




$$

HEDEN
