000
CDUS41 KBGM 230548
CLIAVP


CLIMATE REPORT
NATIONAL WEATHER SERVICE BINGHAMTON NY
148 AM EDT WED JUL 23 2014


...................................

...THE AVOCA PA CLIMATE SUMMARY FOR JULY 22 2014...

CLIMATE NORMAL PERIOD 1981 TO 2010
CLIMATE RECORD PERIOD 1901 TO 2014


WEATHER ITEM   OBSERVED TIME   RECORD YEAR NORMAL DEPARTURE LAST
                VALUE   (LST)  VALUE       VALUE  FROM      YEAR
                                                  NORMAL
..................................................................
TEMPERATURE (F)
 YESTERDAY
  MAXIMUM         88    338 PM  98    2011  82      6       84
                                      1955
                                      1926
  MINIMUM         65    521 AM  50    1950  61      4       71
  AVERAGE         77                        72      5       78

PRECIPITATION (IN)
  YESTERDAY        0.00          1.58 1994   0.13  -0.13     0.47
  MONTH TO DATE    2.25                      2.62  -0.37     1.18
  SINCE JUN 1      4.41                      6.65  -2.24     6.59
  SINCE JAN 1     17.12                     20.45  -3.33    16.36

SNOWFALL (IN)
  YESTERDAY        0.0           0.0  1995   0.0    0.0      0.0
  MONTH TO DATE    0.0                       0.0    0.0      0.0
  SINCE JUN 1      0.0                       0.0    0.0      0.0
  SINCE JUL 1      0.0                       0.0    0.0      0.0

DEGREE DAYS
 HEATING
  YESTERDAY        0                         0      0        0
  MONTH TO DATE    0                         0      0        0
  SINCE JUN 1     11                        54    -43       21
  SINCE JUL 1      0                         0      0        0

 COOLING
  YESTERDAY       12                         7      5       13
  MONTH TO DATE  185                       149     36      291
  SINCE JUN 1    344                       266     78      427
  SINCE JAN 1    385                       303     82      491
..................................................................


WIND (MPH)
  HIGHEST WIND SPEED    15   HIGHEST WIND DIRECTION     W (250)
  HIGHEST GUST SPEED    21   HIGHEST GUST DIRECTION     W (260)
  AVERAGE WIND SPEED     6.1


SKY COVER
  AVERAGE SKY COVER 0.2



RELATIVE HUMIDITY (PERCENT)
 HIGHEST    93           500 AM
 LOWEST     50           300 PM
 AVERAGE    72

..........................................................


THE AVOCA PA CLIMATE NORMALS FOR TODAY
                         NORMAL    RECORD    YEAR
 MAXIMUM TEMPERATURE (F)   82        96      1933
 MINIMUM TEMPERATURE (F)   61        49      2000


SUNRISE AND SUNSET
JULY 23 2014..........SUNRISE   550 AM EDT   SUNSET   829 PM EDT
JULY 24 2014..........SUNRISE   550 AM EDT   SUNSET   828 PM EDT


-  INDICATES NEGATIVE NUMBERS.
R  INDICATES RECORD WAS SET OR TIED.
MM INDICATES DATA IS MISSING.
T  INDICATES TRACE AMOUNT.




$$
