000
CDUS41 KBGM 210222
CLIAVP


CLIMATE REPORT
NATIONAL WEATHER SERVICE BINGHAMTON NY
1022 PM EDT SUN APR 20 2014


...................................

...THE AVOCA PA CLIMATE SUMMARY FOR APRIL 20 2014...
VALID AS OF 1000 PM LOCAL TIME.

CLIMATE NORMAL PERIOD 1981 TO 2010
CLIMATE RECORD PERIOD 1901 TO 2014


WEATHER ITEM   OBSERVED TIME   RECORD YEAR NORMAL DEPARTURE LAST
                VALUE   (LST)  VALUE       VALUE  FROM      YEAR
                                                  NORMAL
..................................................................
TEMPERATURE (F)
 TODAY
  MAXIMUM         67    230 PM  91    1941  61      6       53
  MINIMUM         36    418 AM  22    1904  40     -4       34
  AVERAGE         52                        50      2       44

PRECIPITATION (IN)
  TODAY            0.00          1.08 1950   0.11  -0.11     0.04
  MONTH TO DATE    1.88                      2.21  -0.33     1.60
  SINCE MAR 1      3.95                      4.76  -0.81     3.22
  SINCE JAN 1      8.83                      9.16  -0.33     6.55

SNOWFALL (IN)
  TODAY            0.0           5.0  1983   0.1   -0.1      0.0
  MONTH TO DATE    0.7                       2.5   -1.8       T
  SINCE MAR 1      3.1                      11.5   -8.4      6.5
  SINCE JUL 1     58.9                      45.4   13.5     33.9

DEGREE DAYS
 HEATING
  TODAY           13                        15     -2       21
  MONTH TO DATE  344                       368    -24      322
  SINCE MAR 1   1387                      1239    148     1248
  SINCE JUL 1   6210                      5845    365     5472

 COOLING
  TODAY            0                         0      0        0
  MONTH TO DATE    7                         0      7        4
  SINCE MAR 1      7                         0      7        4
  SINCE JAN 1      7                         0      7        4
..................................................................


WIND (MPH)
  HIGHEST WIND SPEED    17   HIGHEST WIND DIRECTION     S (170)
  HIGHEST GUST SPEED    25   HIGHEST GUST DIRECTION     S (190)
  AVERAGE WIND SPEED     7.5


SKY COVER
  AVERAGE SKY COVER 0.0


WEATHER CONDITIONS
 THE FOLLOWING WEATHER WAS RECORDED TODAY.
  HAZE


RELATIVE HUMIDITY (PERCENT)
 HIGHEST    64           200 AM
 LOWEST     22           300 PM
 AVERAGE    43

..........................................................


THE AVOCA PA CLIMATE NORMALS FOR TOMORROW
                         NORMAL    RECORD    YEAR
 MAXIMUM TEMPERATURE (F)   62        85      1985
                                             1976
 MINIMUM TEMPERATURE (F)   40        26      1925


SUNRISE AND SUNSET
APRIL 20 2014.........SUNRISE   616 AM EDT   SUNSET   749 PM EDT
APRIL 21 2014.........SUNRISE   614 AM EDT   SUNSET   750 PM EDT


-  INDICATES NEGATIVE NUMBERS.
R  INDICATES RECORD WAS SET OR TIED.
MM INDICATES DATA IS MISSING.
T  INDICATES TRACE AMOUNT.




$$
