000
CDUS41 KBGM 280637
CLIAVP


CLIMATE REPORT
NATIONAL WEATHER SERVICE BINGHAMTON NY
235 AM EDT SUN AUG 28 2016


...................................

...THE AVOCA PA CLIMATE SUMMARY FOR AUGUST 27 2016...

CLIMATE NORMAL PERIOD 1981 TO 2010
CLIMATE RECORD PERIOD 1901 TO 2016


WEATHER ITEM   OBSERVED TIME   RECORD YEAR NORMAL DEPARTURE LAST
                VALUE   (LST)  VALUE       VALUE  FROM      YEAR
                                                  NORMAL
..................................................................
TEMPERATURE (F)
 YESTERDAY
  MAXIMUM         87    311 PM  96    1948  78      9       72
  MINIMUM         62    559 AM  44    1910  58      4       58
                                      1904
  AVERAGE         75                        68      7       65

PRECIPITATION (IN)
  YESTERDAY        0.00          1.85 1987   0.10  -0.10     0.00
  MONTH TO DATE    3.07                      3.00   0.07     2.36
  SINCE JUN 1      8.74                     10.82  -2.08    11.21
  SINCE JAN 1     21.56                     24.62  -3.06    20.77

SNOWFALL (IN)
  YESTERDAY        0.0           0.0  1995   0.0    0.0      0.0
  MONTH TO DATE    0.0                       0.0    0.0      0.0
  SINCE JUN 1      0.0                       0.0    0.0      0.0
  SINCE JUL 1      0.0                       0.0    0.0      0.0

DEGREE DAYS
 HEATING
  YESTERDAY        0                         1     -1        0
  MONTH TO DATE    1                        10     -9        0
  SINCE JUN 1     25                        72    -47       24
  SINCE JUL 1      1                        18    -17        0

 COOLING
  YESTERDAY       10                         4      6        0
  MONTH TO DATE  268                       147    121      194
  SINCE JUN 1    761                       470    291      602
  SINCE JAN 1    833                       507    326      750
..................................................................


WIND (MPH)
  HIGHEST WIND SPEED    10   HIGHEST WIND DIRECTION     E (90)
  HIGHEST GUST SPEED    13   HIGHEST GUST DIRECTION     E (100)
  AVERAGE WIND SPEED     3.5


SKY COVER
  AVERAGE SKY COVER 0.1



RELATIVE HUMIDITY (PERCENT)
 HIGHEST    93           200 AM
 LOWEST     47          1100 AM
 AVERAGE    70

..........................................................


THE AVOCA PA CLIMATE NORMALS FOR TODAY
                         NORMAL    RECORD    YEAR
 MAXIMUM TEMPERATURE (F)   78        95      1948
 MINIMUM TEMPERATURE (F)   58        44      1957


SUNRISE AND SUNSET
AUGUST 28 2016........SUNRISE   626 AM EDT   SUNSET   741 PM EDT
AUGUST 29 2016........SUNRISE   627 AM EDT   SUNSET   740 PM EDT


-  INDICATES NEGATIVE NUMBERS.
R  INDICATES RECORD WAS SET OR TIED.
MM INDICATES DATA IS MISSING.
T  INDICATES TRACE AMOUNT.

$$
