000
CDUS43 KGRR 270517
CLIAZO


CLIMATE REPORT
NATIONAL WEATHER SERVICE GRAND RAPIDS, MI
116 AM EDT WED MAY 27 2015


...................................

...THE KALAMAZOO MI CLIMATE SUMMARY FOR MAY 26 2015...

CLIMATE NORMAL PERIOD 1981 TO 2010
CLIMATE RECORD PERIOD 1998 TO 2015


WEATHER ITEM   OBSERVED TIME   NORMAL DEPARTURE LAST
                VALUE   (LST)  VALUE  FROM      YEAR
                                      NORMAL
......................................................
TEMPERATURE (F)
 YESTERDAY
  MAXIMUM         84    208 PM  73     11       85
  MINIMUM         66    400 AM  51     15       55
  AVERAGE         75            62     13       70

PRECIPITATION (IN)
  YESTERDAY        0.85          0.11   0.74     0.52
  MONTH TO DATE    3.54          3.27   0.27     2.46
  SINCE MAR 1      5.90          8.60  -2.70     5.73
  SINCE JAN 1      7.43         11.84  -4.41     8.26

DEGREE DAYS
 HEATING
  YESTERDAY        0             5     -5        0
  MONTH TO DATE  131           203    -72      220
  SINCE MAR 1   1546          1573    -27     1880
  SINCE JUL 1   6832          6346    486     7048

 COOLING
  YESTERDAY       10             2      8        5
  MONTH TO DATE   56            26     30       30
  SINCE MAR 1     56            30     26       30
  SINCE JAN 1     56            30     26       30
......................................................


WIND (MPH)
  RESULTANT WIND SPEED  10   RESULTANT WIND DIRECTION   S (190)
  HIGHEST WIND SPEED    25   HIGHEST WIND DIRECTION    SW (210)
  HIGHEST GUST SPEED    38   HIGHEST GUST DIRECTION    SW (230)
  AVERAGE WIND SPEED    11.5


SKY COVER
  AVERAGE SKY COVER 0.6


WEATHER CONDITIONS
 THE FOLLOWING WEATHER WAS RECORDED YESTERDAY.
  THUNDERSTORM
  HEAVY RAIN
  RAIN
  LIGHT RAIN
  FOG
  HAZE


RELATIVE HUMIDITY (PERCENT)
 HIGHEST    87           200 AM
 LOWEST     51           200 PM
 AVERAGE    69

..........................................................


THE KALAMAZOO MI CLIMATE NORMALS FOR TODAY
                         NORMAL
 MAXIMUM TEMPERATURE (F)   73
 MINIMUM TEMPERATURE (F)   51


SUNRISE AND SUNSET
MAY 27 2015...........SUNRISE   611 AM EDT   SUNSET   908 PM EDT
MAY 28 2015...........SUNRISE   611 AM EDT   SUNSET   909 PM EDT


-  INDICATES NEGATIVE NUMBERS.
R  INDICATES RECORD WAS SET OR TIED.
MM INDICATES DATA IS MISSING.
T  INDICATES TRACE AMOUNT.




$$
