000
CDUS43 KGRR 052143
CLIAZO


CLIMATE REPORT
NATIONAL WEATHER SERVICE GRAND RAPIDS, MI
542 PM EDT SUN JUL 5 2015


...................................

...THE KALAMAZOO MI CLIMATE SUMMARY FOR JULY 5 2015...
VALID TODAY AS OF 0500 PM LOCAL TIME.

CLIMATE NORMAL PERIOD 1981 TO 2010
CLIMATE RECORD PERIOD 1998 TO 2015


WEATHER ITEM   OBSERVED TIME   NORMAL DEPARTURE LAST
                VALUE   (LST)  VALUE  FROM      YEAR
                                      NORMAL
......................................................
TEMPERATURE (F)
 TODAY
  MAXIMUM         84    333 PM  83      1       77
  MINIMUM         56    526 AM  62     -6       51
  AVERAGE         70            72     -2       64

PRECIPITATION (IN)
  TODAY            0.00          0.10  -0.10     0.00
  MONTH TO DATE    0.00          0.49  -0.49     1.75
  SINCE JUN 1      3.75          4.07  -0.32     5.62
  SINCE JAN 1     13.46         16.51  -3.05    14.04

DEGREE DAYS
 HEATING
  TODAY            0             0      0        1
  MONTH TO DATE    3             0      3        4
  SINCE JUN 1     24            48    -24       23
  SINCE JUL 1      3             0      3        4

 COOLING
  TODAY            5             8     -3        0
  MONTH TO DATE    8            37    -29       10
  SINCE JUN 1     88           182    -94      190
  SINCE JAN 1    155           223    -68      244
......................................................


WIND (MPH)
  RESULTANT WIND SPEED   2   RESULTANT WIND DIRECTION  SE (150)
  HIGHEST WIND SPEED    10   HIGHEST WIND DIRECTION     S (190)
  HIGHEST GUST SPEED    12   HIGHEST GUST DIRECTION     S (190)
  AVERAGE WIND SPEED     2.2


SKY COVER
  AVERAGE SKY COVER 0.0


WEATHER CONDITIONS
 THE FOLLOWING WEATHER WAS RECORDED TODAY.
  FOG
  HAZE


RELATIVE HUMIDITY (PERCENT)
 HIGHEST    93           500 AM
 LOWEST     46           200 PM
 AVERAGE    70

..........................................................


THE KALAMAZOO MI CLIMATE NORMALS FOR TOMORROW
                         NORMAL
 MAXIMUM TEMPERATURE (F)   83
 MINIMUM TEMPERATURE (F)   62


SUNRISE AND SUNSET
JULY  5 2015..........SUNRISE   612 AM EDT   SUNSET   922 PM EDT
JULY  6 2015..........SUNRISE   612 AM EDT   SUNSET   921 PM EDT


-  INDICATES NEGATIVE NUMBERS.
R  INDICATES RECORD WAS SET OR TIED.
MM INDICATES DATA IS MISSING.
T  INDICATES TRACE AMOUNT.




$$

63
