000
CDUS43 KGRR 160515
CLIAZO


CLIMATE REPORT
NATIONAL WEATHER SERVICE GRAND RAPIDS, MI
115 AM EDT TUE SEP 16 2014


...................................

...THE KALAMAZOO MI CLIMATE SUMMARY FOR SEPTEMBER 15 2014...

CLIMATE NORMAL PERIOD 1981 TO 2010
CLIMATE RECORD PERIOD 1998 TO 2014


WEATHER ITEM   OBSERVED TIME   NORMAL DEPARTURE LAST
                VALUE   (LST)  VALUE  FROM      YEAR
                                      NORMAL
......................................................
TEMPERATURE (F)
 YESTERDAY
  MAXIMUM         64    228 PM  73     -9       59
  MINIMUM         45    202 AM  52     -7       46
  AVERAGE         55            63     -8       53

PRECIPITATION (IN)
  YESTERDAY        0.02          0.12  -0.10     0.20
  MONTH TO DATE    2.17          2.00   0.17     1.32
  SINCE SEP 1      2.17          2.00   0.17     1.32
  SINCE JAN 1     18.96         25.59  -6.63    30.41

DEGREE DAYS
 HEATING
  YESTERDAY       10             4      6       12
  MONTH TO DATE   58            32     26       35
  SINCE SEP 1     58            32     26       35
  SINCE JUL 1     90            48     42       72

 COOLING
  YESTERDAY        0             2     -2        0
  MONTH TO DATE   55            42     13       75
  SINCE SEP 1     55            42     13       75
  SINCE JAN 1    606           653    -47      703
......................................................


WIND (MPH)
  RESULTANT WIND SPEED   3   RESULTANT WIND DIRECTION   S (190)
  HIGHEST WIND SPEED    15   HIGHEST WIND DIRECTION     S (200)
  HIGHEST GUST SPEED    20   HIGHEST GUST DIRECTION    NE (30)
  AVERAGE WIND SPEED     5.5


SKY COVER
  AVERAGE SKY COVER 0.7


WEATHER CONDITIONS
 THE FOLLOWING WEATHER WAS RECORDED YESTERDAY.
  LIGHT RAIN
  FOG


RELATIVE HUMIDITY (PERCENT)
 HIGHEST    93           900 PM
 LOWEST     60           200 PM
 AVERAGE    77

..........................................................


THE KALAMAZOO MI CLIMATE NORMALS FOR TODAY
                         NORMAL
 MAXIMUM TEMPERATURE (F)   73
 MINIMUM TEMPERATURE (F)   52


SUNRISE AND SUNSET
SEPTEMBER 16 2014.....SUNRISE   723 AM EDT   SUNSET   750 PM EDT
SEPTEMBER 17 2014.....SUNRISE   724 AM EDT   SUNSET   748 PM EDT


-  INDICATES NEGATIVE NUMBERS.
R  INDICATES RECORD WAS SET OR TIED.
MM INDICATES DATA IS MISSING.
T  INDICATES TRACE AMOUNT.




$$
