000
CDUS43 KGRR 270520
CLIAZO


CLIMATE REPORT
NATIONAL WEATHER SERVICE GRAND RAPIDS, MI
120 AM EDT TUE JUN 27 2017


...................................

...THE KALAMAZOO MI CLIMATE SUMMARY FOR JUNE 26 2017...

CLIMATE NORMAL PERIOD 1981 TO 2010
CLIMATE RECORD PERIOD 1998 TO 2017


WEATHER ITEM   OBSERVED TIME   NORMAL DEPARTURE LAST
                VALUE   (LST)  VALUE  FROM      YEAR
                                      NORMAL
......................................................
TEMPERATURE (F)
 YESTERDAY
  MAXIMUM         71    343 PM  82    -11       85
  MINIMUM         51   1143 PM  60     -9       71
  AVERAGE         61            71    -10       78

PRECIPITATION (IN)
  YESTERDAY        T             0.12  -0.12     0.04
  MONTH TO DATE    0.75          3.22  -2.47     1.90
  SINCE JUN 1      0.75          3.22  -2.47     1.90
  SINCE JAN 1     15.90         15.66   0.24    12.88

DEGREE DAYS
 HEATING
  YESTERDAY        4             0      4        0
  MONTH TO DATE   14            47    -33       23
  SINCE JUN 1     14            47    -33       23
  SINCE JUL 1   5385          6415  -1030     5510

 COOLING
  YESTERDAY        0             7     -7       13
  MONTH TO DATE  153           117     36      157
  SINCE JUN 1    153           117     36      157
  SINCE JAN 1    192           158     34      224
......................................................


WIND (MPH)
  RESULTANT WIND SPEED  10   RESULTANT WIND DIRECTION   W (290)
  HIGHEST WIND SPEED    23   HIGHEST WIND DIRECTION    NW (300)
  HIGHEST GUST SPEED    31   HIGHEST GUST DIRECTION     W (260)
  AVERAGE WIND SPEED    10.9


SKY COVER
  AVERAGE SKY COVER 0.4


WEATHER CONDITIONS
 THE FOLLOWING WEATHER WAS RECORDED YESTERDAY.
  NO SIGNIFICANT WEATHER WAS OBSERVED.


RELATIVE HUMIDITY (PERCENT)
 HIGHEST    86           500 AM
 LOWEST     31           200 PM
 AVERAGE    59

..........................................................


THE KALAMAZOO MI CLIMATE NORMALS FOR TODAY
                         NORMAL
 MAXIMUM TEMPERATURE (F)   82
 MINIMUM TEMPERATURE (F)   61


SUNRISE AND SUNSET
JUNE 27 2017..........SUNRISE   608 AM EDT   SUNSET   923 PM EDT
JUNE 28 2017..........SUNRISE   608 AM EDT   SUNSET   923 PM EDT


-  INDICATES NEGATIVE NUMBERS.
R  INDICATES RECORD WAS SET OR TIED.
MM INDICATES DATA IS MISSING.
T  INDICATES TRACE AMOUNT.




$$
