414
CDUS43 KGRR 220525
CLIAZO


CLIMATE REPORT
NATIONAL WEATHER SERVICE GRAND RAPIDS, MI
1224 AM EST WED FEB 22 2017


...................................

...THE KALAMAZOO MI CLIMATE SUMMARY FOR FEBRUARY 21 2017...

CLIMATE NORMAL PERIOD 1981 TO 2010
CLIMATE RECORD PERIOD 1998 TO 2017


WEATHER ITEM   OBSERVED TIME   NORMAL DEPARTURE LAST
                VALUE   (LST)  VALUE  FROM      YEAR
                                      NORMAL
......................................................
TEMPERATURE (F)
 YESTERDAY
  MAXIMUM         64    249 PM  36     28       45
  MINIMUM         46    205 AM  21     25       29
  AVERAGE         55            28     27       37

PRECIPITATION (IN)
  YESTERDAY        0.06          0.05   0.01     0.00
  MONTH TO DATE    0.81          1.02  -0.21     0.41
  SINCE DEC 1      4.55          4.79  -0.24     4.48
  SINCE JAN 1      3.50          2.81   0.69     1.29

DEGREE DAYS
 HEATING
  YESTERDAY       10            37    -27       28
  MONTH TO DATE  637           816   -179      790
  SINCE DEC 1   2853          3197   -344     2744
  SINCE JUL 1   3753          4524   -771     3809

 COOLING
  YESTERDAY        0             0      0        0
  MONTH TO DATE    0             0      0        0
  SINCE DEC 1      0             0      0        0
  SINCE JAN 1      0             0      0        0
......................................................


WIND (MPH)
  RESULTANT WIND SPEED   5   RESULTANT WIND DIRECTION  SW (210)
  HIGHEST WIND SPEED    15   HIGHEST WIND DIRECTION    SW (230)
  HIGHEST GUST SPEED    20   HIGHEST GUST DIRECTION    SE (140)
  AVERAGE WIND SPEED     6.5


SKY COVER
  AVERAGE SKY COVER 0.5


WEATHER CONDITIONS
 THE FOLLOWING WEATHER WAS RECORDED YESTERDAY.
  LIGHT RAIN
  FOG
  HAZE


RELATIVE HUMIDITY (PERCENT)
 HIGHEST    93          1000 PM
 LOWEST     60          1200 AM
 AVERAGE    77

..........................................................


THE KALAMAZOO MI CLIMATE NORMALS FOR TODAY
                         NORMAL
 MAXIMUM TEMPERATURE (F)   36
 MINIMUM TEMPERATURE (F)   21


SUNRISE AND SUNSET
FEBRUARY 22 2017......SUNRISE   728 AM EST   SUNSET   624 PM EST
FEBRUARY 23 2017......SUNRISE   726 AM EST   SUNSET   625 PM EST


-  INDICATES NEGATIVE NUMBERS.
R  INDICATES RECORD WAS SET OR TIED.
MM INDICATES DATA IS MISSING.
T  INDICATES TRACE AMOUNT.




$$
