000
CDUS43 KGRR 312225
CLIAZO


CLIMATE REPORT
NATIONAL WEATHER SERVICE GRAND RAPIDS, MI
524 PM EST SAT JAN 31 2015


...................................

...THE KALAMAZOO MI CLIMATE SUMMARY FOR JANUARY 31 2015...
VALID TODAY AS OF 0500 PM LOCAL TIME.

CLIMATE NORMAL PERIOD 1981 TO 2010
CLIMATE RECORD PERIOD 1998 TO 2015


WEATHER ITEM   OBSERVED TIME   RECORD YEAR NORMAL DEPARTURE LAST
                VALUE   (LST)  VALUE       VALUE  FROM      YEAR
                                                  NORMAL
..................................................................
TEMPERATURE (F)
 TODAY
  MAXIMUM         36    411 PM  MM      MM  31      5       32
  MINIMUM         14    257 AM  MM      MM  18     -4       23
  AVERAGE         25                        25      0       28

PRECIPITATION (IN)
  TODAY            0.00         MM      MM   0.06  -0.06      T
  MONTH TO DATE    0.95                      1.79  -0.84     1.12
  SINCE DEC 1      2.01                      3.77  -1.76     2.58
  SINCE JAN 1      0.95                      1.79  -0.84     1.12

DEGREE DAYS
 HEATING
  TODAY           40                        40      0       37
  MONTH TO DATE 1335                      1261     74     1323
  SINCE DEC 1   2320                      2381    -61     2473
  SINCE JUL 1   3850                      3708    142     3830

 COOLING
  TODAY            0                         0      0        0
  MONTH TO DATE    0                         0      0        0
  SINCE DEC 1      0                         0      0        0
  SINCE JAN 1      0                         0      0        0
..................................................................


WIND (MPH)
  RESULTANT WIND SPEED   6   RESULTANT WIND DIRECTION  SW (210)
  HIGHEST WIND SPEED    16   HIGHEST WIND DIRECTION    SW (220)
  HIGHEST GUST SPEED    19   HIGHEST GUST DIRECTION     W (260)
  AVERAGE WIND SPEED     7.4



WEATHER CONDITIONS
 THE FOLLOWING WEATHER WAS RECORDED TODAY.
  NO SIGNIFICANT WEATHER WAS OBSERVED.


RELATIVE HUMIDITY (PERCENT)
 HIGHEST    88           300 AM
 LOWEST     56           300 PM
 AVERAGE    72

..........................................................




SUNRISE AND SUNSET
JANUARY 31 2015.......SUNRISE   757 AM EST   SUNSET   555 PM EST
FEBRUARY  1 2015......SUNRISE   756 AM EST   SUNSET   556 PM EST


-  INDICATES NEGATIVE NUMBERS.
R  INDICATES RECORD WAS SET OR TIED.
MM INDICATES DATA IS MISSING.
T  INDICATES TRACE AMOUNT.




$$

CAS
