000
CDUS43 KGRR 270513
CLIAZO


CLIMATE REPORT
NATIONAL WEATHER SERVICE GRAND RAPIDS, MI
1213 AM EST THU NOV 27 2014


...................................

...THE KALAMAZOO MI CLIMATE SUMMARY FOR NOVEMBER 26 2014...

CLIMATE NORMAL PERIOD 1981 TO 2010
CLIMATE RECORD PERIOD 1998 TO 2014


WEATHER ITEM   OBSERVED TIME   NORMAL DEPARTURE LAST
                VALUE   (LST)  VALUE  FROM      YEAR
                                      NORMAL
......................................................
TEMPERATURE (F)
 YESTERDAY
  MAXIMUM         29   1159 PM  42    -13       33
  MINIMUM         27    925 AM  30     -3       25
  AVERAGE         28            36     -8       29

PRECIPITATION (IN)
  YESTERDAY        0.00          0.09  -0.09      T
  MONTH TO DATE    2.55          2.64  -0.09     2.49
  SINCE SEP 1     10.26          9.79   0.47     8.88
  SINCE JAN 1     27.05         33.38  -6.33    37.97

DEGREE DAYS
 HEATING
  YESTERDAY       37            29      8       36
  MONTH TO DATE  790           615    175      671
  SINCE SEP 1   1378          1191    187     1178
  SINCE JUL 1   1410          1207    203     1215

 COOLING
  YESTERDAY        0             0      0        0
  MONTH TO DATE    0             0      0        0
  SINCE SEP 1     58            64     -6       97
  SINCE JAN 1    609           675    -66      725
......................................................


WIND (MPH)
  RESULTANT WIND SPEED   1   RESULTANT WIND DIRECTION   E (100)
  HIGHEST WIND SPEED    10   HIGHEST WIND DIRECTION    SE (120)
  HIGHEST GUST SPEED    14   HIGHEST GUST DIRECTION     E (110)
  AVERAGE WIND SPEED     3.5


SKY COVER
  AVERAGE SKY COVER 1.0


WEATHER CONDITIONS
 THE FOLLOWING WEATHER WAS RECORDED YESTERDAY.
  NO SIGNIFICANT WEATHER WAS OBSERVED.


RELATIVE HUMIDITY (PERCENT)
 HIGHEST    75           100 AM
 LOWEST     68           200 AM
 AVERAGE    72

..........................................................


THE KALAMAZOO MI CLIMATE NORMALS FOR TODAY
                         NORMAL
 MAXIMUM TEMPERATURE (F)   42
 MINIMUM TEMPERATURE (F)   29


SUNRISE AND SUNSET
NOVEMBER 27 2014......SUNRISE   747 AM EST   SUNSET   512 PM EST
NOVEMBER 28 2014......SUNRISE   748 AM EST   SUNSET   512 PM EST


-  INDICATES NEGATIVE NUMBERS.
R  INDICATES RECORD WAS SET OR TIED.
MM INDICATES DATA IS MISSING.
T  INDICATES TRACE AMOUNT.




$$
