000
CDUS43 KGRR 010521
CLIAZO


CLIMATE REPORT
NATIONAL WEATHER SERVICE GRAND RAPIDS, MI
119 AM EDT SUN MAY 1 2016


...................................

...THE KALAMAZOO MI CLIMATE SUMMARY FOR APRIL 30 2016...

CLIMATE NORMAL PERIOD 1981 TO 2010
CLIMATE RECORD PERIOD 1998 TO 2016


WEATHER ITEM   OBSERVED TIME   NORMAL DEPARTURE LAST
                VALUE   (LST)  VALUE  FROM      YEAR
                                      NORMAL
......................................................
TEMPERATURE (F)
 YESTERDAY
  MAXIMUM         53   1153 AM  65    -12       60
  MINIMUM         47    712 AM  43      4       36
  AVERAGE         50            54     -4       48

PRECIPITATION (IN)
  YESTERDAY        0.42          0.15   0.27     0.00
  MONTH TO DATE    3.13          3.08   0.05     2.03
  SINCE MAR 1      6.09          5.33   0.76     2.36
  SINCE JAN 1      7.65          8.57  -0.92     3.89

DEGREE DAYS
 HEATING
  YESTERDAY       15            11      4       17
  MONTH TO DATE  508           485     23      446
  SINCE MAR 1   1210          1370   -160     1415
  SINCE JUL 1   5258          6143   -885     6701

 COOLING
  YESTERDAY        0             0      0        0
  MONTH TO DATE    2             4     -2        0
  SINCE MAR 1      2             4     -2        0
  SINCE JAN 1      2             4     -2        0
......................................................


WIND (MPH)
  RESULTANT WIND SPEED   6   RESULTANT WIND DIRECTION   E (90)
  HIGHEST WIND SPEED    15   HIGHEST WIND DIRECTION     E (110)
  HIGHEST GUST SPEED    18   HIGHEST GUST DIRECTION    NE (60)
  AVERAGE WIND SPEED     6.7


SKY COVER
  AVERAGE SKY COVER 0.8


WEATHER CONDITIONS
 THE FOLLOWING WEATHER WAS RECORDED YESTERDAY.
  RAIN
  LIGHT RAIN
  FOG
  HAZE


RELATIVE HUMIDITY (PERCENT)
 HIGHEST    86           500 PM
 LOWEST     45          1100 AM
 AVERAGE    66

..........................................................


THE KALAMAZOO MI CLIMATE NORMALS FOR TODAY
                         NORMAL
 MAXIMUM TEMPERATURE (F)   66
 MINIMUM TEMPERATURE (F)   43


SUNRISE AND SUNSET
MAY  1 2016...........SUNRISE   637 AM EDT   SUNSET   842 PM EDT
MAY  2 2016...........SUNRISE   636 AM EDT   SUNSET   843 PM EDT


-  INDICATES NEGATIVE NUMBERS.
R  INDICATES RECORD WAS SET OR TIED.
MM INDICATES DATA IS MISSING.
T  INDICATES TRACE AMOUNT.




$$
