000
CDUS43 KGRR 182226
CLIAZO


CLIMATE REPORT
NATIONAL WEATHER SERVICE GRAND RAPIDS, MI
524 PM EST SUN FEB 18 2018


...................................

...THE KALAMAZOO MI CLIMATE SUMMARY FOR FEBRUARY 18 2018...
VALID TODAY AS OF 0500 PM LOCAL TIME.

CLIMATE NORMAL PERIOD 1981 TO 2010
CLIMATE RECORD PERIOD 1998 TO 2018


WEATHER ITEM   OBSERVED TIME   NORMAL DEPARTURE LAST
                VALUE   (LST)  VALUE  FROM      YEAR
                                      NORMAL
......................................................
TEMPERATURE (F)
 TODAY
  MAXIMUM         35    459 PM  35      0       66
  MINIMUM         21    847 AM  20      1       36
  AVERAGE         28            27      1       51

PRECIPITATION (IN)
  TODAY            0.00          0.05  -0.05     0.00
  MONTH TO DATE    0.92          0.86   0.06     0.75
  SINCE DEC 1      2.63          4.63  -2.00     4.49
  SINCE JAN 1      1.94          2.65  -0.71     3.44

DEGREE DAYS
 HEATING
  TODAY           37            38     -1       14
  MONTH TO DATE  759           705     54      593
  SINCE DEC 1   3186          3086    100     2809
  SINCE JUL 1   4349          4413    -64     3709

 COOLING
  TODAY            0             0      0        0
  MONTH TO DATE    0             0      0        0
  SINCE DEC 1      0             0      0        0
  SINCE JAN 1      0             0      0        0
......................................................


WIND (MPH)
  RESULTANT WIND SPEED   6   RESULTANT WIND DIRECTION  SW (210)
  HIGHEST WIND SPEED    20   HIGHEST WIND DIRECTION     S (190)
  HIGHEST GUST SPEED    23   HIGHEST GUST DIRECTION     S (190)
  AVERAGE WIND SPEED     9.6


SKY COVER
  AVERAGE SKY COVER 0.4


WEATHER CONDITIONS
 THE FOLLOWING WEATHER WAS RECORDED TODAY.
  FOG
  HAZE


RELATIVE HUMIDITY (PERCENT)
 HIGHEST    92           600 AM
 LOWEST     64           300 PM
 AVERAGE    78

..........................................................


THE KALAMAZOO MI CLIMATE NORMALS FOR TOMORROW
                         NORMAL
 MAXIMUM TEMPERATURE (F)   35
 MINIMUM TEMPERATURE (F)   20


SUNRISE AND SUNSET
FEBRUARY 18 2018......SUNRISE   734 AM EST   SUNSET   619 PM EST
FEBRUARY 19 2018......SUNRISE   733 AM EST   SUNSET   620 PM EST


-  INDICATES NEGATIVE NUMBERS.
R  INDICATES RECORD WAS SET OR TIED.
MM INDICATES DATA IS MISSING.
T  INDICATES TRACE AMOUNT.




$$

63
