000
CDUS43 KGRR 280518
CLIAZO


CLIMATE REPORT
NATIONAL WEATHER SERVICE GRAND RAPIDS, MI
118 AM EDT FRI AUG 28 2015


...................................

...THE KALAMAZOO MI CLIMATE SUMMARY FOR AUGUST 27 2015...

CLIMATE NORMAL PERIOD 1981 TO 2010
CLIMATE RECORD PERIOD 1998 TO 2015


WEATHER ITEM   OBSERVED TIME   NORMAL DEPARTURE LAST
                VALUE   (LST)  VALUE  FROM      YEAR
                                      NORMAL
......................................................
TEMPERATURE (F)
 YESTERDAY
  MAXIMUM         71    431 PM  79     -8       80
  MINIMUM         47    607 AM  59    -12       60
  AVERAGE         59            69    -10       70

PRECIPITATION (IN)
  YESTERDAY        0.00          0.14  -0.14     0.00
  MONTH TO DATE    2.58          3.29  -0.71     1.32
  SINCE JUN 1     10.44         10.57  -0.13     8.14
  SINCE JAN 1     20.15         23.01  -2.86    16.56

DEGREE DAYS
 HEATING
  YESTERDAY        6             1      5        0
  MONTH TO DATE   19             3     16        9
  SINCE JUN 1     49            56     -7       51
  SINCE JUL 1     28             8     20       32

 COOLING
  YESTERDAY        0             5     -5        5
  MONTH TO DATE  161           168     -7      176
  SINCE JUN 1    433           553   -120      467
  SINCE JAN 1    500           594    -94      521
......................................................


WIND (MPH)
  RESULTANT WIND SPEED   1   RESULTANT WIND DIRECTION   E (100)
  HIGHEST WIND SPEED     8   HIGHEST WIND DIRECTION     E (100)
  HIGHEST GUST SPEED    11   HIGHEST GUST DIRECTION     E (100)
  AVERAGE WIND SPEED     1.8


SKY COVER
  AVERAGE SKY COVER 0.4


WEATHER CONDITIONS
 THE FOLLOWING WEATHER WAS RECORDED YESTERDAY.
  FOG
  FOG W/VISIBILITY <= 1/4 MILE


RELATIVE HUMIDITY (PERCENT)
 HIGHEST    96           100 AM
 LOWEST     57           200 PM
 AVERAGE    77

..........................................................


THE KALAMAZOO MI CLIMATE NORMALS FOR TODAY
                         NORMAL
 MAXIMUM TEMPERATURE (F)   79
 MINIMUM TEMPERATURE (F)   59


SUNRISE AND SUNSET
AUGUST 28 2015........SUNRISE   703 AM EDT   SUNSET   823 PM EDT
AUGUST 29 2015........SUNRISE   704 AM EDT   SUNSET   821 PM EDT


-  INDICATES NEGATIVE NUMBERS.
R  INDICATES RECORD WAS SET OR TIED.
MM INDICATES DATA IS MISSING.
T  INDICATES TRACE AMOUNT.




$$
