000
CDUS43 KGRR 272127
CLIAZO


CLIMATE REPORT
NATIONAL WEATHER SERVICE GRAND RAPIDS, MI
527 PM EDT FRI MAY 27 2016


...................................

...THE KALAMAZOO MI CLIMATE SUMMARY FOR MAY 27 2016...
VALID TODAY AS OF 0500 PM LOCAL TIME.

CLIMATE NORMAL PERIOD 1981 TO 2010
CLIMATE RECORD PERIOD 1998 TO 2016


WEATHER ITEM   OBSERVED TIME   NORMAL DEPARTURE LAST
                VALUE   (LST)  VALUE  FROM      YEAR
                                      NORMAL
......................................................
TEMPERATURE (F)
 TODAY
  MAXIMUM         82    359 PM  73      9       77
  MINIMUM         65    559 AM  51     14       55
  AVERAGE         74            62     12       66

PRECIPITATION (IN)
  TODAY            0.00          0.12  -0.12     0.13
  MONTH TO DATE    3.28          3.39  -0.11     3.67
  SINCE MAR 1      9.37          8.72   0.65     6.03
  SINCE JAN 1     10.93         11.96  -1.03     7.56

DEGREE DAYS
 HEATING
  TODAY            0             5     -5        0
  MONTH TO DATE  229           208     21      131
  SINCE MAR 1   1439          1578   -139     1546
  SINCE JUL 1   5487          6351   -864     6832

 COOLING
  TODAY            9             2      7        1
  MONTH TO DATE   30            28      2       57
  SINCE MAR 1     32            32      0       57
  SINCE JAN 1     32            32      0       57
......................................................


WIND (MPH)
  RESULTANT WIND SPEED   7   RESULTANT WIND DIRECTION   S (180)
  HIGHEST WIND SPEED    15   HIGHEST WIND DIRECTION     S (180)
  HIGHEST GUST SPEED    18   HIGHEST GUST DIRECTION     S (180)
  AVERAGE WIND SPEED     7.5


SKY COVER
  AVERAGE SKY COVER 0.1


WEATHER CONDITIONS
 THE FOLLOWING WEATHER WAS RECORDED TODAY.
  NO SIGNIFICANT WEATHER WAS OBSERVED.


RELATIVE HUMIDITY (PERCENT)
 HIGHEST    93           500 AM
 LOWEST     55           400 PM
 AVERAGE    74

..........................................................


THE KALAMAZOO MI CLIMATE NORMALS FOR TOMORROW
                         NORMAL
 MAXIMUM TEMPERATURE (F)   74
 MINIMUM TEMPERATURE (F)   52


SUNRISE AND SUNSET
MAY 27 2016...........SUNRISE   611 AM EDT   SUNSET   908 PM EDT
MAY 28 2016...........SUNRISE   610 AM EDT   SUNSET   909 PM EDT


-  INDICATES NEGATIVE NUMBERS.
R  INDICATES RECORD WAS SET OR TIED.
MM INDICATES DATA IS MISSING.
T  INDICATES TRACE AMOUNT.




$$
