000
CDUS43 KGRR 030526
CLIAZO


CLIMATE REPORT
NATIONAL WEATHER SERVICE GRAND RAPIDS, MI
126 AM EDT MON AUG 3 2015


...................................

...THE KALAMAZOO MI CLIMATE SUMMARY FOR AUGUST 2 2015...

CLIMATE NORMAL PERIOD 1981 TO 2010
CLIMATE RECORD PERIOD 1998 TO 2015


WEATHER ITEM   OBSERVED TIME   NORMAL DEPARTURE LAST
                VALUE   (LST)  VALUE  FROM      YEAR
                                      NORMAL
......................................................
TEMPERATURE (F)
 YESTERDAY
  MAXIMUM         92    440 PM  82     10       83
  MINIMUM         64    505 AM  62      2       55
  AVERAGE         78            72      6       69

PRECIPITATION (IN)
  YESTERDAY        0.83          0.09   0.74     0.00
  MONTH TO DATE    0.83          0.18   0.65     0.06
  SINCE JUN 1      8.69          7.46   1.23     6.88
  SINCE JAN 1     18.40         19.90  -1.50    15.30

DEGREE DAYS
 HEATING
  YESTERDAY        0             0      0        0
  MONTH TO DATE    0             0      0        0
  SINCE JUN 1     30            53    -23       42
  SINCE JUL 1      9             5      4       23

 COOLING
  YESTERDAY       13             7      6        4
  MONTH TO DATE   21            14      7       11
  SINCE JUN 1    293           399   -106      302
  SINCE JAN 1    360           440    -80      356
......................................................


WIND (MPH)
  RESULTANT WIND SPEED  13   RESULTANT WIND DIRECTION  SW (220)
  HIGHEST WIND SPEED    32   HIGHEST WIND DIRECTION     N (340)
  HIGHEST GUST SPEED    42   HIGHEST GUST DIRECTION    NW (300)
  AVERAGE WIND SPEED    13.2


SKY COVER
  AVERAGE SKY COVER 0.1


WEATHER CONDITIONS
 THE FOLLOWING WEATHER WAS RECORDED YESTERDAY.
  THUNDERSTORM
  HEAVY RAIN
  RAIN
  LIGHT RAIN
  FOG


RELATIVE HUMIDITY (PERCENT)
 HIGHEST    87           500 AM
 LOWEST     36           500 PM
 AVERAGE    62

..........................................................


THE KALAMAZOO MI CLIMATE NORMALS FOR TODAY
                         NORMAL
 MAXIMUM TEMPERATURE (F)   82
 MINIMUM TEMPERATURE (F)   62


SUNRISE AND SUNSET
AUGUST  3 2015........SUNRISE   637 AM EDT   SUNSET   859 PM EDT
AUGUST  4 2015........SUNRISE   638 AM EDT   SUNSET   858 PM EDT


-  INDICATES NEGATIVE NUMBERS.
R  INDICATES RECORD WAS SET OR TIED.
MM INDICATES DATA IS MISSING.
T  INDICATES TRACE AMOUNT.




$$
