000
CDUS41 KBOX 100555
CLIBDL


CLIMATE REPORT
NATIONAL WEATHER SERVICE TAUNTON MA
1255 AM EST SAT DEC 10 2016


...................................

...THE HARTFORD CT CLIMATE SUMMARY FOR DECEMBER 9 2016...

CLIMATE NORMAL PERIOD 1981 TO 2010
CLIMATE RECORD PERIOD 1904 TO 2016


WEATHER ITEM   OBSERVED TIME   RECORD YEAR NORMAL DEPARTURE LAST
                VALUE   (LST)  VALUE       VALUE  FROM      YEAR
                                                  NORMAL
..................................................................
TEMPERATURE (F)
 YESTERDAY
  MAXIMUM         37   1244 PM  61    1991  42     -5       47
  MINIMUM         22   1156 PM   4    1968  26     -4       29
  AVERAGE         30                        34     -4       38

PRECIPITATION (IN)
  YESTERDAY        0.00          1.77 2014   0.12  -0.12     0.00
  MONTH TO DATE    0.50                      1.11  -0.61     0.58
  SINCE DEC 1      0.50                      1.11  -0.61     0.58
  SINCE JAN 1     30.49                     43.52 -13.03    35.54

SNOWFALL (IN)
  YESTERDAY        0.0          10.5  2005   0.2   -0.2      0.0
  MONTH TO DATE    0.5                       1.6   -1.1      0.0
  SINCE DEC 1      0.5                       1.6   -1.1      0.0
  SINCE JUL 1      2.0                       3.6   -1.6       T
  SNOW DEPTH       0

DEGREE DAYS
 HEATING
  YESTERDAY       35                        31      4       27
  MONTH TO DATE  246                       266    -20      225
  SINCE DEC 1    246                       266    -20      225
  SINCE JUL 1   1283                      1473   -190     1209

 COOLING
  YESTERDAY        0                         0      0        0
  MONTH TO DATE    0                         0      0        0
  SINCE DEC 1      0                         0      0        0
  SINCE JAN 1   1068                       756    312      964
..................................................................


WIND (MPH)
  RESULTANT WIND SPEED  11   RESULTANT WIND DIRECTION  NW (310)
  HIGHEST WIND SPEED    26   HIGHEST WIND DIRECTION    NW (310)
  HIGHEST GUST SPEED    35   HIGHEST GUST DIRECTION     W (290)
  AVERAGE WIND SPEED    11.6


SKY COVER
  POSSIBLE SUNSHINE  MM
  AVERAGE SKY COVER 0.4


WEATHER CONDITIONS
 THE FOLLOWING WEATHER WAS RECORDED YESTERDAY.
  NO SIGNIFICANT WEATHER WAS OBSERVED.


RELATIVE HUMIDITY (PERCENT)
 HIGHEST    68           300 AM
 LOWEST     38           200 PM
 AVERAGE    53

..........................................................


THE HARTFORD CT CLIMATE NORMALS FOR TODAY
                         NORMAL    RECORD    YEAR
 MAXIMUM TEMPERATURE (F)   42        67      1946
 MINIMUM TEMPERATURE (F)   25         1      1964
                                             1958


SUNRISE AND SUNSET
DECEMBER 10 2016......SUNRISE   708 AM EST   SUNSET   419 PM EST
DECEMBER 11 2016......SUNRISE   709 AM EST   SUNSET   420 PM EST


-  INDICATES NEGATIVE NUMBERS.
R  INDICATES RECORD WAS SET OR TIED.
MM INDICATES DATA IS MISSING.
T  INDICATES TRACE AMOUNT.




$$
