000
CDUS41 KBOX 180548
CLIBDL


CLIMATE REPORT
NATIONAL WEATHER SERVICE TAUNTON MA
1238 AM EST SAT NOV 18 2017


...................................

...THE HARTFORD CT CLIMATE SUMMARY FOR NOVEMBER 17 2017...

CLIMATE NORMAL PERIOD 1981 TO 2010
CLIMATE RECORD PERIOD 1904 TO 2017


WEATHER ITEM   OBSERVED TIME   RECORD YEAR NORMAL DEPARTURE LAST
                VALUE   (LST)  VALUE       VALUE  FROM      YEAR
                                                  NORMAL
..................................................................
TEMPERATURE (F)
 YESTERDAY
  MAXIMUM         43    241 PM  72    1928  51     -8       59
  MINIMUM         24   1101 PM   6    1924  33     -9       32
  AVERAGE         34                        42     -8       46

PRECIPITATION (IN)
  YESTERDAY        0.00          1.74 1920   0.13  -0.13     0.00
  MONTH TO DATE    0.49                      2.15  -1.66     0.72
  SINCE SEP 1     11.51                     10.40   1.11     5.31
  SINCE JAN 1     42.62                     40.67   1.95    27.65

SNOWFALL (IN)
  YESTERDAY        0.0           2.7  1980   0.1   -0.1      0.0
  MONTH TO DATE    T                         0.8   -0.8      0.0
  SINCE SEP 1      T                         0.8   -0.8      1.5
  SINCE JUL 1      T                         0.8   -0.8      1.5
  SNOW DEPTH       0

DEGREE DAYS
 HEATING
  YESTERDAY       31                        23      8       19
  MONTH TO DATE  396                       347     49      302
  SINCE SEP 1    641                       864   -223      711
  SINCE JUL 1    657                       876   -219      711

 COOLING
  YESTERDAY        0                         0      0        0
  MONTH TO DATE    0                         0      0        0
  SINCE SEP 1    178                        81     97      138
  SINCE JAN 1    865                       756    109     1068
..................................................................


WIND (MPH)
  RESULTANT WIND SPEED  12   RESULTANT WIND DIRECTION  NW (320)
  HIGHEST WIND SPEED    28   HIGHEST WIND DIRECTION    NW (310)
  HIGHEST GUST SPEED    40   HIGHEST GUST DIRECTION     W (290)
  AVERAGE WIND SPEED    12.1


SKY COVER
  POSSIBLE SUNSHINE  MM
  AVERAGE SKY COVER 0.3


WEATHER CONDITIONS
 THE FOLLOWING WEATHER WAS RECORDED YESTERDAY.
  NO SIGNIFICANT WEATHER WAS OBSERVED.


RELATIVE HUMIDITY (PERCENT)
 HIGHEST    75           900 PM
 LOWEST     36           300 PM
 AVERAGE    56

..........................................................


THE HARTFORD CT CLIMATE NORMALS FOR TODAY
                         NORMAL    RECORD    YEAR
 MAXIMUM TEMPERATURE (F)   51        73      1963
                                             1953
 MINIMUM TEMPERATURE (F)   33        15      1936
                                             1924


SUNRISE AND SUNSET
NOVEMBER 18 2017......SUNRISE   644 AM EST   SUNSET   427 PM EST
NOVEMBER 19 2017......SUNRISE   646 AM EST   SUNSET   426 PM EST


-  INDICATES NEGATIVE NUMBERS.
R  INDICATES RECORD WAS SET OR TIED.
MM INDICATES DATA IS MISSING.
T  INDICATES TRACE AMOUNT.




$$
