000
CDUS41 KOKX 132134
CLIBDR


CLIMATE REPORT
NATIONAL WEATHER SERVICE NEW YORK NY
434 PM EST SAT FEB 13 2016


...................................

...THE BRIDGEPORT CT CLIMATE SUMMARY FOR FEBRUARY 13 2016...
VALID TODAY AS OF 0400 PM LOCAL TIME.

CLIMATE NORMAL PERIOD 1981 TO 2010
CLIMATE RECORD PERIOD 1948 TO 2016


WEATHER ITEM   OBSERVED TIME   RECORD YEAR NORMAL DEPARTURE LAST
                VALUE   (LST)  VALUE       VALUE  FROM      YEAR
                                                  NORMAL
..................................................................
TEMPERATURE (F)
 TODAY
  MAXIMUM         25   1002 AM  54    2008  39    -14       20
                                      1951
  MINIMUM         14    359 PM  -2    1967  25    -11        6
  AVERAGE         20                        32    -12       13

PRECIPITATION (IN)
  TODAY            T             2.05 1966   0.10  -0.10     0.00
  MONTH TO DATE    2.47                      1.19   1.28     1.22
  SINCE DEC 1      9.67                      7.62   2.05    10.98
  SINCE JAN 1      4.73                      4.29   0.44     5.33

SNOWFALL (IN)
  TODAY            T             9.5  2014   0.3   -0.3      0.0
  MONTH TO DATE   12.2                       3.6    8.6     14.5
  SINCE OCT 1     23.2                      17.1    6.1     34.1
  SINCE JUL 1     23.2                      17.1    6.1     34.1
  SNOW DEPTH       3

DEGREE DAYS
 HEATING
  TODAY           45                        33     12       52
  MONTH TO DATE  415                       439    -24      550
  SINCE DEC 1   1939                      2441   -502     2493
  SINCE JUL 1   2683                      3415   -732     3399

 COOLING
  TODAY            0                         0      0        0
  MONTH TO DATE    0                         0      0        0
  SINCE DEC 1      0                         0      0        0
  SINCE JAN 1      0                         0      0        0
..................................................................


WIND (MPH)
  HIGHEST WIND SPEED    32   HIGHEST WIND DIRECTION     W (290)
  HIGHEST GUST SPEED    41   HIGHEST GUST DIRECTION    NW (300)
  AVERAGE WIND SPEED    15.3


SKY COVER
  AVERAGE SKY COVER 0.4


WEATHER CONDITIONS
 THE FOLLOWING WEATHER WAS RECORDED TODAY.
  LIGHT SNOW


RELATIVE HUMIDITY (PERCENT)
 HIGHEST    73           500 AM
 LOWEST     33           400 PM
 AVERAGE    53

..........................................................


THE BRIDGEPORT CT CLIMATE NORMALS FOR TOMORROW
                         NORMAL    RECORD    YEAR
 MAXIMUM TEMPERATURE (F)   39        56      1990
 MINIMUM TEMPERATURE (F)   25         3      2015
                                             1979


SUNRISE AND SUNSET
FEBRUARY 13 2016......SUNRISE   650 AM EST   SUNSET   524 PM EST
FEBRUARY 14 2016......SUNRISE   649 AM EST   SUNSET   525 PM EST


-  INDICATES NEGATIVE NUMBERS.
R  INDICATES RECORD WAS SET OR TIED.
MM INDICATES DATA IS MISSING.
T  INDICATES TRACE AMOUNT.




$$
