000
CDAK48 PABE 181028
CLIBET

CLIMATE REPORT
NATIONAL WEATHER SERVICE BETHEL, AK
228 AM AKDT THU SEP 18 2014

...................................
...THE BETHEL AP CLIMATE SUMMARY FOR SEPTEMBER 17 2014...

CLIMATE NORMAL PERIOD  1981 TO  2010
CLIMATE RECORD PERIOD  1923 TO  2014

WEATHER ITEM   OBSERVED TIME    RECORD YEAR NORMAL DEPARTURE LAST
               VALUE    (LST)   VALUE       VALUE  FROM      YEAR
                                                   NORMAL
...................................................................
TEMPERATURE
YESTERDAY
 MAXIMUM            57  0113 PM    64  1995     52       5     54
 MINIMUM            42  0508 AM    28  1979     39       3     35
 AVERAGE            50                          45       5     45

PRECIPITATION
(INCHES)
 YESTERDAY        0.11           1.19  1941   0.09    0.02   0.00
 MONTH TO DATE    1.02                        1.63   -0.61   2.20
 SINCE SEP 1      1.02                        1.63   -0.61   2.20
 SINCE JAN 1     10.33                       13.05   -2.72  12.68

SNOWFALL
(INCHES)
 YESTERDAY         0.0              T  1996    0.0     0.0    0.0
 MONTH TO DATE     0.0                         0.1    -0.1    0.0
 SINCE SEP 1       0.0                         0.1    -0.1    0.0
 SINCE JUL 1       0.0                         0.1    -0.1    0.0
 SNOW DEPTH (IN)     0                                          0

DEGREE DAYS
 HEATING
  YESTERDAY         15                          20      -5     20
  MONTH TO DATE    226                         282     -56    254
  SINCE SEP 1      226                         282     -56    254
  SINCE JUL 1      747                         924    -177    838

 COOLING
  YESTERDAY          0                           0       0      0
  MONTH TO DATE      0                           0       0      0
  SINCE SEP 1        0                           0       0      0
  SINCE JAN 1        0                           0       0     18
...................................................................

WIND (MPH)
 HIGHEST WIND SPEED    22     HIGHEST WIND DIRECTION     20
 HIGHEST GUST SPEED    28     HIGHEST GUST DIRECTION     10
 AVERAGE WIND SPEED  11.6

SKY COVER
  POSSIBLE SUNSHINE    MM          AVERAGE SKY COVER     MM

WEATHER CONDITIONS
 THE FOLLOWING WEATHER WAS RECORDED YESTERDAY.
  FOG
RAIN


RELATIVE HUMIDITY
 HIGHEST RH     MM PERCENT       MM
 LOWEST  RH     MM PERCENT       MM
 AVERAGE RH     MM PERCENT       MM
...................................................................

THE BETHEL CLIMATE NORMALS FOR TODAY
                           NORMAL    RECORD   YEAR
 MAXIMUM TEMPERATURE (F)     52        68     2010
 MINIMUM TEMPERATURE (F)     38        26     1960

SUNRISE AND SUNSET
 SEP 18 2014..........SUNRISE  8:23 AM      SUNSET  8:59 PM
 SEP 19 2014..........SUNRISE  8:25 AM      SUNSET  8:56 PM

-  INDICATES NEGATIVE NUMBERS.
R  INDICATES RECORD HAS BEEN SET OR TIED.
MM INDICATES DATA IS MISSING.
T  INDICATES TRACE OF PRECIPITATION.

&&
-------------------------------------------------------------------

AMOUNT OF DAYLIGHT TODAY  (HOUR:MIN)........12 HOURS 36 MINUTES
GAIN/LOSS SINCE YESTERDAY (HOUR:MIN:SEC)....-0:05:33

$$
DPA SEP 14
