571
CDAK48 PAFC 092235
CLIBET


CLIMATE REPORT
NATIONAL WEATHER SERVICE ANCHORAGE, AK
135 PM AKST FRI DEC 9 2016


...................................

...THE BETHEL CLIMATE SUMMARY FOR DECEMBER 9 2016...
VALID TODAY AS OF 0100 PM LOCAL TIME.

CLIMATE NORMAL PERIOD 1981 TO 2010
CLIMATE RECORD PERIOD 1948 TO 2016


WEATHER ITEM   OBSERVED TIME   RECORD YEAR NORMAL DEPARTURE LAST
                VALUE   (LST)  VALUE       VALUE  FROM      YEAR
                                                  NORMAL
..................................................................
TEMPERATURE (F)
 TODAY
  MAXIMUM         -1   1200 AM  43    1932  18    -19        0
  MINIMUM         -4        MM -28    1975   5     -9       -2
                                      1964
                                      1923
  AVERAGE         -2                        12    -14       -1

PRECIPITATION (IN)
  TODAY            0.00          0.35 1979   0.04  -0.04      T
  MONTH TO DATE    T                         0.36  -0.36      T
  SINCE DEC 1      T                         0.36  -0.36      T
  SINCE JAN 1     15.30                     17.78  -2.48    17.77

SNOWFALL (IN)
  TODAY            0.0           3.7  1960   0.4   -0.4      0.0
  MONTH TO DATE    T                         3.6   -3.6       T
  SINCE DEC 1      T                         3.6   -3.6       T
  SINCE JUL 1      3.6                      21.5  -17.9      9.4
  SNOW DEPTH       0

DEGREE DAYS
 HEATING
  TODAY           67                        53     14       66
  MONTH TO DATE  635                       472    163      558
  SINCE DEC 1    635                       472    163      558
  SINCE JUL 1   3863                      4195   -332     3770

 COOLING
  TODAY            0                         0      0        0
  MONTH TO DATE    0                         0      0        0
  SINCE DEC 1      0                         0      0        0
  SINCE JAN 1     13                         4      9       11
..................................................................


WIND (MPH)
  RESULTANT WIND SPEED  18   RESULTANT WIND DIRECTION   N (20)
  HIGHEST WIND SPEED    22   HIGHEST WIND DIRECTION     N (20)
  HIGHEST GUST SPEED    32   HIGHEST GUST DIRECTION     N (20)
  AVERAGE WIND SPEED    18.2



WEATHER CONDITIONS
 THE FOLLOWING WEATHER WAS RECORDED TODAY.
  NO SIGNIFICANT WEATHER WAS OBSERVED.


RELATIVE HUMIDITY (PERCENT)
 HIGHEST    79
 LOWEST     71
 AVERAGE    75

..........................................................


THE BETHEL CLIMATE NORMALS FOR TOMORROW
                         NORMAL    RECORD    YEAR
 MAXIMUM TEMPERATURE (F)   18        42      1932
 MINIMUM TEMPERATURE (F)    5       -37      1975


SUNRISE AND SUNSET
DECEMBER  9 2016......SUNRISE  1045 AM AKST  SUNSET   434 PM AKST
DECEMBER 10 2016......SUNRISE  1047 AM AKST  SUNSET   434 PM AKST


-  INDICATES NEGATIVE NUMBERS.
R  INDICATES RECORD WAS SET OR TIED.
MM INDICATES DATA IS MISSING.
T  INDICATES TRACE AMOUNT.




$$
