000
CDAK48 PAFC 190050
CLIBET


CLIMATE REPORT
NATIONAL WEATHER SERVICE ANCHORAGE, AK
449 PM AKDT WED OCT 18 2017


...................................

...THE BETHEL CLIMATE SUMMARY FOR OCTOBER 18 2017...
VALID TODAY AS OF 0400 PM LOCAL TIME.

CLIMATE NORMAL PERIOD 1981 TO 2010
CLIMATE RECORD PERIOD 1948 TO 2017


WEATHER ITEM   OBSERVED TIME   RECORD YEAR NORMAL DEPARTURE LAST
                VALUE   (LST)  VALUE       VALUE  FROM      YEAR
                                                  NORMAL
..................................................................
TEMPERATURE (F)
 TODAY
  MAXIMUM         36        MM  56    1925  34      2       30
  MINIMUM         28        MM   1    1929  24      4       18
  AVERAGE         32                        29      3       24

PRECIPITATION (IN)
  TODAY            T             0.37 2004   0.05  -0.05     0.00
                                      1944
  MONTH TO DATE    2.81                      1.07   1.74     0.37
  SINCE SEP 1      5.49                      3.82   1.67     3.54
  SINCE JAN 1     20.42                     15.24   5.18    14.46

SNOWFALL (IN)
  TODAY            0.0           1.1  1978   0.2   -0.2      0.0
  MONTH TO DATE    0.0                       1.7   -1.7       T
  SINCE SEP 1      0.0                       2.3   -2.3       T
  SINCE JUL 1      0.0                       2.3   -2.3       T
  SNOW DEPTH       0

DEGREE DAYS
 HEATING
  TODAY           33                        36     -3       41
  MONTH TO DATE  444                       564   -120      413
  SINCE SEP 1   1014                      1146   -132      900
  SINCE JUL 1   1565                      1782   -217     1262

 COOLING
  TODAY            0                         0      0        0
  MONTH TO DATE    0                         0      0        0
  SINCE SEP 1      0                         0      0        0
  SINCE JAN 1      6                         4      2       13
..................................................................


WIND (MPH)
  RESULTANT WIND SPEED  10   RESULTANT WIND DIRECTION  NW (300)
  HIGHEST WIND SPEED    15   HIGHEST WIND DIRECTION    NW (320)
  HIGHEST GUST SPEED    MM   HIGHEST GUST DIRECTION    MM
  AVERAGE WIND SPEED    10.1



WEATHER CONDITIONS
 THE FOLLOWING WEATHER WAS RECORDED TODAY.
  NO SIGNIFICANT WEATHER WAS OBSERVED.


RELATIVE HUMIDITY (PERCENT)
 HIGHEST   100
 LOWEST     70
 AVERAGE    85

..........................................................


THE BETHEL CLIMATE NORMALS FOR TOMORROW
                         NORMAL    RECORD    YEAR
 MAXIMUM TEMPERATURE (F)   34        54      1957
 MINIMUM TEMPERATURE (F)   23        -1      1929


SUNRISE AND SUNSET
OCTOBER 18 2017.......SUNRISE   937 AM AKDT  SUNSET   726 PM AKDT
OCTOBER 19 2017.......SUNRISE   940 AM AKDT  SUNSET   723 PM AKDT


-  INDICATES NEGATIVE NUMBERS.
R  INDICATES RECORD WAS SET OR TIED.
MM INDICATES DATA IS MISSING.
T  INDICATES TRACE AMOUNT.




$$
