000
CDAK48 PABE 111234
CLIBET

CLIMATE REPORT
NATIONAL WEATHER SERVICE BETHEL, AK
334 AM AKST THU FEB 11 2016

...................................
...THE BETHEL AP CLIMATE SUMMARY FOR FEBRUARY 10 2016...

CLIMATE NORMAL PERIOD  1981 TO  2010
CLIMATE RECORD PERIOD  1923 TO  2016

WEATHER ITEM   OBSERVED TIME    RECORD YEAR NORMAL DEPARTURE LAST
               VALUE    (LST)   VALUE       VALUE  FROM      YEAR
                                                   NORMAL
...................................................................
TEMPERATURE
YESTERDAY
 MAXIMUM            20  1206 AM    40  1980     17       3      4
 MINIMUM            13  1159 PM   -35  1964      4       9     -3
 AVERAGE            17                          10       7      1

PRECIPITATION
(INCHES)
 YESTERDAY        0.00           0.45  1986   0.02   -0.02      T
 MONTH TO DATE    0.03                        0.25   -0.22   0.02
 SINCE DEC 1      1.50                        2.15   -0.65   2.12
 SINCE JAN 1      0.26                        1.03   -0.77   0.53

SNOWFALL
(INCHES)
 YESTERDAY         0.0            3.3  1946    0.3    -0.3      T
 MONTH TO DATE     0.3                         2.4    -2.1    0.6
 SINCE DEC 1      16.1                        23.4    -7.3    8.3
 SINCE JUL 1      25.5                        41.3   -15.8   20.5
 SNOW DEPTH (IN)     2                                          1

DEGREE DAYS
 HEATING
  YESTERDAY         48                          55      -7     64
  MONTH TO DATE    428                         558    -130    634
  SINCE DEC 1     3344                        4064    -720   3798
  SINCE JUL 1     6632                        7794   -1162   7080

 COOLING
  YESTERDAY          0                           0       0      0
  MONTH TO DATE      0                           0       0      0
  SINCE DEC 1        0                           0       0      0
  SINCE JAN 1        0                           0       0      0
...................................................................

WIND (MPH)
 HIGHEST WIND SPEED    38     HIGHEST WIND DIRECTION     30
 HIGHEST GUST SPEED    46     HIGHEST GUST DIRECTION     20
 AVERAGE WIND SPEED  28.4

WEATHER CONDITIONS
 THE FOLLOWING WEATHER WAS RECORDED YESTERDAY.
 NO SIGNIFICANT WEATHER WAS OBSERVED.

...................................................................

THE BETHEL CLIMATE NORMALS FOR TODAY
                           NORMAL    RECORD   YEAR
 MAXIMUM TEMPERATURE (F)     17        43     1927
 MINIMUM TEMPERATURE (F)      4       -36     1969

SUNRISE AND SUNSET
 FEB 11 2016..........SUNRISE  9:40 AM      SUNSET  6:25 PM
 FEB 12 2016..........SUNRISE  9:38 AM      SUNSET  6:28 PM

-  INDICATES NEGATIVE NUMBERS.
R  INDICATES RECORD HAS BEEN SET OR TIED.
MM INDICATES DATA IS MISSING.
T  INDICATES TRACE OF PRECIPITATION.

&&
-------------------------------------------------------------------

AMOUNT OF DAYLIGHT TODAY  (HOUR:MIN)........8 HOURS 45 MINUTES
GAIN SINCE YESTERDAY (HOUR:MIN:SEC)....+0:05:27

$$
CR FEB 16
