000
CDAK48 PAFC 011247
CLIBET


CLIMATE REPORT
NATIONAL WEATHER SERVICE ANCHORAGE, AK
347 AM AKST WED MAR 1 2017


...................................

...THE BETHEL CLIMATE SUMMARY FOR FEBRUARY 28 2017...

CLIMATE NORMAL PERIOD 1981 TO 2010
CLIMATE RECORD PERIOD 1948 TO 2017


WEATHER ITEM   OBSERVED TIME   RECORD YEAR NORMAL DEPARTURE LAST
                VALUE   (LST)  VALUE       VALUE  FROM      YEAR
                                                  NORMAL
..................................................................
TEMPERATURE (F)
 YESTERDAY
  MAXIMUM          8   1215 AM  41    2003  20    -12       36
                                      1938
  MINIMUM         -2   1046 AM -37    1956   6     -8       24
  AVERAGE          3                        13    -10       30

PRECIPITATION (IN)
  YESTERDAY        0.00          0.40 1944   0.02  -0.02     0.00
  MONTH TO DATE    0.68                      0.72  -0.04     0.16
  SINCE DEC 1      2.65                      2.62   0.03     1.63
  SINCE JAN 1      1.89                      1.50   0.39     0.39

SNOWFALL (IN)
  YESTERDAY        0.0           5.6  2009   0.3   -0.3      0.0
  MONTH TO DATE    5.2                       6.9   -1.7      1.3
  SINCE DEC 1     22.5                      27.9   -5.4     17.6
  SINCE JUL 1     26.1                      45.8  -19.7     27.0
  SNOW DEPTH       6

DEGREE DAYS
 HEATING
  YESTERDAY       62                        52     10       35
  MONTH TO DATE 1695                      1510    185     1213
  SINCE DEC 1   5032                      5015     17     4013
  SINCE JUL 1   8260                      8738   -478     7225

 COOLING
  YESTERDAY        0                         0      0        0
  MONTH TO DATE    0                         0      0        0
  SINCE DEC 1      0                         0      0        0
  SINCE JAN 1      0                         0      0        0
..................................................................


WIND (MPH)
  RESULTANT WIND SPEED  16   RESULTANT WIND DIRECTION  NW (330)
  HIGHEST WIND SPEED    26   HIGHEST WIND DIRECTION    NW (320)
  HIGHEST GUST SPEED    30   HIGHEST GUST DIRECTION    NW (320)
  AVERAGE WIND SPEED    16.7



WEATHER CONDITIONS
 THE FOLLOWING WEATHER WAS RECORDED YESTERDAY.
  NO SIGNIFICANT WEATHER WAS OBSERVED.


RELATIVE HUMIDITY (PERCENT)
 HIGHEST    86
 LOWEST     68
 AVERAGE    77

..........................................................


THE BETHEL CLIMATE NORMALS FOR TODAY
                         NORMAL    RECORD    YEAR
 MAXIMUM TEMPERATURE (F)   21        45      1938
 MINIMUM TEMPERATURE (F)    6       -42      1956


SUNRISE AND SUNSET
MARCH  1 2017.........SUNRISE   846 AM AKST  SUNSET   714 PM AKST
MARCH  2 2017.........SUNRISE   842 AM AKST  SUNSET   717 PM AKST


-  INDICATES NEGATIVE NUMBERS.
R  INDICATES RECORD WAS SET OR TIED.
MM INDICATES DATA IS MISSING.
T  INDICATES TRACE AMOUNT.




$$
