000
CDAK48 PABE 260934
CLIBET


CLIMATE REPORT
NATIONAL WEATHER SERVICE ANCHORAGE, AK
134 AM AKDT MON JUN 26 2017


...................................

...THE BETHEL CLIMATE SUMMARY FOR JUNE 25 2017...

CLIMATE NORMAL PERIOD 1981 TO 2010
CLIMATE RECORD PERIOD 1948 TO 2017


WEATHER ITEM   OBSERVED TIME   RECORD YEAR NORMAL DEPARTURE LAST
                VALUE   (LST)  VALUE       VALUE  FROM      YEAR
                                                  NORMAL
..................................................................
TEMPERATURE (F)
 YESTERDAY
  MAXIMUM         66        MM  79    1951  64      2       74
                                      1929
  MINIMUM         48        MM  34    1937  47      1       52
  AVERAGE         57                        55      2       63

PRECIPITATION (IN)
  YESTERDAY        T             0.61 2003   0.07  -0.07     0.01
  MONTH TO DATE    0.87                      1.42  -0.55     1.42
  SINCE JUN 1      0.87                      1.42  -0.55     1.42
  SINCE JAN 1      5.84                      5.51   0.33     4.66

SNOWFALL (IN)
  YESTERDAY        0.0          MM      MM   0.0    0.0      0.0
  MONTH TO DATE    0.0                       0.0    0.0      0.0
  SINCE JUN 1      0.0                       0.0    0.0      0.0
  SINCE JUL 1     31.2                      61.8  -30.6     29.9
  SNOW DEPTH       0

DEGREE DAYS
 HEATING
  YESTERDAY        8                        10     -2        2
  MONTH TO DATE  215                       330   -115      251
  SINCE JUN 1    215                       330   -115      251
  SINCE JUL 1  11785                     12471   -686     9964

 COOLING
  YESTERDAY        0                         0      0        0
  MONTH TO DATE    0                         0      0        0
  SINCE JUN 1      0                         0      0        0
  SINCE JAN 1      0                         0      0        0
..................................................................


WIND (MPH)
  RESULTANT WIND SPEED   5   RESULTANT WIND DIRECTION   S (180)
  HIGHEST WIND SPEED    20   HIGHEST WIND DIRECTION    SW (210)
  HIGHEST GUST SPEED    27   HIGHEST GUST DIRECTION     S (200)
  AVERAGE WIND SPEED     7.6



WEATHER CONDITIONS
 THE FOLLOWING WEATHER WAS RECORDED YESTERDAY.
  LIGHT RAIN


RELATIVE HUMIDITY (PERCENT)
 HIGHEST    86
 LOWEST     48
 AVERAGE    67

..........................................................


THE BETHEL CLIMATE NORMALS FOR TODAY
                         NORMAL    RECORD    YEAR
 MAXIMUM TEMPERATURE (F)   64        84      1953
 MINIMUM TEMPERATURE (F)   47        32      1979


SUNRISE AND SUNSET
JUNE 26 2017..........SUNRISE   516 AM AKDT  SUNSET  1224 AM AKDT
JUNE 27 2017..........SUNRISE   517 AM AKDT  SUNSET  1224 AM AKDT


-  INDICATES NEGATIVE NUMBERS.
R  INDICATES RECORD WAS SET OR TIED.
MM INDICATES DATA IS MISSING.
T  INDICATES TRACE AMOUNT.




$$
