000
CDAK48 PABE 260001
CLIBET

CLIMATE REPORT
NATIONAL WEATHER SERVICE BETHEL, AK
301 PM AKST THU DEC 25 2014

...................................
...THE BETHEL AP CLIMATE SUMMARY FOR DECEMBER 25 2014...
VALID TODAY AS OF 2:00 PM LOCAL TIME

CLIMATE NORMAL PERIOD  1981 TO  2010
CLIMATE RECORD PERIOD  1923 TO  2014

WEATHER ITEM   OBSERVED TIME    RECORD YEAR NORMAL DEPARTURE LAST
               VALUE    (LST)   VALUE       VALUE  FROM      YEAR
                                                   NORMAL
...................................................................
TEMPERATURE
TODAY
 MAXIMUM            33  0159 PM    40  1973     15      18     -2
 MINIMUM            24  0419 AM   -38  1954      2      22     -8
 AVERAGE            29                           9      20     -5

PRECIPITATION
(INCHES)
 TODAY            0.07           0.33  2008   0.03    0.04   0.00
 MONTH TO DATE    0.91                        0.92   -0.01   1.88
 SINCE DEC 1      0.91                        0.92   -0.01   1.88
 SINCE JAN 1     15.14                       18.34   -3.20  21.59

SNOWFALL
(INCHES)
 TODAY             0.8            6.0  1923    0.3     0.5    0.0
 MONTH TO DATE     5.7                         9.3    -3.6    5.9
 SINCE DEC 1       5.7                         9.3    -3.6    5.9
 SINCE JUL 1      17.9                        27.2    -9.3   12.8
 SNOW DEPTH (IN)     3                                          2

DEGREE DAYS
 HEATING
  TODAY             36                          57     -21     70
  MONTH TO DATE   1213                        1351    -138   1191
  SINCE DEC 1     1213                        1351    -138   1190
  SINCE JUL 1     4488                        5081    -593   4542

 COOLING
  TODAY              0                           0       0      0
  MONTH TO DATE      0                           0       0      0
  SINCE DEC 1        0                           0       0      0
  SINCE JAN 1        0                           0       0     18
...................................................................

WIND (MPH)
 HIGHEST WIND SPEED    17     HIGHEST WIND DIRECTION    170
 HIGHEST GUST SPEED    21     HIGHEST GUST DIRECTION    160
 AVERAGE WIND SPEED    MM

SKY COVER
  POSSIBLE SUNSHINE  MM            AVERAGE SKY COVER MM

WEATHER CONDITIONS
 THE FOLLOWING WEATHER WAS RECORDED TODAY.
 FOG
 RAIN
 SNOW


RELATIVE HUMIDITY
 HIGHEST RH     MM PERCENT       MM
 LOWEST  RH     MM PERCENT       MM
 AVERAGE RH     MM PERCENT       MM
...................................................................

THE BETHEL CLIMATE NORMALS FOR TOMORROW
                        NORMAL    RECORD   YEAR
 MAXIMUM TEMPERATURE      15        44     1985
 MINIMUM TEMPERATURE       2       -40     1957

SUNRISE AND SUNSET
 DEC 25 2014..........SUNRISE 10:59 AM      SUNSET  4:37 PM
 DEC 26 2014..........SUNRISE 10:59 AM      SUNSET  4:38 PM

-  INDICATES NEGATIVE NUMBERS.
R  INDICATES RECORD HAS BEEN SET OR TIED.
MM INDICATES DATA IS MISSING.
T  INDICATES TRACE OF PRECIPITATION.

&&
-------------------------------------------------------------------

AMOUNT OF DAYLIGHT TODAY  (HOUR:MIN)........5 HOURS 38 MINUTES
GAIN/LOSS SINCE YESTERDAY (HOUR:MIN:SEC)....+0:00:41

$$
FONTENOT
