000
CDAK48 PABE 280909
CLIBET

CLIMATE REPORT
NATIONAL WEATHER SERVICE BETHEL, AK
109 AM AKDT SUN AUG 28 2016

...................................
...THE BETHEL AP CLIMATE SUMMARY FOR AUGUST 27 2016...

CLIMATE NORMAL PERIOD  1981 TO  2010
CLIMATE RECORD PERIOD  1948 TO  2016

WEATHER ITEM   OBSERVED TIME    RECORD YEAR NORMAL DEPARTURE LAST
               VALUE    (LST)   VALUE       VALUE  FROM      YEAR
                                                   NORMAL
...................................................................
TEMPERATURE
YESTERDAY
 MAXIMUM            66  0636 PM    77  1923     59       7     53
 MINIMUM            49  0714 AM    31  1984     46       3     40
 AVERAGE            58                          52       6     47

PRECIPITATION
(INCHES)
 YESTERDAY        0.00           0.81  1953   0.10   -0.10   0.02
 MONTH TO DATE    3.29                        2.85    0.44   2.80
 SINCE JUN 1      7.75                        6.93    0.82   5.16
 SINCE JAN 1     11.01                       11.02   -0.01   9.56

SNOWFALL
(INCHES)
 YESTERDAY         0.0            0.0  2016    0.0     0.0    0.0
 MONTH TO DATE     0.0                         0.0     0.0    0.0
 SINCE JUN 1       0.0                         0.0     0.0    0.0
 SINCE JUL 1       0.0                         0.0     0.0    0.0
 SNOW DEPTH (IN)     0                                          0

DEGREE DAYS
 HEATING
  YESTERDAY          7                          13      -6     18
  MONTH TO DATE    187                         304    -117    298
  SINCE JUN 1      644                         965    -321    777
  SINCE JUL 1      372                         588    -216    539

 COOLING
  YESTERDAY          0                           0       0      0
  MONTH TO DATE      0                           0       0      0
  SINCE JUN 1       13                           0      13     11
  SINCE JAN 1       13                           0      13     11
...................................................................

WIND (MPH)
 HIGHEST WIND SPEED    15     HIGHEST WIND DIRECTION    350
 HIGHEST GUST SPEED    18     HIGHEST GUST DIRECTION    340
 AVERAGE WIND SPEED   8.5

SKY COVER
  POSSIBLE SUNSHINE    MM          AVERAGE SKY COVER     MM

WEATHER CONDITIONS
 THE FOLLOWING WEATHER WAS RECORDED YESTERDAY.
  NO SIGNIFICANT WEATHER WAS OBSERVED.

RELATIVE HUMIDITY
 HIGHEST RH     MM PERCENT       MM
 LOWEST  RH     MM PERCENT       MM
 AVERAGE RH     MM PERCENT       MM
...................................................................

THE BETHEL CLIMATE NORMALS FOR TODAY
                           NORMAL    RECORD   YEAR
 MAXIMUM TEMPERATURE (F)     58        73     1987
 MINIMUM TEMPERATURE (F)     45        33     1960

SUNRISE AND SUNSET
 AUG 28 2016..........SUNRISE  7:33 AM      SUNSET 10:03 PM
 AUG 29 2016..........SUNRISE  7:35 AM      SUNSET 10:00 PM

-  INDICATES NEGATIVE NUMBERS.
R  INDICATES RECORD HAS BEEN SET OR TIED.
MM INDICATES DATA IS MISSING.
T  INDICATES TRACE OF PRECIPITATION.

&&
-------------------------------------------------------------------

AMOUNT OF DAYLIGHT TODAY  (HOUR:MIN)........14 HOURS 30 MINUTES
GAIN/LOSS SINCE YESTERDAY (HOUR:MIN:SEC)....-0:05:32

$$
SE AUG 16
