000
CDAK48 PABE 010047
CLIBET


CLIMATE REPORT
NATIONAL WEATHER SERVICE ANCHORAGE, AK
446 PM AKDT SUN APR 30 2017


...................................

...THE BETHEL CLIMATE SUMMARY FOR APRIL 30 2017...
VALID TODAY AS OF 0400 PM LOCAL TIME.

CLIMATE NORMAL PERIOD 1981 TO 2010
CLIMATE RECORD PERIOD 1948 TO 2017


WEATHER ITEM   OBSERVED TIME   RECORD YEAR NORMAL DEPARTURE LAST
                VALUE   (LST)  VALUE       VALUE  FROM      YEAR
                                                  NORMAL
..................................................................
TEMPERATURE (F)
 TODAY
  MAXIMUM         53    100 PM  63    2004  43     10       57
  MINIMUM         29        MM   5    1971  27      2       30
                                      1939
  AVERAGE         41                        35      6       44

PRECIPITATION (IN)
  TODAY            0.00          0.46 2002   0.03  -0.03      T
  MONTH TO DATE    0.47                      0.74  -0.27     0.67
  SINCE MAR 1      0.77                      1.45  -0.68     1.40
  SINCE JAN 1      2.66                      2.95  -0.29     1.79

SNOWFALL (IN)
  TODAY            0.0           2.4  1949   0.1   -0.1      0.0
  MONTH TO DATE    0.9                       5.7   -4.8      0.4
  SINCE MAR 1      3.8                      13.9  -10.1      2.9
  SINCE JUL 1     31.2                      59.7  -28.5     29.9
  SNOW DEPTH       0

DEGREE DAYS
 HEATING
  TODAY           24                        30     -6       21
  MONTH TO DATE  866                      1142   -276      698
  SINCE MAR 1   2691                      2687      4     2010
  SINCE JUL 1  10951                     11425   -474     9267

 COOLING
  TODAY            0                         0      0        0
  MONTH TO DATE    0                         0      0        0
  SINCE MAR 1      0                         0      0        0
  SINCE JAN 1      0                         0      0        0
..................................................................


WIND (MPH)
  RESULTANT WIND SPEED  10   RESULTANT WIND DIRECTION   E (80)
  HIGHEST WIND SPEED    21   HIGHEST WIND DIRECTION     E (90)
  HIGHEST GUST SPEED    25   HIGHEST GUST DIRECTION     E (70)
  AVERAGE WIND SPEED     9.9



WEATHER CONDITIONS
 THE FOLLOWING WEATHER WAS RECORDED TODAY.
  NO SIGNIFICANT WEATHER WAS OBSERVED.


RELATIVE HUMIDITY (PERCENT)
 HIGHEST    92
 LOWEST     48
 AVERAGE    70

..........................................................


THE BETHEL CLIMATE NORMALS FOR TOMORROW
                         NORMAL    RECORD    YEAR
 MAXIMUM TEMPERATURE (F)   44        64      2004
 MINIMUM TEMPERATURE (F)   28         3      1924


SUNRISE AND SUNSET
APRIL 30 2017.........SUNRISE   642 AM AKDT  SUNSET  1048 PM AKDT
MAY  1 2017...........SUNRISE   639 AM AKDT  SUNSET  1051 PM AKDT


-  INDICATES NEGATIVE NUMBERS.
R  INDICATES RECORD WAS SET OR TIED.
MM INDICATES DATA IS MISSING.
T  INDICATES TRACE AMOUNT.




$$
