282
CDAK48 PAFC 271255 RRA
CLIBET

CLIMATE REPORT
NATIONAL WEATHER SERVICE ANCHORAGE, AK
452 AM AKDT TUE SEP 27 2016


...................................

...THE BETHEL CLIMATE SUMMARY FOR SEPTEMBER 26 2016...

CLIMATE NORMAL PERIOD 1981 TO 2010
CLIMATE RECORD PERIOD 1948 TO 2016


WEATHER ITEM   OBSERVED TIME   RECORD YEAR NORMAL DEPARTURE LAST
                VALUE   (LST)  VALUE       VALUE  FROM      YEAR
                                                  NORMAL
..................................................................
TEMPERATURE (F)
 YESTERDAY
  MAXIMUM         53    352 PM  56    1935  47      6       46
                                      1929
  MINIMUM         39    851 AM  20    1983  35      4       39
  AVERAGE         46                        41      5       43

PRECIPITATION (IN)
  YESTERDAY        T             0.72 1932   0.08  -0.08     0.30
  MONTH TO DATE    3.07                      2.42   0.65     4.03
  SINCE SEP 1      3.07                      2.42   0.65     4.03
  SINCE JAN 1     13.99                     13.84   0.15    13.59

SNOWFALL (IN)
  YESTERDAY        0.0          MM      MM   0.0    0.0     MM
  MONTH TO DATE    0.0                       0.4   -0.4      0.0
  SINCE SEP 1      0.0                       0.4   -0.4      0.0
  SINCE JUL 1      0.0                       0.4   -0.4      0.0
  SNOW DEPTH       0

DEGREE DAYS
 HEATING
  YESTERDAY       19                        24     -5       22
  MONTH TO DATE  416                       482    -66      501
  SINCE SEP 1    416                       482    -66      501
  SINCE JUL 1    778                      1118   -340     1103

 COOLING
  YESTERDAY        0                         0      0        0
  MONTH TO DATE    0                         0      0        0
  SINCE SEP 1      0                         0      0        0
  SINCE JAN 1     13                         4      9       11
..................................................................


WIND (MPH)
  RESULTANT WIND SPEED   4   RESULTANT WIND DIRECTION   N (20)
  HIGHEST WIND SPEED    12   HIGHEST WIND DIRECTION     N (10)
  HIGHEST GUST SPEED    13   HIGHEST GUST DIRECTION    SE (130)
  AVERAGE WIND SPEED     6.5



WEATHER CONDITIONS
 THE FOLLOWING WEATHER WAS RECORDED YESTERDAY.
  LIGHT RAIN


RELATIVE HUMIDITY (PERCENT)
 HIGHEST    96
 LOWEST     50
 AVERAGE    73

..........................................................


THE BETHEL CLIMATE NORMALS FOR TODAY
                         NORMAL    RECORD    YEAR
 MAXIMUM TEMPERATURE (F)   47        62      1966
 MINIMUM TEMPERATURE (F)   34        18      1957


SUNRISE AND SUNSET
SEPTEMBER 27 2016.....SUNRISE   845 AM AKDT  SUNSET   829 PM AKDT
SEPTEMBER 28 2016.....SUNRISE   848 AM AKDT  SUNSET   826 PM AKDT

CIVIL TWILIGHT
SEPTEMBER 27 2016       START   716 AM AKDT     END   825 PM AKDT
SEPTEMBER 28 2016       START   718 AM AKDT     END   822 PM AKDT



-  INDICATES NEGATIVE NUMBERS.
R  INDICATES RECORD WAS SET OR TIED.
MM INDICATES DATA IS MISSING.
T  INDICATES TRACE AMOUNT.




$$
&&
------------------------------------------------------
AMOUNT OF DAYLIGHT TODAY  (HOUR:MIN)........11:44
GAIN/LOSS SINCE YESTERDAY (HOUR:MIN:SEC)....-0:05:39

$$
