000
CDUS41 KCTP 060642
CLIBFD


CLIMATE REPORT
NATIONAL WEATHER SERVICE STATE COLLEGE PA
142 AM EST FRI MAR 6 2015


...................................

...THE BRADFORD CLIMATE SUMMARY FOR MARCH 5 2015...

CLIMATE NORMAL PERIOD 1981 TO 2010
CLIMATE RECORD PERIOD 1957 TO 2015


WEATHER ITEM   OBSERVED TIME   RECORD YEAR NORMAL DEPARTURE LAST
                VALUE   (LST)  VALUE       VALUE  FROM      YEAR
                                                  NORMAL
..................................................................
TEMPERATURE (F)
 YESTERDAY
  MAXIMUM         26   1203 AM  70    1992  37    -11       23
  MINIMUM          2   1159 PM  -2    2005  18    -16        7
  AVERAGE         14                        28    -14       15

PRECIPITATION (IN)
  YESTERDAY        T             1.19 1965   0.09  -0.09      T
  MONTH TO DATE    0.77                      0.48   0.29     0.04
  SINCE MAR 1      0.77                      0.48   0.29     0.04
  SINCE JAN 1      3.61                      6.12  -2.51     3.57

DEGREE DAYS
 HEATING
  YESTERDAY       51                        32     19       50
  MONTH TO DATE  227                       162     65      262
  SINCE MAR 1    227                       162     65      262
  SINCE JUL 1   6126                      5732    394     5928

 COOLING
  YESTERDAY        0                         0      0        0
  MONTH TO DATE    0                         0      0        0
  SINCE MAR 1      0                         0      0        0
  SINCE JAN 1      0                         0      0        0
..................................................................


WIND (MPH)
  HIGHEST WIND SPEED    23   HIGHEST WIND DIRECTION    NW (320)
  HIGHEST GUST SPEED    30   HIGHEST GUST DIRECTION    NW (330)
  AVERAGE WIND SPEED    11.9


SKY COVER
  POSSIBLE SUNSHINE  MM
  AVERAGE SKY COVER 0.6


WEATHER CONDITIONS
 THE FOLLOWING WEATHER WAS RECORDED YESTERDAY.
  LIGHT SNOW
  HAZE


RELATIVE HUMIDITY (PERCENT)
 HIGHEST    80           300 AM
 LOWEST     50           300 PM
 AVERAGE    65

..........................................................


THE BRADFORD CLIMATE NORMALS FOR TODAY
                         NORMAL    RECORD    YEAR
 MAXIMUM TEMPERATURE (F)   38        64      1961
 MINIMUM TEMPERATURE (F)   18       -10      1978


SUNRISE AND SUNSET
MARCH  6 2015.........SUNRISE   642 AM EST   SUNSET   610 PM EST
MARCH  7 2015.........SUNRISE   640 AM EST   SUNSET   612 PM EST


-  INDICATES NEGATIVE NUMBERS.
R  INDICATES RECORD WAS SET OR TIED.
MM INDICATES DATA IS MISSING.
T  INDICATES TRACE AMOUNT.




$$
