000
CDUS41 KCTP 040635
CLIBFD


CLIMATE REPORT
NATIONAL WEATHER SERVICE STATE COLLEGE PA
234 AM EDT WED MAY 4 2016


...................................

...THE BRADFORD CLIMATE SUMMARY FOR MAY 3 2016...

CLIMATE NORMAL PERIOD 1981 TO 2010
CLIMATE RECORD PERIOD 1957 TO 2016


WEATHER ITEM   OBSERVED TIME   RECORD YEAR NORMAL DEPARTURE LAST
                VALUE   (LST)  VALUE       VALUE  FROM      YEAR
                                                  NORMAL
..................................................................
TEMPERATURE (F)
 YESTERDAY
  MAXIMUM         52    336 PM  83    2012  62    -10       74
  MINIMUM         35   1151 PM  22    1978  37     -2       34
  AVERAGE         44                        50     -6       54

PRECIPITATION (IN)
  YESTERDAY        0.01          1.38 2011   0.12  -0.11     0.00
  MONTH TO DATE    1.01                      0.36   0.65     0.00
  SINCE MAR 1      7.62                      7.28   0.34     6.57
  SINCE JAN 1     12.23                     12.92  -0.69     9.41

DEGREE DAYS
 HEATING
  YESTERDAY       21                        11     10       11
  MONTH TO DATE   47                        33     14       39
  SINCE MAR 1   1482                      1714   -232     1828
  SINCE JUL 1   6182                      7284  -1102     7727

 COOLING
  YESTERDAY        0                         0      0        0
  MONTH TO DATE    0                         0      0        0
  SINCE MAR 1      0                         2     -2        0
  SINCE JAN 1      0                         2     -2        0
..................................................................


WIND (MPH)
  HIGHEST WIND SPEED    10   HIGHEST WIND DIRECTION     N (360)
  HIGHEST GUST SPEED    14   HIGHEST GUST DIRECTION     N (340)
  AVERAGE WIND SPEED     3.9


SKY COVER
  POSSIBLE SUNSHINE  MM
  AVERAGE SKY COVER 1.0


WEATHER CONDITIONS
 THE FOLLOWING WEATHER WAS RECORDED YESTERDAY.
  LIGHT RAIN
  FOG
  FOG W/VISIBILITY <= 1/4 MILE


RELATIVE HUMIDITY (PERCENT)
 HIGHEST   100           500 AM
 LOWEST     71           200 PM
 AVERAGE    86

..........................................................


THE BRADFORD CLIMATE NORMALS FOR TODAY
                         NORMAL    RECORD    YEAR
 MAXIMUM TEMPERATURE (F)   62        82      2001
 MINIMUM TEMPERATURE (F)   37        22      2002


SUNRISE AND SUNSET
MAY  4 2016...........SUNRISE   606 AM EDT   SUNSET   817 PM EDT
MAY  5 2016...........SUNRISE   605 AM EDT   SUNSET   818 PM EDT


-  INDICATES NEGATIVE NUMBERS.
R  INDICATES RECORD WAS SET OR TIED.
MM INDICATES DATA IS MISSING.
T  INDICATES TRACE AMOUNT.




$$
