000
CDUS41 KCTP 240606
CLIBFD


CLIMATE REPORT
NATIONAL WEATHER SERVICE STATE COLLEGE PA
206 AM EDT FRI MAR 24 2017


...................................

...THE BRADFORD CLIMATE SUMMARY FOR MARCH 23 2017...

CLIMATE NORMAL PERIOD 1981 TO 2010
CLIMATE RECORD PERIOD 1957 TO 2017


WEATHER ITEM   OBSERVED TIME   RECORD YEAR NORMAL DEPARTURE LAST
                VALUE   (LST)  VALUE       VALUE  FROM      YEAR
                                                  NORMAL
..................................................................
TEMPERATURE (F)
 YESTERDAY
  MAXIMUM         42    504 PM  78    2012  44     -2       63
  MINIMUM          7    631 AM   5    1959  24    -17       38
  AVERAGE         25                        34     -9       51

PRECIPITATION (IN)
  YESTERDAY        0.00          0.59 1985   0.12  -0.12     0.00
  MONTH TO DATE    1.83                      2.43  -0.60     1.64
  SINCE MAR 1      1.83                      2.43  -0.60     1.64
  SINCE JAN 1      8.91                      8.07   0.84     6.25

DEGREE DAYS
 HEATING
  YESTERDAY       40                        25     15       14
  MONTH TO DATE  904                       672    232      580
  SINCE MAR 1    904                       672    232      580
  SINCE JUL 1   5487                      6242   -755     5280

 COOLING
  YESTERDAY        0                         0      0        0
  MONTH TO DATE    0                         0      0        0
  SINCE MAR 1      0                         0      0        0
  SINCE JAN 1      0                         0      0        0
..................................................................


WIND (MPH)
  HIGHEST WIND SPEED    12   HIGHEST WIND DIRECTION    SE (150)
  HIGHEST GUST SPEED    18   HIGHEST GUST DIRECTION    SE (150)
  AVERAGE WIND SPEED     2.8


SKY COVER
  POSSIBLE SUNSHINE  MM
  AVERAGE SKY COVER 0.0


WEATHER CONDITIONS
 THE FOLLOWING WEATHER WAS RECORDED YESTERDAY.
  FOG


RELATIVE HUMIDITY (PERCENT)
 HIGHEST    91           500 AM
 LOWEST     16           600 PM
 AVERAGE    54

..........................................................


THE BRADFORD CLIMATE NORMALS FOR TODAY
                         NORMAL    RECORD    YEAR
 MAXIMUM TEMPERATURE (F)   45        69      2016
 MINIMUM TEMPERATURE (F)   25         5      2014


SUNRISE AND SUNSET
MARCH 24 2017.........SUNRISE   711 AM EDT   SUNSET   731 PM EDT
MARCH 25 2017.........SUNRISE   709 AM EDT   SUNSET   733 PM EDT


-  INDICATES NEGATIVE NUMBERS.
R  INDICATES RECORD WAS SET OR TIED.
MM INDICATES DATA IS MISSING.
T  INDICATES TRACE AMOUNT.




$$
