000
CDUS41 KCTP 290649
CLIBFD


CLIMATE REPORT
NATIONAL WEATHER SERVICE STATE COLLEGE PA
248 AM EDT FRI AUG 29 2014


...................................

...THE BRADFORD CLIMATE SUMMARY FOR AUGUST 28 2014...

CLIMATE NORMAL PERIOD 1981 TO 2010
CLIMATE RECORD PERIOD 1957 TO 2014


WEATHER ITEM   OBSERVED TIME   RECORD YEAR NORMAL DEPARTURE LAST
                VALUE   (LST)  VALUE       VALUE  FROM      YEAR
                                                  NORMAL
..................................................................
TEMPERATURE (F)
 YESTERDAY
  MAXIMUM         68   1248 PM  92    1973  74     -6       74
  MINIMUM         45   1101 PM  32    1968  51     -6       66
  AVERAGE         57                        62     -5       70

PRECIPITATION (IN)
  YESTERDAY        0.00          1.96 1992   0.13  -0.13     0.23
  MONTH TO DATE    5.09                      3.74   1.35     3.15
  SINCE JUN 1     14.71                     12.84   1.87    10.38
  SINCE JAN 1     30.66                     29.58   1.08    21.41

DEGREE DAYS
 HEATING
  YESTERDAY        8                         1      7        0
  MONTH TO DATE   81                        20     61       84
  SINCE JUN 1    260                       229     31      240
  SINCE JUL 1    175                        84     91      136

 COOLING
  YESTERDAY        0                         1     -1        5
  MONTH TO DATE   25                        49    -24       34
  SINCE JUN 1    144                       163    -19      232
  SINCE JAN 1    162                       173    -11      275
..................................................................


WIND (MPH)
  HIGHEST WIND SPEED    18   HIGHEST WIND DIRECTION    NW (320)
  HIGHEST GUST SPEED    22   HIGHEST GUST DIRECTION    NW (320)
  AVERAGE WIND SPEED     7.0


SKY COVER
  POSSIBLE SUNSHINE  MM
  AVERAGE SKY COVER 0.4


WEATHER CONDITIONS
 THE FOLLOWING WEATHER WAS RECORDED YESTERDAY.
  NO SIGNIFICANT WEATHER WAS OBSERVED.


RELATIVE HUMIDITY (PERCENT)
 HIGHEST    93           100 AM
 LOWEST     48           200 PM
 AVERAGE    71

..........................................................


THE BRADFORD CLIMATE NORMALS FOR TODAY
                         NORMAL    RECORD    YEAR
 MAXIMUM TEMPERATURE (F)   74        89      1991
 MINIMUM TEMPERATURE (F)   50        25      1986


SUNRISE AND SUNSET
AUGUST 29 2014........SUNRISE   637 AM EDT   SUNSET   753 PM EDT
AUGUST 30 2014........SUNRISE   638 AM EDT   SUNSET   751 PM EDT


-  INDICATES NEGATIVE NUMBERS.
R  INDICATES RECORD WAS SET OR TIED.
MM INDICATES DATA IS MISSING.
T  INDICATES TRACE AMOUNT.




$$
