000
CDUS41 KCTP 290621
CLIBFD


CLIMATE REPORT
NATIONAL WEATHER SERVICE STATE COLLEGE PA
221 AM EDT SAT AUG 29 2015


...................................

...THE BRADFORD CLIMATE SUMMARY FOR AUGUST 28 2015...

CLIMATE NORMAL PERIOD 1981 TO 2010
CLIMATE RECORD PERIOD 1957 TO 2015


WEATHER ITEM   OBSERVED TIME   RECORD YEAR NORMAL DEPARTURE LAST
                VALUE   (LST)  VALUE       VALUE  FROM      YEAR
                                                  NORMAL
..................................................................
TEMPERATURE (F)
 YESTERDAY
  MAXIMUM         73    318 PM  92    1973  74     -1       68
  MINIMUM         41    603 AM  32    1968  51    -10       45
  AVERAGE         57                        62     -5       57

PRECIPITATION (IN)
  YESTERDAY        0.00          1.96 1992   0.13  -0.13     0.00
  MONTH TO DATE    1.20                      3.74  -2.54     5.09
  SINCE JUN 1     11.36                     12.84  -1.48    14.71
  SINCE JAN 1     23.79                     29.58  -5.79    30.66

DEGREE DAYS
 HEATING
  YESTERDAY        8                         1      7        8
  MONTH TO DATE   76                        20     56       81
  SINCE JUN 1    230                       229      1      260
  SINCE JUL 1    123                        84     39      175

 COOLING
  YESTERDAY        0                         1     -1        0
  MONTH TO DATE   46                        49     -3       25
  SINCE JUN 1    156                       163     -7      144
  SINCE JAN 1    200                       173     27      162
..................................................................


WIND (MPH)
  HIGHEST WIND SPEED    10   HIGHEST WIND DIRECTION     W (270)
  HIGHEST GUST SPEED    13   HIGHEST GUST DIRECTION     W (280)
  AVERAGE WIND SPEED     1.4


SKY COVER
  POSSIBLE SUNSHINE  MM
  AVERAGE SKY COVER 0.6


WEATHER CONDITIONS
 THE FOLLOWING WEATHER WAS RECORDED YESTERDAY.
  FOG
  FOG W/VISIBILITY <= 1/4 MILE


RELATIVE HUMIDITY (PERCENT)
 HIGHEST   100           700 AM
 LOWEST     44           300 PM
 AVERAGE    72

..........................................................


THE BRADFORD CLIMATE NORMALS FOR TODAY
                         NORMAL    RECORD    YEAR
 MAXIMUM TEMPERATURE (F)   74        89      1991
 MINIMUM TEMPERATURE (F)   50        25      1986


SUNRISE AND SUNSET
AUGUST 29 2015........SUNRISE   637 AM EDT   SUNSET   753 PM EDT
AUGUST 30 2015........SUNRISE   638 AM EDT   SUNSET   752 PM EDT


-  INDICATES NEGATIVE NUMBERS.
R  INDICATES RECORD WAS SET OR TIED.
MM INDICATES DATA IS MISSING.
T  INDICATES TRACE AMOUNT.




$$
