000
CDUS41 KCTP 232220
CLIBFD


CLIMATE REPORT
NATIONAL WEATHER SERVICE STATE COLLEGE PA
520 PM EST TUE JAN 23 2018


...................................

...THE BRADFORD CLIMATE SUMMARY FOR JANUARY 23 2018...
VALID TODAY AS OF 0500 PM LOCAL TIME.

CLIMATE NORMAL PERIOD 1981 TO 2010
CLIMATE RECORD PERIOD 1957 TO 2018


WEATHER ITEM   OBSERVED TIME   RECORD YEAR NORMAL DEPARTURE LAST
                VALUE   (LST)  VALUE       VALUE  FROM      YEAR
                                                  NORMAL
..................................................................
TEMPERATURE (F)
 TODAY
  MAXIMUM         46   1115 AM  53    1967  29     17       48
  MINIMUM         35    459 PM -18    1976  14     21       32
  AVERAGE         41                        21     20       40

PRECIPITATION (IN)
  TODAY            0.31          0.88 1965   0.11   0.20     0.37
  MONTH TO DATE    3.22                      2.49   0.73     3.90
  SINCE DEC 1      5.34                      5.89  -0.55     7.14
  SINCE JAN 1      3.22                      2.49   0.73     3.90

DEGREE DAYS
 HEATING
  TODAY           24                        38    -14       25
  MONTH TO DATE 1053                       874    179      832
  SINCE DEC 1   2341                      2095    246     2000
  SINCE JUL 1   3875                      3930    -55     3388

 COOLING
  TODAY            0                         0      0        0
  MONTH TO DATE    0                         0      0        0
  SINCE DEC 1      0                         0      0        0
  SINCE JAN 1      0                         0      0        0
..................................................................


WIND (MPH)
  HIGHEST WIND SPEED    21   HIGHEST WIND DIRECTION     W (270)
  HIGHEST GUST SPEED    31   HIGHEST GUST DIRECTION     S (200)
  AVERAGE WIND SPEED    10.3


SKY COVER
  POSSIBLE SUNSHINE  MM
  AVERAGE SKY COVER 0.9


WEATHER CONDITIONS
 THE FOLLOWING WEATHER WAS RECORDED TODAY.
  RAIN
  LIGHT RAIN
  LIGHT SNOW
  FOG


RELATIVE HUMIDITY (PERCENT)
 HIGHEST   100           700 AM
 LOWEST     62          1200 PM
 AVERAGE    81

..........................................................


THE BRADFORD CLIMATE NORMALS FOR TOMORROW
                         NORMAL    RECORD    YEAR
 MAXIMUM TEMPERATURE (F)   29        53      1967
 MINIMUM TEMPERATURE (F)   14       -21      1963


SUNRISE AND SUNSET
JANUARY 23 2018.......SUNRISE   735 AM EST   SUNSET   519 PM EST
JANUARY 24 2018.......SUNRISE   734 AM EST   SUNSET   520 PM EST


-  INDICATES NEGATIVE NUMBERS.
R  INDICATES RECORD WAS SET OR TIED.
MM INDICATES DATA IS MISSING.
T  INDICATES TRACE AMOUNT.




$$
