000
CDUS41 KCTP 260619
CLIBFD


CLIMATE REPORT
NATIONAL WEATHER SERVICE STATE COLLEGE PA
119 AM EST SUN FEB 26 2017


...................................

...THE BRADFORD CLIMATE SUMMARY FOR FEBRUARY 25 2017...

CLIMATE NORMAL PERIOD 1981 TO 2010
CLIMATE RECORD PERIOD 1957 TO 2017


WEATHER ITEM   OBSERVED TIME   RECORD YEAR NORMAL DEPARTURE LAST
                VALUE   (LST)  VALUE       VALUE  FROM      YEAR
                                                  NORMAL
..................................................................
TEMPERATURE (F)
 YESTERDAY
  MAXIMUM         60   1225 AM  62    2001  35     25       45
  MINIMUM         24   1159 PM  -5    1963  16      8       21
  AVERAGE         42                        25     17       33

PRECIPITATION (IN)
  YESTERDAY        0.44          1.57 1961   0.09   0.35     0.21
  MONTH TO DATE    2.51                      2.07   0.44     3.29
  SINCE DEC 1     10.32                      8.76   1.56     9.24
  SINCE JAN 1      7.08                      5.36   1.72     4.44

DEGREE DAYS
 HEATING
  YESTERDAY       23                        34    -11       32
  MONTH TO DATE  803                       902    -99      981
  SINCE DEC 1   3105                      3478   -373     3088
  SINCE JUL 1   4493                      5313   -820     4568

 COOLING
  YESTERDAY        0                         0      0        0
  MONTH TO DATE    0                         0      0        0
  SINCE DEC 1      0                         0      0        0
  SINCE JAN 1      0                         0      0        0
..................................................................


WIND (MPH)
  HIGHEST WIND SPEED    24   HIGHEST WIND DIRECTION     W (270)
  HIGHEST GUST SPEED    34   HIGHEST GUST DIRECTION     W (260)
  AVERAGE WIND SPEED    12.6


SKY COVER
  POSSIBLE SUNSHINE  MM
  AVERAGE SKY COVER 0.9


WEATHER CONDITIONS
 THE FOLLOWING WEATHER WAS RECORDED YESTERDAY.
  HEAVY RAIN
  RAIN
  LIGHT RAIN
  SNOW
  LIGHT SNOW
  FOG


RELATIVE HUMIDITY (PERCENT)
 HIGHEST    96          1200 PM
 LOWEST     67          1200 AM
 AVERAGE    82

..........................................................


THE BRADFORD CLIMATE NORMALS FOR TODAY
                         NORMAL    RECORD    YEAR
 MAXIMUM TEMPERATURE (F)   35        55      1976
 MINIMUM TEMPERATURE (F)   16       -16      1963


SUNRISE AND SUNSET
FEBRUARY 26 2017......SUNRISE   654 AM EST   SUNSET   602 PM EST
FEBRUARY 27 2017......SUNRISE   652 AM EST   SUNSET   603 PM EST


-  INDICATES NEGATIVE NUMBERS.
R  INDICATES RECORD WAS SET OR TIED.
MM INDICATES DATA IS MISSING.
T  INDICATES TRACE AMOUNT.




$$
