000
CDUS45 KCYS 022127
CLIBFF


CLIMATE REPORT
NATIONAL WEATHER SERVICE CHEYENNE WY
326 PM MDT SUN AUG 2 2015


...................................

...THE SCOTTSBLUFF NE AIRPORT CLIMATE SUMMARY FOR AUGUST 2 2015...
VALID AS OF 0300 PM LOCAL TIME.

CLIMATE NORMAL PERIOD 1981 TO 2010
CLIMATE RECORD PERIOD 1871 TO 2015


WEATHER ITEM   OBSERVED TIME   RECORD YEAR NORMAL DEPARTURE LAST
                VALUE   (LST)  VALUE       VALUE  FROM      YEAR
                                                  NORMAL
..................................................................
TEMPERATURE (F)
 TODAY
  MAXIMUM         94   1243 PM 104    1938  90      4       94
                                      1924
  MINIMUM         59    510 AM  47    1934  59      0       55
  AVERAGE         77                        74      3       75

PRECIPITATION (IN)
  TODAY            0.00          1.00 1897   0.06  -0.06      T
  MONTH TO DATE    T                         0.11  -0.11      T
  SINCE JUN 1      6.07                      4.79   1.28     3.23
  SINCE JAN 1     18.23                     11.11   7.12    10.38

SNOWFALL (IN)
  TODAY            0.0          MM      MM   0.0    0.0      0.0
  MONTH TO DATE    0.0                       0.0    0.0      0.0
  SINCE JUL 1      0.0                       0.0    0.0      0.0
  SNOW DEPTH       0

DEGREE DAYS
 HEATING
  TODAY            0                         0      0        0
  MONTH TO DATE    0                         0      0        0
  SINCE JUN 1      9                        66    -57       60
  SINCE JUL 1      6                         6      0        7

 COOLING
  TODAY           12                         9      3       10
  MONTH TO DATE   27                        18      9       16
  SINCE JUN 1    459                       431     28      393
  SINCE JAN 1    459                       454      5      420
..................................................................


WIND (MPH)
  HIGHEST WIND SPEED    20   HIGHEST WIND DIRECTION     N (340)
  HIGHEST GUST SPEED    25   HIGHEST GUST DIRECTION     N (340)
  AVERAGE WIND SPEED     3.2


SKY COVER
  AVERAGE SKY COVER 0.0


WEATHER CONDITIONS
 THE FOLLOWING WEATHER WAS RECORDED TODAY.
  NO SIGNIFICANT WEATHER WAS OBSERVED.


RELATIVE HUMIDITY (PERCENT)
 HIGHEST    87           400 AM
 LOWEST     28           100 PM
 AVERAGE    58

..........................................................


THE SCOTTSBLUFF NE AIRPORT CLIMATE NORMALS FOR TOMORROW
                         NORMAL    RECORD    YEAR
 MAXIMUM TEMPERATURE (F)   90       104      1934
 MINIMUM TEMPERATURE (F)   59        42      1974


SUNRISE AND SUNSET
AUGUST  2 2015........SUNRISE   549 AM MDT   SUNSET   812 PM MDT
AUGUST  3 2015........SUNRISE   550 AM MDT   SUNSET   811 PM MDT


-  INDICATES NEGATIVE NUMBERS.
R  INDICATES RECORD WAS SET OR TIED.
MM INDICATES DATA IS MISSING.
T  INDICATES TRACE AMOUNT.




$$
