000
CDUS45 KCYS 160731
CLIBFF


CLIMATE REPORT
NATIONAL WEATHER SERVICE CHEYENNE WY
130 AM MDT WED APR 16 2014


...................................

...THE SCOTTSBLUFF NEBRASKA AIRPORT CLIMATE SUMMARY FOR APRIL 15 2014...

CLIMATE NORMAL PERIOD 1981 TO 2010
CLIMATE RECORD PERIOD 1871 TO 2014


WEATHER ITEM   OBSERVED TIME   RECORD YEAR NORMAL DEPARTURE LAST
                VALUE   (LST)  VALUE       VALUE  FROM      YEAR
                                                  NORMAL
..................................................................
TEMPERATURE (F)
 YESTERDAY
  MAXIMUM         66    403 PM  87    1985  61      5       35
  MINIMUM         21    453 AM  15    1961  32    -11       24
                                      1911
  AVERAGE         44                        46     -2       30

PRECIPITATION (IN)
  YESTERDAY        0.00          1.31 1977   0.07  -0.07     0.03
  MONTH TO DATE    0.09                      0.85  -0.76     1.47
  SINCE JAN 1      2.54                      2.86  -0.32     2.22

SNOWFALL (IN)
  YESTERDAY        0.0           2.0  1947   0.2   -0.2      0.3
  MONTH TO DATE    1.1                       3.4   -2.3     12.2
  SINCE JUL 1     61.5                      39.6   21.9     35.1
  SNOW DEPTH       0

DEGREE DAYS
 HEATING
  YESTERDAY       21                        19      2       35
  MONTH TO DATE  306                       312     -6      380
  SINCE MAR 1   1136                      1141     -5     1197
  SINCE JUL 1   6169                      6053    116     5718

 COOLING
  YESTERDAY        0                         0      0        0
  MONTH TO DATE    0                         0      0        0
  SINCE MAR 1      0                         0      0        0
  SINCE JAN 1      0                         0      0        0
..................................................................


WIND (MPH)
  HIGHEST WIND SPEED    37   HIGHEST WIND DIRECTION     W (250)
  HIGHEST GUST SPEED    50   HIGHEST GUST DIRECTION     W (250)
  AVERAGE WIND SPEED    14.0


SKY COVER
  AVERAGE SKY COVER 0.2


WEATHER CONDITIONS
 THE FOLLOWING WEATHER WAS RECORDED YESTERDAY.
  NO SIGNIFICANT WEATHER WAS OBSERVED.


RELATIVE HUMIDITY (PERCENT)
 HIGHEST    84           300 AM
 LOWEST     18           400 PM
 AVERAGE    51

..........................................................


THE SCOTTSBLUFF NEBRASKA AIRPORT CLIMATE NORMALS FOR TODAY
                         NORMAL    RECORD    YEAR
 MAXIMUM TEMPERATURE (F)   61        87      1926
 MINIMUM TEMPERATURE (F)   32        10      1951


SUNRISE AND SUNSET
APRIL 16 2014.........SUNRISE   613 AM MDT   SUNSET   736 PM MDT
APRIL 17 2014.........SUNRISE   611 AM MDT   SUNSET   738 PM MDT


-  INDICATES NEGATIVE NUMBERS.
R  INDICATES RECORD WAS SET OR TIED.
MM INDICATES DATA IS MISSING.
T  INDICATES TRACE AMOUNT.




$$
