000
CDUS46 KHNX 200824
CLIBFL


CLIMATE REPORT
NATIONAL WEATHER SERVICE SAN JOAQUIN VALLEY, CA
1223 AM PST SAT JAN 20 2018


...................................

...THE BAKERSFIELD CLIMATE SUMMARY FOR JANUARY 19 2018...

CLIMATE NORMAL PERIOD 1981 TO 2010
CLIMATE RECORD PERIOD 1889 TO 2018


WEATHER ITEM   OBSERVED TIME   RECORD YEAR NORMAL DEPARTURE
                VALUE   (LST)  VALUE       VALUE  FROM
                                                  NORMAL
...............................................................
TEMPERATURE (F)
 YESTERDAY
  MAXIMUM         52    501 PM  75    2014  56     -4
  MINIMUM         41   1153 PM  20    1904  39      2
  AVERAGE         47                        48     -1

PRECIPITATION (IN)
  YESTERDAY        0.15          1.57 1933   0.03   0.12
  MONTH TO DATE    0.96                      0.71   0.25
  SINCE OCT 1      1.03                      2.67  -1.64
  SINCE JAN 1      0.96                      0.71   0.25

SNOWFALL (IN)
  YESTERDAY       MM
  MONTH TO DATE    0.0
  SINCE DEC 1      0.0
  SINCE JUL 1      0.0
  SNOW DEPTH       0

DEGREE DAYS
 HEATING
  YESTERDAY       18                                1
  MONTH TO DATE  170                             -168
  SINCE DEC 1    629                             -242
  SINCE JUL 1    806                             -423

 COOLING
  YESTERDAY        0                                0
  MONTH TO DATE    0                                0
  SINCE DEC 1      0                                0
  SINCE JAN 1      0                                0
...............................................................


WIND (MPH)
  HIGHEST WIND SPEED    18   HIGHEST WIND DIRECTION    NW (320)
  HIGHEST GUST SPEED    21   HIGHEST GUST DIRECTION    NW (320)
  AVERAGE WIND SPEED     6.6




RELATIVE HUMIDITY (PERCENT)
 HIGHEST    93
 LOWEST     77
 AVERAGE    85

..........................................................


THE BAKERSFIELD CLIMATE NORMALS FOR TODAY
                         NORMAL    RECORD    YEAR
 MAXIMUM TEMPERATURE (F)   57        77      1912
 MINIMUM TEMPERATURE (F)   39        21      1922


SUNRISE AND SUNSET
JANUARY 20 2018.......SUNRISE   703 AM PST   SUNSET   512 PM PST
JANUARY 21 2018.......SUNRISE   702 AM PST   SUNSET   513 PM PST


-  INDICATES NEGATIVE NUMBERS.
R  INDICATES RECORD WAS SET OR TIED.
MM INDICATES DATA IS MISSING.
T  INDICATES TRACE AMOUNT.




$$
