000
CDUS46 KHNX 230021
CLIBFL


CLIMATE REPORT
NATIONAL WEATHER SERVICE SAN JOAQUIN VALLEY, CA
521 PM PDT FRI MAY 22 2015


...................................

...THE BAKERSFIELD CLIMATE SUMMARY FOR MAY 22 2015...
VALID AS OF 0500 PM LOCAL TIME.

CLIMATE NORMAL PERIOD 1981 TO 2010
CLIMATE RECORD PERIOD 1889 TO 2015


WEATHER ITEM   OBSERVED TIME   RECORD YEAR NORMAL DEPARTURE LAST
                VALUE   (LST)  VALUE       VALUE  FROM      YEAR
                                                  NORMAL
..................................................................
TEMPERATURE (F)
 TODAY
  MAXIMUM         68    359 PM 102    2001  85    -17       85
                                      2000
                                      1967
  MINIMUM         55    819 AM  36    1903  59     -4       61
  AVERAGE         62                        72    -10       73

PRECIPITATION (IN)
  TODAY            0.30R         0.04 1958   0.01   0.29      T
  MONTH TO DATE    0.56                      0.15   0.41     0.04
  SINCE OCT 1      5.17                      6.24  -1.07     2.41
  SINCE JAN 1      2.50                      4.28  -1.78     1.34

SNOWFALL (IN)
  TODAY            0.0
  MONTH TO DATE    0.0
  SINCE MAR 1      0.0
  SINCE JUL 1      0.0
  SNOW DEPTH       0

DEGREE DAYS
 HEATING
  TODAY            3                         1      2        0
  MONTH TO DATE   19                        28     -9        6
  SINCE MAR 1    172                       396   -224      180
  SINCE JUL 1   1307                      2170   -863     1508

 COOLING
  TODAY            0                         8     -8        8
  MONTH TO DATE   80                       126    -46      168
  SINCE MAR 1    242                       192     50      322
  SINCE JAN 1    246                       192     54      331
..................................................................


WIND (MPH)
  HIGHEST WIND SPEED    13   HIGHEST WIND DIRECTION    NW (330)
  HIGHEST GUST SPEED    15   HIGHEST GUST DIRECTION    NW (310)
  AVERAGE WIND SPEED     5.6




RELATIVE HUMIDITY (PERCENT)
 HIGHEST    86
 LOWEST     55
 AVERAGE    71

..........................................................


THE BAKERSFIELD CLIMATE NORMALS FOR TOMORROW
                         NORMAL    RECORD    YEAR
 MAXIMUM TEMPERATURE (F)   85       107      1904
 MINIMUM TEMPERATURE (F)   59        44      1903


SUNRISE AND SUNSET
MAY 22 2015...........SUNRISE   547 AM PDT   SUNSET   759 PM PDT
MAY 23 2015...........SUNRISE   546 AM PDT   SUNSET   800 PM PDT


-  INDICATES NEGATIVE NUMBERS.
R  INDICATES RECORD WAS SET OR TIED.
MM INDICATES DATA IS MISSING.
T  INDICATES TRACE AMOUNT.




$$
