000
CDUS46 KHNX 240026
CLIBFL


CLIMATE REPORT
NATIONAL WEATHER SERVICE SAN JOAQUIN VALLEY, CA
526 PM PDT SAT SEP 23 2017


...................................

...THE BAKERSFIELD CLIMATE SUMMARY FOR SEPTEMBER 23 2017...
VALID AS OF 0400 PM LOCAL TIME.

CLIMATE NORMAL PERIOD 1981 TO 2010
CLIMATE RECORD PERIOD 1889 TO 2017


WEATHER ITEM   OBSERVED TIME   RECORD YEAR NORMAL DEPARTURE LAST
                VALUE   (LST)  VALUE       VALUE  FROM      YEAR
                                                  NORMAL
..................................................................
TEMPERATURE (F)
 TODAY
  MAXIMUM         78        MM 107    1943  88    -10       80
  MINIMUM         55        MM  31    1903  62     -7       56
  AVERAGE         67                        75     -8       68

PRECIPITATION (IN)
  TODAY            0.00          0.60 1908   0.00   0.00     0.00
  MONTH TO DATE    0.52                      0.05   0.47     0.00
  SINCE OCT 1      8.34                      6.44   1.90     5.43
  SINCE JAN 1      5.31                      4.48   0.83     4.10

SNOWFALL (IN)
  TODAY            0.0
  MONTH TO DATE    0.0
  SINCE SEP 1      0.0
  SINCE JUL 1      0.0
  SNOW DEPTH       0

DEGREE DAYS
 HEATING
  TODAY            0                         0      0        0
  MONTH TO DATE    1                         0      1        0
  SINCE SEP 1      1                         0      1        0
  SINCE JUL 1      1                         0      1        0

 COOLING
  TODAY            2                        10     -8        3
  MONTH TO DATE  363                       297     66      303
  SINCE SEP 1    363                       297     66      303
  SINCE JAN 1   2731                      2065    666     2496
..................................................................


WIND (MPH)
  HIGHEST WIND SPEED     9   HIGHEST WIND DIRECTION     N (340)
  HIGHEST GUST SPEED    MM   HIGHEST GUST DIRECTION    MM
  AVERAGE WIND SPEED     5.2




RELATIVE HUMIDITY (PERCENT)
 HIGHEST    55
 LOWEST     25
 AVERAGE    40

..........................................................


THE BAKERSFIELD CLIMATE NORMALS FOR TOMORROW
                         NORMAL    RECORD    YEAR
 MAXIMUM TEMPERATURE (F)   88       103      1919
                                             1899
 MINIMUM TEMPERATURE (F)   62        35      1908


SUNRISE AND SUNSET
SEPTEMBER 23 2017.....SUNRISE   645 AM PDT   SUNSET   651 PM PDT
SEPTEMBER 24 2017.....SUNRISE   646 AM PDT   SUNSET   650 PM PDT


-  INDICATES NEGATIVE NUMBERS.
R  INDICATES RECORD WAS SET OR TIED.
MM INDICATES DATA IS MISSING.
T  INDICATES TRACE AMOUNT.




$$
