000
CDUS46 KHNX 250023
CLIBFL


CLIMATE REPORT
NATIONAL WEATHER SERVICE SAN JOAQUIN VALLEY, CA
523 PM PDT MON APR 24 2017


...................................

...THE BAKERSFIELD CLIMATE SUMMARY FOR APRIL 24 2017...
VALID AS OF 0400 PM LOCAL TIME.

CLIMATE NORMAL PERIOD 1981 TO 2010
CLIMATE RECORD PERIOD 1889 TO 2017


WEATHER ITEM   OBSERVED TIME   RECORD YEAR NORMAL DEPARTURE LAST
                VALUE   (LST)  VALUE       VALUE  FROM      YEAR
                                                  NORMAL
..................................................................
TEMPERATURE (F)
 TODAY
  MAXIMUM         76    322 PM 100    1910  77     -1       74
  MINIMUM         51    519 AM  34    1904  52     -1       52
  AVERAGE         64                        65     -1       63

PRECIPITATION (IN)
  TODAY            0.00          0.42 1915   0.02  -0.02     0.17
  MONTH TO DATE    0.35                      0.45  -0.10     0.93
  SINCE OCT 1      7.76                      6.02   1.74     4.84
  SINCE JAN 1      4.73                      4.06   0.67     3.51

SNOWFALL (IN)
  TODAY            0.0
  MONTH TO DATE    0.0
  SINCE MAR 1      0.0
  SINCE JUL 1      0.0
  SNOW DEPTH       0

DEGREE DAYS
 HEATING
  TODAY            1                         3     -2        2
  MONTH TO DATE   48                       115    -67       14
  SINCE MAR 1    220                       354   -134      154
  SINCE JUL 1   1588                      2128   -540     1672

 COOLING
  TODAY            0                         3     -3        0
  MONTH TO DATE   42                        39      3       91
  SINCE MAR 1     66                        48     18       97
  SINCE JAN 1     68                        48     20       97
..................................................................


WIND (MPH)
  HIGHEST WIND SPEED    23   HIGHEST WIND DIRECTION    NW (320)
  HIGHEST GUST SPEED    29   HIGHEST GUST DIRECTION    NW (330)
  AVERAGE WIND SPEED     8.6




RELATIVE HUMIDITY (PERCENT)
 HIGHEST    77
 LOWEST     27
 AVERAGE    52

..........................................................


THE BAKERSFIELD CLIMATE NORMALS FOR TOMORROW
                         NORMAL    RECORD    YEAR
 MAXIMUM TEMPERATURE (F)   78        97      1946
 MINIMUM TEMPERATURE (F)   52        32      1893


SUNRISE AND SUNSET
APRIL 24 2017.........SUNRISE   612 AM PDT   SUNSET   737 PM PDT
APRIL 25 2017.........SUNRISE   611 AM PDT   SUNSET   738 PM PDT


-  INDICATES NEGATIVE NUMBERS.
R  INDICATES RECORD WAS SET OR TIED.
MM INDICATES DATA IS MISSING.
T  INDICATES TRACE AMOUNT.




$$
