011
CDUS46 KHNX 180825
CLIBFL


CLIMATE REPORT
NATIONAL WEATHER SERVICE SAN JOAQUIN VALLEY, CA
1224 AM PST WED JAN 18 2017


...................................

...THE BAKERSFIELD CLIMATE SUMMARY FOR JANUARY 17 2017...

CLIMATE NORMAL PERIOD 1981 TO 2010
CLIMATE RECORD PERIOD 1889 TO 2017


WEATHER ITEM   OBSERVED TIME   RECORD YEAR NORMAL DEPARTURE
                VALUE   (LST)  VALUE       VALUE  FROM
                                                  NORMAL
...............................................................
TEMPERATURE (F)
 YESTERDAY
  MAXIMUM         62    238 PM  77    2014  56      6
  MINIMUM         34    728 AM  23    1903  39     -5
  AVERAGE         48                        48      0

PRECIPITATION (IN)
  YESTERDAY        0.00          0.47 1952   0.04  -0.04
  MONTH TO DATE    1.62                      0.64   0.98
  SINCE OCT 1      4.65                      2.60   2.05
  SINCE JAN 1      1.62                      0.64   0.98

SNOWFALL (IN)
  YESTERDAY        0.0
  MONTH TO DATE    0.0
  SINCE DEC 1      0.0
  SINCE JUL 1      0.0
  SNOW DEPTH       0

DEGREE DAYS
 HEATING
  YESTERDAY       17                                0
  MONTH TO DATE  231                              -73
  SINCE DEC 1    691                             -146
  SINCE JUL 1    896                             -299

 COOLING
  YESTERDAY        0                                0
  MONTH TO DATE    2                                2
  SINCE DEC 1      2                                2
  SINCE JAN 1      2                                2
...............................................................


WIND (MPH)
  HIGHEST WIND SPEED    14   HIGHEST WIND DIRECTION     W (270)
  HIGHEST GUST SPEED    16   HIGHEST GUST DIRECTION    NW (310)
  AVERAGE WIND SPEED     4.2




RELATIVE HUMIDITY (PERCENT)
 HIGHEST    92
 LOWEST     55
 AVERAGE    74

..........................................................


THE BAKERSFIELD CLIMATE NORMALS FOR TODAY
                         NORMAL    RECORD    YEAR
 MAXIMUM TEMPERATURE (F)   56        75      2009
                                             1998
                                             1994
 MINIMUM TEMPERATURE (F)   39        22      1893


SUNRISE AND SUNSET
JANUARY 18 2017.......SUNRISE   704 AM PST   SUNSET   510 PM PST
JANUARY 19 2017.......SUNRISE   703 AM PST   SUNSET   511 PM PST


-  INDICATES NEGATIVE NUMBERS.
R  INDICATES RECORD WAS SET OR TIED.
MM INDICATES DATA IS MISSING.
T  INDICATES TRACE AMOUNT.




$$
