000
CDUS46 KHNX 270824
CLIBFL


CLIMATE REPORT
NATIONAL WEATHER SERVICE SAN JOAQUIN VALLEY, CA
123 AM PDT SAT MAY 27 2017


...................................

...THE BAKERSFIELD CLIMATE SUMMARY FOR MAY 26 2017...

CLIMATE NORMAL PERIOD 1981 TO 2010
CLIMATE RECORD PERIOD 1889 TO 2017


WEATHER ITEM   OBSERVED TIME   RECORD YEAR NORMAL DEPARTURE
                VALUE   (LST)  VALUE       VALUE  FROM
                                                  NORMAL
...............................................................
TEMPERATURE (F)
 YESTERDAY
  MAXIMUM         77        MM 107    1951  86     -9
  MINIMUM         58        MM  40    1918  60     -2
  AVERAGE         68                        73     -5

PRECIPITATION (IN)
  YESTERDAY        0.00          0.78 1971   0.00   0.00
  MONTH TO DATE    0.05                      0.16  -0.11
  SINCE OCT 1      7.81                      6.25   1.56
  SINCE JAN 1      4.78                      4.29   0.49

SNOWFALL (IN)
  YESTERDAY        0.0
  MONTH TO DATE    0.0
  SINCE MAR 1      0.0
  SINCE JUL 1      0.0
  SNOW DEPTH       0

DEGREE DAYS
 HEATING
  YESTERDAY        0                                0
  MONTH TO DATE   23                               -7
  SINCE MAR 1    247                             -151
  SINCE JUL 1   1615                             -557

 COOLING
  YESTERDAY        3                               -5
  MONTH TO DATE  216                               58
  SINCE MAR 1    293                               69
  SINCE JAN 1    295                               71
...............................................................


WIND (MPH)
  HIGHEST WIND SPEED    12   HIGHEST WIND DIRECTION    NW (330)
  HIGHEST GUST SPEED    21   HIGHEST GUST DIRECTION     W (290)
  AVERAGE WIND SPEED     7.6




RELATIVE HUMIDITY (PERCENT)
 HIGHEST    62
 LOWEST     38
 AVERAGE    50

..........................................................


THE BAKERSFIELD CLIMATE NORMALS FOR TODAY
                         NORMAL    RECORD    YEAR
 MAXIMUM TEMPERATURE (F)   86       106      1974
 MINIMUM TEMPERATURE (F)   60        42      1917


SUNRISE AND SUNSET
MAY 27 2017...........SUNRISE   544 AM PDT   SUNSET   803 PM PDT
MAY 28 2017...........SUNRISE   544 AM PDT   SUNSET   804 PM PDT


-  INDICATES NEGATIVE NUMBERS.
R  INDICATES RECORD WAS SET OR TIED.
MM INDICATES DATA IS MISSING.
T  INDICATES TRACE AMOUNT.




$$
