903
CDUS46 KHNX 200824
CLIBFL


CLIMATE REPORT
NATIONAL WEATHER SERVICE SAN JOAQUIN VALLEY, CA
1223 AM PST MON NOV 20 2017


...................................

...THE BAKERSFIELD CLIMATE SUMMARY FOR NOVEMBER 19 2017...

CLIMATE NORMAL PERIOD 1981 TO 2010
CLIMATE RECORD PERIOD 1889 TO 2017


WEATHER ITEM   OBSERVED TIME   RECORD YEAR NORMAL DEPARTURE
                VALUE   (LST)  VALUE       VALUE  FROM
                                                  NORMAL
...............................................................
TEMPERATURE (F)
 YESTERDAY
  MAXIMUM         68    308 PM  89    1917  64      4
  MINIMUM         42    636 AM  28    1994  43     -1
                                      1921
                                      1906
  AVERAGE         55                        54      1

PRECIPITATION (IN)
  YESTERDAY        0.00          0.54 1967   0.02  -0.02
  MONTH TO DATE    0.03                      0.38  -0.35
  SINCE OCT 1      0.03                      0.68  -0.65
  SINCE JAN 1      5.34                      5.19   0.15

SNOWFALL (IN)
  YESTERDAY        0.0
  MONTH TO DATE    0.0
  SINCE SEP 1      0.0
  SINCE JUL 1      0.0
  SNOW DEPTH       0

DEGREE DAYS
 HEATING
  YESTERDAY       10                               -1
  MONTH TO DATE   90                              -64
  SINCE SEP 1    119                              -93
  SINCE JUL 1    119                              -93

 COOLING
  YESTERDAY        0                                0
  MONTH TO DATE    6                                3
  SINCE SEP 1    576                               87
  SINCE JAN 1   2944                              687
...............................................................


WIND (MPH)
  HIGHEST WIND SPEED    12   HIGHEST WIND DIRECTION     W (280)
  HIGHEST GUST SPEED    15   HIGHEST GUST DIRECTION    NW (310)
  AVERAGE WIND SPEED     3.5




RELATIVE HUMIDITY (PERCENT)
 HIGHEST    89
 LOWEST     45
 AVERAGE    67

..........................................................


THE BAKERSFIELD CLIMATE NORMALS FOR TODAY
                         NORMAL    RECORD    YEAR
 MAXIMUM TEMPERATURE (F)   64        83      1926
 MINIMUM TEMPERATURE (F)   43        27      1906
                                             1905


SUNRISE AND SUNSET
NOVEMBER 20 2017......SUNRISE   637 AM PST   SUNSET   447 PM PST
NOVEMBER 21 2017......SUNRISE   638 AM PST   SUNSET   446 PM PST


-  INDICATES NEGATIVE NUMBERS.
R  INDICATES RECORD WAS SET OR TIED.
MM INDICATES DATA IS MISSING.
T  INDICATES TRACE AMOUNT.




$$
