000
CDUS46 KHNX 230827
CLIBFL


CLIMATE REPORT
NATIONAL WEATHER SERVICE SAN JOAQUIN VALLEY, CA
127 AM PDT WED APR 23 2014


...................................

...THE BAKERSFIELD CLIMATE SUMMARY FOR APRIL 22 2014...

CLIMATE NORMAL PERIOD 1981 TO 2010
CLIMATE RECORD PERIOD 1889 TO 2014


WEATHER ITEM   OBSERVED TIME   RECORD YEAR NORMAL DEPARTURE
                VALUE   (LST)  VALUE       VALUE  FROM
                                                  NORMAL
...............................................................
TEMPERATURE (F)
 YESTERDAY
  MAXIMUM         73    337 PM  98    2012  77     -4
  MINIMUM         52   1159 PM  34    1920  52      0
  AVERAGE         63                        64     -1

PRECIPITATION (IN)
  YESTERDAY        0.00          0.15 1915   0.02  -0.02
  MONTH TO DATE    0.14                      0.42  -0.28
  SINCE JUL 1      2.01                      6.11  -4.10
  SINCE JAN 1      0.94                      4.03  -3.09

SNOWFALL (IN)
  YESTERDAY        0.0
  MONTH TO DATE    0.0
  SINCE MAR 1      0.0
  SINCE JUL 1      0.0
  SNOW DEPTH       0

DEGREE DAYS
 HEATING
  YESTERDAY        2                               -1
  MONTH TO DATE   46                              -63
  SINCE MAR 1    146                             -202
  SINCE JUL 1   1474                             -648

 COOLING
  YESTERDAY        0                               -2
  MONTH TO DATE  117                               84
  SINCE MAR 1    137                               95
  SINCE JAN 1    146                              104
...............................................................


WIND (MPH)
  HIGHEST WIND SPEED    25   HIGHEST WIND DIRECTION    NW (320)
  HIGHEST GUST SPEED    31   HIGHEST GUST DIRECTION    NW (320)
  AVERAGE WIND SPEED    11.5




RELATIVE HUMIDITY (PERCENT)
 HIGHEST    44
 LOWEST     16
 AVERAGE    30

..........................................................


THE BAKERSFIELD CLIMATE NORMALS FOR TODAY
                         NORMAL    RECORD    YEAR
 MAXIMUM TEMPERATURE (F)   77       100      1910
 MINIMUM TEMPERATURE (F)   52        33      1904


SUNRISE AND SUNSET
APRIL 23 2014.........SUNRISE   614 AM PDT   SUNSET   736 PM PDT
APRIL 24 2014.........SUNRISE   612 AM PDT   SUNSET   737 PM PDT


-  INDICATES NEGATIVE NUMBERS.
R  INDICATES RECORD WAS SET OR TIED.
MM INDICATES DATA IS MISSING.
T  INDICATES TRACE AMOUNT.




$$
