000
CDUS46 KHNX 280821
CLIBFL


CLIMATE REPORT
NATIONAL WEATHER SERVICE SAN JOAQUIN VALLEY, CA
1221 AM PST WED JAN 28 2015


...................................

...THE BAKERSFIELD CLIMATE SUMMARY FOR JANUARY 27 2015...

CLIMATE NORMAL PERIOD 1981 TO 2010
CLIMATE RECORD PERIOD 1889 TO 2015


WEATHER ITEM   OBSERVED TIME   RECORD YEAR NORMAL DEPARTURE
                VALUE   (LST)  VALUE       VALUE  FROM
                                                  NORMAL
...............................................................
TEMPERATURE (F)
 YESTERDAY
  MAXIMUM         67    244 PM  75    1928  58      9
  MINIMUM         49   1159 PM  24    1904  40      9
  AVERAGE         58                        49      9

PRECIPITATION (IN)
  YESTERDAY        0.04          1.01 1983   0.04   0.00
  MONTH TO DATE    0.69                      1.00  -0.31
  SINCE OCT 1      3.36                      2.96   0.40
  SINCE JAN 1      0.69                      1.00  -0.31

SNOWFALL (IN)
  YESTERDAY        0.0
  MONTH TO DATE    0.0
  SINCE DEC 1      0.0
  SINCE JUL 1      0.0
  SNOW DEPTH       0

DEGREE DAYS
 HEATING
  YESTERDAY        7                               -9
  MONTH TO DATE  410                              -61
  SINCE DEC 1    755                             -249
  SINCE JUL 1    929                             -433

 COOLING
  YESTERDAY        0                                0
  MONTH TO DATE    0                                0
  SINCE DEC 1      0                                0
  SINCE JAN 1      0                                0
...............................................................


WIND (MPH)
  HIGHEST WIND SPEED    12   HIGHEST WIND DIRECTION    NW (320)
  HIGHEST GUST SPEED    15   HIGHEST GUST DIRECTION     E (70)
  AVERAGE WIND SPEED     5.4




RELATIVE HUMIDITY (PERCENT)
 HIGHEST    93
 LOWEST     52
 AVERAGE    73

..........................................................


THE BAKERSFIELD CLIMATE NORMALS FOR TODAY
                         NORMAL    RECORD    YEAR
 MAXIMUM TEMPERATURE (F)   58        77      1988
 MINIMUM TEMPERATURE (F)   40        27      1957
                                             1923


SUNRISE AND SUNSET
JANUARY 28 2015.......SUNRISE   659 AM PST   SUNSET   520 PM PST
JANUARY 29 2015.......SUNRISE   658 AM PST   SUNSET   521 PM PST


-  INDICATES NEGATIVE NUMBERS.
R  INDICATES RECORD WAS SET OR TIED.
MM INDICATES DATA IS MISSING.
T  INDICATES TRACE AMOUNT.




$$
