000
CDUS44 KAMA 290634
CLIBGD


CLIMATE REPORT
NATIONAL WEATHER SERVICE AMARILLO TX
130 AM CDT WED JUL 29 2015


...................................

...THE BORGER CLIMATE SUMMARY FOR JULY 28 2015...

CLIMATE NORMAL PERIOD 1981 TO 2013
CLIMATE RECORD PERIOD 1949 TO 2015


WEATHER ITEM   OBSERVED TIME   RECORD YEAR NORMAL DEPARTURE LAST
                VALUE   (LST)  VALUE       VALUE  FROM      YEAR
                                                  NORMAL
..................................................................
TEMPERATURE (F)
 YESTERDAY
  MAXIMUM         98    512 PM 105    1986  94      4       77
  MINIMUM         69   1116 PM  57    1994  70     -1       63
  AVERAGE         84                        82      2       70

PRECIPITATION (IN)
  YESTERDAY        0.90          2.08 1950   0.10   0.80     0.64
  MONTH TO DATE    8.29                      2.21   6.08     3.16
  SINCE JUN 1     13.44                      5.38   8.06     4.90
  SINCE JAN 1     28.96                     12.43  16.53     7.02

SNOWFALL (IN)
  YESTERDAY        0.0           T    1950                   0.0
  MONTH TO DATE    0.0                                       0.0
  SINCE JUN 1      0.0                                       0.0
  SINCE JUL 1      0.0                                       0.0
  SNOW DEPTH       0

DEGREE DAYS
 HEATING
  YESTERDAY        0                         0      0        0
  MONTH TO DATE    0                         0      0        1
  SINCE JUN 1      0                         3     -3        4
  SINCE JUL 1      0                         0      0        1

 COOLING
  YESTERDAY       19                        17      2        5
  MONTH TO DATE  465                       471     -6      448
  SINCE JUN 1    878                       829     49      855
  SINCE JAN 1   1002                      1026    -24     1169
..................................................................


WIND (MPH)
  RESULTANT WIND SPEED   4   RESULTANT WIND DIRECTION  SW (210)
  HIGHEST WIND SPEED    25   HIGHEST WIND DIRECTION     N (360)
  HIGHEST GUST SPEED    33   HIGHEST GUST DIRECTION     N (350)
  AVERAGE WIND SPEED     9.5


SKY COVER
  AVERAGE SKY COVER 0.1


WEATHER CONDITIONS
 THE FOLLOWING WEATHER WAS RECORDED YESTERDAY.
  THUNDERSTORM
  HEAVY RAIN
  RAIN
  LIGHT RAIN
  FOG


RELATIVE HUMIDITY (PERCENT)
 HIGHEST    97          1100 PM
 LOWEST     29           400 PM
 AVERAGE    63

..........................................................


THE BORGER CLIMATE NORMALS FOR TODAY
                         NORMAL    RECORD    YEAR
 MAXIMUM TEMPERATURE (F)   94       105      2012
 MINIMUM TEMPERATURE (F)   70        59      1991


SUNRISE AND SUNSET
JULY 29 2015..........SUNRISE   651 AM CDT   SUNSET   853 PM CDT
JULY 30 2015..........SUNRISE   652 AM CDT   SUNSET   852 PM CDT


-  INDICATES NEGATIVE NUMBERS.
R  INDICATES RECORD WAS SET OR TIED.
MM INDICATES DATA IS MISSING.
T  INDICATES TRACE AMOUNT.




$$
