000
CDUS44 KAMA 192237
CLIBGD


CLIMATE REPORT
NATIONAL WEATHER SERVICE AMARILLO TX
435 PM CST FRI DEC 19 2014


...................................

...THE BORGER CLIMATE SUMMARY FOR DECEMBER 19 2014...
VALID TODAY AS OF 0400 PM LOCAL TIME.

CLIMATE NORMAL PERIOD 1981 TO 2013
CLIMATE RECORD PERIOD 1949 TO 2014


WEATHER ITEM   OBSERVED TIME   RECORD YEAR NORMAL DEPARTURE LAST
                VALUE   (LST)  VALUE       VALUE  FROM      YEAR
                                                  NORMAL
..................................................................
TEMPERATURE (F)
 TODAY
  MAXIMUM         42    428 PM  73    2013  49     -7       73
  MINIMUM         36    414 AM   1    1996  26     10       47
  AVERAGE         39                        38      1       60

PRECIPITATION (IN)
  TODAY            0.00          0.95 2011   0.03  -0.03     0.00
  MONTH TO DATE    0.13                      0.36  -0.23      T
  SINCE DEC 1      0.13                      0.36  -0.23      T
  SINCE JAN 1     10.77                     21.31 -10.54    14.93

SNOWFALL (IN)
  TODAY            0.0          MM      MM                   0.0
  MONTH TO DATE    0.0                                        T
  SINCE DEC 1      0.0                                        T
  SINCE JUL 1      1.9                                       3.8
  SNOW DEPTH       0

DEGREE DAYS
 HEATING
  TODAY           26                        27     -1        5
  MONTH TO DATE  369                       486   -117      493
  SINCE DEC 1    369                       486   -117      493
  SINCE JUL 1   1054                      1203   -149     1207

 COOLING
  TODAY            0                         0      0        0
  MONTH TO DATE    0                         0      0        0
  SINCE DEC 1      0                         0      0        0
  SINCE JAN 1   2053                      1839    214     2220
..................................................................


WIND (MPH)
  RESULTANT WIND SPEED   2   RESULTANT WIND DIRECTION   S (180)
  HIGHEST WIND SPEED     8   HIGHEST WIND DIRECTION    SW (210)
  HIGHEST GUST SPEED    11   HIGHEST GUST DIRECTION    SW (230)
  AVERAGE WIND SPEED     3.8


SKY COVER
  AVERAGE SKY COVER 1.0


WEATHER CONDITIONS
 THE FOLLOWING WEATHER WAS RECORDED TODAY.
  FOG
  HAZE


RELATIVE HUMIDITY (PERCENT)
 HIGHEST    92           100 PM
 LOWEST     76          1200 AM
 AVERAGE    84

..........................................................


THE BORGER CLIMATE NORMALS FOR TOMORROW
                         NORMAL    RECORD    YEAR
 MAXIMUM TEMPERATURE (F)   49        72      1954
 MINIMUM TEMPERATURE (F)   26         6      1983


SUNRISE AND SUNSET
DECEMBER 19 2014......SUNRISE   750 AM CST   SUNSET   535 PM CST
DECEMBER 20 2014......SUNRISE   751 AM CST   SUNSET   535 PM CST


-  INDICATES NEGATIVE NUMBERS.
R  INDICATES RECORD WAS SET OR TIED.
MM INDICATES DATA IS MISSING.
T  INDICATES TRACE AMOUNT.




$$
