000
CDUS44 KAMA 210726
CLIBGD


CLIMATE REPORT
NATIONAL WEATHER SERVICE AMARILLO TX
125 AM CST TUE FEB 21 2017


...................................

...THE BORGER CLIMATE SUMMARY FOR FEBRUARY 20 2017...

CLIMATE NORMAL PERIOD 1981 TO 2010
CLIMATE RECORD PERIOD 1949 TO 2017


WEATHER ITEM   OBSERVED TIME   RECORD YEAR NORMAL DEPARTURE LAST
                VALUE   (LST)  VALUE       VALUE  FROM      YEAR
                                                  NORMAL
..................................................................
TEMPERATURE (F)
 YESTERDAY
  MAXIMUM         70    451 PM  84    1981  56     14       77
  MINIMUM         43    645 AM   6    1955  30     13       48
  AVERAGE         57                        43     14       63

PRECIPITATION (IN)
  YESTERDAY        0.00          0.68 1990   0.02  -0.02     0.00
  MONTH TO DATE    0.37                      0.47  -0.10     0.23
  SINCE DEC 1      3.70                      1.83   1.87     1.65
  SINCE JAN 1      3.48                      1.06   2.42     0.51

SNOWFALL (IN)
  YESTERDAY        0.0           3.5  1969                   0.0
  MONTH TO DATE    T                                         0.0
  SINCE DEC 1      0.1                                       5.4
  SINCE JUL 1      0.1                                       6.2
  SNOW DEPTH       0

DEGREE DAYS
 HEATING
  YESTERDAY        8                        22    -14        2
  MONTH TO DATE  321                       473   -152      339
  SINCE DEC 1   1850                      2108   -258     1780
  SINCE JUL 1   2223                      2825   -602     2352

 COOLING
  YESTERDAY        0                         0      0        0
  MONTH TO DATE   14                         0     14        6
  SINCE DEC 1     14                         0     14        6
  SINCE JAN 1     14                         0     14        6
..................................................................


WIND (MPH)
  RESULTANT WIND SPEED   9   RESULTANT WIND DIRECTION  NW (330)
  HIGHEST WIND SPEED    32   HIGHEST WIND DIRECTION     N (350)
  HIGHEST GUST SPEED    40   HIGHEST GUST DIRECTION     N (350)
  AVERAGE WIND SPEED    14.8


SKY COVER
  AVERAGE SKY COVER 0.0


WEATHER CONDITIONS
 THE FOLLOWING WEATHER WAS RECORDED YESTERDAY.
  NO SIGNIFICANT WEATHER WAS OBSERVED.


RELATIVE HUMIDITY (PERCENT)
 HIGHEST    65           600 AM
 LOWEST      8           200 PM
 AVERAGE    37

..........................................................


THE BORGER CLIMATE NORMALS FOR TODAY
                         NORMAL    RECORD    YEAR
 MAXIMUM TEMPERATURE (F)   56        80      1996
 MINIMUM TEMPERATURE (F)   31         7      1978


SUNRISE AND SUNSET
FEBRUARY 21 2017......SUNRISE   725 AM CST   SUNSET   634 PM CST
FEBRUARY 22 2017......SUNRISE   724 AM CST   SUNSET   635 PM CST


-  INDICATES NEGATIVE NUMBERS.
R  INDICATES RECORD WAS SET OR TIED.
MM INDICATES DATA IS MISSING.
T  INDICATES TRACE AMOUNT.




$$
