000
CDUS44 KAMA 290655
CLIBGD


CLIMATE REPORT
NATIONAL WEATHER SERVICE AMARILLO TX
155 AM CDT THU JUN 29 2017


...................................

...THE BORGER CLIMATE SUMMARY FOR JUNE 28 2017...

CLIMATE NORMAL PERIOD 1981 TO 2010
CLIMATE RECORD PERIOD 1949 TO 2017


WEATHER ITEM   OBSERVED TIME   RECORD YEAR NORMAL DEPARTURE LAST
                VALUE   (LST)  VALUE       VALUE  FROM      YEAR
                                                  NORMAL
..................................................................
TEMPERATURE (F)
 YESTERDAY
  MAXIMUM        101    502 PM 107    2012  92      9       97
                                      1998
  MINIMUM         74    637 AM  56    1992  67      7       68
  AVERAGE         88                        80      8       83

PRECIPITATION (IN)
  YESTERDAY        0.00          1.60 2000   0.09  -0.09     0.00
  MONTH TO DATE    0.44                      3.01  -2.57     1.13
  SINCE JUN 1      0.44                      3.01  -2.57     1.13
  SINCE JAN 1     11.59                     10.06   1.53    10.00

SNOWFALL (IN)
  YESTERDAY        0.0           0.0  2013                   0.0
                                      2012
                                      2011
  MONTH TO DATE    0.0                                       0.0
  SINCE JUN 1      0.0                                       0.0
  SINCE JUL 1      1.2                                       8.9
  SNOW DEPTH       0

DEGREE DAYS
 HEATING
  YESTERDAY        0                         0      0        0
  MONTH TO DATE    0                         0      0        0
  SINCE JUN 1      0                         0      0        0
  SINCE JUL 1   2909                      3763   -854     3087

 COOLING
  YESTERDAY       23                        15      8       18
  MONTH TO DATE  424                       328     96      420
  SINCE JUN 1    424                       328     96      420
  SINCE JAN 1    664                       525    139      607
..................................................................


WIND (MPH)
  RESULTANT WIND SPEED  15   RESULTANT WIND DIRECTION   S (190)
  HIGHEST WIND SPEED    26   HIGHEST WIND DIRECTION     S (160)
  HIGHEST GUST SPEED    37   HIGHEST GUST DIRECTION     S (160)
  AVERAGE WIND SPEED    16.7


SKY COVER
  AVERAGE SKY COVER 0.0


WEATHER CONDITIONS
 THE FOLLOWING WEATHER WAS RECORDED YESTERDAY.
  NO SIGNIFICANT WEATHER WAS OBSERVED.


RELATIVE HUMIDITY (PERCENT)
 HIGHEST    68           600 AM
 LOWEST     19           500 PM
 AVERAGE    44

..........................................................


THE BORGER CLIMATE NORMALS FOR TODAY
                         NORMAL    RECORD    YEAR
 MAXIMUM TEMPERATURE (F)   93       105      2012
                                             1968
 MINIMUM TEMPERATURE (F)   68        56      1983


SUNRISE AND SUNSET
JUNE 29 2017..........SUNRISE   633 AM CDT   SUNSET   906 PM CDT
JUNE 30 2017..........SUNRISE   633 AM CDT   SUNSET   905 PM CDT


-  INDICATES NEGATIVE NUMBERS.
R  INDICATES RECORD WAS SET OR TIED.
MM INDICATES DATA IS MISSING.
T  INDICATES TRACE AMOUNT.




$$
