206
CDUS44 KAMA 181510
CLIBGD


CLIMATE REPORT
NATIONAL WEATHER SERVICE AMARILLO TX
910 AM CST MON DEC 18 2017


...................................

...THE BORGER CLIMATE SUMMARY FOR DECEMBER 18 2017...
VALID AS OF 0900 AM LOCAL TIME.

CLIMATE NORMAL PERIOD 1981 TO 2010
CLIMATE RECORD PERIOD 1949 TO 2017


WEATHER ITEM   OBSERVED TIME   RECORD YEAR NORMAL DEPARTURE LAST
                VALUE   (LST)  VALUE       VALUE  FROM      YEAR
                                                  NORMAL
..................................................................
TEMPERATURE (F)
 TODAY
  MINIMUM         30   1224 AM  -3    2016  26      4       -3

PRECIPITATION (IN)
  TODAY            0.00          0.84 1995   0.01  -0.01     0.00
  MONTH TO DATE    0.00                      0.33  -0.33     0.12
  SINCE DEC 1      0.00                      0.33  -0.33     0.12
  SINCE JAN 1     26.10                     21.28   4.82    15.68

SNOWFALL (IN)
  TODAY            0.0          MM      MM                   0.0
  MONTH TO DATE    0.0                                       0.1
  SINCE DEC 1      0.0                                       0.1
  SINCE JUL 1      0.8                                       0.1
  SNOW DEPTH       0

..................................................................


WIND (MPH)
  RESULTANT WIND SPEED   5   RESULTANT WIND DIRECTION  SW (230)
  HIGHEST WIND SPEED    13   HIGHEST WIND DIRECTION    SW (210)
  HIGHEST GUST SPEED    17   HIGHEST GUST DIRECTION    SW (210)
  AVERAGE WIND SPEED     6.6


SKY COVER
  AVERAGE SKY COVER 0.0


WEATHER CONDITIONS
 THE FOLLOWING WEATHER WAS RECORDED TODAY.
  NO SIGNIFICANT WEATHER WAS OBSERVED.


RELATIVE HUMIDITY (PERCENT)
 HIGHEST    78          1200 AM
 LOWEST     53           800 AM
 AVERAGE    66

..........................................................


THE BORGER CLIMATE NORMALS FOR TOMORROW
                         NORMAL    RECORD    YEAR
 MAXIMUM TEMPERATURE (F)   49        73      2013
 MINIMUM TEMPERATURE (F)   26         1      1996


SUNRISE AND SUNSET
DECEMBER 18 2017......SUNRISE   750 AM CST   SUNSET   535 PM CST
DECEMBER 19 2017......SUNRISE   751 AM CST   SUNSET   535 PM CST


-  INDICATES NEGATIVE NUMBERS.
R  INDICATES RECORD WAS SET OR TIED.
MM INDICATES DATA IS MISSING.
T  INDICATES TRACE AMOUNT.




$$
