000
CDUS44 KAMA 272236
CLIBGD


CLIMATE REPORT
NATIONAL WEATHER SERVICE AMARILLO TX
435 PM CST TUE JAN 27 2015


...................................

...THE BORGER CLIMATE SUMMARY FOR JANUARY 27 2015...
VALID TODAY AS OF 0400 PM LOCAL TIME.

CLIMATE NORMAL PERIOD 1981 TO 2013
CLIMATE RECORD PERIOD 1949 TO 2015


WEATHER ITEM   OBSERVED TIME   RECORD YEAR NORMAL DEPARTURE LAST
                VALUE   (LST)  VALUE       VALUE  FROM      YEAR
                                                  NORMAL
..................................................................
TEMPERATURE (F)
 TODAY
  MAXIMUM         74    245 PM  78    1970  53     21       31
  MINIMUM         42    516 AM   0    1963  27     15       14
  AVERAGE         58                        40     18       23

PRECIPITATION (IN)
  TODAY            0.00          0.52 1985   0.03  -0.03     0.00
  MONTH TO DATE    0.87                      0.49   0.38     0.07
  SINCE DEC 1      1.01                      1.26  -0.25     0.34
  SINCE JAN 1      0.87                      0.49   0.38     0.07

SNOWFALL (IN)
  TODAY            0.0           4.0  2001                   0.0
  MONTH TO DATE    7.6                                       1.3
  SINCE DEC 1      8.0                                       4.7
  SINCE JUL 1      9.9                                       8.5
  SNOW DEPTH       0

DEGREE DAYS
 HEATING
  TODAY            7                        25    -18       42
  MONTH TO DATE  734                       716     18      679
  SINCE DEC 1   1465                      1536    -71     1522
  SINCE JUL 1   2150                      2253   -103     2236

 COOLING
  TODAY            0                         0      0        0
  MONTH TO DATE    0                         0      0        0
  SINCE DEC 1      0                         0      0        0
  SINCE JAN 1      0                         0      0        0
..................................................................


WIND (MPH)
  RESULTANT WIND SPEED   8   RESULTANT WIND DIRECTION  SW (240)
  HIGHEST WIND SPEED    18   HIGHEST WIND DIRECTION     W (250)
  HIGHEST GUST SPEED    25   HIGHEST GUST DIRECTION    SW (230)
  AVERAGE WIND SPEED     8.7


SKY COVER
  AVERAGE SKY COVER 0.0


WEATHER CONDITIONS
 THE FOLLOWING WEATHER WAS RECORDED TODAY.
  NO SIGNIFICANT WEATHER WAS OBSERVED.


RELATIVE HUMIDITY (PERCENT)
 HIGHEST    65           300 AM
 LOWEST     19           200 PM
 AVERAGE    42

..........................................................


THE BORGER CLIMATE NORMALS FOR TOMORROW
                         NORMAL    RECORD    YEAR
 MAXIMUM TEMPERATURE (F)   53        76      2003
 MINIMUM TEMPERATURE (F)   27         6      1966


SUNRISE AND SUNSET
JANUARY 27 2015.......SUNRISE   749 AM CST   SUNSET   608 PM CST
JANUARY 28 2015.......SUNRISE   749 AM CST   SUNSET   609 PM CST


-  INDICATES NEGATIVE NUMBERS.
R  INDICATES RECORD WAS SET OR TIED.
MM INDICATES DATA IS MISSING.
T  INDICATES TRACE AMOUNT.




$$
