000
CDUS44 KAMA 300631
CLIBGD


CLIMATE REPORT
NATIONAL WEATHER SERVICE AMARILLO TX
131 AM CDT SUN AUG 30 2015


...................................

...THE BORGER CLIMATE SUMMARY FOR AUGUST 29 2015...

CLIMATE NORMAL PERIOD 1981 TO 2013
CLIMATE RECORD PERIOD 1949 TO 2015


WEATHER ITEM   OBSERVED TIME   RECORD YEAR NORMAL DEPARTURE LAST
                VALUE   (LST)  VALUE       VALUE  FROM      YEAR
                                                  NORMAL
..................................................................
TEMPERATURE (F)
 YESTERDAY
  MAXIMUM         92    348 PM 102    1959  90      2       92
  MINIMUM         67    710 AM  51    1988  66      1       62
  AVERAGE         80                        78      2       77

PRECIPITATION (IN)
  YESTERDAY        0.00          0.94 2003   0.10  -0.10     0.00
  MONTH TO DATE    5.77                      2.98   2.79     0.71
  SINCE JUN 1     19.44                      8.77  10.67     5.62
  SINCE JAN 1     34.96                     15.82  19.14     7.74

SNOWFALL (IN)
  YESTERDAY        0.0           0.0  2013                   0.0
                                      2012
                                      2011
  MONTH TO DATE    0.0                                       0.0
  SINCE JUN 1      0.0                                       0.0
  SINCE JUL 1      0.0                                       0.0
  SNOW DEPTH       0

DEGREE DAYS
 HEATING
  YESTERDAY        0                         0      0        0
  MONTH TO DATE    0                         0      0        0
  SINCE JUN 1      0                         3     -3        4
  SINCE JUL 1      0                         0      0        1

 COOLING
  YESTERDAY       15                        13      2       12
  MONTH TO DATE  433                       445    -12      502
  SINCE JUN 1   1349                      1329     20     1379
  SINCE JAN 1   1473                      1526    -53     1693
..................................................................


WIND (MPH)
  RESULTANT WIND SPEED   3   RESULTANT WIND DIRECTION  NE (40)
  HIGHEST WIND SPEED    16   HIGHEST WIND DIRECTION    NE (30)
  HIGHEST GUST SPEED    20   HIGHEST GUST DIRECTION     N (20)
  AVERAGE WIND SPEED     6.9


SKY COVER
  AVERAGE SKY COVER 0.0


WEATHER CONDITIONS
 THE FOLLOWING WEATHER WAS RECORDED YESTERDAY.
  NO SIGNIFICANT WEATHER WAS OBSERVED.


RELATIVE HUMIDITY (PERCENT)
 HIGHEST    81           700 AM
 LOWEST     21           400 PM
 AVERAGE    51

..........................................................


THE BORGER CLIMATE NORMALS FOR TODAY
                         NORMAL    RECORD    YEAR
 MAXIMUM TEMPERATURE (F)   90       104      2011
 MINIMUM TEMPERATURE (F)   65        55      1950


SUNRISE AND SUNSET
AUGUST 30 2015........SUNRISE   716 AM CDT   SUNSET   816 PM CDT
AUGUST 31 2015........SUNRISE   717 AM CDT   SUNSET   815 PM CDT


-  INDICATES NEGATIVE NUMBERS.
R  INDICATES RECORD WAS SET OR TIED.
MM INDICATES DATA IS MISSING.
T  INDICATES TRACE AMOUNT.




$$
