000
CDUS44 KAMA 302145
CLIBGD


CLIMATE REPORT
NATIONAL WEATHER SERVICE AMARILLO TX
442 PM CDT SUN APR 30 2017


...................................

...THE BORGER CLIMATE SUMMARY FOR APRIL 30 2017...
VALID TODAY AS OF 0400 PM LOCAL TIME.

CLIMATE NORMAL PERIOD 1981 TO 2010
CLIMATE RECORD PERIOD 1949 TO 2017


WEATHER ITEM   OBSERVED TIME   RECORD YEAR NORMAL DEPARTURE LAST
                VALUE   (LST)  VALUE       VALUE  FROM      YEAR
                                                  NORMAL
..................................................................
TEMPERATURE (F)
 TODAY
  MAXIMUM         44    318 PM  96    2013  76    -32       61
  MINIMUM         34    804 AM  31    1994  50    -16       38
  AVERAGE         39                        63    -24       50

PRECIPITATION (IN)
  TODAY            0.17          1.93 1977   0.04   0.13     0.00
  MONTH TO DATE    2.47                      1.54   0.93     3.53
  SINCE MAR 1      5.17                      2.95   2.22     4.24
  SINCE JAN 1      8.65                      4.16   4.49     5.16

SNOWFALL (IN)
  TODAY           MM             0.0  2013                   0.0
                                      2012
                                      2011
  MONTH TO DATE    1.0                                       0.0
  SINCE MAR 1      1.0                                       2.7
  SINCE JUL 1      1.1                                       8.9
  SNOW DEPTH       0

DEGREE DAYS
 HEATING
  TODAY           26                         4     22       15
  MONTH TO DATE  212                       227    -15      176
  SINCE MAR 1    510                       710   -200      486
  SINCE JUL 1   2845                      3703   -858     2981

 COOLING
  TODAY            0                         2     -2        0
  MONTH TO DATE   68                        37     31       34
  SINCE MAR 1    101                        44     57       45
  SINCE JAN 1    115                        44     71       51
..................................................................


WIND (MPH)
  RESULTANT WIND SPEED  19   RESULTANT WIND DIRECTION  NW (310)
  HIGHEST WIND SPEED    32   HIGHEST WIND DIRECTION    NW (320)
  HIGHEST GUST SPEED    47   HIGHEST GUST DIRECTION    NW (330)
  AVERAGE WIND SPEED    19.4


SKY COVER
  AVERAGE SKY COVER 1.0


WEATHER CONDITIONS
 THE FOLLOWING WEATHER WAS RECORDED TODAY.
  LIGHT RAIN
  LIGHT SNOW
  FOG


RELATIVE HUMIDITY (PERCENT)
 HIGHEST   100           200 AM
 LOWEST     67           300 PM
 AVERAGE    84

..........................................................


THE BORGER CLIMATE NORMALS FOR TOMORROW
                         NORMAL    RECORD    YEAR
 MAXIMUM TEMPERATURE (F)   77        94      2012
                                             1992
 MINIMUM TEMPERATURE (F)   50        33      1991


SUNRISE AND SUNSET
APRIL 30 2017.........SUNRISE   654 AM CDT   SUNSET   832 PM CDT
MAY  1 2017...........SUNRISE   653 AM CDT   SUNSET   833 PM CDT


-  INDICATES NEGATIVE NUMBERS.
R  INDICATES RECORD WAS SET OR TIED.
MM INDICATES DATA IS MISSING.
T  INDICATES TRACE AMOUNT.




$$
