000
CDUS41 KBGM 312134
CLIBGM


CLIMATE REPORT
NATIONAL WEATHER SERVICE BINGHAMTON NY
533 PM EDT MON AUG 31 2015


...................................

...THE BINGHAMTON NY CLIMATE SUMMARY FOR AUGUST 31 2015...
VALID TODAY AS OF 0500 PM LOCAL TIME.

CLIMATE NORMAL PERIOD 1981 TO 2010
CLIMATE RECORD PERIOD 1951 TO 2015


WEATHER ITEM   OBSERVED TIME   RECORD YEAR NORMAL DEPARTURE LAST
                VALUE   (LST)  VALUE       VALUE  FROM      YEAR
                                                  NORMAL
..................................................................
TEMPERATURE (F)
 TODAY
  MAXIMUM         83    322 PM  90    1953  74      9       73
  MINIMUM         64    523 AM  42    1976  56      8       67
                                      1965
  AVERAGE         74                        65      9       70

PRECIPITATION (IN)
  TODAY            0.00          2.64 1959   0.11  -0.11     0.40
  MONTH TO DATE    3.08                      3.45  -0.37     5.46
  SINCE JUN 1     17.97                     11.46   6.51    13.67
  SINCE JAN 1     31.52                     26.21   5.31    29.03

SNOWFALL (IN)
  TODAY            0.0           0.0  2002   0.0    0.0      0.0
                                      2001
                                      2000
  MONTH TO DATE    0.0                       0.0    0.0      0.0
  SINCE JUN 1      T                         0.0    0.0       T
  SINCE JUL 1      T                         0.0    0.0       T
  SNOW DEPTH       0

DEGREE DAYS
 HEATING
  TODAY            0                         2     -2        0
  MONTH TO DATE   25                        39    -14       41
  SINCE JUN 1    126                       154    -28      111
  SINCE JUL 1     49                        63    -14       66

 COOLING
  TODAY            9                         2      7        5
  MONTH TO DATE  100                       113    -13       69
  SINCE JUN 1    269                       325    -56      277
  SINCE JAN 1    342                       348     -6      302
..................................................................


WIND (MPH)
  HIGHEST WIND SPEED    14   HIGHEST WIND DIRECTION    NW (330)
  HIGHEST GUST SPEED    19   HIGHEST GUST DIRECTION    NW (320)
  AVERAGE WIND SPEED     8.2


SKY COVER
  AVERAGE SKY COVER 0.3


WEATHER CONDITIONS
 THE FOLLOWING WEATHER WAS RECORDED TODAY.
  FOG


RELATIVE HUMIDITY (PERCENT)
 HIGHEST   100           100 AM
 LOWEST     55           300 PM
 AVERAGE    78

..........................................................


THE BINGHAMTON NY CLIMATE NORMALS FOR TOMORROW
                         NORMAL    RECORD    YEAR
 MAXIMUM TEMPERATURE (F)   74        92      1953
 MINIMUM TEMPERATURE (F)   56        43      1991
                                             1967


SUNRISE AND SUNSET
AUGUST 31 2015........SUNRISE   628 AM EDT   SUNSET   740 PM EDT
SEPTEMBER  1 2015.....SUNRISE   629 AM EDT   SUNSET   738 PM EDT


-  INDICATES NEGATIVE NUMBERS.
R  INDICATES RECORD WAS SET OR TIED.
MM INDICATES DATA IS MISSING.
T  INDICATES TRACE AMOUNT.




$$
