000
CDUS41 KBGM 270538
CLIBGM


CLIMATE REPORT
NATIONAL WEATHER SERVICE BINGHAMTON NY
1237 AM EST THU NOV 27 2014


...................................

...THE BINGHAMTON NY CLIMATE SUMMARY FOR NOVEMBER 26 2014...

CLIMATE NORMAL PERIOD 1981 TO 2010
CLIMATE RECORD PERIOD 1951 TO 2014


WEATHER ITEM   OBSERVED TIME   RECORD YEAR NORMAL DEPARTURE LAST
                VALUE   (LST)  VALUE       VALUE  FROM      YEAR
                                                  NORMAL
..................................................................
TEMPERATURE (F)
 YESTERDAY
  MAXIMUM         MM        MM  63    1979  41     MM       34
  MINIMUM         29   1150 AM  13    1974  28      1       24
  AVERAGE         MM                        34     MM       29

PRECIPITATION (IN)
  YESTERDAY        0.50          1.67 1986   0.11   0.39     1.03
  MONTH TO DATE    2.06                      2.86  -0.80     2.90
  SINCE SEP 1      7.26                      9.82  -2.56     8.62
  SINCE JAN 1     36.29                     36.03   0.26    38.91

SNOWFALL (IN)
  YESTERDAY        9.0 R         8.7  1977   0.3    8.7      3.2
  MONTH TO DATE   12.2                       4.5    7.7      7.3
  SINCE SEP 1     12.2                       5.5    6.7      7.3
  SINCE JUL 1     12.2                       5.5    6.7      7.3
  SNOW DEPTH       0

DEGREE DAYS
 HEATING
  YESTERDAY       MM                        31     MM       36
  MONTH TO DATE  693                       677     16      737
  SINCE SEP 1   1277                      1386   -109     1370
  SINCE JUL 1   1343                      1449   -106     1421

 COOLING
  YESTERDAY       MM                         0     MM        0
  MONTH TO DATE    0                         0      0        0
  SINCE SEP 1     39                        33      6       53
  SINCE JAN 1    341                       381    -40      480
..................................................................


WIND (MPH)
  HIGHEST WIND SPEED    18   HIGHEST WIND DIRECTION     N (360)
  HIGHEST GUST SPEED    22   HIGHEST GUST DIRECTION     N (360)
  AVERAGE WIND SPEED     6.9


SKY COVER
  AVERAGE SKY COVER 0.8


WEATHER CONDITIONS
 THE FOLLOWING WEATHER WAS RECORDED YESTERDAY.
  HEAVY SNOW
  SNOW
  LIGHT SNOW
  FOG
  FOG W/VISIBILITY <= 1/4 MILE
  HAZE


RELATIVE HUMIDITY (PERCENT)
 HIGHEST    92          1200 PM
 LOWEST     53           700 PM
 AVERAGE    73

..........................................................


THE BINGHAMTON NY CLIMATE NORMALS FOR TODAY
                         NORMAL    RECORD    YEAR
 MAXIMUM TEMPERATURE (F)   40        61      1984
 MINIMUM TEMPERATURE (F)   28         8      1951


SUNRISE AND SUNSET
NOVEMBER 27 2014......SUNRISE   709 AM EST   SUNSET   434 PM EST
NOVEMBER 28 2014......SUNRISE   710 AM EST   SUNSET   434 PM EST


-  INDICATES NEGATIVE NUMBERS.
R  INDICATES RECORD WAS SET OR TIED.
MM INDICATES DATA IS MISSING.
T  INDICATES TRACE AMOUNT.




$$
