771
CDUS41 KBGM 280555
CLIBGM


CLIMATE REPORT
NATIONAL WEATHER SERVICE BINGHAMTON NY
154 AM EDT FRI JUL 28 2017


...................................

...THE BINGHAMTON NY CLIMATE SUMMARY FOR JULY 27 2017...

CLIMATE NORMAL PERIOD 1981 TO 2010
CLIMATE RECORD PERIOD 1951 TO 2017


WEATHER ITEM   OBSERVED TIME   RECORD YEAR NORMAL DEPARTURE LAST
                VALUE   (LST)  VALUE       VALUE  FROM      YEAR
                                                  NORMAL
..................................................................
TEMPERATURE (F)
 YESTERDAY
  MAXIMUM         74    435 PM  90    1955  78     -4       86
  MINIMUM         62    618 AM  48    2001  60      2       60
                                      1962
  AVERAGE         68                        69     -1       73

PRECIPITATION (IN)
  YESTERDAY        0.03          1.64 1984   0.12  -0.09     0.00
  MONTH TO DATE    6.92                      3.23   3.69     1.48
  SINCE JUN 1     12.66                      7.54   5.12     4.52
  SINCE JAN 1     37.11                     22.29  14.82    16.91

SNOWFALL (IN)
  YESTERDAY        0.0           0.0  2002   0.0    0.0      0.0
                                      2001
                                      2000
  MONTH TO DATE    0.0                       0.0    0.0      0.0
  SINCE JUN 1      T                         0.0    0.0      0.0
  SINCE JUL 1      0.0                       0.0    0.0      0.0
  SNOW DEPTH       0

DEGREE DAYS
 HEATING
  YESTERDAY        0                         1     -1        0
  MONTH TO DATE    6                        27    -21        3
  SINCE JUN 1    101                       118    -17       72
  SINCE JUL 1      6                        27    -21        3

 COOLING
  YESTERDAY        3                         4     -1        8
  MONTH TO DATE  102                       125    -23      192
  SINCE JUN 1    175                       199    -24      255
  SINCE JAN 1    196                       222    -26      301
..................................................................


WIND (MPH)
  HIGHEST WIND SPEED    10   HIGHEST WIND DIRECTION     W (250)
  HIGHEST GUST SPEED    14   HIGHEST GUST DIRECTION    SW (220)
  AVERAGE WIND SPEED     4.9


SKY COVER
  AVERAGE SKY COVER 0.7


WEATHER CONDITIONS
 THE FOLLOWING WEATHER WAS RECORDED YESTERDAY.
  LIGHT RAIN
  FOG


RELATIVE HUMIDITY (PERCENT)
 HIGHEST   100           700 AM
 LOWEST     73           200 PM
 AVERAGE    87

..........................................................


THE BINGHAMTON NY CLIMATE NORMALS FOR TODAY
                         NORMAL    RECORD    YEAR
 MAXIMUM TEMPERATURE (F)   78        89      1964
 MINIMUM TEMPERATURE (F)   60        48      2001
                                             1971


SUNRISE AND SUNSET
JULY 28 2017..........SUNRISE   553 AM EDT   SUNSET   827 PM EDT
JULY 29 2017..........SUNRISE   554 AM EDT   SUNSET   826 PM EDT


-  INDICATES NEGATIVE NUMBERS.
R  INDICATES RECORD WAS SET OR TIED.
MM INDICATES DATA IS MISSING.
T  INDICATES TRACE AMOUNT.




$$
