000
CDUS41 KCAR 180526
CLIBGR


CLIMATE REPORT
NATIONAL WEATHER SERVICE CARIBOU, ME
1226 AM EST WED JAN 18 2017


...................................

...THE BANGOR ME CLIMATE SUMMARY FOR JANUARY 17 2017...

CLIMATE NORMAL PERIOD 1981 TO 2010
CLIMATE RECORD PERIOD 1925 TO 2017


WEATHER ITEM   OBSERVED TIME   RECORD YEAR NORMAL DEPARTURE LAST
                VALUE   (LST)  VALUE       VALUE  FROM      YEAR
                                                  NORMAL
..................................................................
TEMPERATURE (F)
 YESTERDAY
  MAXIMUM         35    239 PM  52    1995  27      8       30
  MINIMUM         21   1159 PM -22    1974   6     15       13
  AVERAGE         28                        16     12       22

PRECIPITATION (IN)
  YESTERDAY        0.00          0.80 1929   0.09  -0.09      T
  MONTH TO DATE    1.80                      1.59   0.21     2.31
  SINCE DEC 1      5.57                      5.07   0.50     6.37
  SINCE JAN 1      1.80                      1.59   0.21     2.31

SNOWFALL (IN)
  YESTERDAY        0.0           7.8  1927   0.6              T
  MONTH TO DATE    2.9                      10.7             4.6
  SINCE DEC 1     21.3                      25.1            15.7
  SINCE JUL 1     22.8                      27.5            18.2
  SNOW DEPTH       T

DEGREE DAYS
 HEATING
  YESTERDAY       37                        49    -12       43
  MONTH TO DATE  741                       810    -69      715
  SINCE DEC 1   2060                      2062     -2     1668
  SINCE JUL 1   3479                      3731   -252     3169

 COOLING
  YESTERDAY        0                         0      0        0
  MONTH TO DATE    0                         0      0        0
  SINCE DEC 1      0                         0      0        0
  SINCE JAN 1      0                         0      0        0
..................................................................


WIND (MPH)
  RESULTANT WIND SPEED   5   RESULTANT WIND DIRECTION   N (10)
  HIGHEST WIND SPEED    16   HIGHEST WIND DIRECTION     N (350)
  HIGHEST GUST SPEED    19   HIGHEST GUST DIRECTION     N (340)


SKY COVER
  POSSIBLE SUNSHINE  MM
  AVERAGE SKY COVER 0.5


WEATHER CONDITIONS
 THE FOLLOWING WEATHER WAS RECORDED YESTERDAY.
  NO SIGNIFICANT WEATHER WAS OBSERVED.


RELATIVE HUMIDITY (PERCENT)
 HIGHEST    69
 LOWEST     43
 AVERAGE    56

..........................................................


THE BANGOR ME CLIMATE NORMALS FOR TODAY
                         NORMAL    RECORD    YEAR
 MAXIMUM TEMPERATURE (F)   27        55      2006
                                             1990
 MINIMUM TEMPERATURE (F)    6       -24      1971
                                             1957


SUNRISE AND SUNSET
JANUARY 18 2017.......SUNRISE   707 AM EST   SUNSET   425 PM EST
JANUARY 19 2017.......SUNRISE   707 AM EST   SUNSET   426 PM EST


-  INDICATES NEGATIVE NUMBERS.
R  INDICATES RECORD WAS SET OR TIED.
MM INDICATES DATA IS MISSING.
T  INDICATES TRACE AMOUNT.




$$
