000
CDUS41 KCAR 160527
CLIBGR


CLIMATE REPORT
NATIONAL WEATHER SERVICE CARIBOU, ME
126 AM EDT WED AUG 16 2017


...................................

...THE BANGOR ME CLIMATE SUMMARY FOR AUGUST 15 2017...

CLIMATE NORMAL PERIOD 1981 TO 2010
CLIMATE RECORD PERIOD 1925 TO 2017


WEATHER ITEM   OBSERVED TIME   RECORD YEAR NORMAL DEPARTURE LAST
                VALUE   (LST)  VALUE       VALUE  FROM      YEAR
                                                  NORMAL
..................................................................
TEMPERATURE (F)
 YESTERDAY
  MAXIMUM         80   1118 AM  97    1944  79      1       81
  MINIMUM         57    410 AM  38    1940  56      1       58
  AVERAGE         69                        68      1       70

PRECIPITATION (IN)
  YESTERDAY        0.17          1.66 1981   0.10   0.07     0.00
  MONTH TO DATE    0.91                      1.55  -0.64     0.96
  SINCE JUN 1      7.14                      8.77  -1.63     6.50
  SINCE JAN 1     25.44                     24.82   0.62    20.71

SNOWFALL (IN)
  YESTERDAY        0.0           0.0  2002   0.0             0.0
                                      2001
  MONTH TO DATE    0.0                       0.0             0.0
  SINCE JUN 1      T                         0.0             0.0
  SINCE JUL 1      0.0                       0.0             0.0
  SNOW DEPTH       0

DEGREE DAYS
 HEATING
  YESTERDAY        0                         1     -1        0
  MONTH TO DATE    1                        15    -14        3
  SINCE JUN 1    106                       145    -39      129
  SINCE JUL 1     15                        38    -23       26

 COOLING
  YESTERDAY        4                         3      1        5
  MONTH TO DATE   77                        59     18       96
  SINCE JUN 1    241                       243     -2      316
  SINCE JAN 1    248                       249     -1      326
..................................................................


WIND (MPH)
  RESULTANT WIND SPEED   8   RESULTANT WIND DIRECTION   S (180)
  HIGHEST WIND SPEED    20   HIGHEST WIND DIRECTION     S (170)
  HIGHEST GUST SPEED    23   HIGHEST GUST DIRECTION     S (170)


SKY COVER
  POSSIBLE SUNSHINE  MM
  AVERAGE SKY COVER 0.8


WEATHER CONDITIONS
 THE FOLLOWING WEATHER WAS RECORDED YESTERDAY.
  THUNDERSTORM
  RAIN
  LIGHT RAIN
  FOG


RELATIVE HUMIDITY (PERCENT)
 HIGHEST   100
 LOWEST     58
 AVERAGE    79

..........................................................


THE BANGOR ME CLIMATE NORMALS FOR TODAY
                         NORMAL    RECORD    YEAR
 MAXIMUM TEMPERATURE (F)   79        98      1944
 MINIMUM TEMPERATURE (F)   56        41      1940


SUNRISE AND SUNSET
AUGUST 16 2017........SUNRISE   539 AM EDT   SUNSET   739 PM EDT
AUGUST 17 2017........SUNRISE   540 AM EDT   SUNSET   738 PM EDT


-  INDICATES NEGATIVE NUMBERS.
R  INDICATES RECORD WAS SET OR TIED.
MM INDICATES DATA IS MISSING.
T  INDICATES TRACE AMOUNT.




$$
