000
CDUS41 KCAR 310537
CLIBGR


CLIMATE REPORT
NATIONAL WEATHER SERVICE CARIBOU, ME
133 AM EDT SUN JUL 31 2016


...................................

...THE BANGOR ME CLIMATE SUMMARY FOR JULY 30 2016...

CLIMATE NORMAL PERIOD 1981 TO 2010
CLIMATE RECORD PERIOD 1925 TO 2016


WEATHER ITEM   OBSERVED TIME   RECORD YEAR NORMAL DEPARTURE LAST
                VALUE   (LST)  VALUE       VALUE  FROM      YEAR
                                                  NORMAL
..................................................................
TEMPERATURE (F)
 YESTERDAY
  MAXIMUM         87    352 PM  99    1949  80      7       85
  MINIMUM         62   1159 PM  46    1968  58      4       62
  AVERAGE         75                        69      6       74

PRECIPITATION (IN)
  YESTERDAY        0.00          1.05 1960   0.11  -0.11     0.13
  MONTH TO DATE    2.69                      3.34  -0.65     1.16
  SINCE JUN 1      5.54                      7.10  -1.56     6.06
  SINCE JAN 1     19.75                     23.15  -3.40    17.11

SNOWFALL (IN)
  YESTERDAY        0.0           0.0  2002   0.0             0.0
                                      2001
  MONTH TO DATE    0.0                       0.0             0.0
  SINCE JUN 1      0.0                       0.0             0.0
  SINCE JUL 1      0.0                       0.0             0.0
  SNOW DEPTH       0

DEGREE DAYS
 HEATING
  YESTERDAY        0                         1     -1        0
  MONTH TO DATE   11                        30    -19       29
  SINCE JUN 1     58                       137    -79      205
  SINCE JUL 1     11                        30    -19       29

 COOLING
  YESTERDAY       10                         5      5        9
  MONTH TO DATE  273                       131    142       93
  SINCE JUN 1    329                       183    146      117
  SINCE JAN 1    354                       189    165      140
..................................................................


WIND (MPH)
  RESULTANT WIND SPEED   5   RESULTANT WIND DIRECTION  NW (330)
  HIGHEST WIND SPEED    14   HIGHEST WIND DIRECTION     N (10)
  HIGHEST GUST SPEED    17   HIGHEST GUST DIRECTION     N (10)


SKY COVER
  POSSIBLE SUNSHINE  MM
  AVERAGE SKY COVER 0.6


WEATHER CONDITIONS
 THE FOLLOWING WEATHER WAS RECORDED YESTERDAY.
  NO SIGNIFICANT WEATHER WAS OBSERVED.


RELATIVE HUMIDITY (PERCENT)
 HIGHEST    81
 LOWEST     28
 AVERAGE    55

..........................................................


THE BANGOR ME CLIMATE NORMALS FOR TODAY
                         NORMAL    RECORD    YEAR
 MAXIMUM TEMPERATURE (F)   80        97      1949
 MINIMUM TEMPERATURE (F)   58        44      1927


SUNRISE AND SUNSET
JULY 31 2016..........SUNRISE   521 AM EDT   SUNSET   802 PM EDT
AUGUST  1 2016........SUNRISE   522 AM EDT   SUNSET   801 PM EDT


-  INDICATES NEGATIVE NUMBERS.
R  INDICATES RECORD WAS SET OR TIED.
MM INDICATES DATA IS MISSING.
T  INDICATES TRACE AMOUNT.




$$
