000
CDUS41 KCAR 232126
CLIBGR


CLIMATE REPORT
NATIONAL WEATHER SERVICE CARIBOU, ME
426 PM EST SUN NOV 23 2014


...................................

...THE BANGOR ME CLIMATE SUMMARY FOR NOVEMBER 23 2014...
VALID TODAY AS OF 0400 PM LOCAL TIME.

CLIMATE NORMAL PERIOD 1981 TO 2010
CLIMATE RECORD PERIOD 1925 TO 2014


WEATHER ITEM   OBSERVED TIME   RECORD YEAR NORMAL DEPARTURE LAST
                VALUE   (LST)  VALUE       VALUE  FROM      YEAR
                                                  NORMAL
..................................................................
TEMPERATURE (F)
 TODAY
  MAXIMUM         50    218 PM  68    1931  42      8       38
  MINIMUM         34    457 AM   7    1929  26      8       26
  AVERAGE         42                        34      8       32

PRECIPITATION (IN)
  TODAY            0.00          2.51 1943   0.15  -0.15     0.03
  MONTH TO DATE    1.99                      3.21  -1.22     1.31
  SINCE SEP 1      9.73                     11.21  -1.48     9.50
  SINCE JAN 1     37.47                     37.46   0.01    34.68

SNOWFALL (IN)
  TODAY            0.0           8.6  2011   0.1   -0.1      0.0
  MONTH TO DATE   14.7                       1.1   13.6       T
  SINCE SEP 1     14.7                       1.2   13.5       T
  SINCE JUL 1     14.7                       1.2   13.5       T
  SNOW DEPTH       0

DEGREE DAYS
 HEATING
  TODAY           23                        31     -8       33
  MONTH TO DATE  698                       615     83      619
  SINCE SEP 1   1323                      1378    -55     1281
  SINCE JUL 1   1344                      1441    -97     1313

 COOLING
  TODAY            0                         0      0        0
  MONTH TO DATE    0                         0      0        0
  SINCE SEP 1     49                        24     25       33
  SINCE JAN 1    363                       318     45      355
..................................................................


WIND (MPH)
  HIGHEST WIND SPEED     9   HIGHEST WIND DIRECTION     S (200)
  HIGHEST GUST SPEED    14   HIGHEST GUST DIRECTION    SW (210)
  AVERAGE WIND SPEED     3.3


SKY COVER
  POSSIBLE SUNSHINE  MM
  AVERAGE SKY COVER 0.9


WEATHER CONDITIONS
 THE FOLLOWING WEATHER WAS RECORDED TODAY.
  NO SIGNIFICANT WEATHER WAS OBSERVED.


RELATIVE HUMIDITY (PERCENT)
 HIGHEST    65           400 PM
 LOWEST     38          1200 AM
 AVERAGE    52

..........................................................


THE BANGOR ME CLIMATE NORMALS FOR TOMORROW
                         NORMAL    RECORD    YEAR
 MAXIMUM TEMPERATURE (F)   42        65      1931
 MINIMUM TEMPERATURE (F)   26         1      1989


SUNRISE AND SUNSET
NOVEMBER 23 2014......SUNRISE   643 AM EST   SUNSET   400 PM EST
NOVEMBER 24 2014......SUNRISE   644 AM EST   SUNSET   400 PM EST


-  INDICATES NEGATIVE NUMBERS.
R  INDICATES RECORD WAS SET OR TIED.
MM INDICATES DATA IS MISSING.
T  INDICATES TRACE AMOUNT.




$$
