000
CDUS41 KCAR 260538
CLIBGR


CLIMATE REPORT
NATIONAL WEATHER SERVICE CARIBOU, ME
1234 AM EST FRI DEC 26 2014


...................................

...THE BANGOR ME CLIMATE SUMMARY FOR DECEMBER 25 2014...

CLIMATE NORMAL PERIOD 1981 TO 2010
CLIMATE RECORD PERIOD 1925 TO 2014


WEATHER ITEM   OBSERVED TIME   RECORD YEAR NORMAL DEPARTURE LAST
                VALUE   (LST)  VALUE       VALUE  FROM      YEAR
                                                  NORMAL
..................................................................
TEMPERATURE (F)
 YESTERDAY
  MAXIMUM         54R  1049 AM  51    2003  31     23       17
  MINIMUM         38   1200 AM -17    1980  11     27       -2
                                      1975
  AVERAGE         46                        21     25        8

PRECIPITATION (IN)
  YESTERDAY        0.39          1.16 1979   0.10   0.29      T
  MONTH TO DATE    5.01                      2.93   2.08     2.25
  SINCE DEC 1      5.01                      2.93   2.08     2.25
  SINCE JAN 1     43.70                     41.38   2.32    39.38

SNOWFALL (IN)
  YESTERDAY        0.0           5.7  1966   0.6              T
  MONTH TO DATE    6.5                      11.1            16.6
  SINCE DEC 1      6.5                      11.1            16.6
  SINCE JUL 1     32.4                      13.5            17.3
  SNOW DEPTH       0

DEGREE DAYS
 HEATING
  YESTERDAY       19                        44    -25       57
  MONTH TO DATE  891                       980    -89     1115
  SINCE DEC 1    891                       980    -89     1115
  SINCE JUL 1   2475                      2649   -174     2700

 COOLING
  YESTERDAY        0                         0      0        0
  MONTH TO DATE    0                         0      0        0
  SINCE DEC 1      0                         0      0        0
  SINCE JAN 1    363                       318     45      355
..................................................................


WIND (MPH)
  RESULTANT WIND SPEED   7   RESULTANT WIND DIRECTION  SW (240)
  HIGHEST WIND SPEED    21   HIGHEST WIND DIRECTION     W (280)
  HIGHEST GUST SPEED    29   HIGHEST GUST DIRECTION     W (280)


SKY COVER
  POSSIBLE SUNSHINE  MM
  AVERAGE SKY COVER 0.8


WEATHER CONDITIONS
 THE FOLLOWING WEATHER WAS RECORDED YESTERDAY.
  LIGHT RAIN
  FOG


RELATIVE HUMIDITY (PERCENT)
 HIGHEST   100
 LOWEST     49
 AVERAGE    75

..........................................................


THE BANGOR ME CLIMATE NORMALS FOR TODAY
                         NORMAL    RECORD    YEAR
 MAXIMUM TEMPERATURE (F)   30        57      1957
 MINIMUM TEMPERATURE (F)   11       -18      1980


SUNRISE AND SUNSET
DECEMBER 26 2014......SUNRISE   712 AM EST   SUNSET   400 PM EST
DECEMBER 27 2014......SUNRISE   712 AM EST   SUNSET   401 PM EST


-  INDICATES NEGATIVE NUMBERS.
R  INDICATES RECORD WAS SET OR TIED.
MM INDICATES DATA IS MISSING.
T  INDICATES TRACE AMOUNT.




$$
