000
CDUS41 KCAR 022029
CLIBGR


CLIMATE REPORT
NATIONAL WEATHER SERVICE CARIBOU, ME
428 PM EDT TUE SEP 2 2014


...................................

...THE BANGOR ME CLIMATE SUMMARY FOR SEPTEMBER 2 2014...
VALID TODAY AS OF 0400 PM LOCAL TIME.

CLIMATE NORMAL PERIOD 1981 TO 2010
CLIMATE RECORD PERIOD 1925 TO 2014


WEATHER ITEM   OBSERVED TIME   RECORD YEAR NORMAL DEPARTURE LAST
                VALUE   (LST)  VALUE       VALUE  FROM      YEAR
                                                  NORMAL
..................................................................
TEMPERATURE (F)
 TODAY
  MAXIMUM         77    243 PM  94    2010  75      2       69
  MINIMUM         64    648 AM  40    1991  52     12       63
  AVERAGE         71                        64      7       66

PRECIPITATION (IN)
  TODAY            T             2.08 2013   0.10  -0.10     2.08
  MONTH TO DATE    0.24                      0.21   0.03     4.34
  SINCE SEP 1      0.24                      0.21   0.03     4.34
  SINCE JAN 1     27.98                     26.46   1.52    29.52

SNOWFALL (IN)
  TODAY            0.0           0.0  2002   0.0    0.0      0.0
                                      2001
  MONTH TO DATE    0.0                       0.0    0.0      0.0
  SINCE SEP 1      0.0                       0.0    0.0      0.0
  SINCE JUL 1      0.0                       0.0    0.0      0.0
  SNOW DEPTH       0

DEGREE DAYS
 HEATING
  TODAY            0                         3     -3        0
  MONTH TO DATE    0                         6     -6        0
  SINCE SEP 1      0                         6     -6        0
  SINCE JUL 1     21                        69    -48       32

 COOLING
  TODAY            6                         2      4        1
  MONTH TO DATE   17                         4     13       10
  SINCE SEP 1     17                         4     13       10
  SINCE JAN 1    331                       298     33      332
..................................................................


WIND (MPH)
  HIGHEST WIND SPEED    16   HIGHEST WIND DIRECTION    SE (150)
  HIGHEST GUST SPEED    20   HIGHEST GUST DIRECTION    SE (150)
  AVERAGE WIND SPEED     7.3


SKY COVER
  POSSIBLE SUNSHINE  MM
  AVERAGE SKY COVER 0.8


WEATHER CONDITIONS
 THE FOLLOWING WEATHER WAS RECORDED TODAY.
  LIGHT RAIN
  FOG
  FOG W/VISIBILITY <= 1/4 MILE


RELATIVE HUMIDITY (PERCENT)
 HIGHEST   100           400 AM
 LOWEST     79           100 PM
 AVERAGE    90

..........................................................


THE BANGOR ME CLIMATE NORMALS FOR TOMORROW
                         NORMAL    RECORD    YEAR
 MAXIMUM TEMPERATURE (F)   74        94      1937
 MINIMUM TEMPERATURE (F)   52        37      1926


SUNRISE AND SUNSET
SEPTEMBER  2 2014.....SUNRISE   559 AM EDT   SUNSET   710 PM EDT
SEPTEMBER  3 2014.....SUNRISE   600 AM EDT   SUNSET   709 PM EDT


-  INDICATES NEGATIVE NUMBERS.
R  INDICATES RECORD WAS SET OR TIED.
MM INDICATES DATA IS MISSING.
T  INDICATES TRACE AMOUNT.




$$
