000
CDUS41 KCAR 250536
CLIBGR


CLIMATE REPORT
NATIONAL WEATHER SERVICE CARIBOU, ME
132 AM EDT SUN JUN 25 2017


...................................

...THE BANGOR ME CLIMATE SUMMARY FOR JUNE 24 2017...

CLIMATE NORMAL PERIOD 1981 TO 2010
CLIMATE RECORD PERIOD 1925 TO 2017


WEATHER ITEM   OBSERVED TIME   RECORD YEAR NORMAL DEPARTURE LAST
                VALUE   (LST)  VALUE       VALUE  FROM      YEAR
                                                  NORMAL
..................................................................
TEMPERATURE (F)
 YESTERDAY
  MAXIMUM         81    500 PM  93    1995  77      4       77
                                      1975
                                      1963
  MINIMUM         60   1158 PM  43    1941  55      5       47
  AVERAGE         71                        66      5       62

PRECIPITATION (IN)
  YESTERDAY        0.46          1.21 1996   0.11   0.35     0.00
  MONTH TO DATE    3.49                      3.07   0.42     2.40
  SINCE JUN 1      3.49                      3.07   0.42     2.40
  SINCE JAN 1     21.79                     19.12   2.67    16.61

SNOWFALL (IN)
  YESTERDAY        0.0           0.0  2002   0.0             0.0
                                      2001
  MONTH TO DATE    T                         0.0             0.0
  SINCE JUN 1      T                         0.0             0.0
  SINCE JUL 1     82.6                      66.1            44.6
  SNOW DEPTH       0

DEGREE DAYS
 HEATING
  YESTERDAY        0                         2     -2        3
  MONTH TO DATE   86                        98    -12      103
  SINCE JUN 1     86                        98    -12      103
  SINCE JUL 1   7378                      7851   -473     7046

 COOLING
  YESTERDAY        6                         2      4        0
  MONTH TO DATE   50                        35     15        5
  SINCE JUN 1     50                        35     15        5
  SINCE JAN 1     57                        41     16       15
..................................................................


WIND (MPH)
  RESULTANT WIND SPEED   4   RESULTANT WIND DIRECTION  SW (240)
  HIGHEST WIND SPEED    17   HIGHEST WIND DIRECTION     N (340)
  HIGHEST GUST SPEED    23   HIGHEST GUST DIRECTION     N (340)


SKY COVER
  POSSIBLE SUNSHINE  MM
  AVERAGE SKY COVER 0.8


WEATHER CONDITIONS
 THE FOLLOWING WEATHER WAS RECORDED YESTERDAY.
  LIGHT RAIN
  FOG


RELATIVE HUMIDITY (PERCENT)
 HIGHEST   100
 LOWEST     42
 AVERAGE    71

..........................................................


THE BANGOR ME CLIMATE NORMALS FOR TODAY
                         NORMAL    RECORD    YEAR
 MAXIMUM TEMPERATURE (F)   77        95      2005
 MINIMUM TEMPERATURE (F)   55        39      1941


SUNRISE AND SUNSET
JUNE 25 2017..........SUNRISE   451 AM EDT   SUNSET   825 PM EDT
JUNE 26 2017..........SUNRISE   451 AM EDT   SUNSET   825 PM EDT


-  INDICATES NEGATIVE NUMBERS.
R  INDICATES RECORD WAS SET OR TIED.
MM INDICATES DATA IS MISSING.
T  INDICATES TRACE AMOUNT.




$$
