881
CDUS41 KCAR 210527
CLIBGR


CLIMATE REPORT
NATIONAL WEATHER SERVICE CARIBOU, ME
1226 AM EST TUE FEB 21 2017


...................................

...THE BANGOR ME CLIMATE SUMMARY FOR FEBRUARY 20 2017...

CLIMATE NORMAL PERIOD 1981 TO 2010
CLIMATE RECORD PERIOD 1925 TO 2017


WEATHER ITEM   OBSERVED TIME   RECORD YEAR NORMAL DEPARTURE LAST
                VALUE   (LST)  VALUE       VALUE  FROM      YEAR
                                                  NORMAL
..................................................................
TEMPERATURE (F)
 YESTERDAY
  MAXIMUM         38    415 PM  58    1994  33      5       43
  MINIMUM         21    855 PM -16    1966  12      9       31
  AVERAGE         30                        22      8       37

PRECIPITATION (IN)
  YESTERDAY        T             1.34 1963   0.08  -0.08     0.16
  MONTH TO DATE    1.78                      1.76   0.02     2.73
  SINCE DEC 1      9.18                      8.13   1.05     9.17
  SINCE JAN 1      5.41                      4.65   0.76     5.11

SNOWFALL (IN)
  YESTERDAY        T            16.1  1947   0.5             1.0
  MONTH TO DATE   37.4                      10.8            17.6
  SINCE DEC 1     61.8                      44.4            34.1
  SINCE JUL 1     63.3                      46.8            36.6
  SNOW DEPTH      21

DEGREE DAYS
 HEATING
  YESTERDAY       35                        43     -8       28
  MONTH TO DATE  927                       906     21      843
  SINCE DEC 1   3476                      3644   -168     3109
  SINCE JUL 1   4895                      5313   -418     4610

 COOLING
  YESTERDAY        0                         0      0        0
  MONTH TO DATE    0                         0      0        0
  SINCE DEC 1      0                         0      0        0
  SINCE JAN 1      0                         0      0        0
..................................................................


WIND (MPH)
  RESULTANT WIND SPEED  13   RESULTANT WIND DIRECTION   N (350)
  HIGHEST WIND SPEED    22   HIGHEST WIND DIRECTION     N (350)
  HIGHEST GUST SPEED    28   HIGHEST GUST DIRECTION     N (350)


SKY COVER
  POSSIBLE SUNSHINE  MM
  AVERAGE SKY COVER 0.5


WEATHER CONDITIONS
 THE FOLLOWING WEATHER WAS RECORDED YESTERDAY.
  LIGHT SNOW


RELATIVE HUMIDITY (PERCENT)
 HIGHEST    78
 LOWEST     37
 AVERAGE    58

..........................................................


THE BANGOR ME CLIMATE NORMALS FOR TODAY
                         NORMAL    RECORD    YEAR
 MAXIMUM TEMPERATURE (F)   33        60      1937
 MINIMUM TEMPERATURE (F)   12       -15      1929


SUNRISE AND SUNSET
FEBRUARY 21 2017......SUNRISE   626 AM EST   SUNSET   512 PM EST
FEBRUARY 22 2017......SUNRISE   624 AM EST   SUNSET   514 PM EST


-  INDICATES NEGATIVE NUMBERS.
R  INDICATES RECORD WAS SET OR TIED.
MM INDICATES DATA IS MISSING.
T  INDICATES TRACE AMOUNT.




$$
