000
CDUS44 KBMX 250113
CLIBHM


CLIMATE REPORT
NATIONAL WEATHER SERVICE BIRMINGHAM, AL
813 PM CDT TUE MAY 24 2016


...................................

...THE BIRMINGHAM CLIMATE SUMMARY FOR MAY 24 2016...
VALID TODAY AS OF 0700 PM LOCAL TIME.

CLIMATE NORMAL PERIOD 1981 TO 2010
CLIMATE RECORD PERIOD 1895 TO 2016


WEATHER ITEM   OBSERVED TIME   RECORD YEAR NORMAL DEPARTURE LAST
                VALUE   (LST)  VALUE       VALUE  FROM      YEAR
                                                  NORMAL
..................................................................
TEMPERATURE (F)
 TODAY
  MAXIMUM         87    354 PM  96    1996  83      4       84
  MINIMUM         59    516 AM  46    1917  62     -3       68
  AVERAGE         73                        73      0       76

PRECIPITATION (IN)
  TODAY            0.00          1.73 1907   0.16  -0.16     0.58
  MONTH TO DATE    1.38                      3.91  -2.53     0.90
  SINCE MAR 1     10.83                     13.52  -2.69    15.37
  SINCE JAN 1     21.57                     22.89  -1.32    24.07

DEGREE DAYS
 COOLING
  TODAY            8                         8      0       11
  MONTH TO DATE  112                       137    -25      185
  SINCE MAR 1    220                       217      3      267
  SINCE JAN 1    227                       221      6      267
..................................................................


WIND (MPH)
  HIGHEST WIND SPEED    13   HIGHEST WIND DIRECTION    SW (210)
  HIGHEST GUST SPEED    18   HIGHEST GUST DIRECTION    SE (150)
  AVERAGE WIND SPEED     4.0


SKY COVER
  AVERAGE SKY COVER 0.4


WEATHER CONDITIONS
 THE FOLLOWING WEATHER WAS RECORDED TODAY.
  NO SIGNIFICANT WEATHER WAS OBSERVED.


RELATIVE HUMIDITY (PERCENT)
 HIGHEST    84           200 AM
 LOWEST     29           200 PM
 AVERAGE    57

..........................................................


THE BIRMINGHAM CLIMATE NORMALS FOR TOMORROW
                         NORMAL    RECORD    YEAR
 MAXIMUM TEMPERATURE (F)   84        95      1962
 MINIMUM TEMPERATURE (F)   62        45      1979


SUNRISE AND SUNSET
MAY 24 2016...........SUNRISE   541 AM CDT   SUNSET   747 PM CDT
MAY 25 2016...........SUNRISE   540 AM CDT   SUNSET   748 PM CDT


-  INDICATES NEGATIVE NUMBERS.
R  INDICATES RECORD WAS SET OR TIED.
MM INDICATES DATA IS MISSING.
T  INDICATES TRACE AMOUNT.




$$
