000
CDUS44 KBMX 010938
CLIBHM


CLIMATE REPORT
NATIONAL WEATHER SERVICE BIRMINGHAM, AL
438 AM CDT FRI AUG 1 2014


...................................

...THE BIRMINGHAM CLIMATE SUMMARY FOR JULY 31 2014...

CLIMATE NORMAL PERIOD 1981 TO 2010
CLIMATE RECORD PERIOD 1895 TO 2014


WEATHER ITEM   OBSERVED TIME   RECORD YEAR NORMAL DEPARTURE LAST
                VALUE   (LST)  VALUE       VALUE  FROM      YEAR
                                                  NORMAL
..................................................................
TEMPERATURE (F)
 YESTERDAY
  MAXIMUM         84   1249 PM 101    1987  91     -7       90
                                      1986
                                      1896
  MINIMUM         67    500 AM  59    1965  72     -5       69
  AVERAGE         76                        81     -5       80

PRECIPITATION (IN)
  YESTERDAY        T             4.31 2012   0.15  -0.15     0.91
  MONTH TO DATE    0.92                      4.80  -3.88     8.80
  SINCE JUN 1      5.73                      9.18  -3.45    17.46
  SINCE JAN 1     28.59                     33.15  -4.56    47.97

DEGREE DAYS
 COOLING
  YESTERDAY       11                        16     -5       15
  MONTH TO DATE  432                       499    -67      416
  SINCE JUN 1    838                       881    -43      837
  SINCE JAN 1   1131                      1163    -32     1102
..................................................................


WIND (MPH)
  HIGHEST WIND SPEED    15   HIGHEST WIND DIRECTION     N (340)
  HIGHEST GUST SPEED    17   HIGHEST GUST DIRECTION     N (340)
  AVERAGE WIND SPEED     3.2


SKY COVER
  AVERAGE SKY COVER 0.7


WEATHER CONDITIONS
 THE FOLLOWING WEATHER WAS RECORDED YESTERDAY.
  LIGHT RAIN


RELATIVE HUMIDITY (PERCENT)
 HIGHEST    79          1000 PM
 LOWEST     43           100 PM
 AVERAGE    61

..........................................................


THE BIRMINGHAM CLIMATE NORMALS FOR TODAY
                         NORMAL    RECORD    YEAR
 MAXIMUM TEMPERATURE (F)   91       101      2010
                                             1987
                                             1921
 MINIMUM TEMPERATURE (F)   72        59      1925


SUNRISE AND SUNSET
AUGUST  1 2014........SUNRISE   559 AM CDT   SUNSET   747 PM CDT
AUGUST  2 2014........SUNRISE   600 AM CDT   SUNSET   746 PM CDT


-  INDICATES NEGATIVE NUMBERS.
R  INDICATES RECORD WAS SET OR TIED.
MM INDICATES DATA IS MISSING.
T  INDICATES TRACE AMOUNT.




$$
