000
CDUS44 KBMX 250833
CLIBHM


CLIMATE REPORT
NATIONAL WEATHER SERVICE BIRMINGHAM, AL
332 AM CDT THU AUG 25 2016


...................................

...THE BIRMINGHAM CLIMATE SUMMARY FOR AUGUST 24 2016...

CLIMATE NORMAL PERIOD 1981 TO 2010
CLIMATE RECORD PERIOD 1895 TO 2016


WEATHER ITEM   OBSERVED TIME   RECORD YEAR NORMAL DEPARTURE LAST
                VALUE   (LST)  VALUE       VALUE  FROM      YEAR
                                                  NORMAL
..................................................................
TEMPERATURE (F)
 YESTERDAY
  MAXIMUM         93    239 PM 103    1924  90      3       88
  MINIMUM         74    535 AM  57    2009  70      4       68
                                      1997
  AVERAGE         84                        80      4       78

PRECIPITATION (IN)
  YESTERDAY        0.00          2.51 2008   0.13  -0.13     0.00
  MONTH TO DATE    2.36                      3.12  -0.76     5.88
  SINCE JUN 1     13.40                     12.30   1.10    14.99
  SINCE JAN 1     35.01                     36.27  -1.26    40.72

DEGREE DAYS
 COOLING
  YESTERDAY       19                        15      4       13
  MONTH TO DATE  432                       381     51      388
  SINCE JUN 1   1501                      1262    239     1412
  SINCE JAN 1   1824                      1544    280     1747
..................................................................


WIND (MPH)
  HIGHEST WIND SPEED    13   HIGHEST WIND DIRECTION    NE (50)
  HIGHEST GUST SPEED    17   HIGHEST GUST DIRECTION    SE (150)
  AVERAGE WIND SPEED     3.1


SKY COVER
  AVERAGE SKY COVER 0.3


WEATHER CONDITIONS
 THE FOLLOWING WEATHER WAS RECORDED YESTERDAY.
  THUNDERSTORM
  HAZE


RELATIVE HUMIDITY (PERCENT)
 HIGHEST    87           100 AM
 LOWEST     52           100 PM
 AVERAGE    70

..........................................................


THE BIRMINGHAM CLIMATE NORMALS FOR TODAY
                         NORMAL    RECORD    YEAR
 MAXIMUM TEMPERATURE (F)   90       102      1938
 MINIMUM TEMPERATURE (F)   70        57      1916


SUNRISE AND SUNSET
AUGUST 25 2016........SUNRISE   617 AM CDT   SUNSET   721 PM CDT
AUGUST 26 2016........SUNRISE   617 AM CDT   SUNSET   719 PM CDT


-  INDICATES NEGATIVE NUMBERS.
R  INDICATES RECORD WAS SET OR TIED.
MM INDICATES DATA IS MISSING.
T  INDICATES TRACE AMOUNT.




$$
