000
CDUS44 KBMX 220716
CLIBHM


CLIMATE REPORT
NATIONAL WEATHER SERVICE BIRMINGHAM, AL
215 AM CDT FRI MAY 22 2015


...................................

...THE BIRMINGHAM CLIMATE SUMMARY FOR MAY 21 2015...

CLIMATE NORMAL PERIOD 1981 TO 2010
CLIMATE RECORD PERIOD 2014 TO 2015


WEATHER ITEM   OBSERVED TIME   RECORD YEAR NORMAL DEPARTURE LAST
                VALUE   (LST)  VALUE       VALUE  FROM      YEAR
                                                  NORMAL
..................................................................
TEMPERATURE (F)
 YESTERDAY
  MAXIMUM         71   1203 PM  98    1962  83    -12       87
  MINIMUM         51   1159 PM  40    1954  61    -10       67
  AVERAGE         61                        72    -11       77

PRECIPITATION (IN)
  YESTERDAY        0.00          2.27 2003   0.17  -0.17     0.00
  MONTH TO DATE    0.32                      3.44  -3.12     1.58
  SINCE MAR 1     14.79                     13.05   1.74    15.19
  SINCE JAN 1     23.49                     22.42   1.07    22.12

DEGREE DAYS
 COOLING
  YESTERDAY        0                         7     -7       12
  MONTH TO DATE  167                       113     54      114
  SINCE MAR 1    249                       193     56      170
  SINCE JAN 1    249                       197     52      173
..................................................................


WIND (MPH)
  HIGHEST WIND SPEED    16   HIGHEST WIND DIRECTION     N (350)
  HIGHEST GUST SPEED    22   HIGHEST GUST DIRECTION     N (350)
  AVERAGE WIND SPEED     9.5


SKY COVER
  AVERAGE SKY COVER 0.7


WEATHER CONDITIONS
 THE FOLLOWING WEATHER WAS RECORDED YESTERDAY.
  NO SIGNIFICANT WEATHER WAS OBSERVED.


RELATIVE HUMIDITY (PERCENT)
 HIGHEST    93           200 AM
 LOWEST     67           500 PM
 AVERAGE    80

..........................................................


THE BIRMINGHAM CLIMATE NORMALS FOR TODAY
                         NORMAL    RECORD    YEAR
 MAXIMUM TEMPERATURE (F)   83        96      1962
 MINIMUM TEMPERATURE (F)   62        42      1993


SUNRISE AND SUNSET
MAY 22 2015...........SUNRISE   542 AM CDT   SUNSET   745 PM CDT
MAY 23 2015...........SUNRISE   542 AM CDT   SUNSET   746 PM CDT


-  INDICATES NEGATIVE NUMBERS.
R  INDICATES RECORD WAS SET OR TIED.
MM INDICATES DATA IS MISSING.
T  INDICATES TRACE AMOUNT.




$$
