652
CDUS44 KBMX 100837
CLIBHM


CLIMATE REPORT
NATIONAL WEATHER SERVICE BIRMINGHAM, AL
235 AM CST WED FEB 10 2016


...................................

...THE BIRMINGHAM CLIMATE SUMMARY FOR FEBRUARY 9 2016...

CLIMATE NORMAL PERIOD 1981 TO 2010
CLIMATE RECORD PERIOD 1895 TO 2016


WEATHER ITEM   OBSERVED TIME   RECORD YEAR NORMAL DEPARTURE LAST
                VALUE   (LST)  VALUE       VALUE  FROM      YEAR
                                                  NORMAL
..................................................................
TEMPERATURE (F)
 YESTERDAY
  MAXIMUM         40    432 PM  77    1957  57    -17       65
  MINIMUM         27   1159 PM   7    1933  36     -9       38
  AVERAGE         34                        46    -12       52

PRECIPITATION (IN)
  YESTERDAY        T             3.65 1946   0.15  -0.15     0.06
  MONTH TO DATE    3.05                      1.43   1.62     0.35
  SINCE DEC 1     16.86                     10.72   6.14    11.88
  SINCE JAN 1      6.33                      6.27   0.06     4.73

SNOWFALL (IN)
  YESTERDAY        T                         0.0    0.0      0.0
  MONTH TO DATE    T                         0.0    0.0      0.0
  SINCE DEC 1      T                         0.7   -0.7       T
  SINCE JUL 1      T                         0.7   -0.7       T
  SNOW DEPTH       0

DEGREE DAYS
 HEATING
  YESTERDAY       31                        19     12       13
  MONTH TO DATE  156                       176    -20      182
  SINCE DEC 1   1126                      1423   -297     1377
  SINCE JUL 1   1397                      1881   -484     1939
..................................................................


WIND (MPH)
  HIGHEST WIND SPEED    24   HIGHEST WIND DIRECTION     W (290)
  HIGHEST GUST SPEED    32   HIGHEST GUST DIRECTION    NW (320)
  AVERAGE WIND SPEED    12.4


SKY COVER
  AVERAGE SKY COVER 0.8


WEATHER CONDITIONS
 THE FOLLOWING WEATHER WAS RECORDED YESTERDAY.
  LIGHT SNOW


RELATIVE HUMIDITY (PERCENT)
 HIGHEST    69           900 PM
 LOWEST     30           300 PM
 AVERAGE    50

..........................................................


THE BIRMINGHAM CLIMATE NORMALS FOR TODAY
                         NORMAL    RECORD    YEAR
 MAXIMUM TEMPERATURE (F)   57        80      1932
 MINIMUM TEMPERATURE (F)   36        10      1971


SUNRISE AND SUNSET
FEBRUARY 10 2016......SUNRISE   636 AM CST   SUNSET   526 PM CST
FEBRUARY 11 2016......SUNRISE   635 AM CST   SUNSET   527 PM CST


-  INDICATES NEGATIVE NUMBERS.
R  INDICATES RECORD WAS SET OR TIED.
MM INDICATES DATA IS MISSING.
T  INDICATES TRACE AMOUNT.




$$
