000
CDUS44 KBMX 290907
CLIBHM


CLIMATE REPORT
NATIONAL WEATHER SERVICE BIRMINGHAM, AL
307 AM CST MON DEC 29 2014


...................................

...THE BIRMINGHAM CLIMATE SUMMARY FOR DECEMBER 28 2014...

CLIMATE NORMAL PERIOD 1981 TO 2010
CLIMATE RECORD PERIOD 1895 TO 2014


WEATHER ITEM   OBSERVED TIME   RECORD YEAR NORMAL DEPARTURE LAST
                VALUE   (LST)  VALUE       VALUE  FROM      YEAR
                                                  NORMAL
..................................................................
TEMPERATURE (F)
 YESTERDAY
  MAXIMUM         61    207 PM  76    1984  54      7       46
  MINIMUM         50   1159 PM   7    1925  35     15       41
  AVERAGE         56                        44     12       44

PRECIPITATION (IN)
  YESTERDAY        0.94          3.40 1901   0.13   0.81     1.35
  MONTH TO DATE    7.03                      4.06   2.97     7.00
  SINCE DEC 1      7.03                      4.06   2.97     7.00
  SINCE JAN 1     49.65                     53.33  -3.68    67.81

SNOWFALL (IN)
  YESTERDAY        0.0                       0.0    0.0      0.0
  MONTH TO DATE    0.0                       0.1   -0.1      0.0
  SINCE DEC 1      0.0                       0.1   -0.1      0.0
  SINCE JUL 1      0.0                       0.1   -0.1      0.0
  SNOW DEPTH       0

DEGREE DAYS
 HEATING
  YESTERDAY        9                        21    -12       21
  MONTH TO DATE  429                       527    -98      488
  SINCE DEC 1    429                       527    -98      488
  SINCE JUL 1    991                       985      6     1016
..................................................................


WIND (MPH)
  HIGHEST WIND SPEED    14   HIGHEST WIND DIRECTION     N (10)
  HIGHEST GUST SPEED    22   HIGHEST GUST DIRECTION    SE (150)
  AVERAGE WIND SPEED     4.6


SKY COVER
  AVERAGE SKY COVER 1.0


WEATHER CONDITIONS
 THE FOLLOWING WEATHER WAS RECORDED YESTERDAY.
  HEAVY RAIN
  RAIN
  LIGHT RAIN
  FOG


RELATIVE HUMIDITY (PERCENT)
 HIGHEST   100           700 AM
 LOWEST     84           300 PM
 AVERAGE    92

..........................................................


THE BIRMINGHAM CLIMATE NORMALS FOR TODAY
                         NORMAL    RECORD    YEAR
 MAXIMUM TEMPERATURE (F)   54        75      1984
 MINIMUM TEMPERATURE (F)   35         3      1926


SUNRISE AND SUNSET
DECEMBER 29 2014......SUNRISE   651 AM CST   SUNSET   448 PM CST
DECEMBER 30 2014......SUNRISE   651 AM CST   SUNSET   448 PM CST


-  INDICATES NEGATIVE NUMBERS.
R  INDICATES RECORD WAS SET OR TIED.
MM INDICATES DATA IS MISSING.
T  INDICATES TRACE AMOUNT.




$$
