000
CDUS44 KBMX 260831
CLIBHM


CLIMATE REPORT
NATIONAL WEATHER SERVICE BIRMINGHAM, AL
330 AM CDT MON SEP 26 2016


...................................

...THE BIRMINGHAM CLIMATE SUMMARY FOR SEPTEMBER 25 2016...

CLIMATE NORMAL PERIOD 1981 TO 2010
CLIMATE RECORD PERIOD 1895 TO 2016


WEATHER ITEM   OBSERVED TIME   RECORD YEAR NORMAL DEPARTURE LAST
                VALUE   (LST)  VALUE       VALUE  FROM      YEAR
                                                  NORMAL
..................................................................
TEMPERATURE (F)
 YESTERDAY
  MAXIMUM         98R   201 PM  97    1921  82     16       80
  MINIMUM         72    504 AM  43    1990  61     11       64
                                      1965
  AVERAGE         85                        72     13       72

PRECIPITATION (IN)
  YESTERDAY        0.00          2.50 1921   0.13  -0.13     0.06
  MONTH TO DATE    0.68                      3.23  -2.55     1.32
  SINCE SEP 1      0.68                      3.23  -2.55     1.32
  SINCE JAN 1     35.85                     40.31  -4.46    43.39

DEGREE DAYS
 HEATING
  YESTERDAY        0                         1     -1        0
  MONTH TO DATE    0                         3     -3        1
  SINCE SEP 1      0                         3     -3        1
  SINCE JUL 1      0                         3     -3        1

 COOLING
  YESTERDAY       20                         7     13        7
  MONTH TO DATE  429                       269    160      269
  SINCE SEP 1    429                       269    160      269
  SINCE JAN 1   2395                      1919    476     2083
..................................................................


WIND (MPH)
  HIGHEST WIND SPEED    12   HIGHEST WIND DIRECTION     S (180)
  HIGHEST GUST SPEED    16   HIGHEST GUST DIRECTION     S (160)
  AVERAGE WIND SPEED     2.3


SKY COVER
  AVERAGE SKY COVER 0.3


WEATHER CONDITIONS
 THE FOLLOWING WEATHER WAS RECORDED YESTERDAY.
  NO SIGNIFICANT WEATHER WAS OBSERVED.


RELATIVE HUMIDITY (PERCENT)
 HIGHEST    68           400 AM
 LOWEST     22           300 PM
 AVERAGE    45

..........................................................


THE BIRMINGHAM CLIMATE NORMALS FOR TODAY
                         NORMAL    RECORD    YEAR
 MAXIMUM TEMPERATURE (F)   82        95      1897
 MINIMUM TEMPERATURE (F)   60        41      2001


SUNRISE AND SUNSET
SEPTEMBER 26 2016.....SUNRISE   638 AM CDT   SUNSET   637 PM CDT
SEPTEMBER 27 2016.....SUNRISE   639 AM CDT   SUNSET   636 PM CDT


-  INDICATES NEGATIVE NUMBERS.
R  INDICATES RECORD WAS SET OR TIED.
MM INDICATES DATA IS MISSING.
T  INDICATES TRACE AMOUNT.




$$
