000
CDUS44 KBMX 222247
CLIBHM


CLIMATE REPORT
NATIONAL WEATHER SERVICE BIRMINGHAM, AL
447 PM CST SUN JAN 22 2017


...................................

...THE BIRMINGHAM CLIMATE SUMMARY FOR JANUARY 22 2017...
VALID TODAY AS OF 0400 PM LOCAL TIME.

CLIMATE NORMAL PERIOD 1981 TO 2010
CLIMATE RECORD PERIOD 1895 TO 2017


WEATHER ITEM   OBSERVED TIME   RECORD YEAR NORMAL DEPARTURE LAST
                VALUE   (LST)  VALUE       VALUE  FROM      YEAR
                                                  NORMAL
..................................................................
TEMPERATURE (F)
 TODAY
  MAXIMUM         67   1151 AM  78    1937  54     13       53
  MINIMUM         51    259 PM  10    1985  34     17       30
  AVERAGE         59                        44     15       42

PRECIPITATION (IN)
  TODAY            1.01          2.70 1980   0.16   0.85     0.51
  MONTH TO DATE    5.76                      3.36   2.40     2.41
  SINCE DEC 1      8.15                      7.81   0.34    12.94
  SINCE JAN 1      5.76                      3.36   2.40     2.41

SNOWFALL (IN)
  TODAY            0.0                       0.0    0.0       T
  MONTH TO DATE    0.3                       0.4   -0.1       T
  SINCE DEC 1      0.3                       0.5   -0.2       T
  SINCE JUL 1      0.3                       0.5   -0.2       T
  SNOW DEPTH       0

..................................................................


WIND (MPH)
  HIGHEST WIND SPEED    52   HIGHEST WIND DIRECTION     W (250)
  HIGHEST GUST SPEED    75   HIGHEST GUST DIRECTION    SW (230)
  AVERAGE WIND SPEED     7.6


SKY COVER
  AVERAGE SKY COVER 0.7


WEATHER CONDITIONS
 THE FOLLOWING WEATHER WAS RECORDED TODAY.
  THUNDERSTORM
  HEAVY RAIN
  RAIN
  LIGHT RAIN
  FOG


RELATIVE HUMIDITY (PERCENT)
 HIGHEST   100           400 AM
 LOWEST     81          1200 PM
 AVERAGE    91

..........................................................


THE BIRMINGHAM CLIMATE NORMALS FOR TOMORROW
                         NORMAL    RECORD    YEAR
 MAXIMUM TEMPERATURE (F)   54        78      1943
 MINIMUM TEMPERATURE (F)   34         4      1963


SUNRISE AND SUNSET
JANUARY 22 2017.......SUNRISE   649 AM CST   SUNSET   509 PM CST
JANUARY 23 2017.......SUNRISE   648 AM CST   SUNSET   510 PM CST


-  INDICATES NEGATIVE NUMBERS.
R  INDICATES RECORD WAS SET OR TIED.
MM INDICATES DATA IS MISSING.
T  INDICATES TRACE AMOUNT.




$$
