000
CDUS44 KBMX 230015
CLIBHM


CLIMATE REPORT
NATIONAL WEATHER SERVICE BIRMINGHAM, AL
715 PM CDT MON SEP 22 2014


...................................

...THE BIRMINGHAM CLIMATE SUMMARY FOR SEPTEMBER 22 2014...
VALID TODAY AS OF 0700 PM LOCAL TIME.

CLIMATE NORMAL PERIOD 1981 TO 2010
CLIMATE RECORD PERIOD 1895 TO 2014


WEATHER ITEM   OBSERVED TIME   RECORD YEAR NORMAL DEPARTURE LAST
                VALUE   (LST)  VALUE       VALUE  FROM      YEAR
                                                  NORMAL
..................................................................
TEMPERATURE (F)
 TODAY
  MAXIMUM         81    255 PM 100    1925  83     -2       81
  MINIMUM         62    602 AM  39    1983  62      0       54
  AVERAGE         72                        73     -1       68

PRECIPITATION (IN)
  TODAY            T             3.20 2002   0.13  -0.13     0.00
  MONTH TO DATE    1.64                      2.84  -1.20     2.44
  SINCE SEP 1      1.64                      2.84  -1.20     2.44
  SINCE JAN 1     34.50                     39.92  -5.42    54.70

DEGREE DAYS

 COOLING
  TODAY            7                         8     -1        3
  MONTH TO DATE  315                       247     68      261
  SINCE SEP 1    315                       247     68      261
  SINCE JAN 1   1955                      1897     58     1786
..................................................................


WIND (MPH)
  HIGHEST WIND SPEED    20   HIGHEST WIND DIRECTION     N (350)
  HIGHEST GUST SPEED    25   HIGHEST GUST DIRECTION     N (350)
  AVERAGE WIND SPEED    10.2


SKY COVER
  AVERAGE SKY COVER 0.3


WEATHER CONDITIONS
 THE FOLLOWING WEATHER WAS RECORDED TODAY.
  THUNDERSTORM


RELATIVE HUMIDITY (PERCENT)
 HIGHEST    87          1200 AM
 LOWEST     32           400 PM
 AVERAGE    60

..........................................................


THE BIRMINGHAM CLIMATE NORMALS FOR TOMORROW
                         NORMAL    RECORD    YEAR
 MAXIMUM TEMPERATURE (F)   83        99      1931
 MINIMUM TEMPERATURE (F)   62        42      1999


SUNRISE AND SUNSET
SEPTEMBER 22 2014.....SUNRISE   635 AM CDT   SUNSET   644 PM CDT
SEPTEMBER 23 2014.....SUNRISE   636 AM CDT   SUNSET   642 PM CDT


-  INDICATES NEGATIVE NUMBERS.
R  INDICATES RECORD WAS SET OR TIED.
MM INDICATES DATA IS MISSING.
T  INDICATES TRACE AMOUNT.




$$
