000
CDUS44 KBMX 040923
CLIBHM


CLIMATE REPORT
NATIONAL WEATHER SERVICE BIRMINGHAM, AL
422 AM CDT SAT JUL 4 2015


...................................

...THE BIRMINGHAM CLIMATE SUMMARY FOR JULY 3 2015...

CLIMATE NORMAL PERIOD 1981 TO 2010
CLIMATE RECORD PERIOD 2014 TO 2015


WEATHER ITEM   OBSERVED TIME   RECORD YEAR NORMAL DEPARTURE LAST
                VALUE   (LST)  VALUE       VALUE  FROM      YEAR
                                                  NORMAL
..................................................................
TEMPERATURE (F)
 YESTERDAY
  MAXIMUM         80    253 PM 101    1970  90    -10       86
  MINIMUM         71   1159 PM  57    1924  71      0       67
  AVERAGE         76                        80     -4       77

PRECIPITATION (IN)
  YESTERDAY        0.14          2.76 1940   0.16  -0.02     0.00
  MONTH TO DATE    0.40                      0.49  -0.09      T
  SINCE JUN 1      2.10                      4.87  -2.77     4.81
  SINCE JAN 1     27.83                     28.84  -1.01    27.67

DEGREE DAYS
 COOLING
  YESTERDAY       11                        15     -4       12
  MONTH TO DATE   41                        45     -4       48
  SINCE JUN 1    507                       427     80      454
  SINCE JAN 1    842                       709    133      747
..................................................................


WIND (MPH)
  HIGHEST WIND SPEED    23   HIGHEST WIND DIRECTION    NW (300)
  HIGHEST GUST SPEED    29   HIGHEST GUST DIRECTION     W (290)
  AVERAGE WIND SPEED     7.4


SKY COVER
  AVERAGE SKY COVER 1.0


WEATHER CONDITIONS
 THE FOLLOWING WEATHER WAS RECORDED YESTERDAY.
  THUNDERSTORM
  LIGHT RAIN
  FOG


RELATIVE HUMIDITY (PERCENT)
 HIGHEST    93           700 AM
 LOWEST     67           200 PM
 AVERAGE    80

..........................................................


THE BIRMINGHAM CLIMATE NORMALS FOR TODAY
                         NORMAL    RECORD    YEAR
 MAXIMUM TEMPERATURE (F)   90       102      1921
 MINIMUM TEMPERATURE (F)   71        58      1924


SUNRISE AND SUNSET
JULY  4 2015..........SUNRISE   542 AM CDT   SUNSET   801 PM CDT
JULY  5 2015..........SUNRISE   542 AM CDT   SUNSET   801 PM CDT


-  INDICATES NEGATIVE NUMBERS.
R  INDICATES RECORD WAS SET OR TIED.
MM INDICATES DATA IS MISSING.
T  INDICATES TRACE AMOUNT.




$$
