000
CDUS44 KBMX 232128
CLIBHM


CLIMATE REPORT
NATIONAL WEATHER SERVICE BIRMINGHAM, AL
428 PM CDT WED JUL 23 2014


...................................

...THE BIRMINGHAM CLIMATE SUMMARY FOR JULY 23 2014...
VALID AS OF 0400 PM LOCAL TIME.

CLIMATE NORMAL PERIOD 1981 TO 2010
CLIMATE RECORD PERIOD 1895 TO 2014


WEATHER ITEM   OBSERVED TIME   RECORD YEAR NORMAL DEPARTURE LAST
                VALUE   (LST)  VALUE       VALUE  FROM      YEAR
                                                  NORMAL
..................................................................
TEMPERATURE (F)
 TODAY
  MAXIMUM         89    259 PM 105    1952  91     -2       81
  MINIMUM         71    451 AM  52    1947  72     -1       71
  AVERAGE         80                        81     -1       76

PRECIPITATION (IN)
  TODAY            T             1.77 1930   0.16  -0.16     1.14
  MONTH TO DATE    0.92                      3.62  -2.70     7.83
  SINCE JUN 1      5.73                      8.00  -2.27    16.49
  SINCE JAN 1     28.59                     31.97  -3.38    47.00

DEGREE DAYS
 COOLING
  TODAY           15                        16     -1       11
  MONTH TO DATE  325                       365    -40      307
  SINCE JUN 1    731                       747    -16      728
  SINCE JAN 1   1024                      1029     -5      993
..................................................................


WIND (MPH)
  HIGHEST WIND SPEED    14   HIGHEST WIND DIRECTION     W (290)
  HIGHEST GUST SPEED    17   HIGHEST GUST DIRECTION    NW (310)
  AVERAGE WIND SPEED     0.7


SKY COVER
  AVERAGE SKY COVER 0.5


WEATHER CONDITIONS
 THE FOLLOWING WEATHER WAS RECORDED TODAY.
  THUNDERSTORM
  LIGHT RAIN


RELATIVE HUMIDITY (PERCENT)
 HIGHEST    93           200 AM
 LOWEST     55           300 PM
 AVERAGE    74

..........................................................


THE BIRMINGHAM CLIMATE NORMALS FOR TOMORROW
                         NORMAL    RECORD    YEAR
 MAXIMUM TEMPERATURE (F)   91       104      1952
 MINIMUM TEMPERATURE (F)   72        62      1966
                                             1909


SUNRISE AND SUNSET
JULY 23 2014..........SUNRISE   553 AM CDT   SUNSET   754 PM CDT
JULY 24 2014..........SUNRISE   554 AM CDT   SUNSET   753 PM CDT


-  INDICATES NEGATIVE NUMBERS.
R  INDICATES RECORD WAS SET OR TIED.
MM INDICATES DATA IS MISSING.
T  INDICATES TRACE AMOUNT.




$$
