000
CDUS44 KBMX 080227
CLIBHM


CLIMATE REPORT
NATIONAL WEATHER SERVICE BIRMINGHAM, AL
826 PM CST WED DEC 7 2016


...................................

...THE BIRMINGHAM CLIMATE SUMMARY FOR DECEMBER 7 2016...
VALID TODAY AS OF 0700 PM LOCAL TIME.

CLIMATE NORMAL PERIOD 1981 TO 2010
CLIMATE RECORD PERIOD 1895 TO 2016


WEATHER ITEM   OBSERVED TIME   RECORD YEAR NORMAL DEPARTURE LAST
                VALUE   (LST)  VALUE       VALUE  FROM      YEAR
                                                  NORMAL
..................................................................
TEMPERATURE (F)
 TODAY
  MAXIMUM         51   1236 PM  80    1951  58     -7       65
  MINIMUM         46    831 AM  12    1937  38      8       40
  AVERAGE         49                        48      1       53

PRECIPITATION (IN)
  TODAY            0.00          4.12 1919   0.15  -0.15     0.00
  MONTH TO DATE    1.40                      1.14   0.26     2.35
  SINCE DEC 1      1.40                      1.14   0.26     2.35
  SINCE JAN 1     39.32                     50.41 -11.09    52.74

SNOWFALL (IN)
  TODAY            0.0                       0.0    0.0      0.0
  MONTH TO DATE    0.0                       0.0    0.0      0.0
  SINCE DEC 1      0.0                       0.0    0.0      0.0
  SINCE JUL 1      0.0                       0.0    0.0      0.0
  SNOW DEPTH       0

..................................................................


WIND (MPH)
  HIGHEST WIND SPEED    13   HIGHEST WIND DIRECTION     W (260)
  HIGHEST GUST SPEED    16   HIGHEST GUST DIRECTION     W (270)
  AVERAGE WIND SPEED     6.0


SKY COVER
  AVERAGE SKY COVER 1.0


WEATHER CONDITIONS
 THE FOLLOWING WEATHER WAS RECORDED TODAY.
  NO SIGNIFICANT WEATHER WAS OBSERVED.


RELATIVE HUMIDITY (PERCENT)
 HIGHEST    93           100 AM
 LOWEST     71          1000 AM
 AVERAGE    82

..........................................................


THE BIRMINGHAM CLIMATE NORMALS FOR TOMORROW
                         NORMAL    RECORD    YEAR
 MAXIMUM TEMPERATURE (F)   58        79      1978
 MINIMUM TEMPERATURE (F)   38        16      1917


SUNRISE AND SUNSET
DECEMBER  7 2016......SUNRISE   639 AM CST   SUNSET   439 PM CST
DECEMBER  8 2016......SUNRISE   639 AM CST   SUNSET   439 PM CST


-  INDICATES NEGATIVE NUMBERS.
R  INDICATES RECORD WAS SET OR TIED.
MM INDICATES DATA IS MISSING.
T  INDICATES TRACE AMOUNT.




$$
