000
CDUS45 KVEF 230827
CLIBIH


CLIMATE REPORT
NATIONAL WEATHER SERVICE LAS VEGAS, NV
1226 AM PST THU NOV 23 2017


...................................

...THE BISHOP CA CLIMATE SUMMARY FOR NOVEMBER 22 2017...

CLIMATE NORMAL PERIOD 1981 TO 2010
CLIMATE RECORD PERIOD 1943 TO 2017


WEATHER ITEM   OBSERVED TIME   RECORD YEAR NORMAL DEPARTURE LAST
                VALUE   (LST)  VALUE       VALUE  FROM      YEAR
                                                  NORMAL
..................................................................
TEMPERATURE (F)
 YESTERDAY
  MAXIMUM         75    224 PM  76    1954  59     16       58
  MINIMUM         35    701 AM  16    1979  26      9       21
                                      1975
  AVERAGE         55                        43     12       40

PRECIPITATION (IN)
  YESTERDAY        0.00          0.93 1984   0.02  -0.02     0.00
  MONTH TO DATE    0.16                      0.37  -0.21      T
  SINCE OCT 1      0.16                      0.67  -0.51     0.09
  SINCE JAN 1      8.98                      4.22   4.76     3.16

SNOWFALL (IN)
  YESTERDAY        0.0           T    2013   0.1   -0.1      0.0
                                      1947
  MONTH TO DATE    0.0                       0.2   -0.2      0.0
  SINCE SEP 1      0.0                       0.2   -0.2      0.0
  SINCE JUL 1      0.0                       0.2   -0.2      0.0
  SNOW DEPTH       0

DEGREE DAYS
 HEATING
  YESTERDAY       10                        22    -12       25
  MONTH TO DATE  367                       403    -36      322
  SINCE SEP 1    676                       708    -32      531
  SINCE JUL 1    676                       710    -34      531

 COOLING
  YESTERDAY        0                         0      0        0
  MONTH TO DATE    0                         0      0        0
  SINCE SEP 1    134                       127      7      138
  SINCE JAN 1   1407                      1104    303     1361
..................................................................


WIND (MPH)
  RESULTANT WIND SPEED   3   RESULTANT WIND DIRECTION  NW (330)
  HIGHEST WIND SPEED    10   HIGHEST WIND DIRECTION    NW (330)
  HIGHEST GUST SPEED    11   HIGHEST GUST DIRECTION    NW (330)
  AVERAGE WIND SPEED     4.1


SKY COVER
  POSSIBLE SUNSHINE  MM
  AVERAGE SKY COVER 0.0


WEATHER CONDITIONS
 THE FOLLOWING WEATHER WAS RECORDED YESTERDAY.
  NO SIGNIFICANT WEATHER WAS OBSERVED.


RELATIVE HUMIDITY (PERCENT)
 HIGHEST    89           500 AM
 LOWEST     23           100 PM
 AVERAGE    56

..........................................................


THE BISHOP CA CLIMATE NORMALS FOR TODAY
                         NORMAL    RECORD    YEAR
 MAXIMUM TEMPERATURE (F)   59        78      1959
 MINIMUM TEMPERATURE (F)   26        11      1955


SUNRISE AND SUNSET
NOVEMBER 23 2017......SUNRISE   641 AM PST   SUNSET   438 PM PST
NOVEMBER 24 2017......SUNRISE   642 AM PST   SUNSET   438 PM PST


-  INDICATES NEGATIVE NUMBERS.
R  INDICATES RECORD WAS SET OR TIED.
MM INDICATES DATA IS MISSING.
T  INDICATES TRACE AMOUNT.




$$
