000
CDUS45 KVEF 090827
CLIBIH


CLIMATE REPORT
NATIONAL WEATHER SERVICE LAS VEGAS, NV
1226 AM PST TUE FEB 9 2016


...................................

...THE BISHOP CA CLIMATE SUMMARY FOR FEBRUARY 8 2016...

CLIMATE NORMAL PERIOD 1981 TO 2010
CLIMATE RECORD PERIOD 1943 TO 2016


WEATHER ITEM   OBSERVED TIME   RECORD YEAR NORMAL DEPARTURE LAST
                VALUE   (LST)  VALUE       VALUE  FROM      YEAR
                                                  NORMAL
..................................................................
TEMPERATURE (F)
 YESTERDAY
  MAXIMUM         70    319 PM  76    1954  56     14       64
  MINIMUM         30    454 AM  -2    1969  25      5       32
  AVERAGE         50                        41      9       48

PRECIPITATION (IN)
  YESTERDAY        0.00          0.89 1962   0.03  -0.03      T
  MONTH TO DATE    0.00                      0.23  -0.23     0.13
  SINCE OCT 1      1.87                      2.90  -1.03     0.68
  SINCE JAN 1      1.06                      1.28  -0.22     0.22

SNOWFALL (IN)
  YESTERDAY        0.0           0.3  1978   0.0    0.0      0.0
  MONTH TO DATE    0.0                       0.3   -0.3      0.0
  SINCE DEC 1      2.0                       6.7   -4.7      0.0
  SINCE JUL 1      2.0                       7.0   -5.0      0.0
  SNOW DEPTH       0

DEGREE DAYS
 HEATING
  YESTERDAY       15                        24     -9       17
  MONTH TO DATE  215                       197     18      116
  SINCE DEC 1   1941                      1865     76     1503
  SINCE JUL 1   2755                      2766    -11     2154

 COOLING
  YESTERDAY        0                         0      0        0
  MONTH TO DATE    0                         0      0        0
  SINCE DEC 1      0                         0      0        0
  SINCE JAN 1      0                         0      0        0
..................................................................


WIND (MPH)
  RESULTANT WIND SPEED   4   RESULTANT WIND DIRECTION  NW (320)
  HIGHEST WIND SPEED    12   HIGHEST WIND DIRECTION    NW (310)
  HIGHEST GUST SPEED    13   HIGHEST GUST DIRECTION    NW (310)
  AVERAGE WIND SPEED     5.6


SKY COVER
  POSSIBLE SUNSHINE  MM
  AVERAGE SKY COVER 0.0


WEATHER CONDITIONS
 THE FOLLOWING WEATHER WAS RECORDED YESTERDAY.
  NO SIGNIFICANT WEATHER WAS OBSERVED.


RELATIVE HUMIDITY (PERCENT)
 HIGHEST    78           400 AM
 LOWEST     16           400 PM
 AVERAGE    47

..........................................................


THE BISHOP CA CLIMATE NORMALS FOR TODAY
                         NORMAL    RECORD    YEAR
 MAXIMUM TEMPERATURE (F)   57        75      2014
 MINIMUM TEMPERATURE (F)   26         6      1969


SUNRISE AND SUNSET
FEBRUARY  9 2016......SUNRISE   650 AM PST   SUNSET   526 PM PST
FEBRUARY 10 2016......SUNRISE   649 AM PST   SUNSET   527 PM PST


-  INDICATES NEGATIVE NUMBERS.
R  INDICATES RECORD WAS SET OR TIED.
MM INDICATES DATA IS MISSING.
T  INDICATES TRACE AMOUNT.




$$
