000
CDUS45 KVEF 270827
CLIBIH


CLIMATE REPORT
NATIONAL WEATHER SERVICE LAS VEGAS, NV
1226 AM PST FRI FEB 27 2015


...................................

...THE BISHOP CA CLIMATE SUMMARY FOR FEBRUARY 26 2015...

CLIMATE NORMAL PERIOD 1981 TO 2010
CLIMATE RECORD PERIOD 1943 TO 2015


WEATHER ITEM   OBSERVED TIME   RECORD YEAR NORMAL DEPARTURE LAST
                VALUE   (LST)  VALUE       VALUE  FROM      YEAR
                                                  NORMAL
..................................................................
TEMPERATURE (F)
 YESTERDAY
  MAXIMUM         68    124 PM  80    1986  61      7       66
  MINIMUM         28    652 AM  17    1969  29     -1       31
                                      1962
                                      1955
  AVERAGE         48                        45      3       49

PRECIPITATION (IN)
  YESTERDAY        0.00          0.34 1993   0.03  -0.03     0.05
  MONTH TO DATE    0.17                      0.79  -0.62     0.05
  SINCE OCT 1      0.72                      3.46  -2.74     0.47
  SINCE JAN 1      0.26                      1.84  -1.58     0.25

SNOWFALL (IN)
  YESTERDAY        0.0           4.0  1993   0.0    0.0      0.0
  MONTH TO DATE    0.0                       0.1   -0.1      0.0
  SINCE DEC 1      0.0                       5.5   -5.5      0.5
  SINCE JUL 1      0.0                       5.9   -5.9      0.5
  SNOW DEPTH       0

DEGREE DAYS
 HEATING
  YESTERDAY       17                        20     -3       16
  MONTH TO DATE  362                       598   -236      486
  SINCE DEC 1   1749                      2266   -517     1909
  SINCE JUL 1   2400                      3167   -767     2912

 COOLING
  YESTERDAY        0                         0      0        0
  MONTH TO DATE    0                         0      0        0
  SINCE DEC 1      0                         0      0        0
  SINCE JAN 1      0                         0      0        0
..................................................................


WIND (MPH)
  RESULTANT WIND SPEED  12   RESULTANT WIND DIRECTION   N (0)
  HIGHEST WIND SPEED    28   HIGHEST WIND DIRECTION     N (350)
  HIGHEST GUST SPEED    36   HIGHEST GUST DIRECTION     N (20)
  AVERAGE WIND SPEED    13.5


SKY COVER
  POSSIBLE SUNSHINE  MM
  AVERAGE SKY COVER 0.0


WEATHER CONDITIONS
 THE FOLLOWING WEATHER WAS RECORDED YESTERDAY.
  NO SIGNIFICANT WEATHER WAS OBSERVED.


RELATIVE HUMIDITY (PERCENT)
 HIGHEST    50           600 AM
 LOWEST     14           100 PM
 AVERAGE    32

..........................................................


THE BISHOP CA CLIMATE NORMALS FOR TODAY
                         NORMAL    RECORD    YEAR
 MAXIMUM TEMPERATURE (F)   61        81      1986
 MINIMUM TEMPERATURE (F)   29         8      1971


SUNRISE AND SUNSET
FEBRUARY 27 2015......SUNRISE   628 AM PST   SUNSET   545 PM PST
FEBRUARY 28 2015......SUNRISE   626 AM PST   SUNSET   546 PM PST


-  INDICATES NEGATIVE NUMBERS.
R  INDICATES RECORD WAS SET OR TIED.
MM INDICATES DATA IS MISSING.
T  INDICATES TRACE AMOUNT.




$$
