000
CDUS45 KBYZ 250932
CLIBIL


CLIMATE REPORT
NATIONAL WEATHER SERVICE BILLINGS MT
331 AM MDT SUN SEP 25 2016


...................................

...THE BILLINGS MT CLIMATE SUMMARY FOR SEPTEMBER 24 2016...

CLIMATE NORMAL PERIOD 1981 TO 2010
CLIMATE RECORD PERIOD 1934 TO 2016


WEATHER ITEM   OBSERVED TIME   RECORD YEAR NORMAL DEPARTURE LAST
                VALUE   (LST)  VALUE       VALUE  FROM      YEAR
                                                  NORMAL
..................................................................
TEMPERATURE (F)
 YESTERDAY
  MAXIMUM         63    239 PM  90    1938  69     -6       87
  MINIMUM         49    741 AM  22    1984  44      5       54
  AVERAGE         56                        56      0       71

PRECIPITATION (IN)
  YESTERDAY        0.24          0.43 1958   0.05   0.19     0.00
  MONTH TO DATE    1.58                      1.02   0.56     0.27
  SINCE OCT 1     12.18                     13.38  -1.20    11.68
  SINCE JAN 1      9.33                     11.07  -1.74    10.11

SNOWFALL (IN)
  YESTERDAY        0.0           0.7  1984   0.1   -0.1      0.0
  MONTH TO DATE    0.0                       0.7   -0.7      0.0
  SINCE SEP 1      0.0                       0.7   -0.7      0.0
  SINCE JUL 1      0.0                       0.7   -0.7       T
  SNOW DEPTH       0

DEGREE DAYS
 HEATING
  YESTERDAY        9                         9      0        0
  MONTH TO DATE  144                       129     15       66
  SINCE SEP 1    144                       129     15       66
  SINCE JUL 1    172                       166      6      109

 COOLING
  YESTERDAY        0                         1     -1        6
  MONTH TO DATE   39                        48     -9       66
  SINCE SEP 1     39                        48     -9       66
  SINCE JAN 1    723                       630     93      718
..................................................................


WIND (MPH)
  HIGHEST WIND SPEED    38   HIGHEST WIND DIRECTION    NW (320)
  HIGHEST GUST SPEED    47   HIGHEST GUST DIRECTION    NW (330)
  AVERAGE WIND SPEED    16.4


SKY COVER
  POSSIBLE SUNSHINE  MM
  AVERAGE SKY COVER 0.9


WEATHER CONDITIONS
 THE FOLLOWING WEATHER WAS RECORDED YESTERDAY.
  LIGHT RAIN


RELATIVE HUMIDITY (PERCENT)
 HIGHEST    89          1200 AM
 LOWEST     36           300 PM
 AVERAGE    63

..........................................................


THE BILLINGS MT CLIMATE NORMALS FOR TODAY
                         NORMAL    RECORD    YEAR
 MAXIMUM TEMPERATURE (F)   68        95      2015
 MINIMUM TEMPERATURE (F)   44        24      1934


SUNRISE AND SUNSET
SEPTEMBER 25 2016.....SUNRISE   706 AM MDT   SUNSET   705 PM MDT
SEPTEMBER 26 2016.....SUNRISE   707 AM MDT   SUNSET   703 PM MDT


-  INDICATES NEGATIVE NUMBERS.
R  INDICATES RECORD WAS SET OR TIED.
MM INDICATES DATA IS MISSING.
T  INDICATES TRACE AMOUNT.





&&

...THE CLIMATE SUMMARY FOR SOUTHWEST BILLINGS FOR 24 SEPTEMBER 2016...

HIGH TEMPERATURE........................64
LOW TEMPERATURE.........................50

PRECIPITATION...........................0.22
MONTHLY PRECIPITATION TOTAL.............1.96
YEARLY PRECIPITATION TOTAL..............10.70

SNOWFALL................................0.0
MONTHLY SNOWFALL TOTAL..................0.0
TOTAL SNOWFALL SINCE JULY 1.............0.0

SNOW DEPTH AT MIDNIGHT..................0

$$
