148
CDUS45 KBYZ 290933
CLIBIL


CLIMATE REPORT
NATIONAL WEATHER SERVICE BILLINGS MT
332 AM MDT SAT APR 29 2017


...................................

...THE BILLINGS MT CLIMATE SUMMARY FOR APRIL 28 2017...

CLIMATE NORMAL PERIOD 1981 TO 2010
CLIMATE RECORD PERIOD 1934 TO 2017


WEATHER ITEM   OBSERVED TIME   RECORD YEAR NORMAL DEPARTURE LAST
                VALUE   (LST)  VALUE       VALUE  FROM      YEAR
                                                  NORMAL
..................................................................
TEMPERATURE (F)
 YESTERDAY
  MAXIMUM         47    101 PM  88    1987  62    -15       41
  MINIMUM         37   1147 PM  18    1954  38     -1       31
  AVERAGE         42                        50     -8       36

PRECIPITATION (IN)
  YESTERDAY        0.11          2.53 1978   0.07   0.04     0.23
  MONTH TO DATE    3.34                      1.53   1.81     1.28
  SINCE OCT 1     12.58                      5.86   6.72     6.21
  SINCE JAN 1      7.02                      3.55   3.47     3.36

SNOWFALL (IN)
  YESTERDAY        0.0           8.3  1970   0.2   -0.2      1.8
  MONTH TO DATE    3.4                       7.9   -4.5      1.8
  SINCE MAR 1     13.8                      18.1   -4.3      3.7
  SINCE JUL 1     74.1                      52.6   21.5     28.1
  SNOW DEPTH       0

DEGREE DAYS
 HEATING
  YESTERDAY       23                        15      8       29
  MONTH TO DATE  482                       537    -55      419
  SINCE MAR 1   1200                      1382   -182     1093
  SINCE JUL 1   6285                      6347    -62     5354

 COOLING
  YESTERDAY        0                         0      0        0
  MONTH TO DATE    0                         0      0        3
  SINCE MAR 1      0                         0      0        3
  SINCE JAN 1      0                         0      0        3
..................................................................


WIND (MPH)
  HIGHEST WIND SPEED    17   HIGHEST WIND DIRECTION     N (10)
  HIGHEST GUST SPEED    23   HIGHEST GUST DIRECTION     N (10)
  AVERAGE WIND SPEED     7.1


SKY COVER
  POSSIBLE SUNSHINE  MM
  AVERAGE SKY COVER 1.0


WEATHER CONDITIONS
 THE FOLLOWING WEATHER WAS RECORDED YESTERDAY.
  LIGHT RAIN


RELATIVE HUMIDITY (PERCENT)
 HIGHEST    92          1200 AM
 LOWEST     58           100 PM
 AVERAGE    75

..........................................................


THE BILLINGS MT CLIMATE NORMALS FOR TODAY
                         NORMAL    RECORD    YEAR
 MAXIMUM TEMPERATURE (F)   62        90      1939
 MINIMUM TEMPERATURE (F)   38        19      1966


SUNRISE AND SUNSET
APRIL 29 2017.........SUNRISE   604 AM MDT   SUNSET   820 PM MDT
APRIL 30 2017.........SUNRISE   603 AM MDT   SUNSET   821 PM MDT


-  INDICATES NEGATIVE NUMBERS.
R  INDICATES RECORD WAS SET OR TIED.
MM INDICATES DATA IS MISSING.
T  INDICATES TRACE AMOUNT.





&&

...THE CLIMATE SUMMARY FOR SOUTHWEST BILLINGS FOR 28 APRIL 2017...

HIGH TEMPERATURE........................49
LOW TEMPERATURE.........................39

PRECIPITATION...........................0.15
MONTHLY PRECIPITATION TOTAL.............3.60
YEARLY PRECIPITATION TOTAL..............7.30

SNOWFALL................................0.0
MONTHLY SNOWFALL TOTAL..................0.8
TOTAL SNOWFALL SINCE JULY 1.............54.7

SNOW DEPTH AT MIDNIGHT..................0

$$
