000
CDUS45 KBYZ 220723
CLIBIL


CLIMATE REPORT
NATIONAL WEATHER SERVICE BILLINGS MT
123 AM MDT TUE AUG 22 2017


...................................

...THE BILLINGS MT CLIMATE SUMMARY FOR AUGUST 21 2017...

CLIMATE NORMAL PERIOD 1981 TO 2010
CLIMATE RECORD PERIOD 1934 TO 2017


WEATHER ITEM   OBSERVED TIME   RECORD YEAR NORMAL DEPARTURE LAST
                VALUE   (LST)  VALUE       VALUE  FROM      YEAR
                                                  NORMAL
..................................................................
TEMPERATURE (F)
 YESTERDAY
  MAXIMUM         81    437 PM 101    2010  85     -4       91
  MINIMUM         56    502 AM  42    1945  56      0       54
  AVERAGE         69                        71     -2       73

PRECIPITATION (IN)
  YESTERDAY        0.00          0.58 1965   0.02  -0.02     0.00
  MONTH TO DATE    0.17                      0.51  -0.34     1.67
  SINCE OCT 1     16.80                     12.12   4.68    10.60
  SINCE JAN 1     11.24                      9.81   1.43     7.75

SNOWFALL (IN)
  YESTERDAY        0.0           0.0  2002   0.0    0.0      0.0
                                      2000
  MONTH TO DATE    0.0                       0.0    0.0      0.0
  SINCE JUN 1      0.0                       0.0    0.0       T
  SINCE JUL 1      0.0                       0.0    0.0      0.0
  SNOW DEPTH       0

DEGREE DAYS
 HEATING
  YESTERDAY        0                         1     -1        0
  MONTH TO DATE    2                         6     -4        9
  SINCE JUN 1     40                       117    -77       24
  SINCE JUL 1      2                        21    -19       13

 COOLING
  YESTERDAY        4                         6     -2        8
  MONTH TO DATE   98                       171    -73      144
  SINCE JUN 1    620                       512    108      615
  SINCE JAN 1    635                       529    106      626
..................................................................


WIND (MPH)
  HIGHEST WIND SPEED    12   HIGHEST WIND DIRECTION    NE (60)
  HIGHEST GUST SPEED    14   HIGHEST GUST DIRECTION     E (70)
  AVERAGE WIND SPEED     6.1


SKY COVER
  POSSIBLE SUNSHINE  MM
  AVERAGE SKY COVER 0.3


WEATHER CONDITIONS
 THE FOLLOWING WEATHER WAS RECORDED YESTERDAY.
  NO SIGNIFICANT WEATHER WAS OBSERVED.


RELATIVE HUMIDITY (PERCENT)
 HIGHEST    51           700 AM
 LOWEST     15           400 PM
 AVERAGE    33

..........................................................


THE BILLINGS MT CLIMATE NORMALS FOR TODAY
                         NORMAL    RECORD    YEAR
 MAXIMUM TEMPERATURE (F)   85       100      1971
 MINIMUM TEMPERATURE (F)   56        37      1939


SUNRISE AND SUNSET
AUGUST 22 2017........SUNRISE   623 AM MDT   SUNSET   810 PM MDT
AUGUST 23 2017........SUNRISE   624 AM MDT   SUNSET   808 PM MDT


-  INDICATES NEGATIVE NUMBERS.
R  INDICATES RECORD WAS SET OR TIED.
MM INDICATES DATA IS MISSING.
T  INDICATES TRACE AMOUNT.




$$
