000
CDUS45 KBYZ 141039
CLIBIL


CLIMATE REPORT
NATIONAL WEATHER SERVICE BILLINGS MT
338 AM MST SUN FEB 14 2016


...................................

...THE BILLINGS MT CLIMATE SUMMARY FOR FEBRUARY 13 2016...

CLIMATE NORMAL PERIOD 1981 TO 2010
CLIMATE RECORD PERIOD 1934 TO 2016


WEATHER ITEM   OBSERVED TIME   RECORD YEAR NORMAL DEPARTURE LAST
                VALUE   (LST)  VALUE       VALUE  FROM      YEAR
                                                  NORMAL
..................................................................
TEMPERATURE (F)
 YESTERDAY
  MAXIMUM         51   1008 AM  66    1996  40     11       65
  MINIMUM         32    641 AM -24    1949  20     12       40
  AVERAGE         42                        30     12       53

PRECIPITATION (IN)
  YESTERDAY        T             0.59 1952   0.01  -0.01     0.00
  MONTH TO DATE    T                         0.20  -0.20     0.09
  SINCE OCT 1      3.29                      2.99   0.30     2.75
  SINCE JAN 1      0.44                      0.68  -0.24     1.18

SNOWFALL (IN)
  YESTERDAY        0.0           4.9  1952   0.2   -0.2      0.0
  MONTH TO DATE    T                         2.6   -2.6      1.7
  SINCE DEC 1     20.1                      19.2    0.9     28.8
  SINCE JUL 1     24.2                      30.9   -6.7     42.0
  SNOW DEPTH       0

DEGREE DAYS
 HEATING
  YESTERDAY       23                        35    -12       12
  MONTH TO DATE  342                       468   -126      331
  SINCE DEC 1   2525                      2836   -311     2495
  SINCE JUL 1   3913                      4464   -551     4096

 COOLING
  YESTERDAY        0                         0      0        0
  MONTH TO DATE    0                         0      0        0
  SINCE DEC 1      0                         0      0        0
  SINCE JAN 1      0                         0      0        0
..................................................................


WIND (MPH)
  HIGHEST WIND SPEED    46   HIGHEST WIND DIRECTION    NW (310)
  HIGHEST GUST SPEED    56   HIGHEST GUST DIRECTION    NW (300)
  AVERAGE WIND SPEED    15.2


SKY COVER
  POSSIBLE SUNSHINE  MM
  AVERAGE SKY COVER 0.6


WEATHER CONDITIONS
 THE FOLLOWING WEATHER WAS RECORDED YESTERDAY.
  NO SIGNIFICANT WEATHER WAS OBSERVED.


RELATIVE HUMIDITY (PERCENT)
 HIGHEST    89           500 AM
 LOWEST     24           300 PM
 AVERAGE    57

..........................................................


THE BILLINGS MT CLIMATE NORMALS FOR TODAY
                         NORMAL    RECORD    YEAR
 MAXIMUM TEMPERATURE (F)   40        66      2015
 MINIMUM TEMPERATURE (F)   20       -28      1936


SUNRISE AND SUNSET
FEBRUARY 14 2016......SUNRISE   719 AM MST   SUNSET   539 PM MST
FEBRUARY 15 2016......SUNRISE   717 AM MST   SUNSET   540 PM MST


-  INDICATES NEGATIVE NUMBERS.
R  INDICATES RECORD WAS SET OR TIED.
MM INDICATES DATA IS MISSING.
T  INDICATES TRACE AMOUNT.





&&

...THE CLIMATE SUMMARY FOR SOUTHWEST BILLINGS FOR 13 FEBRUARY 2016...

HIGH TEMPERATURE........................51
LOW TEMPERATURE.........................29

PRECIPITATION...........................T
MONTHLY PRECIPITATION TOTAL.............T
YEARLY PRECIPITATION TOTAL..............0.35

SNOWFALL................................0.0
MONTHLY SNOWFALL TOTAL..................T
TOTAL SNOWFALL SINCE JULY 1.............23.8

SNOW DEPTH AT MIDNIGHT..................0

$$
