000
CDUS45 KBYZ 250723
CLIBIL


CLIMATE REPORT
NATIONAL WEATHER SERVICE BILLINGS MT
123 AM MDT SUN JUN 25 2017


...................................

...THE BILLINGS MT CLIMATE SUMMARY FOR JUNE 24 2017...

CLIMATE NORMAL PERIOD 1981 TO 2010
CLIMATE RECORD PERIOD 1934 TO 2017


WEATHER ITEM   OBSERVED TIME   RECORD YEAR NORMAL DEPARTURE LAST
                VALUE   (LST)  VALUE       VALUE  FROM      YEAR
                                                  NORMAL
..................................................................
TEMPERATURE (F)
 YESTERDAY
  MAXIMUM         76    413 PM 101    1936  80     -4       91
  MINIMUM         52    613 AM  41    1953  54     -2       59
                                      1939
  AVERAGE         64                        67     -3       75

PRECIPITATION (IN)
  YESTERDAY        T             2.60 1938   0.06  -0.06     0.00
  MONTH TO DATE    1.95                      1.77   0.18     0.23
  SINCE OCT 1     16.14                      9.94   6.20     8.48
  SINCE JAN 1     10.58                      7.63   2.95     5.63

SNOWFALL (IN)
  YESTERDAY        0.0           T    1991   0.0    0.0      0.0
  MONTH TO DATE    0.0                       0.0    0.0       T
  SINCE JUN 1      0.0                       0.0    0.0       T
  SINCE JUL 1     74.1                      55.0   19.1     28.1
  SNOW DEPTH       0

DEGREE DAYS
 HEATING
  YESTERDAY        1                         2     -1        0
  MONTH TO DATE   35                        87    -52       11
  SINCE JUN 1     35                        87    -52       11
  SINCE JUL 1   6600                      6773   -173     5686

 COOLING
  YESTERDAY        0                         4     -4       10
  MONTH TO DATE   81                        55     26      142
  SINCE JUN 1     81                        55     26      142
  SINCE JAN 1     96                        72     24      153
..................................................................


WIND (MPH)
  HIGHEST WIND SPEED    20   HIGHEST WIND DIRECTION    NE (50)
  HIGHEST GUST SPEED    24   HIGHEST GUST DIRECTION    NE (50)
  AVERAGE WIND SPEED     6.6


SKY COVER
  POSSIBLE SUNSHINE  MM
  AVERAGE SKY COVER 0.5


WEATHER CONDITIONS
 THE FOLLOWING WEATHER WAS RECORDED YESTERDAY.
  LIGHT RAIN


RELATIVE HUMIDITY (PERCENT)
 HIGHEST    71           500 AM
 LOWEST     19           500 PM
 AVERAGE    45

..........................................................


THE BILLINGS MT CLIMATE NORMALS FOR TODAY
                         NORMAL    RECORD    YEAR
 MAXIMUM TEMPERATURE (F)   81       101      2012
                                             1988
 MINIMUM TEMPERATURE (F)   55        42      1958
                                             1939


SUNRISE AND SUNSET
JUNE 25 2017..........SUNRISE   525 AM MDT   SUNSET   908 PM MDT
JUNE 26 2017..........SUNRISE   526 AM MDT   SUNSET   908 PM MDT


-  INDICATES NEGATIVE NUMBERS.
R  INDICATES RECORD WAS SET OR TIED.
MM INDICATES DATA IS MISSING.
T  INDICATES TRACE AMOUNT.




$$
