000
CDUS45 KBYZ 050933
CLIBIL


CLIMATE REPORT
NATIONAL WEATHER SERVICE BILLINGS MT
331 AM MDT SAT SEP 5 2015


...................................

...THE BILLINGS MT CLIMATE SUMMARY FOR SEPTEMBER 4 2015...

CLIMATE NORMAL PERIOD 1981 TO 2010
CLIMATE RECORD PERIOD 1934 TO 2015


WEATHER ITEM   OBSERVED TIME   RECORD YEAR NORMAL DEPARTURE LAST
                VALUE   (LST)  VALUE       VALUE  FROM      YEAR
                                                  NORMAL
..................................................................
TEMPERATURE (F)
 YESTERDAY
  MAXIMUM         71    334 PM 100    1950  79     -8       66
  MINIMUM         50    614 AM  31    1962  52     -2       46
  AVERAGE         61                        65     -4       56

PRECIPITATION (IN)
  YESTERDAY        0.05          0.54 1987   0.04   0.01     0.00
  MONTH TO DATE    0.05                      0.14  -0.09      T
  SINCE OCT 1     11.46                     12.50  -1.04    16.78
  SINCE JAN 1      9.89                     10.19  -0.30    11.89

SNOWFALL (IN)
  YESTERDAY        0.0           0.0  2002   0.0    0.0      0.0
                                      2000
  MONTH TO DATE    0.0                       0.0    0.0      0.0
  SINCE SEP 1      0.0                       0.0    0.0      0.0
  SINCE JUL 1      T                         0.0    0.0      0.0
  SNOW DEPTH       0

DEGREE DAYS
 HEATING
  YESTERDAY        4                         3      1        9
  MONTH TO DATE    4                        11     -7       11
  SINCE SEP 1      4                        11     -7       11
  SINCE JUL 1     47                        48     -1       59

 COOLING
  YESTERDAY        0                         3     -3        0
  MONTH TO DATE   24                        14     10        4
  SINCE SEP 1     24                        14     10        4
  SINCE JAN 1    676                       596     80      556
..................................................................


WIND (MPH)
  HIGHEST WIND SPEED    29   HIGHEST WIND DIRECTION     N (10)
  HIGHEST GUST SPEED    34   HIGHEST GUST DIRECTION     N (10)
  AVERAGE WIND SPEED    10.7


SKY COVER
  POSSIBLE SUNSHINE  MM
  AVERAGE SKY COVER 0.5


WEATHER CONDITIONS
 THE FOLLOWING WEATHER WAS RECORDED YESTERDAY.
  THUNDERSTORM
  RAIN
  LIGHT RAIN


RELATIVE HUMIDITY (PERCENT)
 HIGHEST    83           400 AM
 LOWEST     40           400 PM
 AVERAGE    62

..........................................................


THE BILLINGS MT CLIMATE NORMALS FOR TODAY
                         NORMAL    RECORD    YEAR
 MAXIMUM TEMPERATURE (F)   79        95      2013
                                             1945
 MINIMUM TEMPERATURE (F)   51        37      1956


SUNRISE AND SUNSET
SEPTEMBER  5 2015.....SUNRISE   640 AM MDT   SUNSET   745 PM MDT
SEPTEMBER  6 2015.....SUNRISE   641 AM MDT   SUNSET   743 PM MDT


-  INDICATES NEGATIVE NUMBERS.
R  INDICATES RECORD WAS SET OR TIED.
MM INDICATES DATA IS MISSING.
T  INDICATES TRACE AMOUNT.





&&

...THE CLIMATE SUMMARY FOR SOUTHWEST BILLINGS FOR 04 SEPTEMBER 2015...

HIGH TEMPERATURE........................73
LOW TEMPERATURE.........................52

PRECIPITATION...........................0.06
MONTHLY PRECIPITATION TOTAL.............0.07
YEARLY PRECIPITATION TOTAL..............11.63

SNOWFALL................................0.0
MONTHLY SNOWFALL TOTAL..................0.0
TOTAL SNOWFALL SINCE JULY 1.............0.0

SNOW DEPTH AT MIDNIGHT..................0

$$
