000
CDUS45 KBYZ 242224
CLIBIL


CLIMATE REPORT
NATIONAL WEATHER SERVICE BILLINGS MT
421 PM MDT THU JUL 24 2014


...................................

...THE BILLINGS MT CLIMATE SUMMARY FOR JULY 24 2014...
VALID TODAY AS OF 0400 PM LOCAL TIME.

CLIMATE NORMAL PERIOD 1981 TO 2010
CLIMATE RECORD PERIOD 1934 TO 2014


WEATHER ITEM   OBSERVED TIME   RECORD YEAR NORMAL DEPARTURE LAST
                VALUE   (LST)  VALUE       VALUE  FROM      YEAR
                                                  NORMAL
..................................................................
TEMPERATURE (F)
 TODAY
  MAXIMUM        100    140 PM 105    1999  88     12       95
  MINIMUM         66    431 AM  49    2004  60      6       62
  AVERAGE         83                        74      9       79

PRECIPITATION (IN)
  TODAY            0.00          0.30 1993   0.04  -0.04      T
  MONTH TO DATE    0.34                      1.07  -0.73     0.51
  SINCE OCT 1     14.81                     11.36   3.45     9.88
  SINCE JAN 1      9.92                      9.05   0.87     7.83

SNOWFALL (IN)
  TODAY            0.0           0.0  2002   0.0    0.0      0.0
                                      2001
                                      2000
  MONTH TO DATE    0.0                       0.0    0.0      0.0
  SINCE JUN 1      T                         0.0    0.0      0.0
  SINCE JUL 1      0.0                       0.0    0.0      0.0
  SNOW DEPTH       0

DEGREE DAYS
 HEATING
  TODAY            0                         0      0        0
  MONTH TO DATE    1                        12    -11        0
  SINCE JUN 1     90                       108    -18       73
  SINCE JUL 1      1                        12    -11        0

 COOLING
  TODAY           18                         9      9       14
  MONTH TO DATE  235                       189     46      261
  SINCE JUN 1    254                       274    -20      357
  SINCE JAN 1    270                       291    -21      384
..................................................................


WIND (MPH)
  HIGHEST WIND SPEED    37   HIGHEST WIND DIRECTION     W (250)
  HIGHEST GUST SPEED    48   HIGHEST GUST DIRECTION    SW (240)
  AVERAGE WIND SPEED     9.4


SKY COVER
  POSSIBLE SUNSHINE  MM
  AVERAGE SKY COVER 0.3


WEATHER CONDITIONS
 THE FOLLOWING WEATHER WAS RECORDED TODAY.
  NO SIGNIFICANT WEATHER WAS OBSERVED.


RELATIVE HUMIDITY (PERCENT)
 HIGHEST    73           300 AM
 LOWEST     10           300 PM
 AVERAGE    42

..........................................................


THE BILLINGS MT CLIMATE NORMALS FOR TOMORROW
                         NORMAL    RECORD    YEAR
 MAXIMUM TEMPERATURE (F)   89        98      2011
                                             1945
                                             1936
 MINIMUM TEMPERATURE (F)   60        48      2005


SUNRISE AND SUNSET
JULY 24 2014..........SUNRISE   548 AM MDT   SUNSET   852 PM MDT
JULY 25 2014..........SUNRISE   549 AM MDT   SUNSET   851 PM MDT


-  INDICATES NEGATIVE NUMBERS.
R  INDICATES RECORD WAS SET OR TIED.
MM INDICATES DATA IS MISSING.
T  INDICATES TRACE AMOUNT.




$$
