000
CDUS43 KBIS 300823
CLIBIS


CLIMATE REPORT
NATIONAL WEATHER SERVICE BISMARCK ND
323 AM CDT TUE JUN 30 2015


...................................

...THE BISMARCK ND CLIMATE SUMMARY FOR JUNE 29 2015...

CLIMATE NORMAL PERIOD 1981 TO 2010
CLIMATE RECORD PERIOD 1875 TO 2015


WEATHER ITEM   OBSERVED TIME   RECORD YEAR NORMAL DEPARTURE LAST
                VALUE   (LST)  VALUE       VALUE  FROM      YEAR
                                                  NORMAL
..................................................................
TEMPERATURE (F)
 YESTERDAY
  MAXIMUM         92    444 PM 111    2002  81     11       81
  MINIMUM         58    504 AM  41    1973  55      3       60
  AVERAGE         75                        68      7       71

PRECIPITATION (IN)
  YESTERDAY        0.00          2.17 2005   0.10  -0.10     0.00
  MONTH TO DATE    4.83                      3.07   1.76     3.01
  SINCE JUN 1      4.83                      3.07   1.76     3.01
  SINCE JAN 1     12.10                      8.54   3.56     7.20

SNOWFALL (IN)
  YESTERDAY        0.0           0.0  2002   0.0    0.0      0.0
                                      2001
  MONTH TO DATE    0.0                       0.0    0.0      0.0
  SINCE JUN 1      0.0                       0.0    0.0      0.0
  SINCE JUL 1     24.1                      51.2  -27.1     40.5
  SNOW DEPTH       0

DEGREE DAYS
 HEATING
  YESTERDAY        0                         1     -1        0
  MONTH TO DATE   43                        91    -48       93
  SINCE JUN 1     43                        91    -48       93
  SINCE JUL 1   8214                      8556   -342     9149

 COOLING
  YESTERDAY       10                         5      5        6
  MONTH TO DATE   88                        78     10       53
  SINCE JUN 1     88                        78     10       53
  SINCE JAN 1     94                        95     -1      104
..................................................................


WIND (MPH)
  HIGHEST WIND SPEED    14   HIGHEST WIND DIRECTION    NW (320)
  HIGHEST GUST SPEED    18   HIGHEST GUST DIRECTION     W (290)
  AVERAGE WIND SPEED     6.2


SKY COVER
  POSSIBLE SUNSHINE  MM
  AVERAGE SKY COVER 0.1


WEATHER CONDITIONS
 THE FOLLOWING WEATHER WAS RECORDED YESTERDAY.
  FOG
  HAZE


RELATIVE HUMIDITY (PERCENT)
 HIGHEST    93           500 AM
 LOWEST     28           300 PM
 AVERAGE    61

..........................................................


THE BISMARCK ND CLIMATE NORMALS FOR TODAY
                         NORMAL    RECORD    YEAR
 MAXIMUM TEMPERATURE (F)   82       107      1921
 MINIMUM TEMPERATURE (F)   55        41      1891


SUNRISE AND SUNSET
JUNE 30 2015..........SUNRISE   552 AM CDT   SUNSET   941 PM CDT
JULY  1 2015..........SUNRISE   553 AM CDT   SUNSET   941 PM CDT


-  INDICATES NEGATIVE NUMBERS.
R  INDICATES RECORD WAS SET OR TIED.
MM INDICATES DATA IS MISSING.
T  INDICATES TRACE AMOUNT.




$$
