000
CDUS43 KBIS 210730
CLIBIS


CLIMATE REPORT
NATIONAL WEATHER SERVICE BISMARCK ND
229 AM CDT THU SEP 21 2017


...................................

...THE BISMARCK ND CLIMATE SUMMARY FOR SEPTEMBER 20 2017...

CLIMATE NORMAL PERIOD 1981 TO 2010
CLIMATE RECORD PERIOD 1875 TO 2017


WEATHER ITEM   OBSERVED TIME   RECORD YEAR NORMAL DEPARTURE LAST
                VALUE   (LST)  VALUE       VALUE  FROM      YEAR
                                                  NORMAL
..................................................................
TEMPERATURE (F)
 YESTERDAY
  MAXIMUM         73    355 PM  97    1898  70      3       76
  MINIMUM         38    526 AM  25    1982  43     -5       49
  AVERAGE         56                        57     -1       63

PRECIPITATION (IN)
  YESTERDAY        0.00          1.21 1955   0.05  -0.05     0.10
  MONTH TO DATE    0.75                      1.12  -0.37     1.12
  SINCE SEP 1      0.75                      1.12  -0.37     1.12
  SINCE JAN 1     12.39                     14.93  -2.54    19.66

DEGREE DAYS
 HEATING
  YESTERDAY        9                         9      0        2
  MONTH TO DATE   81                       118    -37      101
  SINCE SEP 1     81                       118    -37      101
  SINCE JUL 1     93                       173    -80      134

 COOLING
  YESTERDAY        0                         1     -1        0
  MONTH TO DATE   47                        35     12       27
  SINCE SEP 1     47                        35     12       27
  SINCE JAN 1    613                       516     97      544
..................................................................


WIND (MPH)
  HIGHEST WIND SPEED    25   HIGHEST WIND DIRECTION     W (270)
  HIGHEST GUST SPEED    32   HIGHEST GUST DIRECTION    SW (240)
  AVERAGE WIND SPEED    10.5


SKY COVER
  POSSIBLE SUNSHINE  MM
  AVERAGE SKY COVER 0.0


WEATHER CONDITIONS
 THE FOLLOWING WEATHER WAS RECORDED YESTERDAY.
  NO SIGNIFICANT WEATHER WAS OBSERVED.


RELATIVE HUMIDITY (PERCENT)
 HIGHEST    89           500 AM
 LOWEST     25           500 PM
 AVERAGE    57

..........................................................


THE BISMARCK ND CLIMATE NORMALS FOR TODAY
                         NORMAL    RECORD    YEAR
 MAXIMUM TEMPERATURE (F)   70        93      1937
                                             1922
 MINIMUM TEMPERATURE (F)   43        20      1878


SUNRISE AND SUNSET
SEPTEMBER 21 2017.....SUNRISE   729 AM CDT   SUNSET   742 PM CDT
SEPTEMBER 22 2017.....SUNRISE   730 AM CDT   SUNSET   740 PM CDT


-  INDICATES NEGATIVE NUMBERS.
R  INDICATES RECORD WAS SET OR TIED.
MM INDICATES DATA IS MISSING.
T  INDICATES TRACE AMOUNT.




$$
