000
CDUS43 KBIS 270018
CLIBIS


CLIMATE REPORT
NATIONAL WEATHER SERVICE BISMARCK ND
618 PM CST FRI DEC 26 2014


...................................

...THE BISMARCK ND CLIMATE SUMMARY FOR DECEMBER 26 2014...
VALID TODAY AS OF 0600 PM LOCAL TIME.

CLIMATE NORMAL PERIOD 1981 TO 2010
CLIMATE RECORD PERIOD 1875 TO 2014


WEATHER ITEM   OBSERVED TIME   RECORD YEAR NORMAL DEPARTURE LAST
                VALUE   (LST)  VALUE       VALUE  FROM      YEAR
                                                  NORMAL
..................................................................
TEMPERATURE (F)
 TODAY
  MAXIMUM         25   1254 AM  54    2005  24      1       34
  MINIMUM         12    533 PM -37    1990   3      9       13
  AVERAGE         19                        14      5       24

PRECIPITATION (IN)
  TODAY            T             0.63 1916   0.02  -0.02      T
  MONTH TO DATE    0.10                      0.41  -0.31     1.02
  SINCE DEC 1      0.10                      0.41  -0.31     1.02
  SINCE JAN 1     13.91                     17.77  -3.86    26.51

SNOWFALL (IN)
  TODAY            0.1          10.0  1988   0.3   -0.2       T
  MONTH TO DATE    1.7                       7.6   -5.9     12.3
  SINCE DEC 1      1.7                       7.6   -5.9     12.3
  SINCE JUL 1      9.6                      18.8   -9.2     13.9
  SNOW DEPTH       1

DEGREE DAYS
 HEATING
  TODAY           46                        51     -5       41
  MONTH TO DATE 1092                      1254   -162     1497
  SINCE DEC 1   1092                      1254   -162     1497
  SINCE JUL 1   3164                      3240    -76     3452

 COOLING
  TODAY            0                         0      0        0
  MONTH TO DATE    0                         0      0        0
  SINCE DEC 1      0                         0      0        0
  SINCE JAN 1    457                       520    -63      555
..................................................................


WIND (MPH)
  RESULTANT WIND SPEED   9   RESULTANT WIND DIRECTION   N (340)
  HIGHEST WIND SPEED    17   HIGHEST WIND DIRECTION     N (340)
  HIGHEST GUST SPEED    22   HIGHEST GUST DIRECTION     N (340)
  AVERAGE WIND SPEED     9.3


SKY COVER
  POSSIBLE SUNSHINE  MM
  AVERAGE SKY COVER 1.0


WEATHER CONDITIONS
 THE FOLLOWING WEATHER WAS RECORDED TODAY.
  LIGHT SNOW
  FOG
  HAZE


RELATIVE HUMIDITY (PERCENT)
 HIGHEST    88          1100 AM
 LOWEST     67           400 PM
 AVERAGE    78

..........................................................


THE BISMARCK ND CLIMATE NORMALS FOR TOMORROW
                         NORMAL    RECORD    YEAR
 MAXIMUM TEMPERATURE (F)   24        48      1980
                                             1928
                                             1881
 MINIMUM TEMPERATURE (F)    3       -30      1993


SUNRISE AND SUNSET
DECEMBER 26 2014......SUNRISE   827 AM CST   SUNSET   500 PM CST
DECEMBER 27 2014......SUNRISE   827 AM CST   SUNSET   501 PM CST


-  INDICATES NEGATIVE NUMBERS.
R  INDICATES RECORD WAS SET OR TIED.
MM INDICATES DATA IS MISSING.
T  INDICATES TRACE AMOUNT.




$$
