000
CDUS43 KBIS 240758
CLIBIS


CLIMATE REPORT
NATIONAL WEATHER SERVICE BISMARCK ND
256 AM CDT SUN MAY 24 2015


...................................

...THE BISMARCK ND CLIMATE SUMMARY FOR MAY 23 2015...

CLIMATE NORMAL PERIOD 1981 TO 2010
CLIMATE RECORD PERIOD 1875 TO 2015


WEATHER ITEM   OBSERVED TIME   RECORD YEAR NORMAL DEPARTURE LAST
                VALUE   (LST)  VALUE       VALUE  FROM      YEAR
                                                  NORMAL
..................................................................
TEMPERATURE (F)
 YESTERDAY
  MAXIMUM         67    200 PM  96    1928  70     -3       89
  MINIMUM         42    438 AM  28    2002  45     -3       53
                                      1992
  AVERAGE         55                        58     -3       71

PRECIPITATION (IN)
  YESTERDAY        T             1.81 1982   0.08  -0.08     0.00
  MONTH TO DATE    4.89                      1.69   3.20     0.21
  SINCE MAR 1      5.71                      3.82   1.89     2.98
  SINCE JAN 1      6.85                      4.76   2.09     3.55

SNOWFALL (IN)
  YESTERDAY        0.0           0.5  1924   0.0    0.0      0.0
  MONTH TO DATE    0.2                       0.4   -0.2       T
  SINCE MAR 1      1.2                      13.7  -12.5     15.3
  SINCE JUL 1     24.1                      51.2  -27.1     40.5
  SNOW DEPTH       0

DEGREE DAYS
 HEATING
  YESTERDAY       10                         8      2        0
  MONTH TO DATE  290                       256     34      329
  SINCE MAR 1   1759                      1980   -221     2203
  SINCE JUL 1   8120                      8411   -291     9055

 COOLING
  YESTERDAY        0                         1     -1        6
  MONTH TO DATE    0                         5     -5        6
  SINCE MAR 1      0                         6     -6        6
  SINCE JAN 1      0                         6     -6        6
..................................................................


WIND (MPH)
  HIGHEST WIND SPEED    17   HIGHEST WIND DIRECTION    SE (150)
  HIGHEST GUST SPEED    22   HIGHEST GUST DIRECTION     S (170)
  AVERAGE WIND SPEED     7.5


SKY COVER
  POSSIBLE SUNSHINE  MM
  AVERAGE SKY COVER 0.5


WEATHER CONDITIONS
 THE FOLLOWING WEATHER WAS RECORDED YESTERDAY.
  NO SIGNIFICANT WEATHER WAS OBSERVED.


RELATIVE HUMIDITY (PERCENT)
 HIGHEST    92           500 AM
 LOWEST     48           100 PM
 AVERAGE    70

..........................................................


THE BISMARCK ND CLIMATE NORMALS FOR TODAY
                         NORMAL    RECORD    YEAR
 MAXIMUM TEMPERATURE (F)   71        96      1926
 MINIMUM TEMPERATURE (F)   46        24      2002


SUNRISE AND SUNSET
MAY 24 2015...........SUNRISE   559 AM CDT   SUNSET   921 PM CDT
MAY 25 2015...........SUNRISE   558 AM CDT   SUNSET   922 PM CDT


-  INDICATES NEGATIVE NUMBERS.
R  INDICATES RECORD WAS SET OR TIED.
MM INDICATES DATA IS MISSING.
T  INDICATES TRACE AMOUNT.




$$
