412
CDUS43 KBIS 270043
CLIBIS


CLIMATE REPORT
NATIONAL WEATHER SERVICE BISMARCK ND
743 PM CDT WED JUL 26 2017


...................................

...THE BISMARCK ND CLIMATE SUMMARY FOR JULY 26 2017...
VALID TODAY AS OF 0700 PM LOCAL TIME.

CLIMATE NORMAL PERIOD 1981 TO 2010
CLIMATE RECORD PERIOD 1875 TO 2017


WEATHER ITEM   OBSERVED TIME   RECORD YEAR NORMAL DEPARTURE LAST
                VALUE   (LST)  VALUE       VALUE  FROM      YEAR
                                                  NORMAL
..................................................................
TEMPERATURE (F)
 TODAY
  MAXIMUM         89    321 PM 106    1929  86      3       84
  MINIMUM         57    519 AM  39    1971  58     -1       62
  AVERAGE         73                        72      1       73

PRECIPITATION (IN)
  TODAY            0.00          2.89 2001   0.09  -0.09      T
  MONTH TO DATE    1.60                      2.47  -0.87     3.89
  SINCE JUN 1      3.34                      5.64  -2.30     8.27
  SINCE JAN 1      6.47                     11.11  -4.64    15.45

DEGREE DAYS
 HEATING
  TODAY            0                         0      0        0
  MONTH TO DATE    0                        13    -13        8
  SINCE JUN 1     30                       106    -76       34
  SINCE JUL 1      0                        13    -13        8

 COOLING
  TODAY            8                         7      1        8
  MONTH TO DATE  279                       165    114      192
  SINCE JUN 1    404                       248    156      318
  SINCE JAN 1    418                       265    153      328
..................................................................


WIND (MPH)
  RESULTANT WIND SPEED   5   RESULTANT WIND DIRECTION  NE (30)
  HIGHEST WIND SPEED    17   HIGHEST WIND DIRECTION     N (350)
  HIGHEST GUST SPEED    22   HIGHEST GUST DIRECTION     N (340)
  AVERAGE WIND SPEED     5.9


SKY COVER
  POSSIBLE SUNSHINE  MM
  AVERAGE SKY COVER 0.0


WEATHER CONDITIONS
 THE FOLLOWING WEATHER WAS RECORDED TODAY.
  NO SIGNIFICANT WEATHER WAS OBSERVED.


RELATIVE HUMIDITY (PERCENT)
 HIGHEST    84           400 AM
 LOWEST     26           400 PM
 AVERAGE    55

..........................................................


THE BISMARCK ND CLIMATE NORMALS FOR TOMORROW
                         NORMAL    RECORD    YEAR
 MAXIMUM TEMPERATURE (F)   86       107      1931
 MINIMUM TEMPERATURE (F)   58        39      2013


SUNRISE AND SUNSET
JULY 26 2017..........SUNRISE   616 AM CDT   SUNSET   922 PM CDT
JULY 27 2017..........SUNRISE   617 AM CDT   SUNSET   921 PM CDT


-  INDICATES NEGATIVE NUMBERS.
R  INDICATES RECORD WAS SET OR TIED.
MM INDICATES DATA IS MISSING.
T  INDICATES TRACE AMOUNT.




$$
