000
CDUS43 KGRR 192225
CLIBIV


CLIMATE REPORT
NATIONAL WEATHER SERVICE GRAND RAPIDS, MI
524 PM EST THU JAN 19 2017


...................................

...THE HOLLAND/TULIP CITY MI CLIMATE SUMMARY FOR JANUARY 19 2017...
VALID TODAY AS OF 0500 PM LOCAL TIME.

CLIMATE NORMAL PERIOD 1981 TO 2010
CLIMATE RECORD PERIOD 1996 TO 2017


WEATHER ITEM   OBSERVED TIME   NORMAL DEPARTURE LAST
                VALUE   (LST)  VALUE  FROM      YEAR
                                      NORMAL
......................................................
TEMPERATURE (F)
 TODAY
  MAXIMUM         39    459 PM  32      7       20
  MINIMUM         36    252 AM  20     16       13
  AVERAGE         38            26     12       17

PRECIPITATION (IN)
  TODAY            0.00          0.06  -0.06     0.04
  MONTH TO DATE    1.95          1.28   0.67     1.17
  SINCE DEC 1      3.70          3.58   0.12     4.75
  SINCE JAN 1      1.95          1.28   0.67     1.17

DEGREE DAYS
 HEATING
  TODAY           27            39    -12       48
  MONTH TO DATE  708           732    -24      740
  SINCE DEC 1   1810          1777     33     1508
  SINCE JUL 1   2708          3000   -292     2538

 COOLING
  TODAY            0             0      0        0
  MONTH TO DATE    0             0      0        0
  SINCE DEC 1      0             0      0        0
  SINCE JAN 1      0             0      0        0
......................................................


WIND (MPH)
  RESULTANT WIND SPEED   7   RESULTANT WIND DIRECTION   S (200)
  HIGHEST WIND SPEED    18   HIGHEST WIND DIRECTION    SW (230)
  HIGHEST GUST SPEED    24   HIGHEST GUST DIRECTION    SW (240)
  AVERAGE WIND SPEED     8.9


SKY COVER
  AVERAGE SKY COVER 1.0


WEATHER CONDITIONS
 THE FOLLOWING WEATHER WAS RECORDED TODAY.
  NO SIGNIFICANT WEATHER WAS OBSERVED.


RELATIVE HUMIDITY (PERCENT)
 HIGHEST    92           100 AM
 LOWEST     85           300 AM
 AVERAGE    89

..........................................................


THE HOLLAND/TULIP CITY MI CLIMATE NORMALS FOR TOMORROW
                         NORMAL
 MAXIMUM TEMPERATURE (F)   32
 MINIMUM TEMPERATURE (F)   20


SUNRISE AND SUNSET
JANUARY 19 2017.......SUNRISE   810 AM EST   SUNSET   541 PM EST
JANUARY 20 2017.......SUNRISE   810 AM EST   SUNSET   542 PM EST


-  INDICATES NEGATIVE NUMBERS.
R  INDICATES RECORD WAS SET OR TIED.
MM INDICATES DATA IS MISSING.
T  INDICATES TRACE AMOUNT.




$$
