000
CDUS43 KGRR 280515
CLIBIV


CLIMATE REPORT
NATIONAL WEATHER SERVICE GRAND RAPIDS, MI
1212 AM EST WED JAN 28 2015


...................................

...THE HOLLAND/TULIP CITY MI CLIMATE SUMMARY FOR JANUARY 27 2015...

CLIMATE NORMAL PERIOD 1981 TO 2010
CLIMATE RECORD PERIOD 1996 TO 2015


WEATHER ITEM   OBSERVED TIME   NORMAL DEPARTURE LAST
                VALUE   (LST)  VALUE  FROM      YEAR
                                      NORMAL
......................................................
TEMPERATURE (F)
 YESTERDAY
  MAXIMUM         29    457 PM  32     -3       16
  MINIMUM         15   1115 PM  19     -4        2
  AVERAGE         22            26     -4        9

PRECIPITATION (IN)
  YESTERDAY        0.00          0.07  -0.07     0.02
  MONTH TO DATE    0.60          1.84  -1.24     2.22
  SINCE DEC 1      1.99          4.14  -2.15     3.85
  SINCE JAN 1      0.60          1.84  -1.24     2.22

DEGREE DAYS
 HEATING
  YESTERDAY       43            39      4       56
  MONTH TO DATE 1119          1044     75     1232
  SINCE DEC 1   2054          2089    -35     2412
  SINCE JUL 1   3445          3312    133     3648

 COOLING
  YESTERDAY        0             0      0        0
  MONTH TO DATE    0             0      0        0
  SINCE DEC 1      0             0      0        0
  SINCE JAN 1      0             0      0        0
......................................................


WIND (MPH)
  RESULTANT WIND SPEED   5   RESULTANT WIND DIRECTION   E (70)
  HIGHEST WIND SPEED    13   HIGHEST WIND DIRECTION     E (100)
  HIGHEST GUST SPEED    16   HIGHEST GUST DIRECTION     E (100)
  AVERAGE WIND SPEED     4.7


SKY COVER
  AVERAGE SKY COVER 0.3


WEATHER CONDITIONS
 THE FOLLOWING WEATHER WAS RECORDED YESTERDAY.
  NO SIGNIFICANT WEATHER WAS OBSERVED.


RELATIVE HUMIDITY (PERCENT)
 HIGHEST    80          1100 PM
 LOWEST     46           300 PM
 AVERAGE    63

..........................................................


THE HOLLAND/TULIP CITY MI CLIMATE NORMALS FOR TODAY
                         NORMAL
 MAXIMUM TEMPERATURE (F)   32
 MINIMUM TEMPERATURE (F)   19


SUNRISE AND SUNSET
JANUARY 28 2015.......SUNRISE   804 AM EST   SUNSET   552 PM EST
JANUARY 29 2015.......SUNRISE   803 AM EST   SUNSET   553 PM EST


-  INDICATES NEGATIVE NUMBERS.
R  INDICATES RECORD WAS SET OR TIED.
MM INDICATES DATA IS MISSING.
T  INDICATES TRACE AMOUNT.




$$

63
