000
CDUS46 KBOI 270931
CLIBKE


CLIMATE REPORT
NATIONAL WEATHER SERVICE BOISE ID
231 AM MST MON FEB 27 2017


...................................

...THE BAKER OR CLIMATE SUMMARY FOR FEBRUARY 26 2017...

CLIMATE NORMAL PERIOD 1981 TO 2010
CLIMATE RECORD PERIOD 1948 TO 2017


WEATHER ITEM   OBSERVED TIME   RECORD YEAR NORMAL DEPARTURE LAST
                VALUE   (LST)  VALUE       VALUE  FROM      YEAR
                                                  NORMAL
..................................................................
TEMPERATURE (F)
 YESTERDAY
  MAXIMUM         34    259 PM  62    1986  44    -10       54
  MINIMUM         23   1159 PM  -3    1993  21      2       22
  AVERAGE         29                        32     -3       38

PRECIPITATION (IN)
  YESTERDAY        T             0.17 2000   0.02  -0.02      T
  MONTH TO DATE    0.89                      0.54   0.35     0.21
  SINCE OCT 1      4.31                      3.85   0.46     3.14
  SINCE JAN 1      1.57                      1.34   0.23     0.60

DEGREE DAYS
 HEATING
  YESTERDAY       36                        32      4       27
  MONTH TO DATE  827                       931   -104      816
  SINCE DEC 1   3981                      3417    564     3111
  SINCE JUL 1   5755                      5454    301     4962

 COOLING
  YESTERDAY        0                         0      0        0
  MONTH TO DATE    0                         0      0        0
  SINCE DEC 1      0                         0      0        0
  SINCE JAN 1      0                         0      0        0
..................................................................


WIND (MPH)
  RESULTANT WIND SPEED   7   RESULTANT WIND DIRECTION  SE (140)
  HIGHEST WIND SPEED    21   HIGHEST WIND DIRECTION     S (160)
  HIGHEST GUST SPEED    26   HIGHEST GUST DIRECTION     S (160)
  AVERAGE WIND SPEED     8.9


SKY COVER
  AVERAGE SKY COVER 1.0


WEATHER CONDITIONS
 THE FOLLOWING WEATHER WAS RECORDED YESTERDAY.
  LIGHT SNOW
  FOG


RELATIVE HUMIDITY (PERCENT)
 HIGHEST    92          1200 AM
 LOWEST     61           300 PM
 AVERAGE    77

..........................................................


THE BAKER OR CLIMATE NORMALS FOR TODAY
                         NORMAL    RECORD    YEAR
 MAXIMUM TEMPERATURE (F)   44        63      1992
 MINIMUM TEMPERATURE (F)   21        -5      1993


SUNRISE AND SUNSET
FEBRUARY 27 2017......SUNRISE   632 AM PST   SUNSET   537 PM PST
FEBRUARY 28 2017......SUNRISE   630 AM PST   SUNSET   538 PM PST


-  INDICATES NEGATIVE NUMBERS.
R  INDICATES RECORD WAS SET OR TIED.
MM INDICATES DATA IS MISSING.
T  INDICATES TRACE AMOUNT.




$$
