000
CDUS46 KBOI 200931
CLIBKE


CLIMATE REPORT
NATIONAL WEATHER SERVICE BOISE ID
330 AM MDT WED AUG 20 2014


...................................

...THE BAKER OR CLIMATE SUMMARY FOR AUGUST 19 2014...

CLIMATE NORMAL PERIOD 1981 TO 2010
CLIMATE RECORD PERIOD 1948 TO 2014


WEATHER ITEM   OBSERVED TIME   RECORD YEAR NORMAL DEPARTURE LAST
                VALUE   (LST)  VALUE       VALUE  FROM      YEAR
                                                  NORMAL
..................................................................
TEMPERATURE (F)
 YESTERDAY
  MAXIMUM         89    240 PM 104    1961  84      5       90
  MINIMUM         47    519 AM  37    2002  45      2       44
  AVERAGE         68                        64      4       67

PRECIPITATION (IN)
  YESTERDAY        T             0.61 1965   0.02  -0.02     0.00
  MONTH TO DATE    0.50                      0.41   0.09     0.39
  SINCE OCT 1      6.59                      9.28  -2.69     8.25
  SINCE JAN 1      5.42                      6.77  -1.35     6.07

DEGREE DAYS
 HEATING
  YESTERDAY        0                         3     -3        0
  MONTH TO DATE    9                        35    -26        9
  SINCE JUN 1    255                       331    -76      226
  SINCE JUL 1     22                       105    -83       30

 COOLING
  YESTERDAY        3                         2      1        2
  MONTH TO DATE   68                        51     17       70
  SINCE JUN 1    233                       142     91      199
  SINCE JAN 1    233                       144     89      203
..................................................................


WIND (MPH)
  RESULTANT WIND SPEED   4   RESULTANT WIND DIRECTION   W (290)
  HIGHEST WIND SPEED    20   HIGHEST WIND DIRECTION    NW (320)
  HIGHEST GUST SPEED    24   HIGHEST GUST DIRECTION    NW (320)
  AVERAGE WIND SPEED     6.5


SKY COVER
  AVERAGE SKY COVER 0.0


WEATHER CONDITIONS
 THE FOLLOWING WEATHER WAS RECORDED YESTERDAY.
  LIGHT RAIN
  FOG


RELATIVE HUMIDITY (PERCENT)
 HIGHEST    93           400 AM
 LOWEST     24           300 PM
 AVERAGE    59

..........................................................


THE BAKER OR CLIMATE NORMALS FOR TODAY
                         NORMAL    RECORD    YEAR
 MAXIMUM TEMPERATURE (F)   84        98      1977
 MINIMUM TEMPERATURE (F)   44        34      1948


SUNRISE AND SUNSET
AUGUST 20 2014........SUNRISE   559 AM PDT   SUNSET   749 PM PDT
AUGUST 21 2014........SUNRISE   600 AM PDT   SUNSET   747 PM PDT


-  INDICATES NEGATIVE NUMBERS.
R  INDICATES RECORD WAS SET OR TIED.
MM INDICATES DATA IS MISSING.
T  INDICATES TRACE AMOUNT.




$$
