000
CDUS46 KBOI 310934
CLIBKE


CLIMATE REPORT
NATIONAL WEATHER SERVICE BOISE ID
332 AM MDT FRI JUL 31 2015


...................................

...THE BAKER OR CLIMATE SUMMARY FOR JULY 30 2015...

CLIMATE NORMAL PERIOD 1981 TO 2010
CLIMATE RECORD PERIOD 1948 TO 2015


WEATHER ITEM   OBSERVED TIME   RECORD YEAR NORMAL DEPARTURE LAST
                VALUE   (LST)  VALUE       VALUE  FROM      YEAR
                                                  NORMAL
..................................................................
TEMPERATURE (F)
 YESTERDAY
  MAXIMUM         95    402 PM 101    2003  87      8       93
  MINIMUM         42    351 AM  38    1950  47     -5       58
  AVERAGE         69                        67      2       76

PRECIPITATION (IN)
  YESTERDAY        0.00          0.75 1964   0.02  -0.02     0.00
  MONTH TO DATE    2.72                      0.63   2.09     0.05
  SINCE OCT 1      9.46                      8.85   0.61     6.09
  SINCE JAN 1      7.26                      6.34   0.92     4.92

DEGREE DAYS
 HEATING
  YESTERDAY        0                         1     -1        0
  MONTH TO DATE   40                        66    -26       13
  SINCE JUN 1    124                       292   -168      246
  SINCE JUL 1     40                        66    -26       13

 COOLING
  YESTERDAY        4                         3      1       11
  MONTH TO DATE   75                        71      4      159
  SINCE JUN 1    143                        87     56      159
  SINCE JAN 1    144                        89     55      159
..................................................................


WIND (MPH)
  RESULTANT WIND SPEED   1   RESULTANT WIND DIRECTION   E (90)
  HIGHEST WIND SPEED    12   HIGHEST WIND DIRECTION    SE (130)
  HIGHEST GUST SPEED    15   HIGHEST GUST DIRECTION    SE (130)
  AVERAGE WIND SPEED     2.5


SKY COVER
  AVERAGE SKY COVER 0.0


WEATHER CONDITIONS
 THE FOLLOWING WEATHER WAS RECORDED YESTERDAY.
  NO SIGNIFICANT WEATHER WAS OBSERVED.


RELATIVE HUMIDITY (PERCENT)
 HIGHEST    89           500 AM
 LOWEST     13           400 PM
 AVERAGE    51

..........................................................


THE BAKER OR CLIMATE NORMALS FOR TODAY
                         NORMAL    RECORD    YEAR
 MAXIMUM TEMPERATURE (F)   87       100      1959
 MINIMUM TEMPERATURE (F)   47        38      1954


SUNRISE AND SUNSET
JULY 31 2015..........SUNRISE   536 AM PDT   SUNSET   819 PM PDT
AUGUST  1 2015........SUNRISE   537 AM PDT   SUNSET   818 PM PDT


-  INDICATES NEGATIVE NUMBERS.
R  INDICATES RECORD WAS SET OR TIED.
MM INDICATES DATA IS MISSING.
T  INDICATES TRACE AMOUNT.




$$
