000
CDUS46 KBOI 290930
CLIBKE


CLIMATE REPORT
NATIONAL WEATHER SERVICE BOISE ID
330 AM MDT SAT APR 29 2017


...................................

...THE BAKER OR CLIMATE SUMMARY FOR APRIL 28 2017...

CLIMATE NORMAL PERIOD 1981 TO 2010
CLIMATE RECORD PERIOD 1948 TO 2017


WEATHER ITEM   OBSERVED TIME   RECORD YEAR NORMAL DEPARTURE LAST
                VALUE   (LST)  VALUE       VALUE  FROM      YEAR
                                                  NORMAL
..................................................................
TEMPERATURE (F)
 YESTERDAY
  MAXIMUM         52    342 PM  84    1987  61     -9       61
  MINIMUM         27   1153 PM  20    2002  31     -4       37
  AVERAGE         40                        46     -6       49

PRECIPITATION (IN)
  YESTERDAY        0.00          0.34 1965   0.03  -0.03     0.00
  MONTH TO DATE    0.81                      0.78   0.03     0.35
  SINCE OCT 1      6.15                      5.49   0.66     3.81
  SINCE JAN 1      3.41                      2.98   0.43     1.27

DEGREE DAYS
 HEATING
  YESTERDAY       25                        19      6       16
  MONTH TO DATE  648                       609     39      445
  SINCE MAR 1   1380                      1457    -77     1232
  SINCE JUL 1   7208                      6977    231     6276

 COOLING
  YESTERDAY        0                         0      0        0
  MONTH TO DATE    0                         0      0        0
  SINCE MAR 1      0                         0      0        0
  SINCE JAN 1      0                         0      0        0
..................................................................


WIND (MPH)
  RESULTANT WIND SPEED   9   RESULTANT WIND DIRECTION  NW (320)
  HIGHEST WIND SPEED    26   HIGHEST WIND DIRECTION    NW (320)
  HIGHEST GUST SPEED    33   HIGHEST GUST DIRECTION    NW (330)
  AVERAGE WIND SPEED    10.7


SKY COVER
  AVERAGE SKY COVER 0.4


WEATHER CONDITIONS
 THE FOLLOWING WEATHER WAS RECORDED YESTERDAY.
  NO SIGNIFICANT WEATHER WAS OBSERVED.


RELATIVE HUMIDITY (PERCENT)
 HIGHEST    92           100 AM
 LOWEST     44           100 PM
 AVERAGE    68

..........................................................


THE BAKER OR CLIMATE NORMALS FOR TODAY
                         NORMAL    RECORD    YEAR
 MAXIMUM TEMPERATURE (F)   61        82      1992
 MINIMUM TEMPERATURE (F)   32        20      2014


SUNRISE AND SUNSET
APRIL 29 2017.........SUNRISE   543 AM PDT   SUNSET   754 PM PDT
APRIL 30 2017.........SUNRISE   542 AM PDT   SUNSET   756 PM PDT


-  INDICATES NEGATIVE NUMBERS.
R  INDICATES RECORD WAS SET OR TIED.
MM INDICATES DATA IS MISSING.
T  INDICATES TRACE AMOUNT.




$$
