646
CDUS46 KBOI 230932
CLIBKE


CLIMATE REPORT
NATIONAL WEATHER SERVICE BOISE ID
332 AM MDT SAT SEP 23 2017


...................................

...THE BAKER OR CLIMATE SUMMARY FOR SEPTEMBER 22 2017...

CLIMATE NORMAL PERIOD 1981 TO 2010
CLIMATE RECORD PERIOD 1928 TO 2017


WEATHER ITEM   OBSERVED TIME   RECORD YEAR NORMAL DEPARTURE LAST
                VALUE   (LST)  VALUE       VALUE  FROM      YEAR
                                                  NORMAL
..................................................................
TEMPERATURE (F)
 YESTERDAY
  MAXIMUM         59    332 PM  92    1966  72    -13       60
  MINIMUM         37   1057 PM  20    1961  34      3       37
  AVERAGE         48                        53     -5       49

PRECIPITATION (IN)
  YESTERDAY        T             0.24 1958   0.02  -0.02     0.02
  MONTH TO DATE    0.13                      0.42  -0.29     0.07
  SINCE OCT 1      8.45                     10.00  -1.55     6.24
  SINCE JAN 1      5.71                      7.49  -1.78     3.70

DEGREE DAYS
 HEATING
  YESTERDAY       17                        12      5       16
  MONTH TO DATE  134                       182    -48      249
  SINCE SEP 1    134                       182    -48      249
  SINCE JUL 1    146                       333   -187      395

 COOLING
  YESTERDAY        0                         0      0        0
  MONTH TO DATE   53                         7     46        0
  SINCE SEP 1     53                         7     46        0
  SINCE JAN 1    357                       167    190      132
..................................................................


WIND (MPH)
  RESULTANT WIND SPEED  13   RESULTANT WIND DIRECTION  NW (310)
  HIGHEST WIND SPEED    24   HIGHEST WIND DIRECTION    NW (310)
  HIGHEST GUST SPEED    31   HIGHEST GUST DIRECTION    NW (310)
  AVERAGE WIND SPEED    12.7


SKY COVER
  AVERAGE SKY COVER 0.6


WEATHER CONDITIONS
 THE FOLLOWING WEATHER WAS RECORDED YESTERDAY.
  LIGHT RAIN


RELATIVE HUMIDITY (PERCENT)
 HIGHEST    85           100 AM
 LOWEST     40           200 PM
 AVERAGE    63

..........................................................


THE BAKER OR CLIMATE NORMALS FOR TODAY
                         NORMAL    RECORD    YEAR
 MAXIMUM TEMPERATURE (F)   72        93      1987
 MINIMUM TEMPERATURE (F)   34        22      1996


SUNRISE AND SUNSET
SEPTEMBER 23 2017.....SUNRISE   640 AM PDT   SUNSET   646 PM PDT
SEPTEMBER 24 2017.....SUNRISE   641 AM PDT   SUNSET   644 PM PDT


-  INDICATES NEGATIVE NUMBERS.
R  INDICATES RECORD WAS SET OR TIED.
MM INDICATES DATA IS MISSING.
T  INDICATES TRACE AMOUNT.




$$
