000
CDUS46 KBOI 230933
CLIBKE


CLIMATE REPORT
NATIONAL WEATHER SERVICE BOISE ID
233 AM MST TUE JAN 23 2018


...................................

...THE BAKER OR CLIMATE SUMMARY FOR JANUARY 22 2018...

CLIMATE NORMAL PERIOD 1981 TO 2010
CLIMATE RECORD PERIOD 1928 TO 2018


WEATHER ITEM   OBSERVED TIME   RECORD YEAR NORMAL DEPARTURE LAST
                VALUE   (LST)  VALUE       VALUE  FROM      YEAR
                                                  NORMAL
..................................................................
TEMPERATURE (F)
 YESTERDAY
  MAXIMUM         41    256 PM  53    1934  34      7       34
  MINIMUM         23   1159 PM -28    1962  17      6       17
  AVERAGE         32                        26      6       26

PRECIPITATION (IN)
  YESTERDAY        0.04          0.44 1970   0.02   0.02      T
  MONTH TO DATE    0.69                      0.60   0.09     0.47
  SINCE OCT 1      1.95                      3.11  -1.16     3.21
  SINCE JAN 1      0.69                      0.60   0.09     0.47

DEGREE DAYS
 HEATING
  YESTERDAY       33                        40     -7       39
  MONTH TO DATE  663                       889   -226     1183
  SINCE DEC 1   1902                      2137   -235     2736
  SINCE JUL 1   3532                      4174   -642     4510

 COOLING
  YESTERDAY        0                         0      0        0
  MONTH TO DATE    0                         0      0        0
  SINCE DEC 1      0                         0      0        0
  SINCE JAN 1      0                         0      0        0
..................................................................


WIND (MPH)
  RESULTANT WIND SPEED   3   RESULTANT WIND DIRECTION   E (110)
  HIGHEST WIND SPEED    16   HIGHEST WIND DIRECTION     E (100)
  HIGHEST GUST SPEED    20   HIGHEST GUST DIRECTION     E (100)
  AVERAGE WIND SPEED     3.6


SKY COVER
  AVERAGE SKY COVER 0.7


WEATHER CONDITIONS
 THE FOLLOWING WEATHER WAS RECORDED YESTERDAY.
  LIGHT SNOW
  FOG
  FOG W/VISIBILITY <= 1/4 MILE
  HAZE


RELATIVE HUMIDITY (PERCENT)
 HIGHEST    92           500 PM
 LOWEST     73           300 PM
 AVERAGE    83

..........................................................


THE BAKER OR CLIMATE NORMALS FOR TODAY
                         NORMAL    RECORD    YEAR
 MAXIMUM TEMPERATURE (F)   34        50      1970
 MINIMUM TEMPERATURE (F)   17       -22      1962


SUNRISE AND SUNSET
JANUARY 23 2018.......SUNRISE   720 AM PST   SUNSET   447 PM PST
JANUARY 24 2018.......SUNRISE   719 AM PST   SUNSET   448 PM PST


-  INDICATES NEGATIVE NUMBERS.
R  INDICATES RECORD WAS SET OR TIED.
MM INDICATES DATA IS MISSING.
T  INDICATES TRACE AMOUNT.




$$
