000
CDUS46 KBOI 210933
CLIBKE


CLIMATE REPORT
NATIONAL WEATHER SERVICE BOISE ID
332 AM MDT FRI JUL 21 2017


...................................

...THE BAKER OR CLIMATE SUMMARY FOR JULY 20 2017...

CLIMATE NORMAL PERIOD 1981 TO 2010
CLIMATE RECORD PERIOD 1928 TO 2017


WEATHER ITEM   OBSERVED TIME   RECORD YEAR NORMAL DEPARTURE LAST
                VALUE   (LST)  VALUE       VALUE  FROM      YEAR
                                                  NORMAL
..................................................................
TEMPERATURE (F)
 YESTERDAY
  MAXIMUM         84    320 PM 102    1931  86     -2       84
  MINIMUM         51   1158 PM  36    2010  47      4       40
  AVERAGE         68                        66      2       62

PRECIPITATION (IN)
  YESTERDAY        0.00          0.55 1995   0.02  -0.02     0.00
  MONTH TO DATE    T                         0.46  -0.46     0.80
  SINCE OCT 1      7.53                      8.68  -1.15     6.05
  SINCE JAN 1      4.79                      6.17  -1.38     3.51

DEGREE DAYS
 HEATING
  YESTERDAY        0                         2     -2        3
  MONTH TO DATE    6                        56    -50       81
  SINCE JUN 1    182                       282   -100      273
  SINCE JUL 1      6                        56    -50       81

 COOLING
  YESTERDAY        3                         3      0        0
  MONTH TO DATE   81                        41     40        0
  SINCE JUN 1    102                        57     45       46
  SINCE JAN 1    102                        59     43       46
..................................................................


WIND (MPH)
  RESULTANT WIND SPEED   7   RESULTANT WIND DIRECTION  NW (310)
  HIGHEST WIND SPEED    18   HIGHEST WIND DIRECTION    NW (310)
  HIGHEST GUST SPEED    24   HIGHEST GUST DIRECTION    NW (320)
  AVERAGE WIND SPEED     8.4


SKY COVER
  AVERAGE SKY COVER 0.0


WEATHER CONDITIONS
 THE FOLLOWING WEATHER WAS RECORDED YESTERDAY.
  NO SIGNIFICANT WEATHER WAS OBSERVED.


RELATIVE HUMIDITY (PERCENT)
 HIGHEST    59           300 AM
 LOWEST     24           300 PM
 AVERAGE    42

..........................................................


THE BAKER OR CLIMATE NORMALS FOR TODAY
                         NORMAL    RECORD    YEAR
 MAXIMUM TEMPERATURE (F)   86       100      2005
 MINIMUM TEMPERATURE (F)   47        36      1949


SUNRISE AND SUNSET
JULY 21 2017..........SUNRISE   526 AM PDT   SUNSET   829 PM PDT
JULY 22 2017..........SUNRISE   527 AM PDT   SUNSET   828 PM PDT


-  INDICATES NEGATIVE NUMBERS.
R  INDICATES RECORD WAS SET OR TIED.
MM INDICATES DATA IS MISSING.
T  INDICATES TRACE AMOUNT.




$$
