000
CDUS46 KBOI 270932
CLIBKE


CLIMATE REPORT
NATIONAL WEATHER SERVICE BOISE ID
331 AM MDT SUN JUL 27 2014


...................................

...THE BAKER OR CLIMATE SUMMARY FOR JULY 26 2014...

CLIMATE NORMAL PERIOD 1981 TO 2010
CLIMATE RECORD PERIOD 1948 TO 2014


WEATHER ITEM   OBSERVED TIME   RECORD YEAR NORMAL DEPARTURE LAST
                VALUE   (LST)  VALUE       VALUE  FROM      YEAR
                                                  NORMAL
..................................................................
TEMPERATURE (F)
 YESTERDAY
  MAXIMUM         89    509 PM  99    1996  87      2       94
  MINIMUM         39    432 AM  37    1966  47     -8       47
  AVERAGE         64                        67     -3       71

PRECIPITATION (IN)
  YESTERDAY        0.00          0.48 1984   0.02  -0.02     0.00
  MONTH TO DATE    0.05                      0.56  -0.51     0.05
  SINCE OCT 1      6.09                      8.78  -2.69     7.86
  SINCE JAN 1      4.92                      6.27  -1.35     5.68

DEGREE DAYS
 HEATING
  YESTERDAY        1                         1      0        0
  MONTH TO DATE   13                        62    -49       15
  SINCE JUN 1    246                       288    -42      211
  SINCE JUL 1     13                        62    -49       15

 COOLING
  YESTERDAY        0                         3     -3        6
  MONTH TO DATE  122                        59     63       94
  SINCE JUN 1    122                        75     47      121
  SINCE JAN 1    122                        77     45      125
..................................................................


WIND (MPH)
  RESULTANT WIND SPEED   1   RESULTANT WIND DIRECTION   N (10)
  HIGHEST WIND SPEED    17   HIGHEST WIND DIRECTION    NW (320)
  HIGHEST GUST SPEED    22   HIGHEST GUST DIRECTION    NW (320)
  AVERAGE WIND SPEED     3.8


SKY COVER
  AVERAGE SKY COVER 0.0


WEATHER CONDITIONS
 THE FOLLOWING WEATHER WAS RECORDED YESTERDAY.
  NO SIGNIFICANT WEATHER WAS OBSERVED.


RELATIVE HUMIDITY (PERCENT)
 HIGHEST    93           500 AM
 LOWEST     13           200 PM
 AVERAGE    53

..........................................................


THE BAKER OR CLIMATE NORMALS FOR TODAY
                         NORMAL    RECORD    YEAR
 MAXIMUM TEMPERATURE (F)   87       102      1999
 MINIMUM TEMPERATURE (F)   47        39      2005


SUNRISE AND SUNSET
JULY 27 2014..........SUNRISE   532 AM PDT   SUNSET   823 PM PDT
JULY 28 2014..........SUNRISE   533 AM PDT   SUNSET   822 PM PDT


-  INDICATES NEGATIVE NUMBERS.
R  INDICATES RECORD WAS SET OR TIED.
MM INDICATES DATA IS MISSING.
T  INDICATES TRACE AMOUNT.




$$
