000
CDUS46 KBOI 250931
CLIBKE


CLIMATE REPORT
NATIONAL WEATHER SERVICE BOISE ID
330 AM MDT THU AUG 25 2016


...................................

...THE BAKER OR CLIMATE SUMMARY FOR AUGUST 24 2016...

CLIMATE NORMAL PERIOD 1981 TO 2010
CLIMATE RECORD PERIOD 1948 TO 2016


WEATHER ITEM   OBSERVED TIME   RECORD YEAR NORMAL DEPARTURE LAST
                VALUE   (LST)  VALUE       VALUE  FROM      YEAR
                                                  NORMAL
..................................................................
TEMPERATURE (F)
 YESTERDAY
  MAXIMUM         80    223 PM 101    1988  82     -2       90
  MINIMUM         38    501 AM  27    1992  44     -6       43
  AVERAGE         59                        63     -4       67

PRECIPITATION (IN)
  YESTERDAY        0.00          0.33 1989   0.02  -0.02     0.00
  MONTH TO DATE    0.12                      0.53  -0.41     0.02
  SINCE OCT 1      6.17                      9.40  -3.23     9.48
  SINCE JAN 1      3.63                      6.89  -3.26     7.28

DEGREE DAYS
 HEATING
  YESTERDAY        6                         3      3        0
  MONTH TO DATE   52                        50      2       38
  SINCE JUN 1    329                       346    -17      162
  SINCE JUL 1    137                       120     17       78

 COOLING
  YESTERDAY        0                         1     -1        2
  MONTH TO DATE   35                        59    -24       61
  SINCE JUN 1    125                       150    -25      212
  SINCE JAN 1    125                       152    -27      213
..................................................................


WIND (MPH)
  RESULTANT WIND SPEED   8   RESULTANT WIND DIRECTION  NW (310)
  HIGHEST WIND SPEED    23   HIGHEST WIND DIRECTION    NW (310)
  HIGHEST GUST SPEED    31   HIGHEST GUST DIRECTION    NW (310)
  AVERAGE WIND SPEED     9.4


SKY COVER
  AVERAGE SKY COVER 0.1


WEATHER CONDITIONS
 THE FOLLOWING WEATHER WAS RECORDED YESTERDAY.
  NO SIGNIFICANT WEATHER WAS OBSERVED.


RELATIVE HUMIDITY (PERCENT)
 HIGHEST    79           400 AM
 LOWEST     21           100 PM
 AVERAGE    50

..........................................................


THE BAKER OR CLIMATE NORMALS FOR TODAY
                         NORMAL    RECORD    YEAR
 MAXIMUM TEMPERATURE (F)   82        96      1958
 MINIMUM TEMPERATURE (F)   43        31      1992


SUNRISE AND SUNSET
AUGUST 25 2016........SUNRISE   606 AM PDT   SUNSET   740 PM PDT
AUGUST 26 2016........SUNRISE   607 AM PDT   SUNSET   738 PM PDT


-  INDICATES NEGATIVE NUMBERS.
R  INDICATES RECORD WAS SET OR TIED.
MM INDICATES DATA IS MISSING.
T  INDICATES TRACE AMOUNT.




$$
