000
CDUS41 KRLX 250816
CLIBKW


CLIMATE REPORT
NATIONAL WEATHER SERVICE CHARLESTON WV
316 AM EST SUN FEB 25 2018


...................................

...THE BECKLEY WV CLIMATE SUMMARY FOR FEBRUARY 24 2018...

CLIMATE NORMAL PERIOD 1981 TO 2010
CLIMATE RECORD PERIOD 1963 TO 2018


WEATHER ITEM   OBSERVED TIME   RECORD YEAR NORMAL DEPARTURE LAST
                VALUE   (LST)  VALUE       VALUE  FROM      YEAR
                                                  NORMAL
..................................................................
TEMPERATURE (F)
 YESTERDAY
  MAXIMUM         69    223 PM  73    2017  45     24       73
  MINIMUM         54   1245 AM  -3    1967  27     27       52
  AVERAGE         62                        36     26       63

PRECIPITATION (IN)
  YESTERDAY        0.10          1.40 1972   0.10   0.00     0.00
  MONTH TO DATE    6.51                      2.35   4.16     0.95
  SINCE JAN 1      8.83                      5.16   3.67     5.66

SNOWFALL (IN)
  YESTERDAY        0.0           8.5  1990   0.5   -0.5      0.0
  MONTH TO DATE    7.3                      14.6   -7.3      0.5
  SINCE SEP 1     29.0                      48.5  -19.5     18.8
  SNOW DEPTH       0

DEGREE DAYS
 HEATING
  YESTERDAY        3                        29    -26        2
  MONTH TO DATE  512                       745   -233      532
  SINCE DEC 1   2631                      2749   -118     2271
  SINCE JUL 1   3614                      3889   -275     3046

 COOLING
  YESTERDAY        0                         0      0        0
  MONTH TO DATE    1                         0      1        0
  SINCE DEC 1      1                         0      1        0
  SINCE JAN 1      1                         0      1        0
..................................................................


WIND (MPH)
  HIGHEST WIND SPEED    22   HIGHEST WIND DIRECTION    SW (230)
  HIGHEST GUST SPEED    33   HIGHEST GUST DIRECTION    SW (230)
  AVERAGE WIND SPEED     8.6


SKY COVER
  POSSIBLE SUNSHINE  MM
  AVERAGE SKY COVER 0.6


WEATHER CONDITIONS
 THE FOLLOWING WEATHER WAS RECORDED YESTERDAY.
  LIGHT RAIN
  FOG
  HAZE


RELATIVE HUMIDITY (PERCENT)
 HIGHEST    93          1100 AM
 LOWEST     63           300 PM
 AVERAGE    78

..........................................................


THE BECKLEY WV CLIMATE NORMALS FOR TODAY
                         NORMAL    RECORD    YEAR
 MAXIMUM TEMPERATURE (F)   46        70      2000
 MINIMUM TEMPERATURE (F)   28        -5      1967


SUNRISE AND SUNSET
FEBRUARY 25 2018......SUNRISE   701 AM EST   SUNSET   614 PM EST
FEBRUARY 26 2018......SUNRISE   700 AM EST   SUNSET   615 PM EST


-  INDICATES NEGATIVE NUMBERS.
R  INDICATES RECORD WAS SET OR TIED.
MM INDICATES DATA IS MISSING.
T  INDICATES TRACE AMOUNT.




$$
