000
CDUS41 KRLX 292116
CLIBKW


CLIMATE REPORT
NATIONAL WEATHER SERVICE CHARLESTON WV
516 PM EDT MON AUG 29 2016


...................................

...THE BECKLEY WV CLIMATE SUMMARY FOR AUGUST 29 2016...
VALID TODAY AS OF 0500 PM LOCAL TIME.

CLIMATE NORMAL PERIOD 1981 TO 2010
CLIMATE RECORD PERIOD 1963 TO 2016


WEATHER ITEM   OBSERVED TIME   RECORD YEAR NORMAL DEPARTURE LAST
                VALUE   (LST)  VALUE       VALUE  FROM      YEAR
                                                  NORMAL
..................................................................
TEMPERATURE (F)
 TODAY
  MAXIMUM         86    253 PM  94    1953  78      8       80
  MINIMUM         63    618 AM  36    1986  59      4       62
                                      1965
  AVERAGE         75                        68      7       71

PRECIPITATION (IN)
  TODAY            0.00          0.73 1911   0.09  -0.09     0.00
  MONTH TO DATE    4.12                      3.30   0.82     2.65
  SINCE JUN 1     17.88                     12.33   5.55    17.13
  SINCE JAN 1     34.99                     29.49   5.50    37.07

DEGREE DAYS
 HEATING
  TODAY            0                         1     -1        0
  MONTH TO DATE    0                         5     -5       12
  SINCE JUN 1     16                        52    -36       22
  SINCE JUL 1      0                        13    -13       12

 COOLING
  TODAY           10                         4      6        6
  MONTH TO DATE  253                       155     98      144
  SINCE JUN 1    643                       447    196      541
  SINCE JAN 1    684                       488    196      647
..................................................................


WIND (MPH)
  HIGHEST WIND SPEED    14   HIGHEST WIND DIRECTION     N (10)
  HIGHEST GUST SPEED    19   HIGHEST GUST DIRECTION     N (360)
  AVERAGE WIND SPEED     4.3


SKY COVER
  POSSIBLE SUNSHINE  MM
  AVERAGE SKY COVER 0.1


WEATHER CONDITIONS
 THE FOLLOWING WEATHER WAS RECORDED TODAY.
  THUNDERSTORM
  FOG


RELATIVE HUMIDITY (PERCENT)
 HIGHEST   100           100 AM
 LOWEST     51          1200 PM
 AVERAGE    76

..........................................................


THE BECKLEY WV CLIMATE NORMALS FOR TOMORROW
                         NORMAL    RECORD    YEAR
 MAXIMUM TEMPERATURE (F)   78        95      1953
 MINIMUM TEMPERATURE (F)   59        39      1965


SUNRISE AND SUNSET
AUGUST 29 2016........SUNRISE   652 AM EDT   SUNSET   757 PM EDT
AUGUST 30 2016........SUNRISE   653 AM EDT   SUNSET   756 PM EDT


-  INDICATES NEGATIVE NUMBERS.
R  INDICATES RECORD WAS SET OR TIED.
MM INDICATES DATA IS MISSING.
T  INDICATES TRACE AMOUNT.




$$
