000
CDUS41 KRLX 122333
CLIBKW


CLIMATE REPORT
NATIONAL WEATHER SERVICE CHARLESTON WV
632 PM EST TUE DEC 12 2017


...................................

...THE BECKLEY WV CLIMATE SUMMARY FOR DECEMBER 12 2017...
VALID TODAY AS OF 0500 PM LOCAL TIME.

CLIMATE NORMAL PERIOD 1981 TO 2010
CLIMATE RECORD PERIOD 1963 TO 2017


WEATHER ITEM   OBSERVED TIME   RECORD YEAR NORMAL DEPARTURE LAST
                VALUE   (LST)  VALUE       VALUE  FROM      YEAR
                                                  NORMAL
..................................................................
TEMPERATURE (F)
 TODAY
  MAXIMUM         44    117 AM  69    2015  43      1       48
  MINIMUM         22    359 PM -14    1962  27     -5       35
  AVERAGE         33                        35     -2       42

PRECIPITATION (IN)
  TODAY            0.08          1.58 1931   0.11  -0.03     0.59
  MONTH TO DATE    0.50                      1.20  -0.70     1.38
  SINCE DEC 1      0.50                      1.20  -0.70     1.38
  SINCE JAN 1     41.61                     39.39   2.22    44.38

DEGREE DAYS
 HEATING
  TODAY           32                        30      2       23
  MONTH TO DATE  338                       342     -4      368
  SINCE DEC 1    338                       342     -4      368
  SINCE JUL 1   1321                      1482   -161     1143

 COOLING
  TODAY            0                         0      0        0
  MONTH TO DATE    0                         0      0        0
  SINCE DEC 1      0                         0      0        0
  SINCE JAN 1    594                       557     37      844
..................................................................


WIND (MPH)
  HIGHEST WIND SPEED    25   HIGHEST WIND DIRECTION    NW (310)
  HIGHEST GUST SPEED    33   HIGHEST GUST DIRECTION    NW (320)
  AVERAGE WIND SPEED    12.6


SKY COVER
  POSSIBLE SUNSHINE  MM
  AVERAGE SKY COVER 0.7


WEATHER CONDITIONS
 THE FOLLOWING WEATHER WAS RECORDED TODAY.
  SNOW
  LIGHT SNOW
  FOG
  FOG W/VISIBILITY <= 1/4 MILE


RELATIVE HUMIDITY (PERCENT)
 HIGHEST    92           400 PM
 LOWEST     45          1200 AM
 AVERAGE    69

..........................................................


THE BECKLEY WV CLIMATE NORMALS FOR TOMORROW
                         NORMAL    RECORD    YEAR
 MAXIMUM TEMPERATURE (F)   43        68      1984
 MINIMUM TEMPERATURE (F)   27       -13      1962


SUNRISE AND SUNSET
DECEMBER 12 2017......SUNRISE   731 AM EST   SUNSET   506 PM EST
DECEMBER 13 2017......SUNRISE   731 AM EST   SUNSET   506 PM EST


-  INDICATES NEGATIVE NUMBERS.
R  INDICATES RECORD WAS SET OR TIED.
MM INDICATES DATA IS MISSING.
T  INDICATES TRACE AMOUNT.




$$
