000
CDUS41 KRLX 292118
CLIBKW


CLIMATE REPORT
NATIONAL WEATHER SERVICE CHARLESTON WV
518 PM EDT FRI APR 29 2016


...................................

...THE BECKLEY WV CLIMATE SUMMARY FOR APRIL 29 2016...
VALID TODAY AS OF 0500 PM LOCAL TIME.

CLIMATE NORMAL PERIOD 1981 TO 2010
CLIMATE RECORD PERIOD 1963 TO 2016


WEATHER ITEM   OBSERVED TIME   RECORD YEAR NORMAL DEPARTURE LAST
                VALUE   (LST)  VALUE       VALUE  FROM      YEAR
                                                  NORMAL
..................................................................
TEMPERATURE (F)
 TODAY
  MAXIMUM         74    349 PM  85    1996  67      7       68
  MINIMUM         53    607 AM  28    1976  45      8       38
  AVERAGE         64                        56      8       53

PRECIPITATION (IN)
  TODAY            0.00          0.82 1980   0.12  -0.12     0.00
  MONTH TO DATE    2.26                      3.24  -0.98     6.23
  SINCE MAR 1      4.56                      6.81  -2.25    11.92
  SINCE JAN 1     10.42                     12.38  -1.96    18.57

DEGREE DAYS
 HEATING
  TODAY            1                        10     -9       12
  MONTH TO DATE  343                       386    -43      332
  SINCE MAR 1    799                      1098   -299     1011
  SINCE JUL 1   4174                      5099   -925     5344

 COOLING
  TODAY            0                         0      0        0
  MONTH TO DATE    6                         0      6        3
  SINCE MAR 1      8                         1      7        3
  SINCE JAN 1      8                         1      7        3
..................................................................


WIND (MPH)
  HIGHEST WIND SPEED    20   HIGHEST WIND DIRECTION    NW (310)
  HIGHEST GUST SPEED    28   HIGHEST GUST DIRECTION    NW (310)
  AVERAGE WIND SPEED    10.0


SKY COVER
  POSSIBLE SUNSHINE  MM
  AVERAGE SKY COVER 0.1


WEATHER CONDITIONS
 THE FOLLOWING WEATHER WAS RECORDED TODAY.
  NO SIGNIFICANT WEATHER WAS OBSERVED.


RELATIVE HUMIDITY (PERCENT)
 HIGHEST    93           600 AM
 LOWEST     35           100 PM
 AVERAGE    64

..........................................................


THE BECKLEY WV CLIMATE NORMALS FOR TOMORROW
                         NORMAL    RECORD    YEAR
 MAXIMUM TEMPERATURE (F)   67        86      1899
 MINIMUM TEMPERATURE (F)   45        28      2008
                                             1961


SUNRISE AND SUNSET
APRIL 29 2016.........SUNRISE   630 AM EDT   SUNSET   814 PM EDT
APRIL 30 2016.........SUNRISE   629 AM EDT   SUNSET   814 PM EDT


-  INDICATES NEGATIVE NUMBERS.
R  INDICATES RECORD WAS SET OR TIED.
MM INDICATES DATA IS MISSING.
T  INDICATES TRACE AMOUNT.




$$
