000
CDUS41 KRLX 160816
CLIBKW


CLIMATE REPORT
NATIONAL WEATHER SERVICE CHARLESTON WV
316 AM EST MON JAN 16 2017


...................................

...THE BECKLEY WV CLIMATE SUMMARY FOR JANUARY 15 2017...

CLIMATE NORMAL PERIOD 1981 TO 2010
CLIMATE RECORD PERIOD 1963 TO 2017


WEATHER ITEM   OBSERVED TIME   RECORD YEAR NORMAL DEPARTURE LAST
                VALUE   (LST)  VALUE       VALUE  FROM      YEAR
                                                  NORMAL
..................................................................
TEMPERATURE (F)
 YESTERDAY
  MAXIMUM         45   1159 PM  71    1932  39      6       45
  MINIMUM         37    956 AM  -9    1994  23     14       30
  AVERAGE         41                        31     10       38

PRECIPITATION (IN)
  YESTERDAY        0.19          1.11 1995   0.09   0.10     0.19
  MONTH TO DATE    2.24                      1.37   0.87     0.77
  SINCE JAN 1      2.24                      1.37   0.87     0.77

SNOWFALL (IN)
  YESTERDAY       MM
  MONTH TO DATE    7.6
  SINCE SEP 1     12.6
  SNOW DEPTH       0

DEGREE DAYS
 HEATING
  YESTERDAY       24                        34    -10       27
  MONTH TO DATE  451                       510    -59      505
  SINCE DEC 1   1371                      1463    -92     1035
  SINCE JUL 1   2146                      2603   -457     1894

 COOLING
  YESTERDAY        0                         0      0        0
  MONTH TO DATE    0                         0      0        0
  SINCE DEC 1      0                         0      0        0
  SINCE JAN 1      0                         0      0        0
..................................................................


WIND (MPH)
  HIGHEST WIND SPEED    10   HIGHEST WIND DIRECTION    NW (300)
  HIGHEST GUST SPEED    14   HIGHEST GUST DIRECTION    NW (300)
  AVERAGE WIND SPEED     3.5


SKY COVER
  POSSIBLE SUNSHINE  MM
  AVERAGE SKY COVER 1.0


WEATHER CONDITIONS
 THE FOLLOWING WEATHER WAS RECORDED YESTERDAY.
  LIGHT RAIN
  FOG
  FOG W/VISIBILITY <= 1/4 MILE


RELATIVE HUMIDITY (PERCENT)
 HIGHEST   100           100 AM
 LOWEST     89           100 PM
 AVERAGE    95

..........................................................


THE BECKLEY WV CLIMATE NORMALS FOR TODAY
                         NORMAL    RECORD    YEAR
 MAXIMUM TEMPERATURE (F)   39        69      1932
 MINIMUM TEMPERATURE (F)   23       -15      1972


SUNRISE AND SUNSET
JANUARY 16 2017.......SUNRISE   738 AM EST   SUNSET   531 PM EST
JANUARY 17 2017.......SUNRISE   738 AM EST   SUNSET   532 PM EST


-  INDICATES NEGATIVE NUMBERS.
R  INDICATES RECORD WAS SET OR TIED.
MM INDICATES DATA IS MISSING.
T  INDICATES TRACE AMOUNT.




$$
