000
CDUS41 KRLX 100820
CLIBKW


CLIMATE REPORT
NATIONAL WEATHER SERVICE CHARLESTON WV
320 AM EST SAT DEC 10 2016


...................................

...THE BECKLEY WV CLIMATE SUMMARY FOR DECEMBER 9 2016...

CLIMATE NORMAL PERIOD 1981 TO 2010
CLIMATE RECORD PERIOD 1963 TO 2016


WEATHER ITEM   OBSERVED TIME   RECORD YEAR NORMAL DEPARTURE LAST
                VALUE   (LST)  VALUE       VALUE  FROM      YEAR
                                                  NORMAL
..................................................................
TEMPERATURE (F)
 YESTERDAY
  MAXIMUM         24   1209 AM  70    1966  44    -20       56
  MINIMUM         17    914 AM  -2    1917  28    -11       32
  AVERAGE         21                        36    -15       44

PRECIPITATION (IN)
  YESTERDAY        T             1.43 1907   0.10  -0.10     0.02
  MONTH TO DATE    0.79                      0.89  -0.10     1.50
  SINCE JAN 1     43.79                     39.08   4.71    46.07

SNOWFALL (IN)
  YESTERDAY        0.2
  MONTH TO DATE    0.2
  SINCE SEP 1      0.4
  SNOW DEPTH       0

DEGREE DAYS
 HEATING
  YESTERDAY       44                        29     15       21
  MONTH TO DATE  273                       252     21      210
  SINCE DEC 1    273                       252     21      210
  SINCE JUL 1   1048                      1392   -344     1069

 COOLING
  YESTERDAY        0                         0      0        0
  MONTH TO DATE    0                         0      0        0
  SINCE DEC 1      0                         0      0        0
  SINCE JAN 1    844                       557    287      758
..................................................................


WIND (MPH)
  HIGHEST WIND SPEED    17   HIGHEST WIND DIRECTION    NW (330)
  HIGHEST GUST SPEED    22   HIGHEST GUST DIRECTION     N (340)
  AVERAGE WIND SPEED    10.2


SKY COVER
  POSSIBLE SUNSHINE  MM
  AVERAGE SKY COVER 1.0


WEATHER CONDITIONS
 THE FOLLOWING WEATHER WAS RECORDED YESTERDAY.
  LIGHT SNOW
  FOG


RELATIVE HUMIDITY (PERCENT)
 HIGHEST    80           400 AM
 LOWEST     60          1200 AM
 AVERAGE    70

..........................................................


THE BECKLEY WV CLIMATE NORMALS FOR TODAY
                         NORMAL    RECORD    YEAR
 MAXIMUM TEMPERATURE (F)   43        73      1971
 MINIMUM TEMPERATURE (F)   27        -7      1917


SUNRISE AND SUNSET
DECEMBER 10 2016......SUNRISE   729 AM EST   SUNSET   506 PM EST
DECEMBER 11 2016......SUNRISE   730 AM EST   SUNSET   506 PM EST


-  INDICATES NEGATIVE NUMBERS.
R  INDICATES RECORD WAS SET OR TIED.
MM INDICATES DATA IS MISSING.
T  INDICATES TRACE AMOUNT.




$$
