912
CDUS41 KRLX 290717
CLIBKW


CLIMATE REPORT
NATIONAL WEATHER SERVICE CHARLESTON WV
317 AM EDT FRI JUL 29 2016


...................................

...THE BECKLEY WV CLIMATE SUMMARY FOR JULY 28 2016...

CLIMATE NORMAL PERIOD 1981 TO 2010
CLIMATE RECORD PERIOD 1963 TO 2016


WEATHER ITEM   OBSERVED TIME   RECORD YEAR NORMAL DEPARTURE LAST
                VALUE   (LST)  VALUE       VALUE  FROM      YEAR
                                                  NORMAL
..................................................................
TEMPERATURE (F)
 YESTERDAY
  MAXIMUM         82    224 PM  93    1952  80      2       84
                                      1896
  MINIMUM         66   1147 PM  42    1962  61      5       68
                                      1937
  AVERAGE         74                        70      4       76

PRECIPITATION (IN)
  YESTERDAY        0.62          2.10 1923   0.17   0.45     0.76
  MONTH TO DATE    5.43                      4.52   0.91     8.46
  SINCE JAN 1     30.61                     25.68   4.93    33.77

SNOWFALL (IN)
  YESTERDAY        0.0
  MONTH TO DATE    0.0
  SINCE SEP 1     45.5
  SNOW DEPTH       0

DEGREE DAYS
 HEATING
  YESTERDAY        0                         0      0        0
  MONTH TO DATE    0                         0      0        0
  SINCE JUN 1     16                        39    -23       10
  SINCE JUL 1      0                         0      0        0

 COOLING
  YESTERDAY        9                         6      3       11
  MONTH TO DATE  226                       168     58      188
  SINCE JUN 1    365                       279     86      376
  SINCE JAN 1    406                       320     86      482
..................................................................


WIND (MPH)
  HIGHEST WIND SPEED    13   HIGHEST WIND DIRECTION     W (260)
  HIGHEST GUST SPEED    17   HIGHEST GUST DIRECTION     W (270)
  AVERAGE WIND SPEED     5.3


SKY COVER
  POSSIBLE SUNSHINE  MM
  AVERAGE SKY COVER 0.9


WEATHER CONDITIONS
 THE FOLLOWING WEATHER WAS RECORDED YESTERDAY.
  THUNDERSTORM
  HEAVY RAIN
  RAIN
  LIGHT RAIN
  FOG
  FOG W/VISIBILITY <= 1/4 MILE


RELATIVE HUMIDITY (PERCENT)
 HIGHEST   100           600 AM
 LOWEST     67           300 PM
 AVERAGE    84

..........................................................


THE BECKLEY WV CLIMATE NORMALS FOR TODAY
                         NORMAL    RECORD    YEAR
 MAXIMUM TEMPERATURE (F)   80        96      1896
 MINIMUM TEMPERATURE (F)   61        46      1914


SUNRISE AND SUNSET
JULY 29 2016..........SUNRISE   626 AM EDT   SUNSET   835 PM EDT
JULY 30 2016..........SUNRISE   627 AM EDT   SUNSET   835 PM EDT


-  INDICATES NEGATIVE NUMBERS.
R  INDICATES RECORD WAS SET OR TIED.
MM INDICATES DATA IS MISSING.
T  INDICATES TRACE AMOUNT.




$$
