000
CDUS41 KRLX 280744
CLIBKW


CLIMATE REPORT
NATIONAL WEATHER SERVICE CHARLESTON WV
343 AM EDT WED SEP 28 2016


...................................

...THE BECKLEY WV CLIMATE SUMMARY FOR SEPTEMBER 27 2016...

CLIMATE NORMAL PERIOD 1981 TO 2010
CLIMATE RECORD PERIOD 1963 TO 2016


WEATHER ITEM   OBSERVED TIME   RECORD YEAR NORMAL DEPARTURE LAST
                VALUE   (LST)  VALUE       VALUE  FROM      YEAR
                                                  NORMAL
..................................................................
TEMPERATURE (F)
 YESTERDAY
  MAXIMUM         72    319 PM  85    1931  69      3       67
  MINIMUM         49   1159 PM  31    1914  49      0       57
  AVERAGE         61                        59      2       62

PRECIPITATION (IN)
  YESTERDAY        0.00          1.34 1956   0.09  -0.09     0.12
  MONTH TO DATE    1.81                      2.72  -0.91     2.24
  SINCE JAN 1     36.94                     32.38   4.56    39.31

SNOWFALL (IN)
  YESTERDAY        0.0
  MONTH TO DATE    0.0
  SINCE SEP 1      0.0
  SNOW DEPTH       0

DEGREE DAYS
 HEATING
  YESTERDAY        4                         7     -3        3
  MONTH TO DATE   10                        91    -81       54
  SINCE SEP 1     10                        91    -81       54
  SINCE JUL 1     10                       112   -102       66

 COOLING
  YESTERDAY        0                         1     -1        0
  MONTH TO DATE  130                        56     74       88
  SINCE SEP 1    130                        56     74       88
  SINCE JAN 1    831                       549    282      746
..................................................................


WIND (MPH)
  HIGHEST WIND SPEED    12   HIGHEST WIND DIRECTION    SW (240)
  HIGHEST GUST SPEED    15   HIGHEST GUST DIRECTION     N (350)
  AVERAGE WIND SPEED     3.9


SKY COVER
  POSSIBLE SUNSHINE  MM
  AVERAGE SKY COVER 0.3


WEATHER CONDITIONS
 THE FOLLOWING WEATHER WAS RECORDED YESTERDAY.
  FOG
  FOG W/VISIBILITY <= 1/4 MILE


RELATIVE HUMIDITY (PERCENT)
 HIGHEST   100          1200 AM
 LOWEST     25           400 PM
 AVERAGE    63

..........................................................


THE BECKLEY WV CLIMATE NORMALS FOR TODAY
                         NORMAL    RECORD    YEAR
 MAXIMUM TEMPERATURE (F)   69        88      1939
 MINIMUM TEMPERATURE (F)   49        30      1909


SUNRISE AND SUNSET
SEPTEMBER 28 2016.....SUNRISE   718 AM EDT   SUNSET   711 PM EDT
SEPTEMBER 29 2016.....SUNRISE   719 AM EDT   SUNSET   710 PM EDT


-  INDICATES NEGATIVE NUMBERS.
R  INDICATES RECORD WAS SET OR TIED.
MM INDICATES DATA IS MISSING.
T  INDICATES TRACE AMOUNT.




$$
