000
CDUS41 KRLX 200816
CLIBKW


CLIMATE REPORT
NATIONAL WEATHER SERVICE CHARLESTON WV
316 AM EST MON FEB 20 2017


...................................

...THE BECKLEY WV CLIMATE SUMMARY FOR FEBRUARY 19 2017...

CLIMATE NORMAL PERIOD 1981 TO 2010
CLIMATE RECORD PERIOD 1963 TO 2017


WEATHER ITEM   OBSERVED TIME   RECORD YEAR NORMAL DEPARTURE LAST
                VALUE   (LST)  VALUE       VALUE  FROM      YEAR
                                                  NORMAL
..................................................................
TEMPERATURE (F)
 YESTERDAY
  MAXIMUM         51    429 PM  72    1939  44      7       51
  MINIMUM         35   1123 PM  -5    2015  26      9       32
  AVERAGE         43                        35      8       42

PRECIPITATION (IN)
  YESTERDAY        0.00          1.15 1914   0.10  -0.10     0.00
  MONTH TO DATE    0.48                      1.85  -1.37     1.76
  SINCE JAN 1      5.19                      4.66   0.53     4.18

SNOWFALL (IN)
  YESTERDAY        0.0
  MONTH TO DATE    0.5
  SINCE SEP 1     18.8
  SNOW DEPTH       0

DEGREE DAYS
 HEATING
  YESTERDAY       22                        30     -8       23
  MONTH TO DATE  482                       599   -117      660
  SINCE DEC 1   2221                      2603   -382     2297
  SINCE JUL 1   2996                      3743   -747     3156

 COOLING
  YESTERDAY        0                         0      0        0
  MONTH TO DATE    0                         0      0        0
  SINCE DEC 1      0                         0      0        0
  SINCE JAN 1      0                         0      0        0
..................................................................


WIND (MPH)
  HIGHEST WIND SPEED    12   HIGHEST WIND DIRECTION    NW (300)
  HIGHEST GUST SPEED    16   HIGHEST GUST DIRECTION    NW (310)
  AVERAGE WIND SPEED     5.3


SKY COVER
  POSSIBLE SUNSHINE  MM
  AVERAGE SKY COVER 0.8


WEATHER CONDITIONS
 THE FOLLOWING WEATHER WAS RECORDED YESTERDAY.
  FOG
  FOG W/VISIBILITY <= 1/4 MILE


RELATIVE HUMIDITY (PERCENT)
 HIGHEST   100           800 AM
 LOWEST     58          1200 AM
 AVERAGE    79

..........................................................


THE BECKLEY WV CLIMATE NORMALS FOR TODAY
                         NORMAL    RECORD    YEAR
 MAXIMUM TEMPERATURE (F)   44        69      1916
 MINIMUM TEMPERATURE (F)   27        -9      2015


SUNRISE AND SUNSET
FEBRUARY 20 2017......SUNRISE   708 AM EST   SUNSET   609 PM EST
FEBRUARY 21 2017......SUNRISE   706 AM EST   SUNSET   610 PM EST


-  INDICATES NEGATIVE NUMBERS.
R  INDICATES RECORD WAS SET OR TIED.
MM INDICATES DATA IS MISSING.
T  INDICATES TRACE AMOUNT.




$$
