000
CDUS41 KRLX 040731
CLIBKW


CLIMATE REPORT
NATIONAL WEATHER SERVICE CHARLESTON WV
324 AM EDT TUE AUG 4 2015


...................................

...THE BECKLEY WV CLIMATE SUMMARY FOR AUGUST 3 2015...

CLIMATE NORMAL PERIOD 1981 TO 2010
CLIMATE RECORD PERIOD 1963 TO 2015


WEATHER ITEM   OBSERVED TIME   RECORD YEAR NORMAL DEPARTURE LAST
                VALUE   (LST)  VALUE       VALUE  FROM      YEAR
                                                  NORMAL
..................................................................
TEMPERATURE (F)
 YESTERDAY
  MAXIMUM         82    432 PM  93    1987  80      2       72
  MINIMUM         60    620 AM  41    1940  61     -1       56
  AVERAGE         71                        70      1       64

PRECIPITATION (IN)
  YESTERDAY        0.01          1.80 1934   0.14  -0.13      T
  MONTH TO DATE    0.01                      0.43  -0.42     0.02
  SINCE JAN 1     34.43                     26.62   7.81    20.41

SNOWFALL (IN)
  YESTERDAY        0.0
  MONTH TO DATE    0.0
  SINCE SEP 1     66.2
  SNOW DEPTH       0

DEGREE DAYS
 HEATING
  YESTERDAY        0                         0      0        1
  MONTH TO DATE    0                         0      0        1
  SINCE JUN 1     10                        47    -37       35
  SINCE JUL 1      0                         8     -8       23

 COOLING
  YESTERDAY        6                         6      0        0
  MONTH TO DATE   14                        18     -4        6
  SINCE JUN 1    411                       310    101      328
  SINCE JAN 1    517                       351    166      403
..................................................................


WIND (MPH)
  HIGHEST WIND SPEED    22   HIGHEST WIND DIRECTION     W (270)
  HIGHEST GUST SPEED    32   HIGHEST GUST DIRECTION     W (260)
  AVERAGE WIND SPEED     7.0


SKY COVER
  POSSIBLE SUNSHINE  MM
  AVERAGE SKY COVER 0.1


WEATHER CONDITIONS
 THE FOLLOWING WEATHER WAS RECORDED YESTERDAY.
  LIGHT RAIN


RELATIVE HUMIDITY (PERCENT)
 HIGHEST    78           400 AM
 LOWEST     43           300 PM
 AVERAGE    61

..........................................................


THE BECKLEY WV CLIMATE NORMALS FOR TODAY
                         NORMAL    RECORD    YEAR
 MAXIMUM TEMPERATURE (F)   80        94      1955
                                             1897
 MINIMUM TEMPERATURE (F)   61        43      1912


SUNRISE AND SUNSET
AUGUST  4 2015........SUNRISE   630 AM EDT   SUNSET   830 PM EDT
AUGUST  5 2015........SUNRISE   631 AM EDT   SUNSET   829 PM EDT


-  INDICATES NEGATIVE NUMBERS.
R  INDICATES RECORD WAS SET OR TIED.
MM INDICATES DATA IS MISSING.
T  INDICATES TRACE AMOUNT.




$$
