000
CDUS41 KRLX 182116
CLIBKW


CLIMATE REPORT
NATIONAL WEATHER SERVICE CHARLESTON WV
516 PM EDT FRI AUG 18 2017


...................................

...THE BECKLEY WV CLIMATE SUMMARY FOR AUGUST 18 2017...
VALID TODAY AS OF 0500 PM LOCAL TIME.

CLIMATE NORMAL PERIOD 1981 TO 2010
CLIMATE RECORD PERIOD 1963 TO 2017


WEATHER ITEM   OBSERVED TIME   RECORD YEAR NORMAL DEPARTURE LAST
                VALUE   (LST)  VALUE       VALUE  FROM      YEAR
                                                  NORMAL
..................................................................
TEMPERATURE (F)
 TODAY
  MAXIMUM         80    310 PM  94    1988  79      1       80
  MINIMUM         69    304 AM  40    1914  60      9       67
  AVERAGE         75                        70      5       74

PRECIPITATION (IN)
  TODAY            0.05          2.55 1980   0.11  -0.06      T
  MONTH TO DATE    1.79                      2.25  -0.46     3.26
  SINCE JUN 1     12.66                     11.28   1.38    17.02
  SINCE JAN 1     33.12                     28.44   4.68    34.13

DEGREE DAYS
 HEATING
  TODAY            0                         0      0        0
  MONTH TO DATE    4                         0      4        0
  SINCE JUN 1     46                        47     -1       16
  SINCE JUL 1      8                         8      0        0

 COOLING
  TODAY           10                         5      5        9
  MONTH TO DATE   91                       103    -12      169
  SINCE JUN 1    408                       395     13      559
  SINCE JAN 1    473                       436     37      600
..................................................................


WIND (MPH)
  HIGHEST WIND SPEED    16   HIGHEST WIND DIRECTION     W (270)
  HIGHEST GUST SPEED    21   HIGHEST GUST DIRECTION     W (270)
  AVERAGE WIND SPEED     7.4


SKY COVER
  POSSIBLE SUNSHINE  MM
  AVERAGE SKY COVER 0.4


WEATHER CONDITIONS
 THE FOLLOWING WEATHER WAS RECORDED TODAY.
  HEAVY RAIN
  LIGHT RAIN
  FOG


RELATIVE HUMIDITY (PERCENT)
 HIGHEST    97           500 AM
 LOWEST     64           400 PM
 AVERAGE    81

..........................................................


THE BECKLEY WV CLIMATE NORMALS FOR TOMORROW
                         NORMAL    RECORD    YEAR
 MAXIMUM TEMPERATURE (F)   79        98      1911
 MINIMUM TEMPERATURE (F)   60        41      1943


SUNRISE AND SUNSET
AUGUST 18 2017........SUNRISE   643 AM EDT   SUNSET   813 PM EDT
AUGUST 19 2017........SUNRISE   644 AM EDT   SUNSET   812 PM EDT


-  INDICATES NEGATIVE NUMBERS.
R  INDICATES RECORD WAS SET OR TIED.
MM INDICATES DATA IS MISSING.
T  INDICATES TRACE AMOUNT.




$$
