000
CDUS41 KRLX 010823
CLIBKW


CLIMATE REPORT
NATIONAL WEATHER SERVICE CHARLESTON WV
322 AM EST SUN MAR 1 2015


...................................

...THE BECKLEY WV CLIMATE SUMMARY FOR FEBRUARY 28 2015...

CLIMATE NORMAL PERIOD 1981 TO 2010
CLIMATE RECORD PERIOD 1963 TO 2015


WEATHER ITEM   OBSERVED TIME   RECORD YEAR NORMAL DEPARTURE LAST
                VALUE   (LST)  VALUE       VALUE  FROM      YEAR
                                                  NORMAL
..................................................................
TEMPERATURE (F)
 YESTERDAY
  MAXIMUM         35    428 PM  69    1918  46    -11       42
  MINIMUM          4    155 AM  -8    1934  28    -24        9
  AVERAGE         20                        37    -17       26

PRECIPITATION (IN)
  YESTERDAY        0.00          0.98 2011   0.11  -0.11     0.00
  MONTH TO DATE    4.42                      2.76   1.66     3.16
  SINCE JAN 1      6.65                      5.57   1.08     5.10

SNOWFALL (IN)
  YESTERDAY        0.0
  MONTH TO DATE   44.0
  SINCE SEP 1     59.0
  SNOW DEPTH      17

DEGREE DAYS
 HEATING
  YESTERDAY       45                        28     17       39
  MONTH TO DATE 1161                       857    304      929
  SINCE DEC 1   3092                      2861    231     3026
  SINCE JUL 1   4333                      4001    332     4208

 COOLING
  YESTERDAY        0                         0      0        0
  MONTH TO DATE    0                         0      0        0
  SINCE DEC 1      0                         0      0        0
  SINCE JAN 1      0                         0      0        0
..................................................................


WIND (MPH)
  HIGHEST WIND SPEED    17   HIGHEST WIND DIRECTION    SE (140)
  HIGHEST GUST SPEED    29   HIGHEST GUST DIRECTION     S (160)
  AVERAGE WIND SPEED     6.9


SKY COVER
  POSSIBLE SUNSHINE  MM
  AVERAGE SKY COVER 0.3


WEATHER CONDITIONS
 THE FOLLOWING WEATHER WAS RECORDED YESTERDAY.
  NO SIGNIFICANT WEATHER WAS OBSERVED.


RELATIVE HUMIDITY (PERCENT)
 HIGHEST    83           200 AM
 LOWEST     43           300 PM
 AVERAGE    63

..........................................................


THE BECKLEY WV CLIMATE NORMALS FOR TODAY
                         NORMAL    RECORD    YEAR
 MAXIMUM TEMPERATURE (F)   47        70      1976
                                             1972
 MINIMUM TEMPERATURE (F)   28         4      1960


SUNRISE AND SUNSET
MARCH  1 2015.........SUNRISE   656 AM EST   SUNSET   618 PM EST
MARCH  2 2015.........SUNRISE   655 AM EST   SUNSET   619 PM EST


-  INDICATES NEGATIVE NUMBERS.
R  INDICATES RECORD WAS SET OR TIED.
MM INDICATES DATA IS MISSING.
T  INDICATES TRACE AMOUNT.




$$
