000
CDUS41 KRNK 310703
CLIBLF


CLIMATE REPORT
NATIONAL WEATHER SERVICE BLACKSBURG VA
301 AM EDT TUE MAY 31 2016


...................................

...THE BLUEFIELD WV CLIMATE SUMMARY FOR MAY 30 2016...

CLIMATE NORMAL PERIOD 1981 TO 2010
CLIMATE RECORD PERIOD 1959 TO 2016


WEATHER ITEM   OBSERVED TIME   RECORD YEAR NORMAL DEPARTURE LAST
                VALUE   (LST)  VALUE       VALUE  FROM      YEAR
                                                  NORMAL
..................................................................
TEMPERATURE (F)
 YESTERDAY
  MAXIMUM         78    223 PM  89    2011  75      3       82
                                      2006
  MINIMUM         56    559 AM  38    1984  57     -1       64
  AVERAGE         67                        66      1       73

PRECIPITATION (IN)
  YESTERDAY        0.00          0.80 1974   0.15  -0.15     0.00
  MONTH TO DATE    6.26                      4.16   2.10     1.79
  SINCE MAR 1      9.94                     11.01  -1.07    12.20
  SINCE JAN 1     14.76                     16.67  -1.91    15.76

SNOWFALL (IN)
  YESTERDAY        0.0                                       0.0
  MONTH TO DATE    0.0                                       0.0
  SINCE MAR 1      2.6                                       3.1
  SINCE JUL 1     34.8                                      39.7
  SNOW DEPTH       0

DEGREE DAYS
 HEATING
  YESTERDAY        0                         2     -2        0
  MONTH TO DATE  231                       134     97       63
  SINCE MAR 1   1053                      1071    -18      915
  SINCE JUL 1   3866                      4564   -698     4835

 COOLING
  YESTERDAY        2                         3     -1        8
  MONTH TO DATE   17                        59    -42      136
  SINCE MAR 1     22                        87    -65      147
  SINCE JAN 1     22                        87    -65      147
..................................................................


WIND (MPH)
  HIGHEST WIND SPEED    10   HIGHEST WIND DIRECTION     E (100)
  HIGHEST GUST SPEED    17   HIGHEST GUST DIRECTION    NW (330)
  AVERAGE WIND SPEED     2.9


SKY COVER
  AVERAGE SKY COVER 0.4


WEATHER CONDITIONS
 THE FOLLOWING WEATHER WAS RECORDED YESTERDAY.
  FOG
  FOG W/VISIBILITY <= 1/4 MILE


RELATIVE HUMIDITY (PERCENT)
 HIGHEST   100           600 AM
 LOWEST     49           700 PM
 AVERAGE    75

..........................................................


THE BLUEFIELD WV CLIMATE NORMALS FOR TODAY
                         NORMAL    RECORD    YEAR
 MAXIMUM TEMPERATURE (F)   75        90      2011
 MINIMUM TEMPERATURE (F)   57        37      1984


SUNRISE AND SUNSET
MAY 31 2016...........SUNRISE   606 AM EDT   SUNSET   839 PM EDT
JUNE  1 2016..........SUNRISE   606 AM EDT   SUNSET   840 PM EDT


-  INDICATES NEGATIVE NUMBERS.
R  INDICATES RECORD WAS SET OR TIED.
MM INDICATES DATA IS MISSING.
T  INDICATES TRACE AMOUNT.

REMARKS:
DUE TO A SENSOR FAILURE CAUSING MISSING TEMPERATURES ON DECEMBER 20-
21...JANUARY 19-20...AND JANUARY 22-25...THE SEASONAL HEATING DEGREE
DAY TOTAL AND DEPARTURE FROM NORMAL WILL BE CALCULATED WITHOUT DATA
FROM THESE DATES.


$$
RCS
