192
CDUS41 KRNK 200712
CLIBLF


CLIMATE REPORT
NATIONAL WEATHER SERVICE BLACKSBURG VA
211 AM EST SAT JAN 20 2018


...................................

...THE BLUEFIELD WV CLIMATE SUMMARY FOR JANUARY 19 2018...

CLIMATE NORMAL PERIOD 1981 TO 2010
CLIMATE RECORD PERIOD 1959 TO 2018


WEATHER ITEM   OBSERVED TIME   RECORD YEAR NORMAL DEPARTURE LAST
                VALUE   (LST)  VALUE       VALUE  FROM      YEAR
                                                  NORMAL
..................................................................
TEMPERATURE (F)
 YESTERDAY
  MAXIMUM         42    423 PM  60    1996  42      0       58
  MINIMUM         19    557 AM -18    1994  26     -7       31
  AVERAGE         31                        34     -3       45

PRECIPITATION (IN)
  YESTERDAY        0.00          0.91 1996   0.10  -0.10     0.00
  MONTH TO DATE    1.14                      1.79  -0.65     2.30
  SINCE DEC 1      2.10                      4.70  -2.60     5.50
  SINCE JAN 1      1.14                      1.79  -0.65     2.30

SNOWFALL (IN)
  YESTERDAY        0.0                                       0.0
  MONTH TO DATE    2.6                                       3.8
  SINCE DEC 1      6.3                                       9.7
  SINCE JUL 1      6.6                                       9.7
  SNOW DEPTH       T

DEGREE DAYS
 HEATING
  YESTERDAY       34                        31      3       20
  MONTH TO DATE  806                       589    217      508
  SINCE DEC 1   1798                      1451    347     1432
  SINCE JUL 1   2825                      2354    471     2208

 COOLING
  YESTERDAY        0                         0      0        0
  MONTH TO DATE    0                         0      0        0
  SINCE DEC 1      0                         0      0        0
  SINCE JAN 1      0                         0      0        0
..................................................................


WIND (MPH)
  HIGHEST WIND SPEED    18   HIGHEST WIND DIRECTION     W (250)
  HIGHEST GUST SPEED    24   HIGHEST GUST DIRECTION     W (260)
  AVERAGE WIND SPEED     9.7


SKY COVER
  AVERAGE SKY COVER 0.0


WEATHER CONDITIONS
 THE FOLLOWING WEATHER WAS RECORDED YESTERDAY.
  NO SIGNIFICANT WEATHER WAS OBSERVED.


RELATIVE HUMIDITY (PERCENT)
 HIGHEST    49           200 AM
 LOWEST     15           300 PM
 AVERAGE    32

..........................................................


THE BLUEFIELD WV CLIMATE NORMALS FOR TODAY
                         NORMAL    RECORD    YEAR
 MAXIMUM TEMPERATURE (F)   42        60      2006
                                             1988
 MINIMUM TEMPERATURE (F)   26       -20      1985


SUNRISE AND SUNSET
JANUARY 20 2018.......SUNRISE   736 AM EST   SUNSET   536 PM EST
JANUARY 21 2018.......SUNRISE   735 AM EST   SUNSET   537 PM EST


-  INDICATES NEGATIVE NUMBERS.
R  INDICATES RECORD WAS SET OR TIED.
MM INDICATES DATA IS MISSING.
T  INDICATES TRACE AMOUNT.




$$
