000
CDUS41 KRNK 172145
CLIBLF


CLIMATE REPORT
NATIONAL WEATHER SERVICE BLACKSBURG VA
541 PM EDT THU AUG 17 2017


...................................

...THE BLUEFIELD WV CLIMATE SUMMARY FOR AUGUST 17 2017...
VALID TODAY AS OF 0500 PM LOCAL TIME.

CLIMATE NORMAL PERIOD 1981 TO 2010
CLIMATE RECORD PERIOD 1959 TO 2017


WEATHER ITEM   OBSERVED TIME   RECORD YEAR NORMAL DEPARTURE LAST
                VALUE   (LST)  VALUE       VALUE  FROM      YEAR
                                                  NORMAL
..................................................................
TEMPERATURE (F)
 TODAY
  MAXIMUM         83    317 PM  95    1988  81      2       84
  MINIMUM         66    449 AM  52    1979  64      2       66
  AVERAGE         75                        72      3       75

PRECIPITATION (IN)
  TODAY            0.02          1.85 1994   0.09  -0.07     0.27
  MONTH TO DATE    1.88                      1.89  -0.01     1.66
  SINCE JUN 1     10.93                     10.20   0.73    10.61
  SINCE JAN 1     31.73                     27.02   4.71    25.37

SNOWFALL (IN)
  TODAY            0.0                                       0.0
  MONTH TO DATE    0.0                                       0.0
  SINCE JUN 1      0.0                                       0.0
  SINCE JUL 1      0.0                                       0.0
  SNOW DEPTH       0

DEGREE DAYS
 HEATING
  TODAY            0                         0      0        0
  MONTH TO DATE    5                         0      5        0
  SINCE JUN 1     56                        24     32       16
  SINCE JUL 1     11                         2      9        0

 COOLING
  TODAY           10                         8      2       10
  MONTH TO DATE   64                       136    -72      135
  SINCE JUN 1    331                       550   -219      493
  SINCE JAN 1    383                       641   -258      520
..................................................................


WIND (MPH)
  HIGHEST WIND SPEED    15   HIGHEST WIND DIRECTION     W (270)
  HIGHEST GUST SPEED    20   HIGHEST GUST DIRECTION     W (260)
  AVERAGE WIND SPEED     6.8


SKY COVER
  AVERAGE SKY COVER 0.5


WEATHER CONDITIONS
 THE FOLLOWING WEATHER WAS RECORDED TODAY.
  LIGHT RAIN


RELATIVE HUMIDITY (PERCENT)
 HIGHEST    93           500 AM
 LOWEST     58           300 PM
 AVERAGE    76

..........................................................


THE BLUEFIELD WV CLIMATE NORMALS FOR TOMORROW
                         NORMAL    RECORD    YEAR
 MAXIMUM TEMPERATURE (F)   81        93      1988
 MINIMUM TEMPERATURE (F)   64        53      1976


SUNRISE AND SUNSET
AUGUST 17 2017........SUNRISE   643 AM EDT   SUNSET   814 PM EDT
AUGUST 18 2017........SUNRISE   644 AM EDT   SUNSET   813 PM EDT


-  INDICATES NEGATIVE NUMBERS.
R  INDICATES RECORD WAS SET OR TIED.
MM INDICATES DATA IS MISSING.
T  INDICATES TRACE AMOUNT.


$$

PW
