000
CDUS41 KRNK 232122
CLIBLF


CLIMATE REPORT
NATIONAL WEATHER SERVICE BLACKSBURG VA
518 PM EDT MON OCT 23 2017


...................................

...THE BLUEFIELD WV CLIMATE SUMMARY FOR OCTOBER 23 2017...
VALID TODAY AS OF 0500 PM LOCAL TIME.

CLIMATE NORMAL PERIOD 1981 TO 2010
CLIMATE RECORD PERIOD 1959 TO 2017


WEATHER ITEM   OBSERVED TIME   RECORD YEAR NORMAL DEPARTURE LAST
                VALUE   (LST)  VALUE       VALUE  FROM      YEAR
                                                  NORMAL
..................................................................
TEMPERATURE (F)
 TODAY
  MAXIMUM         63    159 PM  79    2015  64     -1       61
  MINIMUM         51    402 PM  24    1997  45      6       35
  AVERAGE         57                        55      2       48

PRECIPITATION (IN)
  TODAY            1.72R         1.26 1971   0.07   1.65     0.00
  MONTH TO DATE    3.29                      1.85   1.44     1.54
  SINCE SEP 1      4.13                      4.99  -0.86     2.42
  SINCE JAN 1     36.19                     33.38   2.81    29.31

SNOWFALL (IN)
  TODAY           MM                                         0.0
  MONTH TO DATE    0.0                                       0.0
  SINCE SEP 1      0.0                                       0.0
  SINCE JUL 1      0.0                                       0.0
  SNOW DEPTH       0

DEGREE DAYS
 HEATING
  TODAY            8                        11     -3       17
  MONTH TO DATE  106                       191    -85      184
  SINCE SEP 1    223                       264    -41      206
  SINCE JUL 1    249                       270    -21      206

 COOLING
  TODAY            0                         0      0        0
  MONTH TO DATE   25                        16      9       10
  SINCE SEP 1     64                       114    -50      128
  SINCE JAN 1    488                       848   -360      736
..................................................................


WIND (MPH)
  HIGHEST WIND SPEED    18   HIGHEST WIND DIRECTION     W (250)
  HIGHEST GUST SPEED    31   HIGHEST GUST DIRECTION    SE (120)
  AVERAGE WIND SPEED     9.5


SKY COVER
  AVERAGE SKY COVER 1.0


WEATHER CONDITIONS
 THE FOLLOWING WEATHER WAS RECORDED TODAY.
  HEAVY RAIN
  RAIN
  LIGHT RAIN
  FOG


RELATIVE HUMIDITY (PERCENT)
 HIGHEST    93           800 AM
 LOWEST     69          1200 AM
 AVERAGE    81

..........................................................


THE BLUEFIELD WV CLIMATE NORMALS FOR TOMORROW
                         NORMAL    RECORD    YEAR
 MAXIMUM TEMPERATURE (F)   64        77      2012
 MINIMUM TEMPERATURE (F)   45        25      1981


SUNRISE AND SUNSET
OCTOBER 23 2017.......SUNRISE   741 AM EDT   SUNSET   637 PM EDT
OCTOBER 24 2017.......SUNRISE   742 AM EDT   SUNSET   636 PM EDT


-  INDICATES NEGATIVE NUMBERS.
R  INDICATES RECORD WAS SET OR TIED.
MM INDICATES DATA IS MISSING.
T  INDICATES TRACE AMOUNT.




$$
