000
CDUS41 KRNK 271240
CLIBLF


CLIMATE REPORT...CORRECTED
NATIONAL WEATHER SERVICE BLACKSBURG VA
733 AM EST THU NOV 27 2014


...................................

...THE BLUEFIELD WV CLIMATE SUMMARY FOR NOVEMBER 26 2014...

CLIMATE NORMAL PERIOD 1981 TO 2010
CLIMATE RECORD PERIOD 1959 TO 2014


WEATHER ITEM   OBSERVED TIME   RECORD YEAR NORMAL DEPARTURE LAST
                VALUE   (LST)  VALUE       VALUE  FROM      YEAR
                                                  NORMAL
..................................................................
TEMPERATURE (F)
 YESTERDAY
  MAXIMUM         43    314 AM  70    2006  51     -8       47
                                      1990
  MINIMUM         32    900 PM  15    1977  35     -3       31
  AVERAGE         38                        43     -5

PRECIPITATION (IN)
  YESTERDAY        0.56          1.83 2013   0.10   0.46     1.83
  MONTH TO DATE    2.45                      2.31   0.14     3.01
  SINCE SEP 1     10.23                      7.95   2.28     6.63
  SINCE JAN 1     34.85                     36.34  -1.49    36.85

SNOWFALL (IN)
  YESTERDAY        2.8
  MONTH TO DATE    4.4
  SINCE SEP 1      4.4
  SINCE JUL 1      4.4
  SNOW DEPTH       2

DEGREE DAYS
 HEATING
  YESTERDAY       27                        22      5
  MONTH TO DATE  620                       449    171
  SINCE SEP 1    961                       807    154
  SINCE JUL 1    971                       813    158

 COOLING
  YESTERDAY        0                         0      0
  MONTH TO DATE    0                         0      0
  SINCE SEP 1    114                       117     -3
  SINCE JAN 1    827                       851    -24
..................................................................


WIND (MPH)
  HIGHEST WIND SPEED    12   HIGHEST WIND DIRECTION    SE (130)
  HIGHEST GUST SPEED    18   HIGHEST GUST DIRECTION     S (160)
  AVERAGE WIND SPEED     3.2


SKY COVER
  POSSIBLE SUNSHINE  MM
  AVERAGE SKY COVER 1.0


WEATHER CONDITIONS
 THE FOLLOWING WEATHER WAS RECORDED YESTERDAY.
  LIGHT RAIN
  SNOW
  LIGHT SNOW
  FOG
  FOG W/VISIBILITY <= 1/4 MILE
  HAZE


RELATIVE HUMIDITY (PERCENT)
 HIGHEST    96           700 AM
 LOWEST     45          1200 AM
 AVERAGE    71

..........................................................


THE BLUEFIELD WV CLIMATE NORMALS FOR TODAY
                         NORMAL    RECORD    YEAR
 MAXIMUM TEMPERATURE (F)   51        75      1990
 MINIMUM TEMPERATURE (F)   35        12      1977


SUNRISE AND SUNSET
NOVEMBER 27 2014......SUNRISE   716 AM EST   SUNSET   508 PM EST
NOVEMBER 28 2014......SUNRISE   717 AM EST   SUNSET   508 PM EST


-  INDICATES NEGATIVE NUMBERS.
R  INDICATES RECORD WAS SET OR TIED.
MM INDICATES DATA IS MISSING.
T  INDICATES TRACE AMOUNT.

REMARKS
DUE TO A POWER FAILURE CAUSING A MISSING LOW TEMPERATURE ON
MAY 30...THE SEASONAL TOTAL AND DEPARTURE FROM NORMAL FOR CDD
WILL BE CALCULATED WITHOUT DATA FROM THAT DATE.

$$

MBS
