000
CDUS41 KRNK 280721
CLIBLF


CLIMATE REPORT
NATIONAL WEATHER SERVICE BLACKSBURG VA
306 AM EDT FRI APR 28 2017


...................................

...THE BLUEFIELD WV CLIMATE SUMMARY FOR APRIL 27 2017...

CLIMATE NORMAL PERIOD 1981 TO 2010
CLIMATE RECORD PERIOD 1959 TO 2017


WEATHER ITEM   OBSERVED TIME   RECORD YEAR NORMAL DEPARTURE LAST
                VALUE   (LST)  VALUE       VALUE  FROM      YEAR
                                                  NORMAL
..................................................................
TEMPERATURE (F)
 YESTERDAY
  MAXIMUM         72    115 PM  86    1990  68      4       70
  MINIMUM         56   1159 PM  29    1976  49      7       54
  AVERAGE         64                        58      6       62

PRECIPITATION (IN)
  YESTERDAY        0.30          0.92 1973   0.12   0.18     0.33
  MONTH TO DATE    4.56                      2.99   1.57     1.75
  SINCE MAR 1      8.18                      6.50   1.68     3.21
  SINCE JAN 1     13.99                     12.16   1.83     8.03

SNOWFALL (IN)
  YESTERDAY        0.0                                       0.0
  MONTH TO DATE    0.1                                       1.7
  SINCE MAR 1      3.3                                       2.6
  SINCE JUL 1     20.5                                      34.8
  SNOW DEPTH       0

DEGREE DAYS
 HEATING
  YESTERDAY        1                         8     -7        3
  MONTH TO DATE  236                       300    -64      349
  SINCE MAR 1    942                       916     26      812
  SINCE JUL 1   4074                      4409   -335     3625

 COOLING
  YESTERDAY        0                         1     -1        0
  MONTH TO DATE    2                        25    -23        4
  SINCE MAR 1      2                        29    -27        5
  SINCE JAN 1      2                        29    -27        5
..................................................................


WIND (MPH)
  HIGHEST WIND SPEED    28   HIGHEST WIND DIRECTION     W (260)
  HIGHEST GUST SPEED    36   HIGHEST GUST DIRECTION     W (250)
  AVERAGE WIND SPEED     7.6


SKY COVER
  AVERAGE SKY COVER 0.4


WEATHER CONDITIONS
 THE FOLLOWING WEATHER WAS RECORDED YESTERDAY.
  HEAVY RAIN
  RAIN
  LIGHT RAIN
  FOG


RELATIVE HUMIDITY (PERCENT)
 HIGHEST    86          1000 PM
 LOWEST     47          1200 PM
 AVERAGE    67

..........................................................


THE BLUEFIELD WV CLIMATE NORMALS FOR TODAY
                         NORMAL    RECORD    YEAR
 MAXIMUM TEMPERATURE (F)   69        84      1986
 MINIMUM TEMPERATURE (F)   49        25      1976


SUNRISE AND SUNSET
APRIL 28 2017.........SUNRISE   633 AM EDT   SUNSET   812 PM EDT
APRIL 29 2017.........SUNRISE   632 AM EDT   SUNSET   813 PM EDT


-  INDICATES NEGATIVE NUMBERS.
R  INDICATES RECORD WAS SET OR TIED.
MM INDICATES DATA IS MISSING.
T  INDICATES TRACE AMOUNT.

REMARKS:
DUE TO A POWER OUTAGE CAUSING A MISSING HIGH TEMPERATURE ON NOVEMBER
10...THE SEASONAL HEATING DEGREE DAY TOTAL AND DEPARTURE FROM
NORMAL WILL BE CALCULATED WITHOUT DATA FROM THIS DATE.

$$
