000
CDUS46 KSEW 250829
CLIBLI


CLIMATE REPORT
NATIONAL WEATHER SERVICE SEATTLE WA
128 AM PDT TUE APR 25 2017


...................................

...THE BELLINGHAM WA AIRPORT CLIMATE SUMMARY FOR APRIL 24 2017...

CLIMATE NORMAL PERIOD 1981 TO 2010
CLIMATE RECORD PERIOD 1949 TO 2017


WEATHER ITEM   OBSERVED TIME   RECORD YEAR NORMAL DEPARTURE LAST
                VALUE   (LST)  VALUE       VALUE  FROM      YEAR
                                                  NORMAL
..................................................................
TEMPERATURE (F)
 YESTERDAY
  MAXIMUM         57    538 PM  73    1989  58     -1       55
  MINIMUM         46    639 AM  30    2002  41      5       44
                                      1951
  AVERAGE         52                        50      2       50

PRECIPITATION (IN)
  YESTERDAY        T             1.15 2014   0.08  -0.08     0.16
  MONTH TO DATE    2.69                      2.22   0.47     2.37
  SINCE OCT 1     33.67                     26.83   6.84    28.94
  SINCE JAN 1     14.55                     13.13   1.42    14.87

DEGREE DAYS
 HEATING
  YESTERDAY       13                        15     -2       15
  MONTH TO DATE  342                       408    -66      253
  SINCE MAR 1    948                      1051   -103      749

 COOLING
  YESTERDAY        0                         0      0        0
  MONTH TO DATE    0                         0      0        0
  SINCE MAR 1      0                         0      0        0
  SINCE JAN 1      0                         0      0        0
..................................................................


WIND (MPH)
  RESULTANT WIND SPEED   0   RESULTANT WIND DIRECTION   W (250)
  HIGHEST WIND SPEED    14   HIGHEST WIND DIRECTION     S (160)
  HIGHEST GUST SPEED    19   HIGHEST GUST DIRECTION     S (170)
  AVERAGE WIND SPEED     5.6


SKY COVER
  AVERAGE SKY COVER 0.6


WEATHER CONDITIONS
 THE FOLLOWING WEATHER WAS RECORDED YESTERDAY.
  LIGHT RAIN


RELATIVE HUMIDITY (PERCENT)
 HIGHEST   100           700 AM
 LOWEST     59           400 PM
 AVERAGE    80

..........................................................


THE BELLINGHAM WA AIRPORT CLIMATE NORMALS FOR TODAY
                         NORMAL    RECORD    YEAR
 MAXIMUM TEMPERATURE (F)   58        76      1992
 MINIMUM TEMPERATURE (F)   41        29      1955


SUNRISE AND SUNSET
APRIL 25 2017.........SUNRISE   600 AM PDT   SUNSET   817 PM PDT
APRIL 26 2017.........SUNRISE   558 AM PDT   SUNSET   819 PM PDT


-  INDICATES NEGATIVE NUMBERS.
R  INDICATES RECORD WAS SET OR TIED.
MM INDICATES DATA IS MISSING.
T  INDICATES TRACE AMOUNT.




$$
