000
CDUS46 KSEW 150120
CLIBLI


CLIMATE REPORT
NATIONAL WEATHER SERVICE SEATTLE WA
619 PM PDT SUN SEP 14 2014


...................................

...THE BELLINGHAM WA AIRPORT CLIMATE SUMMARY FOR SEPTEMBER 14 2014...
VALID TODAY AS OF 0600 PM LOCAL TIME.

CLIMATE NORMAL PERIOD 1981 TO 2010
CLIMATE RECORD PERIOD 1949 TO 2014


WEATHER ITEM   OBSERVED TIME   RECORD YEAR NORMAL DEPARTURE LAST
                VALUE   (LST)  VALUE       VALUE  FROM      YEAR
                                                  NORMAL
..................................................................
TEMPERATURE (F)
 TODAY
  MAXIMUM         79    343 PM  89    1951  68     11       67
  MINIMUM         45    530 AM  39    1992  48     -3       57
                                      1952
  AVERAGE         62                        58      4       62

PRECIPITATION (IN)
  TODAY            0.00          0.76 1965   0.05  -0.05     0.00
  MONTH TO DATE    0.53                      0.77  -0.24     0.73
  SINCE OCT 1     30.61                     34.82  -4.21    18.59
  SINCE JAN 1     20.30                     21.12  -0.82    16.81

DEGREE DAYS
 HEATING
  TODAY            3                         7     -4        3
  MONTH TO DATE   53                        81    -28       22
  SINCE SEP 1     53                        81    -28       22

 COOLING
  TODAY            0                         0      0        0
  MONTH TO DATE    2                         0      2        6
  SINCE SEP 1      2                         0      2        6
  SINCE JAN 1    117                        40     77       95
..................................................................


WIND (MPH)
  RESULTANT WIND SPEED   2   RESULTANT WIND DIRECTION   N (340)
  HIGHEST WIND SPEED     9   HIGHEST WIND DIRECTION     W (260)
  HIGHEST GUST SPEED    13   HIGHEST GUST DIRECTION     W (280)
  AVERAGE WIND SPEED     3.3


SKY COVER
  AVERAGE SKY COVER 0.0


WEATHER CONDITIONS
 THE FOLLOWING WEATHER WAS RECORDED TODAY.
  NO SIGNIFICANT WEATHER WAS OBSERVED.


RELATIVE HUMIDITY (PERCENT)
 HIGHEST    93           400 AM
 LOWEST     33          1100 AM
 AVERAGE    63

..........................................................


THE BELLINGHAM WA AIRPORT CLIMATE NORMALS FOR TOMORROW
                         NORMAL    RECORD    YEAR
 MAXIMUM TEMPERATURE (F)   67        87      1951
 MINIMUM TEMPERATURE (F)   48        35      1969


SUNRISE AND SUNSET
SEPTEMBER 14 2014.....SUNRISE   645 AM PDT   SUNSET   725 PM PDT
SEPTEMBER 15 2014.....SUNRISE   647 AM PDT   SUNSET   723 PM PDT


-  INDICATES NEGATIVE NUMBERS.
R  INDICATES RECORD WAS SET OR TIED.
MM INDICATES DATA IS MISSING.
T  INDICATES TRACE AMOUNT.




$$
