000
CDUS46 KSEW 200829
CLIBLI


CLIMATE REPORT
NATIONAL WEATHER SERVICE SEATTLE WA
128 AM PDT WED SEP 20 2017


...................................

...THE BELLINGHAM WA AIRPORT CLIMATE SUMMARY FOR SEPTEMBER 19 2017...

CLIMATE NORMAL PERIOD 1981 TO 2010
CLIMATE RECORD PERIOD 1949 TO 2017


WEATHER ITEM   OBSERVED TIME   RECORD YEAR NORMAL DEPARTURE LAST
                VALUE   (LST)  VALUE       VALUE  FROM      YEAR
                                                  NORMAL
..................................................................
TEMPERATURE (F)
 YESTERDAY
  MAXIMUM         58        MM  85    1974  66     -8       64
  MINIMUM         49        MM  33    1957  47      2       53
  AVERAGE         54                        57     -3       59

PRECIPITATION (IN)
  YESTERDAY        0.38          0.72 1960   0.06   0.32     0.27
  MONTH TO DATE    0.86                      1.05  -0.19     1.37
  SINCE OCT 1     36.89                     35.10   1.79    33.23
  SINCE JAN 1     17.77                     21.40  -3.63    19.16

DEGREE DAYS
 HEATING
  YESTERDAY       11                         8      3        6
  MONTH TO DATE   67                       120    -53      106
  SINCE SEP 1     67                       120    -53      106

 COOLING
  YESTERDAY        0                         0      0        0
  MONTH TO DATE   29                         0     29        0
  SINCE SEP 1     29                         0     29        0
  SINCE JAN 1     95                        40     55      101
..................................................................


WIND (MPH)
  RESULTANT WIND SPEED   3   RESULTANT WIND DIRECTION   S (160)
  HIGHEST WIND SPEED     9   HIGHEST WIND DIRECTION     S (170)
  HIGHEST GUST SPEED    16   HIGHEST GUST DIRECTION     S (170)
  AVERAGE WIND SPEED     4.6


SKY COVER
  AVERAGE SKY COVER 0.9


WEATHER CONDITIONS
 THE FOLLOWING WEATHER WAS RECORDED YESTERDAY.
  RAIN
  LIGHT RAIN
  FOG


RELATIVE HUMIDITY (PERCENT)
 HIGHEST   100           400 AM
 LOWEST     67           300 PM
 AVERAGE    84

..........................................................


THE BELLINGHAM WA AIRPORT CLIMATE NORMALS FOR TODAY
                         NORMAL    RECORD    YEAR
 MAXIMUM TEMPERATURE (F)   66        89      1974
 MINIMUM TEMPERATURE (F)   47        35      1983
                                             1968


SUNRISE AND SUNSET
SEPTEMBER 20 2017.....SUNRISE   654 AM PDT   SUNSET   711 PM PDT
SEPTEMBER 21 2017.....SUNRISE   656 AM PDT   SUNSET   709 PM PDT


-  INDICATES NEGATIVE NUMBERS.
R  INDICATES RECORD WAS SET OR TIED.
MM INDICATES DATA IS MISSING.
T  INDICATES TRACE AMOUNT.




$$
