000
CDUS46 KSEW 230828
CLIBLI


CLIMATE REPORT
NATIONAL WEATHER SERVICE SEATTLE WA
128 AM PDT THU MAR 23 2017


...................................

...THE BELLINGHAM WA AIRPORT CLIMATE SUMMARY FOR MARCH 22 2017...

CLIMATE NORMAL PERIOD 1981 TO 2010
CLIMATE RECORD PERIOD 1949 TO 2017


WEATHER ITEM   OBSERVED TIME   RECORD YEAR NORMAL DEPARTURE LAST
                VALUE   (LST)  VALUE       VALUE  FROM      YEAR
                                                  NORMAL
..................................................................
TEMPERATURE (F)
 YESTERDAY
  MAXIMUM         55    147 PM  63    2004  53      2       56
  MINIMUM         43    216 AM  25    1966  37      6       46
  AVERAGE         49                        45      4       51

PRECIPITATION (IN)
  YESTERDAY        0.02          0.72 1993   0.11  -0.09     0.02
  MONTH TO DATE    4.03                      2.24   1.79     2.95
  SINCE OCT 1     29.15                     23.63   5.52    25.69
  SINCE JAN 1     10.03                      9.93   0.10    11.62

DEGREE DAYS
 HEATING
  YESTERDAY       16                        20     -4       14
  MONTH TO DATE  453                       471    -18      351
  SINCE MAR 1    453                       471    -18      351

 COOLING
  YESTERDAY        0                         0      0        0
  MONTH TO DATE    0                         0      0        0
  SINCE MAR 1      0                         0      0        0
  SINCE JAN 1      0                         0      0        0
..................................................................


WIND (MPH)
  RESULTANT WIND SPEED  10   RESULTANT WIND DIRECTION  SE (150)
  HIGHEST WIND SPEED    29   HIGHEST WIND DIRECTION    SE (150)
  HIGHEST GUST SPEED    38   HIGHEST GUST DIRECTION    SE (150)
  AVERAGE WIND SPEED    12.1


SKY COVER
  AVERAGE SKY COVER 0.8


WEATHER CONDITIONS
 THE FOLLOWING WEATHER WAS RECORDED YESTERDAY.
  LIGHT RAIN
  FOG


RELATIVE HUMIDITY (PERCENT)
 HIGHEST   100           100 AM
 LOWEST     55          1100 AM
 AVERAGE    78

..........................................................


THE BELLINGHAM WA AIRPORT CLIMATE NORMALS FOR TODAY
                         NORMAL    RECORD    YEAR
 MAXIMUM TEMPERATURE (F)   53        62      2001
 MINIMUM TEMPERATURE (F)   37        28      1973
                                             1965
                                             1955


SUNRISE AND SUNSET
MARCH 23 2017.........SUNRISE   706 AM PDT   SUNSET   728 PM PDT
MARCH 24 2017.........SUNRISE   704 AM PDT   SUNSET   730 PM PDT


-  INDICATES NEGATIVE NUMBERS.
R  INDICATES RECORD WAS SET OR TIED.
MM INDICATES DATA IS MISSING.
T  INDICATES TRACE AMOUNT.




$$
