000
CDUS46 KSEW 290832
CLIBLI


CLIMATE REPORT
NATIONAL WEATHER SERVICE SEATTLE WA
131 AM PDT FRI JUL 29 2016


...................................

...THE BELLINGHAM WA AIRPORT CLIMATE SUMMARY FOR JULY 28 2016...

CLIMATE NORMAL PERIOD 1981 TO 2010
CLIMATE RECORD PERIOD 1949 TO 2016


WEATHER ITEM   OBSERVED TIME   RECORD YEAR NORMAL DEPARTURE LAST
                VALUE   (LST)  VALUE       VALUE  FROM      YEAR
                                                  NORMAL
..................................................................
TEMPERATURE (F)
 YESTERDAY
  MAXIMUM         80    127 PM  90    2009  73      7       77
  MINIMUM         59    453 AM  41    1954  54      5       57
  AVERAGE         70                        63      7       67

PRECIPITATION (IN)
  YESTERDAY        0.00          0.43 1993   0.03  -0.03     0.00
  MONTH TO DATE    0.65                      1.09  -0.44     0.67
  SINCE OCT 1     31.64                     32.73  -1.09    30.30
  SINCE JAN 1     17.57                     19.03  -1.46    15.57

DEGREE DAYS
 HEATING
  YESTERDAY        0                         2     -2        0
  MONTH TO DATE   40                        79    -39       13
  SINCE JUN 1    186                       280    -94       82

 COOLING
  YESTERDAY        5                         0      5        2
  MONTH TO DATE   23                         0     23       72
  SINCE JUN 1     40                         4     36      120
  SINCE JAN 1     41                         4     37      120
..................................................................


WIND (MPH)
  RESULTANT WIND SPEED   2   RESULTANT WIND DIRECTION   S (170)
  HIGHEST WIND SPEED    10   HIGHEST WIND DIRECTION    SW (220)
  HIGHEST GUST SPEED    15   HIGHEST GUST DIRECTION    SW (210)
  AVERAGE WIND SPEED     4.0


SKY COVER
  AVERAGE SKY COVER 0.1


WEATHER CONDITIONS
 THE FOLLOWING WEATHER WAS RECORDED YESTERDAY.
  NO SIGNIFICANT WEATHER WAS OBSERVED.


RELATIVE HUMIDITY (PERCENT)
 HIGHEST    97           300 AM
 LOWEST     52           100 PM
 AVERAGE    75

..........................................................


THE BELLINGHAM WA AIRPORT CLIMATE NORMALS FOR TODAY
                         NORMAL    RECORD    YEAR
 MAXIMUM TEMPERATURE (F)   73        96      2009
 MINIMUM TEMPERATURE (F)   54        44      1969


SUNRISE AND SUNSET
JULY 29 2016..........SUNRISE   541 AM PDT   SUNSET   852 PM PDT
JULY 30 2016..........SUNRISE   542 AM PDT   SUNSET   850 PM PDT


-  INDICATES NEGATIVE NUMBERS.
R  INDICATES RECORD WAS SET OR TIED.
MM INDICATES DATA IS MISSING.
T  INDICATES TRACE AMOUNT.




$$
