000
CDUS46 KSEW 230830
CLIBLI


CLIMATE REPORT
NATIONAL WEATHER SERVICE SEATTLE WA
130 AM PDT SAT AUG 23 2014


...................................

...THE BELLINGHAM WA AIRPORT CLIMATE SUMMARY FOR AUGUST 22 2014...

CLIMATE NORMAL PERIOD 1981 TO 2010
CLIMATE RECORD PERIOD 1949 TO 2014


WEATHER ITEM   OBSERVED TIME   RECORD YEAR NORMAL DEPARTURE LAST
                VALUE   (LST)  VALUE       VALUE  FROM      YEAR
                                                  NORMAL
..................................................................
TEMPERATURE (F)
 YESTERDAY
  MAXIMUM         73    323 PM  86    1956  71      2       81
  MINIMUM         50    548 AM  43    1969  53     -3       50
  AVERAGE         62                        62      0       66

PRECIPITATION (IN)
  YESTERDAY        0.00          1.31 1950   0.05  -0.05     0.00
  MONTH TO DATE    0.67                      0.80  -0.13     0.44
  SINCE OCT 1     30.07                     33.62  -3.55    17.13
  SINCE JAN 1     19.76                     19.92  -0.16    15.35

DEGREE DAYS
 HEATING
  YESTERDAY        3                         3      0        0
  MONTH TO DATE   10                        47    -37       20
  SINCE JUN 1    181                       349   -168      196

 COOLING
  YESTERDAY        0                         0      0        1
  MONTH TO DATE   49                         0     49       22
  SINCE JUN 1    101                        23     78       71
  SINCE JAN 1    102                        23     79       71
..................................................................


WIND (MPH)
  RESULTANT WIND SPEED   2   RESULTANT WIND DIRECTION  SE (140)
  HIGHEST WIND SPEED     8   HIGHEST WIND DIRECTION     S (160)
  HIGHEST GUST SPEED    13   HIGHEST GUST DIRECTION     W (280)
  AVERAGE WIND SPEED     2.7


SKY COVER
  AVERAGE SKY COVER 0.1


WEATHER CONDITIONS
 THE FOLLOWING WEATHER WAS RECORDED YESTERDAY.
  FOG


RELATIVE HUMIDITY (PERCENT)
 HIGHEST    93           100 AM
 LOWEST     66           100 PM
 AVERAGE    80

..........................................................


THE BELLINGHAM WA AIRPORT CLIMATE NORMALS FOR TODAY
                         NORMAL    RECORD    YEAR
 MAXIMUM TEMPERATURE (F)   71        81      1988
                                             1985
                                             1966
 MINIMUM TEMPERATURE (F)   52        41      1955


SUNRISE AND SUNSET
AUGUST 23 2014........SUNRISE   614 AM PDT   SUNSET   810 PM PDT
AUGUST 24 2014........SUNRISE   616 AM PDT   SUNSET   808 PM PDT


-  INDICATES NEGATIVE NUMBERS.
R  INDICATES RECORD WAS SET OR TIED.
MM INDICATES DATA IS MISSING.
T  INDICATES TRACE AMOUNT.




$$
