000
CDUS46 KSEW 220832
CLIBLI


CLIMATE REPORT
NATIONAL WEATHER SERVICE SEATTLE WA
1231 AM PST MON JAN 22 2018


...................................

...THE BELLINGHAM WA AIRPORT CLIMATE SUMMARY FOR JANUARY 21 2018...

CLIMATE NORMAL PERIOD 1981 TO 2010
CLIMATE RECORD PERIOD 1949 TO 2018


WEATHER ITEM   OBSERVED TIME   RECORD YEAR NORMAL DEPARTURE LAST
                VALUE   (LST)  VALUE       VALUE  FROM      YEAR
                                                  NORMAL
..................................................................
TEMPERATURE (F)
 YESTERDAY
  MAXIMUM         51    601 AM  64    1981  46      5       51
  MINIMUM         42    534 PM  13    1962  33      9       39
                                      1957
  AVERAGE         47                        40      7       45

PRECIPITATION (IN)
  YESTERDAY        0.15          0.96 2011   0.16  -0.01     0.03
  MONTH TO DATE    2.90                      3.25  -0.35     1.62
  SINCE OCT 1     20.52                     16.95   3.57    20.74
  SINCE JAN 1      2.90                      3.25  -0.35     1.62

DEGREE DAYS
 HEATING
  YESTERDAY       18                        25     -7       20
  MONTH TO DATE  476                       548    -72      642
  SINCE DEC 1   1335                      1382    -47     1592

 COOLING
  YESTERDAY        0                         0      0        0
  MONTH TO DATE    0                         0      0        0
  SINCE DEC 1      0                         0      0        0
  SINCE JAN 1      0                         0      0        0
..................................................................


WIND (MPH)
  RESULTANT WIND SPEED  23   RESULTANT WIND DIRECTION  SE (150)
  HIGHEST WIND SPEED    40   HIGHEST WIND DIRECTION    SE (150)
  HIGHEST GUST SPEED    59   HIGHEST GUST DIRECTION    SE (140)
  AVERAGE WIND SPEED    20.5


SKY COVER
  AVERAGE SKY COVER 0.8


WEATHER CONDITIONS
 THE FOLLOWING WEATHER WAS RECORDED YESTERDAY.
  LIGHT RAIN
  FOG


RELATIVE HUMIDITY (PERCENT)
 HIGHEST    96           800 PM
 LOWEST     54           100 AM
 AVERAGE    75

..........................................................


THE BELLINGHAM WA AIRPORT CLIMATE NORMALS FOR TODAY
                         NORMAL    RECORD    YEAR
 MAXIMUM TEMPERATURE (F)   46        65      1981
 MINIMUM TEMPERATURE (F)   33        11      1969


SUNRISE AND SUNSET
JANUARY 22 2018.......SUNRISE   752 AM PST   SUNSET   452 PM PST
JANUARY 23 2018.......SUNRISE   751 AM PST   SUNSET   454 PM PST


-  INDICATES NEGATIVE NUMBERS.
R  INDICATES RECORD WAS SET OR TIED.
MM INDICATES DATA IS MISSING.
T  INDICATES TRACE AMOUNT.




$$
