000
CDUS46 KSEW 100826
CLIBLI


CLIMATE REPORT
NATIONAL WEATHER SERVICE SEATTLE WA
126 AM PDT THU JUL 10 2014


...................................

...THE BELLINGHAM WA AIRPORT CLIMATE SUMMARY FOR JULY 9 2014...

CLIMATE NORMAL PERIOD 1981 TO 2010
CLIMATE RECORD PERIOD 1949 TO 2014


WEATHER ITEM   OBSERVED TIME   RECORD YEAR NORMAL DEPARTURE LAST
                VALUE   (LST)  VALUE       VALUE  FROM      YEAR
                                                  NORMAL
..................................................................
TEMPERATURE (F)
 YESTERDAY
  MAXIMUM         75    538 PM  85    1979  70      5       81
                                      1952
  MINIMUM         56   1151 PM  42    2011  53      3       58
  AVERAGE         66                        62      4       70

PRECIPITATION (IN)
  YESTERDAY        0.00          0.68 1995   0.04  -0.04     0.00
  MONTH TO DATE    0.01                      0.41  -0.40     0.00
  SINCE OCT 1     28.28                     32.05  -3.77    16.64
  SINCE JAN 1     17.97                     18.35  -0.38    14.86

DEGREE DAYS
 HEATING
  YESTERDAY        0                         3     -3        0
  MONTH TO DATE   11                        34    -23        6
  SINCE JUN 1    147                       235    -88      141

 COOLING
  YESTERDAY        1                         0      1        5
  MONTH TO DATE   16                         0     16       18
  SINCE JUN 1     17                         4     13       32
  SINCE JAN 1     18                         4     14       32
..................................................................


WIND (MPH)
  RESULTANT WIND SPEED   3   RESULTANT WIND DIRECTION   S (200)
  HIGHEST WIND SPEED    10   HIGHEST WIND DIRECTION     W (270)
  HIGHEST GUST SPEED    17   HIGHEST GUST DIRECTION     W (270)
  AVERAGE WIND SPEED     4.5


SKY COVER
  AVERAGE SKY COVER 0.1


WEATHER CONDITIONS
 THE FOLLOWING WEATHER WAS RECORDED YESTERDAY.
  NO SIGNIFICANT WEATHER WAS OBSERVED.


RELATIVE HUMIDITY (PERCENT)
 HIGHEST    86           400 AM
 LOWEST     41           500 PM
 AVERAGE    64

..........................................................


THE BELLINGHAM WA AIRPORT CLIMATE NORMALS FOR TODAY
                         NORMAL    RECORD    YEAR
 MAXIMUM TEMPERATURE (F)   71        86      2007
 MINIMUM TEMPERATURE (F)   53        32      1965


SUNRISE AND SUNSET
JULY 10 2014..........SUNRISE   518 AM PDT   SUNSET   912 PM PDT
JULY 11 2014..........SUNRISE   519 AM PDT   SUNSET   912 PM PDT


-  INDICATES NEGATIVE NUMBERS.
R  INDICATES RECORD WAS SET OR TIED.
MM INDICATES DATA IS MISSING.
T  INDICATES TRACE AMOUNT.




$$
