000
CDUS46 KSEW 010827
CLIBLI


CLIMATE REPORT
NATIONAL WEATHER SERVICE SEATTLE WA
1227 AM PST SUN FEB 1 2015


...................................

...THE BELLINGHAM WA AIRPORT CLIMATE SUMMARY FOR JANUARY 31 2015...

CLIMATE NORMAL PERIOD 1981 TO 2010
CLIMATE RECORD PERIOD 1949 TO 2015


WEATHER ITEM   OBSERVED TIME   RECORD YEAR NORMAL DEPARTURE LAST
                VALUE   (LST)  VALUE       VALUE  FROM      YEAR
                                                  NORMAL
..................................................................
TEMPERATURE (F)
 YESTERDAY
  MAXIMUM         49    332 PM  60    1992  47      2       43
  MINIMUM         32    807 AM   0    1950  33     -1       26
  AVERAGE         41                        40      1       35

PRECIPITATION (IN)
  YESTERDAY        0.02          1.15 1995   0.14  -0.12     0.00
  MONTH TO DATE    5.49                      4.67   0.82     2.91
  SINCE OCT 1     20.22                     18.37   1.85    13.22
  SINCE JAN 1      5.49                      4.67   0.82     2.91

DEGREE DAYS
 HEATING
  YESTERDAY       24                        25     -1       30
  MONTH TO DATE  692                       798   -106      742
  SINCE DEC 1   1387                      1634   -247     1634

 COOLING
  YESTERDAY        0                         0      0        0
  MONTH TO DATE    0                         0      0        0
  SINCE DEC 1      0                         0      0        0
  SINCE JAN 1      0                         0      0        0
..................................................................


WIND (MPH)
  RESULTANT WIND SPEED   2   RESULTANT WIND DIRECTION   N (360)
  HIGHEST WIND SPEED     8   HIGHEST WIND DIRECTION    NE (50)
  HIGHEST GUST SPEED    12   HIGHEST GUST DIRECTION     N (20)
  AVERAGE WIND SPEED     2.6


SKY COVER
  AVERAGE SKY COVER 0.7


WEATHER CONDITIONS
 THE FOLLOWING WEATHER WAS RECORDED YESTERDAY.
  LIGHT RAIN
  FOG
  FOG W/VISIBILITY <= 1/4 MILE


RELATIVE HUMIDITY (PERCENT)
 HIGHEST   100          1200 AM
 LOWEST     66           200 PM
 AVERAGE    83

..........................................................


THE BELLINGHAM WA AIRPORT CLIMATE NORMALS FOR TODAY
                         NORMAL    RECORD    YEAR
 MAXIMUM TEMPERATURE (F)   47        63      1991
 MINIMUM TEMPERATURE (F)   33        -2      1950


SUNRISE AND SUNSET
FEBRUARY  1 2015......SUNRISE   740 AM PST   SUNSET   508 PM PST
FEBRUARY  2 2015......SUNRISE   739 AM PST   SUNSET   509 PM PST


-  INDICATES NEGATIVE NUMBERS.
R  INDICATES RECORD WAS SET OR TIED.
MM INDICATES DATA IS MISSING.
T  INDICATES TRACE AMOUNT.




$$
