000
CDUS46 KSEW 270829
CLIBLI


CLIMATE REPORT
NATIONAL WEATHER SERVICE SEATTLE WA
128 AM PDT SAT MAY 27 2017


...................................

...THE BELLINGHAM WA AIRPORT CLIMATE SUMMARY FOR MAY 26 2017...

CLIMATE NORMAL PERIOD 1981 TO 2010
CLIMATE RECORD PERIOD 1949 TO 2017


WEATHER ITEM   OBSERVED TIME   RECORD YEAR NORMAL DEPARTURE LAST
                VALUE   (LST)  VALUE       VALUE  FROM      YEAR
                                                  NORMAL
..................................................................
TEMPERATURE (F)
 YESTERDAY
  MAXIMUM         76    406 PM  84    2005  64     12       59
  MINIMUM         47    454 AM  38    1951  48     -1       52
  AVERAGE         62                        56      6       56

PRECIPITATION (IN)
  YESTERDAY        0.00          0.75 1989   0.08  -0.08      T
  MONTH TO DATE    0.31                      2.07  -1.76     0.42
  SINCE OCT 1     34.01                     29.37   4.64    29.43
  SINCE JAN 1     14.89                     15.67  -0.78    15.36

DEGREE DAYS
 HEATING
  YESTERDAY        3                         9     -6        9
  MONTH TO DATE  269                       300    -31      185
  SINCE MAR 1   1297                      1441   -144     1005

 COOLING
  YESTERDAY        0                         0      0        0
  MONTH TO DATE    0                         0      0        1
  SINCE MAR 1      0                         0      0        1
  SINCE JAN 1      0                         0      0        1
..................................................................


WIND (MPH)
  RESULTANT WIND SPEED   0   RESULTANT WIND DIRECTION   W (260)
  HIGHEST WIND SPEED     8   HIGHEST WIND DIRECTION     W (270)
  HIGHEST GUST SPEED    11   HIGHEST GUST DIRECTION     W (270)
  AVERAGE WIND SPEED     2.1


SKY COVER
  AVERAGE SKY COVER 0.0


WEATHER CONDITIONS
 THE FOLLOWING WEATHER WAS RECORDED YESTERDAY.
  FOG


RELATIVE HUMIDITY (PERCENT)
 HIGHEST   100           400 AM
 LOWEST     38           300 PM
 AVERAGE    69

..........................................................


THE BELLINGHAM WA AIRPORT CLIMATE NORMALS FOR TODAY
                         NORMAL    RECORD    YEAR
 MAXIMUM TEMPERATURE (F)   64        83      2005
 MINIMUM TEMPERATURE (F)   48        35      1973


SUNRISE AND SUNSET
MAY 27 2017...........SUNRISE   515 AM PDT   SUNSET   900 PM PDT
MAY 28 2017...........SUNRISE   514 AM PDT   SUNSET   901 PM PDT


-  INDICATES NEGATIVE NUMBERS.
R  INDICATES RECORD WAS SET OR TIED.
MM INDICATES DATA IS MISSING.
T  INDICATES TRACE AMOUNT.




$$
