000
CDUS43 KIND 250546
CLIBMG


CLIMATE REPORT
NATIONAL WEATHER SERVICE INDIANAPOLIS IN
1243 AM EST THU DEC 25 2014


...................................

...THE BLOOMINGTON IN CLIMATE SUMMARY FOR DECEMBER 24 2014...

CLIMATE NORMAL PERIOD 1981 TO 2010
CLIMATE RECORD PERIOD 9999 TO 9999


WEATHER ITEM   OBSERVED TIME   NORMAL DEPARTURE LAST
                VALUE   (LST)  VALUE  FROM      YEAR
                                      NORMAL
......................................................
TEMPERATURE (F)
 YESTERDAY
  MAXIMUM         47    110 AM  39      8       21
  MINIMUM         37   1159 PM  22     15        7
  AVERAGE         42            30     12       14

PRECIPITATION (IN)
  YESTERDAY        0.56          0.15   0.41      T
  MONTH TO DATE    3.37          2.60   0.77     6.71
  SINCE DEC 1      3.37          2.60   0.77     6.71
  SINCE JAN 1     46.01         46.61  -0.60    47.58

DEGREE DAYS
 HEATING
  YESTERDAY       23            35    -12       51
  MONTH TO DATE  695           771    -76      785
  SINCE DEC 1    695           771    -76      785
  SINCE JUL 1   1971          1827    144     1925

 COOLING
  YESTERDAY        0             0      0        0
  MONTH TO DATE    0             0      0        0
  SINCE DEC 1      0             0      0        0
  SINCE JAN 1    904           927    -23     1006
......................................................


WIND (MPH)
  HIGHEST WIND SPEED    20   HIGHEST WIND DIRECTION     W (290)
  HIGHEST GUST SPEED    30   HIGHEST GUST DIRECTION    NW (310)
  AVERAGE WIND SPEED    11.0


SKY COVER
  AVERAGE SKY COVER 1.0


WEATHER CONDITIONS
 THE FOLLOWING WEATHER WAS RECORDED YESTERDAY.
  HEAVY RAIN
  RAIN
  LIGHT RAIN
  FOG


RELATIVE HUMIDITY (PERCENT)
 HIGHEST   100          1200 AM
 LOWEST     85           500 PM
 AVERAGE    93

..........................................................


THE BLOOMINGTON IN CLIMATE NORMALS FOR TODAY
                         NORMAL
 MAXIMUM TEMPERATURE (F)   38
 MINIMUM TEMPERATURE (F)   22


SUNRISE AND SUNSET
DECEMBER 25 2014......SUNRISE   804 AM EST   SUNSET   529 PM EST
DECEMBER 26 2014......SUNRISE   804 AM EST   SUNSET   530 PM EST


-  INDICATES NEGATIVE NUMBERS.
R  INDICATES RECORD WAS SET OR TIED.
MM INDICATES DATA IS MISSING.
T  INDICATES TRACE AMOUNT.




$$
