000
CDUS43 KIND 290532
CLIBMG


CLIMATE REPORT
NATIONAL WEATHER SERVICE INDIANAPOLIS IN
131 AM EDT SUN MAY 29 2016


...................................

...THE BLOOMINGTON IN CLIMATE SUMMARY FOR MAY 28 2016...

CLIMATE NORMAL PERIOD 1981 TO 2010
CLIMATE RECORD PERIOD 9999 TO 9999


WEATHER ITEM   OBSERVED TIME   NORMAL DEPARTURE LAST
                VALUE   (LST)  VALUE  FROM      YEAR
                                      NORMAL
......................................................
TEMPERATURE (F)
 YESTERDAY
  MAXIMUM         83    156 PM  78      5       84
  MINIMUM         70   1040 PM  55     15       59
  AVERAGE         77            66     11       72

PRECIPITATION (IN)
  YESTERDAY        0.04          0.15  -0.11     0.00
  MONTH TO DATE    2.57          4.70  -2.13     1.55
  SINCE MAR 1     12.63         13.28  -0.65    10.99
  SINCE JAN 1     17.84         19.35  -1.51    14.56

DEGREE DAYS
 HEATING
  YESTERDAY        0             2     -2        0
  MONTH TO DATE  148           131     17       74
  SINCE MAR 1    955          1177   -222     1114
  SINCE JUL 1   4275          5245   -970     5685

 COOLING
  YESTERDAY       12             4      8        7
  MONTH TO DATE   48            54     -6      103
  SINCE MAR 1     62            73    -11      109
  SINCE JAN 1     62            73    -11      109
......................................................


WIND (MPH)
  HIGHEST WIND SPEED    20   HIGHEST WIND DIRECTION    SW (210)
  HIGHEST GUST SPEED    26   HIGHEST GUST DIRECTION    SW (210)
  AVERAGE WIND SPEED     8.0


SKY COVER
  AVERAGE SKY COVER 0.2


WEATHER CONDITIONS
 THE FOLLOWING WEATHER WAS RECORDED YESTERDAY.
  LIGHT RAIN


RELATIVE HUMIDITY (PERCENT)
 HIGHEST    84           600 AM
 LOWEST     55          1100 AM
 AVERAGE    70

..........................................................


THE BLOOMINGTON IN CLIMATE NORMALS FOR TODAY
                         NORMAL
 MAXIMUM TEMPERATURE (F)   78
 MINIMUM TEMPERATURE (F)   55


SUNRISE AND SUNSET
MAY 29 2016...........SUNRISE   623 AM EDT   SUNSET   905 PM EDT
MAY 30 2016...........SUNRISE   623 AM EDT   SUNSET   906 PM EDT


-  INDICATES NEGATIVE NUMBERS.
R  INDICATES RECORD WAS SET OR TIED.
MM INDICATES DATA IS MISSING.
T  INDICATES TRACE AMOUNT.




$$
