000
CDUS43 KIND 220553
CLIBMG


CLIMATE REPORT
NATIONAL WEATHER SERVICE INDIANAPOLIS IN
153 AM EDT THU JUN 22 2017


...................................

...THE BLOOMINGTON IN CLIMATE SUMMARY FOR JUNE 21 2017...

CLIMATE NORMAL PERIOD 1981 TO 2010
CLIMATE RECORD PERIOD 9999 TO 9999


WEATHER ITEM   OBSERVED TIME   NORMAL DEPARTURE LAST
                VALUE   (LST)  VALUE  FROM      YEAR
                                      NORMAL
......................................................
TEMPERATURE (F)
 YESTERDAY
  MAXIMUM         90    417 PM  84      6       86
  MINIMUM         65    540 AM  62      3       67
  AVERAGE         78            73      5       77

PRECIPITATION (IN)
  YESTERDAY        T             0.16  -0.16      T
  MONTH TO DATE    2.06          3.34  -1.28     1.63
  SINCE JUN 1      2.06          3.34  -1.28     1.63
  SINCE JAN 1     23.86         23.23   0.63    20.23

DEGREE DAYS
 HEATING
  YESTERDAY        0             0      0        0
  MONTH TO DATE    4            13     -9        1
  SINCE JUN 1      4            13     -9        1
  SINCE JUL 1   4121          5264  -1143     4276

 COOLING
  YESTERDAY       13             8      5       12
  MONTH TO DATE  175           131     44      192
  SINCE JUN 1    175           131     44      192
  SINCE JAN 1    306           213     93      282
......................................................


WIND (MPH)
  HIGHEST WIND SPEED    14   HIGHEST WIND DIRECTION    SW (240)
  HIGHEST GUST SPEED    20   HIGHEST GUST DIRECTION    SW (230)
  AVERAGE WIND SPEED     7.3


SKY COVER
  AVERAGE SKY COVER 0.3


WEATHER CONDITIONS
 THE FOLLOWING WEATHER WAS RECORDED YESTERDAY.
  LIGHT RAIN


RELATIVE HUMIDITY (PERCENT)
 HIGHEST    78           500 AM
 LOWEST     47           200 PM
 AVERAGE    63

..........................................................


THE BLOOMINGTON IN CLIMATE NORMALS FOR TODAY
                         NORMAL
 MAXIMUM TEMPERATURE (F)   84
 MINIMUM TEMPERATURE (F)   62


SUNRISE AND SUNSET
JUNE 22 2017..........SUNRISE   621 AM EDT   SUNSET   916 PM EDT
JUNE 23 2017..........SUNRISE   621 AM EDT   SUNSET   916 PM EDT


-  INDICATES NEGATIVE NUMBERS.
R  INDICATES RECORD WAS SET OR TIED.
MM INDICATES DATA IS MISSING.
T  INDICATES TRACE AMOUNT.




$$
