000
CDUS43 KIND 280532
CLIBMG


CLIMATE REPORT
NATIONAL WEATHER SERVICE INDIANAPOLIS IN
131 AM EDT THU JUL 28 2016


...................................

...THE BLOOMINGTON IN CLIMATE SUMMARY FOR JULY 27 2016...

CLIMATE NORMAL PERIOD 1981 TO 2010
CLIMATE RECORD PERIOD 9999 TO 9999


WEATHER ITEM   OBSERVED TIME   NORMAL DEPARTURE LAST
                VALUE   (LST)  VALUE  FROM      YEAR
                                      NORMAL
......................................................
TEMPERATURE (F)
 YESTERDAY
  MAXIMUM         88    532 PM  84      4       88
  MINIMUM         68    437 AM  63      5       71
  AVERAGE         78            74      4       80

PRECIPITATION (IN)
  YESTERDAY        0.00          0.11  -0.11      T
  MONTH TO DATE    4.88          4.51   0.37     6.09
  SINCE JUN 1      8.51          9.40  -0.89    16.66
  SINCE JAN 1     27.11         29.29  -2.18    31.22

DEGREE DAYS
 HEATING
  YESTERDAY        0             0      0        0
  MONTH TO DATE    3             0      3        0
  SINCE JUN 1      4            15    -11       17
  SINCE JUL 1      3             0      3        0

 COOLING
  YESTERDAY       13             9      4       15
  MONTH TO DATE  290           243     47      244
  SINCE JUN 1    578           451    127      493
  SINCE JAN 1    668           533    135      620
......................................................


WIND (MPH)
  HIGHEST WIND SPEED     9   HIGHEST WIND DIRECTION    NE (30)
  HIGHEST GUST SPEED    12   HIGHEST GUST DIRECTION    NE (30)
  AVERAGE WIND SPEED     1.7


SKY COVER
  AVERAGE SKY COVER 0.1


WEATHER CONDITIONS
 THE FOLLOWING WEATHER WAS RECORDED YESTERDAY.
  FOG


RELATIVE HUMIDITY (PERCENT)
 HIGHEST    97           200 AM
 LOWEST     55           600 PM
 AVERAGE    76

..........................................................


THE BLOOMINGTON IN CLIMATE NORMALS FOR TODAY
                         NORMAL
 MAXIMUM TEMPERATURE (F)   84
 MINIMUM TEMPERATURE (F)   63


SUNRISE AND SUNSET
JULY 28 2016..........SUNRISE   644 AM EDT   SUNSET   902 PM EDT
JULY 29 2016..........SUNRISE   645 AM EDT   SUNSET   901 PM EDT


-  INDICATES NEGATIVE NUMBERS.
R  INDICATES RECORD WAS SET OR TIED.
MM INDICATES DATA IS MISSING.
T  INDICATES TRACE AMOUNT.




$$
