000
CDUS43 KIND 260532
CLIBMG


CLIMATE REPORT
NATIONAL WEATHER SERVICE INDIANAPOLIS IN
132 AM EDT SAT JUL 26 2014


...................................

...THE BLOOMINGTON IN CLIMATE SUMMARY FOR JULY 25 2014...

CLIMATE NORMAL PERIOD 1981 TO 2010
CLIMATE RECORD PERIOD 9999 TO 9999


WEATHER ITEM   OBSERVED TIME   NORMAL DEPARTURE LAST
                VALUE   (LST)  VALUE  FROM      YEAR
                                      NORMAL
......................................................
TEMPERATURE (F)
 YESTERDAY
  MAXIMUM         76    110 PM  84     -8       79
  MINIMUM         51    429 AM  63    -12       54
  AVERAGE         64            74    -10       67

PRECIPITATION (IN)
  YESTERDAY        0.00          0.11  -0.11     0.00
  MONTH TO DATE    3.71          4.30  -0.59     4.09
  SINCE JUN 1      8.88          9.19  -0.31     9.66
  SINCE JAN 1     27.48         29.08  -1.60    28.67

DEGREE DAYS
 HEATING
  YESTERDAY        1             0      1        0
  MONTH TO DATE    3             0      3        0
  SINCE JUN 1      6            15     -9        7
  SINCE JUL 1      3             0      3        0

 COOLING
  YESTERDAY        0             9     -9        2
  MONTH TO DATE  128           225    -97      234
  SINCE JUN 1    401           433    -32      458
  SINCE JAN 1    527           515     12      577
......................................................


WIND (MPH)
  HIGHEST WIND SPEED    14   HIGHEST WIND DIRECTION     S (160)
  HIGHEST GUST SPEED    19   HIGHEST GUST DIRECTION     S (160)
  AVERAGE WIND SPEED     2.9


SKY COVER
  AVERAGE SKY COVER 0.2


WEATHER CONDITIONS
 THE FOLLOWING WEATHER WAS RECORDED YESTERDAY.
  FOG


RELATIVE HUMIDITY (PERCENT)
 HIGHEST    96           600 AM
 LOWEST     49          1100 AM
 AVERAGE    73

..........................................................


THE BLOOMINGTON IN CLIMATE NORMALS FOR TODAY
                         NORMAL
 MAXIMUM TEMPERATURE (F)   84
 MINIMUM TEMPERATURE (F)   63


SUNRISE AND SUNSET
JULY 26 2014..........SUNRISE   642 AM EDT   SUNSET   904 PM EDT
JULY 27 2014..........SUNRISE   642 AM EDT   SUNSET   903 PM EDT


-  INDICATES NEGATIVE NUMBERS.
R  INDICATES RECORD WAS SET OR TIED.
MM INDICATES DATA IS MISSING.
T  INDICATES TRACE AMOUNT.




$$
