000
CDUS44 KOHX 220141
CLIBNA

MEMCLIOHX 000
TTAA00 KOHX 220141


CLIMATE REPORT
NATIONAL WEATHER SERVICE NASHVILLE TN
841 PM CDT MON JUL 21 2014


...................................

...THE NASHVILLE CLIMATE SUMMARY FOR JULY 21 2014...
VALID TODAY AS OF 0700 PM LOCAL TIME.

CLIMATE NORMAL PERIOD 1981 TO 2010
CLIMATE RECORD PERIOD 1871 TO 2014


WEATHER ITEM   OBSERVED TIME   RECORD YEAR NORMAL DEPARTURE LAST
                VALUE   (LST)  VALUE       VALUE  FROM      YEAR
                                                  NORMAL
..................................................................
TEMPERATURE (F)
 TODAY
  MAXIMUM         92    141 PM 100    1983  89      3       90
                                      1926
                                      1901
  MINIMUM         66    453 AM  58    2009  70     -4       71
  AVERAGE         79                        80     -1       81

PRECIPITATION (IN)
  TODAY            0.00          2.25 1996   0.12  -0.12     0.01
  MONTH TO DATE    2.06                      2.53  -0.47     5.66
  SINCE JUN 1      7.79                      6.67   1.12    10.14
  SINCE JAN 1     29.61                     27.97   1.64    34.58

SNOWFALL (IN)
  TODAY            0.0           0.0  2002   0.0    0.0      0.0
                                      2001
  MONTH TO DATE    0.0                       0.0    0.0      0.0
  SINCE JUN 1      0.0                       0.0    0.0      0.0
  SINCE JUL 1      0.0                       0.0    0.0      0.0
  SNOW DEPTH       0

DEGREE DAYS
 HEATING
  TODAY            0                         0      0        0
  MONTH TO DATE    0                         0      0        0
  SINCE JUN 1      0                         3     -3        0
  SINCE JUL 1      0                         0      0        0

 COOLING
  TODAY           14                        15     -1       16
  MONTH TO DATE  251                       303    -52      295
  SINCE JUN 1    644                       627     17      665
  SINCE JAN 1    908                       806    102      872
..................................................................


WIND (MPH)
  RESULTANT WIND SPEED   2   RESULTANT WIND DIRECTION   E (90)
  HIGHEST WIND SPEED    15   HIGHEST WIND DIRECTION    SE (130)
  HIGHEST GUST SPEED    20   HIGHEST GUST DIRECTION     N (340)
  AVERAGE WIND SPEED     2.9


SKY COVER
  AVERAGE SKY COVER 0.4


WEATHER CONDITIONS
 THE FOLLOWING WEATHER WAS RECORDED TODAY.
  HAZE


RELATIVE HUMIDITY (PERCENT)
 HIGHEST   100           300 AM
 LOWEST     41           300 PM
 AVERAGE    71

..........................................................


THE NASHVILLE CLIMATE NORMALS FOR TOMORROW
                         NORMAL    RECORD    YEAR
 MAXIMUM TEMPERATURE (F)   89       103      1952
 MINIMUM TEMPERATURE (F)   70        54      1944


SUNRISE AND SUNSET
JULY 21 2014..........SUNRISE   545 AM CDT   SUNSET   800 PM CDT
JULY 22 2014..........SUNRISE   546 AM CDT   SUNSET   800 PM CDT


-  INDICATES NEGATIVE NUMBERS.
R  INDICATES RECORD WAS SET OR TIED.
MM INDICATES DATA IS MISSING.
T  INDICATES TRACE AMOUNT.




$$
