000
CDUS44 KOHX 281210
CLIBNA

CLIMATE REPORT
NATIONAL WEATHER SERVICE NASHVILLE TN
610 AM CST SUN DEC 28 2014


...................................

...THE NASHVILLE CLIMATE SUMMARY FOR DECEMBER 27 2014...

CLIMATE NORMAL PERIOD 1981 TO 2010
CLIMATE RECORD PERIOD 1871 TO 2014


WEATHER ITEM   OBSERVED TIME   RECORD YEAR NORMAL DEPARTURE
                VALUE   (LST)  VALUE       VALUE  FROM
                                                  NORMAL
...............................................................
TEMPERATURE (F)
 YESTERDAY
  MAXIMUM         59   1122 AM  75    1982  47     12
  MINIMUM         47   1205 AM   6    1925  29     18
  AVERAGE         53                        38     15

PRECIPITATION (IN)
  YESTERDAY        0.38          1.86 1942   0.11   0.27
  MONTH TO DATE    2.90                      3.78  -0.88
  SINCE DEC 1      2.90                      3.78  -0.88
  SINCE JAN 1     50.28                     46.79   3.49

SNOWFALL (IN)
  YESTERDAY        0.0           2.5  1967   0.0    0.0
  MONTH TO DATE    T                         0.4   -0.4
  SINCE DEC 1      T                         0.4   -0.4
  SINCE JUL 1      0.2                       0.4   -0.2
  SNOW DEPTH       0

DEGREE DAYS
 HEATING
  YESTERDAY       12                              -15
  MONTH TO DATE  559                              -97
  SINCE DEC 1    559                              -97
  SINCE JUL 1   1333                                3

 COOLING
  YESTERDAY        0                                0
  MONTH TO DATE    0                                0
  SINCE DEC 1      0                                0
  SINCE JAN 1   1803                              158
...............................................................


WIND (MPH)
  HIGHEST WIND SPEED    20   HIGHEST WIND DIRECTION     S (190)
  HIGHEST GUST SPEED    26   HIGHEST GUST DIRECTION     S (190)
  AVERAGE WIND SPEED     6.2




RELATIVE HUMIDITY (PERCENT)
 HIGHEST    93
 LOWEST     47
 AVERAGE    70

..........................................................

LOW TEMPERATURE SINCE MIDNIGHT................42
PRECIPITATION SINCE MIDNIGHT................0.13


THE NASHVILLE CLIMATE NORMALS FOR TODAY
                         NORMAL    RECORD    YEAR
 MAXIMUM TEMPERATURE (F)   47        75      1874
 MINIMUM TEMPERATURE (F)   29         3      1894


SUNRISE AND SUNSET
DECEMBER 28 2014......SUNRISE   657 AM CST   SUNSET   440 PM CST
DECEMBER 29 2014......SUNRISE   657 AM CST   SUNSET   441 PM CST


-  INDICATES NEGATIVE NUMBERS.
R  INDICATES RECORD WAS SET OR TIED.
MM INDICATES DATA IS MISSING.
T  INDICATES TRACE AMOUNT.




$$

ROSE
