000
CDUS44 KOHX 180646
CLIBNA

CLIMATE REPORT
NATIONAL WEATHER SERVICE NASHVILLE TN
146 AM CDT FRI AUG 18 2017

...THE NASHVILLE CLIMATE SUMMARY FOR AUGUST 17 2017...

CLIMATE NORMAL PERIOD 1981 TO 2010
CLIMATE RECORD PERIOD 1871 TO 2017


WEATHER ITEM   OBSERVED TIME   RECORD YEAR NORMAL DEPARTURE
                VALUE   (LST)  VALUE       VALUE  FROM
                                                  NORMAL
...............................................................
TEMPERATURE (F)
 YESTERDAY
  MAXIMUM         91    121 PM 103    1988  89      2
  MINIMUM         75    538 AM  53    1979  69      6
  AVERAGE         83                        79      4

PRECIPITATION (IN)
  YESTERDAY        0.01          3.22 2005   0.10  -0.09
  MONTH TO DATE    4.13                      1.79   2.34
  SINCE JAN 1     32.65                     30.87   1.78

SNOWFALL (IN)
  YESTERDAY        0.0           0.0  2002
                                      2001
                                      2000
  MONTH TO DATE    0.0
  SINCE JUN 1      0.0
  SINCE JUL 1      0.0

DEGREE DAYS
 HEATING
  YESTERDAY        0                                0
  MONTH TO DATE    0                                0
  SINCE JUN 1      0                               -3
  SINCE JUL 1      0                                0

 COOLING
  YESTERDAY       18                                4
  MONTH TO DATE  231                               -7
  SINCE JUN 1   1091                               83
  SINCE JAN 1   1410                              223
...............................................................

WIND (MPH)
  HIGHEST WIND SPEED    16   HIGHEST WIND DIRECTION    SW (210)
  HIGHEST GUST SPEED    24   HIGHEST GUST DIRECTION    SW (210)
  AVERAGE WIND SPEED   7.2


RELATIVE HUMIDITY (PERCENT)
 HIGHEST    94
 LOWEST     56

..........................................................

THE NASHVILLE CLIMATE NORMALS FOR TODAY
                         NORMAL    RECORD    YEAR
 MAXIMUM TEMPERATURE (F)   89       102      1954
                                             1936
 MINIMUM TEMPERATURE (F)   69        58      1879


SUNRISE AND SUNSET
AUGUST 18 2017........SUNRISE   608 AM CDT   SUNSET   733 PM CDT
AUGUST 19 2017........SUNRISE   608 AM CDT   SUNSET   732 PM CDT


-  INDICATES NEGATIVE NUMBERS.
R  INDICATES RECORD WAS SET OR TIED.
MM INDICATES DATA IS MISSING.
T  INDICATES TRACE AMOUNT.
$$
31
