000
CDUS44 KOHX 242224
CLIBNA


CLIMATE REPORT
NATIONAL WEATHER SERVICE NASHVILLE TN
424 PM CST TUE JAN 24 2017


...................................

...THE NASHVILLE CLIMATE SUMMARY FOR JANUARY 24 2017...
VALID TODAY AS OF 0400 PM LOCAL TIME.

CLIMATE NORMAL PERIOD 1981 TO 2010
CLIMATE RECORD PERIOD 1871 TO 2017


WEATHER ITEM   OBSERVED TIME   RECORD YEAR NORMAL DEPARTURE
                VALUE   (LST)  VALUE       VALUE  FROM
                                                  NORMAL
...............................................................
TEMPERATURE (F)
 TODAY
  MAXIMUM         56    340 PM  78    1972  47      9
  MINIMUM         41    729 AM -15    1963  28     13
  AVERAGE         49                        38     11

PRECIPITATION (IN)
  TODAY            0.00          1.65 2002   0.12  -0.12
  MONTH TO DATE    3.29                      2.87   0.42
  SINCE JAN 1      3.29                      2.87   0.42

SNOWFALL (IN)
  TODAY            0.0           5.3  1977
  MONTH TO DATE    0.4
  SINCE DEC 1      0.7
  SINCE JUL 1      0.7

DEGREE DAYS
 HEATING
  TODAY           16                              -11
  MONTH TO DATE  403                             -259
  SINCE DEC 1   1086                             -339
  SINCE JUL 1   1440                             -659

 COOLING
  TODAY            0                                0
  MONTH TO DATE    0                                0
  SINCE DEC 1      4                                3
  SINCE JAN 1      0                                0
...............................................................


WIND (MPH)
  HIGHEST WIND SPEED    12   HIGHEST WIND DIRECTION     N (340)
  HIGHEST GUST SPEED    14   HIGHEST GUST DIRECTION    NW (310)
  AVERAGE WIND SPEED     6.4




RELATIVE HUMIDITY (PERCENT)
 HIGHEST    73
 LOWEST     41
 AVERAGE    57

..........................................................


THE NASHVILLE CLIMATE NORMALS FOR TOMORROW
                         NORMAL    RECORD    YEAR
 MAXIMUM TEMPERATURE (F)   47        78      1950
 MINIMUM TEMPERATURE (F)   28        -6      1963


SUNRISE AND SUNSET
JANUARY 24 2017.......SUNRISE   653 AM CST   SUNSET   505 PM CST
JANUARY 25 2017.......SUNRISE   652 AM CST   SUNSET   506 PM CST


-  INDICATES NEGATIVE NUMBERS.
R  INDICATES RECORD WAS SET OR TIED.
MM INDICATES DATA IS MISSING.
T  INDICATES TRACE AMOUNT.




$$
