000
CDUS44 KOHX 300107
CLIBNA


CLIMATE REPORT
NATIONAL WEATHER SERVICE NASHVILLE TN
807 PM CDT FRI APR 29 2016


...................................

...THE NASHVILLE CLIMATE SUMMARY FOR APRIL 29 2016...
VALID TODAY AS OF 0700 PM LOCAL TIME.

CLIMATE NORMAL PERIOD 1981 TO 2010
CLIMATE RECORD PERIOD 1871 TO 2016


WEATHER ITEM   OBSERVED TIME   RECORD YEAR NORMAL DEPARTURE
                VALUE   (LST)  VALUE       VALUE  FROM
                                                  NORMAL
...............................................................
TEMPERATURE (F)
 TODAY
  MAXIMUM         81   1223 PM  90    1894  74      7
  MINIMUM         55    408 AM  35    1992  52      3
  AVERAGE         68                        63      5

PRECIPITATION (IN)
  TODAY            T             2.36 1963   0.16  -0.16
  MONTH TO DATE    0.95                      3.85  -2.90
  SINCE JAN 1     11.91                     15.65  -3.74

SNOWFALL (IN)
  TODAY            0.0           0.0  2002
                                      2001
  MONTH TO DATE    0.0
  SINCE MAR 1      0.0
  SINCE JUL 1     11.3

DEGREE DAYS
 HEATING
  TODAY            0                               -4
  MONTH TO DATE  136                              -78
  SINCE MAR 1    426                             -261
  SINCE JUL 1   2669                             -956

 COOLING
  TODAY            3                                1
  MONTH TO DATE   60                               22
  SINCE MAR 1     74                               28
  SINCE JAN 1     74                               28
...............................................................


WIND (MPH)
  HIGHEST WIND SPEED    13   HIGHEST WIND DIRECTION     W (290)
  HIGHEST GUST SPEED    18   HIGHEST GUST DIRECTION    NW (300)
  AVERAGE WIND SPEED     4.1



WEATHER CONDITIONS
 THE FOLLOWING WEATHER WAS RECORDED TODAY.
  NO SIGNIFICANT WEATHER WAS OBSERVED.


RELATIVE HUMIDITY (PERCENT)
 HIGHEST    93
 LOWEST     37
 AVERAGE    65

..........................................................


THE NASHVILLE CLIMATE NORMALS FOR TOMORROW
                         NORMAL    RECORD    YEAR
 MAXIMUM TEMPERATURE (F)   74        89      1987
                                             1986
                                             1942
 MINIMUM TEMPERATURE (F)   52        37      1908


SUNRISE AND SUNSET
APRIL 29 2016.........SUNRISE   556 AM CDT   SUNSET   733 PM CDT
APRIL 30 2016.........SUNRISE   555 AM CDT   SUNSET   734 PM CDT


-  INDICATES NEGATIVE NUMBERS.
R  INDICATES RECORD WAS SET OR TIED.
MM INDICATES DATA IS MISSING.
T  INDICATES TRACE AMOUNT.




$$
