000
CDUS44 KOHX 270702
CLIBNA


CLIMATE REPORT
NATIONAL WEATHER SERVICE NASHVILLE TN
202 AM CDT THU APR 27 2017


...................................

...THE NASHVILLE CLIMATE SUMMARY FOR APRIL 26 2017...

CLIMATE NORMAL PERIOD 1981 TO 2010
CLIMATE RECORD PERIOD 1871 TO 2017


WEATHER ITEM   OBSERVED TIME   RECORD YEAR NORMAL DEPARTURE
                VALUE   (LST)  VALUE       VALUE  FROM
                                                  NORMAL
...............................................................
TEMPERATURE (F)
 YESTERDAY
  MAXIMUM         83    256 PM  91    1989  73     10
  MINIMUM         55    541 AM  36    1919  51      4
  AVERAGE         69                        62      7

PRECIPITATION (IN)
  YESTERDAY        T             1.56 1877   0.15  -0.15
  MONTH TO DATE    6.91                      3.38   3.53
  SINCE JAN 1     15.83                     15.18   0.65

SNOWFALL (IN)
  YESTERDAY        0.0           0.0  2002
                                      2001
  MONTH TO DATE    0.0
  SINCE MAR 1      1.5
  SINCE JUL 1      2.2

DEGREE DAYS
 HEATING
  YESTERDAY        0                               -5
  MONTH TO DATE   75                             -127
  SINCE MAR 1    440                             -235
  SINCE JUL 1   2408                            -1205

 COOLING
  YESTERDAY        4                                2
  MONTH TO DATE   80                               48
  SINCE MAR 1     94                               54
  SINCE JAN 1    101                               61
...............................................................


WIND (MPH)
  HIGHEST WIND SPEED    25   HIGHEST WIND DIRECTION     S (170)
  HIGHEST GUST SPEED    33   HIGHEST GUST DIRECTION     S (180)
  AVERAGE WIND SPEED    12.4




RELATIVE HUMIDITY (PERCENT)
 HIGHEST    93
 LOWEST     37

..........................................................


THE NASHVILLE CLIMATE NORMALS FOR TODAY
                         NORMAL    RECORD    YEAR
 MAXIMUM TEMPERATURE (F)   74        91      1989
 MINIMUM TEMPERATURE (F)   51        36      1919


SUNRISE AND SUNSET
APRIL 27 2017.........SUNRISE   558 AM CDT   SUNSET   731 PM CDT
APRIL 28 2017.........SUNRISE   557 AM CDT   SUNSET   732 PM CDT


-  INDICATES NEGATIVE NUMBERS.
R  INDICATES RECORD WAS SET OR TIED.
MM INDICATES DATA IS MISSING.
T  INDICATES TRACE AMOUNT.




$$
