000
CDUS44 KOHX 171213
CLIBNA

CLIMATE REPORT
NATIONAL WEATHER SERVICE NASHVILLE TN
712 AM CDT THU APR 17 2014


...................................

...THE NASHVILLE CLIMATE SUMMARY FOR APRIL 16 2014...

CLIMATE NORMAL PERIOD 1981 TO 2010
CLIMATE RECORD PERIOD 1871 TO 2014


WEATHER ITEM   OBSERVED TIME   RECORD YEAR NORMAL DEPARTURE LAST
                VALUE   (LST)  VALUE       VALUE  FROM      YEAR
                                                  NORMAL
..................................................................
TEMPERATURE (F)
 YESTERDAY
  MAXIMUM         62    451 PM  88    1955  71     -9       81
  MINIMUM         31    453 AM  28    1988  48    -17       64
  AVERAGE         47                        59    -12       73

PRECIPITATION (IN)
  YESTERDAY        0.00          2.13 1954   0.12  -0.12     0.01
  MONTH TO DATE    2.76                      1.93   0.83     2.13
  SINCE MAR 1      7.12                      6.04   1.08     6.45
  SINCE JAN 1     14.82                     13.73   1.09    16.17

SNOWFALL (IN)
  YESTERDAY        0.0           0.0  2002   0.0    0.0      0.0
                                      2001
  MONTH TO DATE    0.0                       0.1   -0.1      0.0
  SINCE MAR 1      0.2                       1.0   -0.8      0.3
  SINCE JUL 1      1.6                       6.4   -4.8      1.3
  SNOW DEPTH       0

DEGREE DAYS
 HEATING
  YESTERDAY       18                         7     11        0
  MONTH TO DATE  112                       144    -32      116
  SINCE MAR 1    654                       617     37      732
  SINCE JUL 1   3839                      3555    284     3364

 COOLING
  YESTERDAY        0                         1     -1        8
  MONTH TO DATE   24                        16      8       25
  SINCE MAR 1     24                        24      0       26
  SINCE JAN 1     24                        24      0       30
..................................................................


WIND (MPH)
  HIGHEST WIND SPEED    16   HIGHEST WIND DIRECTION     E (100)
  HIGHEST GUST SPEED    21   HIGHEST GUST DIRECTION     E (100)
  AVERAGE WIND SPEED     5.9


SKY COVER
  POSSIBLE SUNSHINE  MM
  AVERAGE SKY COVER 0.4


WEATHER CONDITIONS
 THE FOLLOWING WEATHER WAS RECORDED YESTERDAY.
  NO SIGNIFICANT WEATHER WAS OBSERVED.


RELATIVE HUMIDITY (PERCENT)
 HIGHEST    72
 LOWEST     23
 AVERAGE    48

..........................................................


THE NASHVILLE CLIMATE NORMALS FOR TODAY
                         NORMAL    RECORD    YEAR
 MAXIMUM TEMPERATURE (F)   71        90      1955
 MINIMUM TEMPERATURE (F)   48        26      1875


SUNRISE AND SUNSET
APRIL 17 2014.........SUNRISE   611 AM CDT   SUNSET   722 PM CDT
APRIL 18 2014.........SUNRISE   610 AM CDT   SUNSET   723 PM CDT


-  INDICATES NEGATIVE NUMBERS.
R  INDICATES RECORD WAS SET OR TIED.
MM INDICATES DATA IS MISSING.
T  INDICATES TRACE AMOUNT.




$$
