000
CDUS44 KOHX 280742
CLIBNA

CLIMATE REPORT
NATIONAL WEATHER SERVICE NASHVILLE TN
238 AM CDT THU MAY 28 2015


...................................

...THE NASHVILLE CLIMATE SUMMARY FOR MAY 27 2015...

CLIMATE NORMAL PERIOD 1981 TO 2010
CLIMATE RECORD PERIOD 1871 TO 2015


WEATHER ITEM   OBSERVED TIME   RECORD YEAR NORMAL DEPARTURE
                VALUE   (LST)  VALUE       VALUE  FROM
                                                  NORMAL
...............................................................
TEMPERATURE (F)
 YESTERDAY
  MAXIMUM         82        MM  95    2012  81      1
                                      1911
  MINIMUM         67        MM  38    1961  60      7
  AVERAGE         75                        70      5

PRECIPITATION (IN)
  YESTERDAY        0.15          2.03 1973   0.16  -0.01
  MONTH TO DATE    2.61                      4.84  -2.23
  SINCE MAR 1     13.23                     12.95   0.28
  SINCE JAN 1     20.05                     20.64  -0.59

SNOWFALL (IN)
  YESTERDAY        0.0           0.0  2002   0.0    0.0
                                      2001
  MONTH TO DATE    0.0                       0.0    0.0
  SINCE MAR 1      2.9                       0.9    2.0
  SINCE JUL 1      6.1                       6.3   -0.2
  SNOW DEPTH       0

DEGREE DAYS
 HEATING
  YESTERDAY        0                               -1
  MONTH TO DATE   24                              -30
  SINCE MAR 1    588                             -156
  SINCE JUL 1   3778                               96

 COOLING
  YESTERDAY       10                                4
  MONTH TO DATE  171                               65
  SINCE MAR 1    213                               62
  SINCE JAN 1    213                               62
...............................................................


WIND (MPH)
  HIGHEST WIND SPEED    10   HIGHEST WIND DIRECTION     S (190)
  HIGHEST GUST SPEED    MM   HIGHEST GUST DIRECTION    MM
  AVERAGE WIND SPEED     5.5




RELATIVE HUMIDITY (PERCENT)
 HIGHEST    97
 LOWEST     63
 AVERAGE    80

..........................................................


THE NASHVILLE CLIMATE NORMALS FOR TODAY
                         NORMAL    RECORD    YEAR
 MAXIMUM TEMPERATURE (F)   81        96      1911
 MINIMUM TEMPERATURE (F)   60        40      1961


SUNRISE AND SUNSET
MAY 28 2015...........SUNRISE   533 AM CDT   SUNSET   756 PM CDT
MAY 29 2015...........SUNRISE   532 AM CDT   SUNSET   756 PM CDT


-  INDICATES NEGATIVE NUMBERS.
R  INDICATES RECORD WAS SET OR TIED.
MM INDICATES DATA IS MISSING.
T  INDICATES TRACE AMOUNT.




$$
BOYD
01
