101
CDUS44 KOHX 090036
CLIBNA


CLIMATE REPORT
NATIONAL WEATHER SERVICE NASHVILLE TN
636 PM CST THU DEC 8 2016


...................................

...THE NASHVILLE CLIMATE SUMMARY FOR DECEMBER 8 2016...
VALID TODAY AS OF 0400 PM LOCAL TIME.

CLIMATE NORMAL PERIOD 1981 TO 2010
CLIMATE RECORD PERIOD 1871 TO 2016


WEATHER ITEM   OBSERVED TIME   RECORD YEAR NORMAL DEPARTURE
                VALUE   (LST)  VALUE       VALUE  FROM
                                                  NORMAL
...............................................................
TEMPERATURE (F)
 TODAY
  MAXIMUM         41    127 PM  74    1956  51    -10
                                      1922
  MINIMUM         32    610 PM   5    1917  33     -1
  AVERAGE         37                        42     -5

PRECIPITATION (IN)
  TODAY            0.00          4.46 1978   0.16  -0.16
  MONTH TO DATE    1.04                      1.23  -0.19
  SINCE JAN 1     36.83                     44.24  -7.41

SNOWFALL (IN)
  TODAY            0.0           3.5  1917
  MONTH TO DATE    0.0
  SINCE DEC 1      0.0
  SINCE JUL 1      0.0

DEGREE DAYS
 HEATING
  TODAY           28                                5
  MONTH TO DATE  172                               -4
  SINCE DEC 1    172                               -4
  SINCE JUL 1    526                             -324

 COOLING
  TODAY            0                                0
  MONTH TO DATE    0                                0
  SINCE DEC 1      0                                0
  SINCE JAN 1   2244                              599
...............................................................


WIND (MPH)
  HIGHEST WIND SPEED    16   HIGHEST WIND DIRECTION    NW (320)
  HIGHEST GUST SPEED    17   HIGHEST GUST DIRECTION     W (290)
  AVERAGE WIND SPEED     9.7




RELATIVE HUMIDITY (PERCENT)
 HIGHEST    56
 LOWEST     30
 AVERAGE    43

..........................................................


THE NASHVILLE CLIMATE NORMALS FOR TOMORROW
                         NORMAL    RECORD    YEAR
 MAXIMUM TEMPERATURE (F)   51        73      2007
 MINIMUM TEMPERATURE (F)   33         0      1917


SUNRISE AND SUNSET
DECEMBER  8 2016......SUNRISE   645 AM CST   SUNSET   432 PM CST
DECEMBER  9 2016......SUNRISE   646 AM CST   SUNSET   432 PM CST


-  INDICATES NEGATIVE NUMBERS.
R  INDICATES RECORD WAS SET OR TIED.
MM INDICATES DATA IS MISSING.
T  INDICATES TRACE AMOUNT.




$$
