116
CDUS45 KBOI 220120
CLIBNO


CLIMATE REPORT
NATIONAL WEATHER SERVICE BOISE ID
620 PM MST WED FEB 21 2018


...................................

...THE BURNS OR CLIMATE SUMMARY FOR FEBRUARY 21 2018...
VALID TODAY AS OF 0600 PM LOCAL TIME.

CLIMATE NORMAL PERIOD 1981 TO 2010
CLIMATE RECORD PERIOD 1938 TO 2018


WEATHER ITEM   OBSERVED TIME   RECORD YEAR NORMAL DEPARTURE LAST
                VALUE   (LST)  VALUE       VALUE  FROM      YEAR
                                                  NORMAL
..................................................................
TEMPERATURE (F)
 TODAY
  MAXIMUM         33    139 PM  63    1995  41     -8       39
  MINIMUM         19    717 AM  -4    1952  20     -1       24
  AVERAGE         26                        30     -4       32

PRECIPITATION (IN)
  TODAY            0.04          0.42 1992   0.04   0.00     0.10
  MONTH TO DATE    0.20                      0.75  -0.55     1.72
  SINCE OCT 1      4.13                      5.44  -1.31     8.47
  SINCE JAN 1      1.47                      1.94  -0.47     4.96

DEGREE DAYS
 HEATING
  TODAY           39                        35      4       33
  MONTH TO DATE  692                       781    -89      737
  SINCE DEC 1   3055                      3293   -238     3751
  SINCE JUL 1   4971                      5294   -323     5564

 COOLING
  TODAY            0                         0      0        0
  MONTH TO DATE    0                         0      0        0
  SINCE DEC 1      0                         0      0        0
  SINCE JAN 1      0                         0      0        0
..................................................................


WIND (MPH)
  HIGHEST WIND SPEED    17   HIGHEST WIND DIRECTION    SW (220)
  HIGHEST GUST SPEED    24   HIGHEST GUST DIRECTION    SW (210)
  AVERAGE WIND SPEED     5.4



WEATHER CONDITIONS
 THE FOLLOWING WEATHER WAS RECORDED TODAY.
  LIGHT SNOW
  FOG


RELATIVE HUMIDITY (PERCENT)
 HIGHEST   100           500 AM
 LOWEST     58           300 PM
 AVERAGE    79

..........................................................


THE BURNS OR CLIMATE NORMALS FOR TOMORROW
                         NORMAL    RECORD    YEAR
 MAXIMUM TEMPERATURE (F)   41        62      1995
 MINIMUM TEMPERATURE (F)   20         1      1952


SUNRISE AND SUNSET
FEBRUARY 21 2018......SUNRISE   645 AM PST   SUNSET   534 PM PST
FEBRUARY 22 2018......SUNRISE   643 AM PST   SUNSET   536 PM PST


-  INDICATES NEGATIVE NUMBERS.
R  INDICATES RECORD WAS SET OR TIED.
MM INDICATES DATA IS MISSING.
T  INDICATES TRACE AMOUNT.




$$
