000
CDUS45 KBOI 030121
CLIBNO


CLIMATE REPORT
NATIONAL WEATHER SERVICE BOISE ID
720 PM MDT TUE SEP 2 2014


...................................

...THE BURNS OR CLIMATE SUMMARY FOR SEPTEMBER 2 2014...
VALID TODAY AS OF 0600 PM LOCAL TIME.

CLIMATE NORMAL PERIOD 1981 TO 2010
CLIMATE RECORD PERIOD 1939 TO 2014


WEATHER ITEM   OBSERVED TIME   RECORD YEAR NORMAL DEPARTURE LAST
                VALUE   (LST)  VALUE       VALUE  FROM      YEAR
                                                  NORMAL
..................................................................
TEMPERATURE (F)
 TODAY
  MAXIMUM         87    400 PM 100    1950  80      7       77
  MINIMUM         34    542 AM  29    2012  41     -7       58
  AVERAGE         61                        60      1       68

PRECIPITATION (IN)
  TODAY            0.00          0.24 2000   0.02  -0.02     0.12
                                      1941
  MONTH TO DATE    0.00                      0.03  -0.03     0.14
  SINCE OCT 1      6.96                     10.51  -3.55     7.96
  SINCE JAN 1      5.99                      7.01  -1.02     4.06

DEGREE DAYS
 HEATING
  TODAY            4                         5     -1        0
  MONTH TO DATE   11                        10      1        3
  SINCE SEP 1     11                        10      1        3
  SINCE JUL 1     76                       147    -71       39

 COOLING
  TODAY            0                         1     -1        3
  MONTH TO DATE    0                         2     -2        3
  SINCE SEP 1      0                         2     -2        3
  SINCE JAN 1    313                       208    105      354
..................................................................


WIND (MPH)
  HIGHEST WIND SPEED    22   HIGHEST WIND DIRECTION    SW (240)
  HIGHEST GUST SPEED    27   HIGHEST GUST DIRECTION    SW (220)
  AVERAGE WIND SPEED     6.5



WEATHER CONDITIONS
 THE FOLLOWING WEATHER WAS RECORDED TODAY.
  NO SIGNIFICANT WEATHER WAS OBSERVED.


RELATIVE HUMIDITY (PERCENT)
 HIGHEST    70           500 AM
 LOWEST      7           300 PM
 AVERAGE    39

..........................................................


THE BURNS OR CLIMATE NORMALS FOR TOMORROW
                         NORMAL    RECORD    YEAR
 MAXIMUM TEMPERATURE (F)   80        97      1998
                                             1988
                                             1955
 MINIMUM TEMPERATURE (F)   40        27      1980


SUNRISE AND SUNSET
SEPTEMBER  2 2014.....SUNRISE   621 AM PDT   SUNSET   729 PM PDT
SEPTEMBER  3 2014.....SUNRISE   622 AM PDT   SUNSET   728 PM PDT


-  INDICATES NEGATIVE NUMBERS.
R  INDICATES RECORD WAS SET OR TIED.
MM INDICATES DATA IS MISSING.
T  INDICATES TRACE AMOUNT.




$$
