000
CDUS45 KBOI 280120
CLIBNO


CLIMATE REPORT
NATIONAL WEATHER SERVICE BOISE ID
720 PM MDT FRI MAY 27 2016


...................................

...THE BURNS OR CLIMATE SUMMARY FOR MAY 27 2016...
VALID TODAY AS OF 0600 PM LOCAL TIME.

CLIMATE NORMAL PERIOD 1981 TO 2010
CLIMATE RECORD PERIOD 1938 TO 2016


WEATHER ITEM   OBSERVED TIME   RECORD YEAR NORMAL DEPARTURE LAST
                VALUE   (LST)  VALUE       VALUE  FROM      YEAR
                                                  NORMAL
..................................................................
TEMPERATURE (F)
 TODAY
  MAXIMUM         64    330 PM  86    2003  69     -5       75
                                      1983
  MINIMUM         32    430 AM  27    1954  39     -7       39
                                      1953
  AVERAGE         48                        54     -6       57

PRECIPITATION (IN)
  TODAY            0.00          0.60 2013   0.05  -0.05      T
  MONTH TO DATE    0.69                      1.06  -0.37     1.68
  SINCE OCT 1      8.72                      8.79  -0.07     8.43
  SINCE JAN 1      3.85                      5.29  -1.44     3.93

DEGREE DAYS
 HEATING
  TODAY           17                        11      6        8
  MONTH TO DATE  358                       386    -28      326
  SINCE MAR 1   1574                      1898   -324     1687
  SINCE JUL 1   6735                      7426   -691     6161

 COOLING
  TODAY            0                         0      0        0
  MONTH TO DATE    0                         0      0        0
  SINCE MAR 1      0                         0      0        0
  SINCE JAN 1      0                         0      0        0
..................................................................


WIND (MPH)
  HIGHEST WIND SPEED    22   HIGHEST WIND DIRECTION     W (270)
  HIGHEST GUST SPEED    30   HIGHEST GUST DIRECTION     W (280)
  AVERAGE WIND SPEED    10.2



WEATHER CONDITIONS
 THE FOLLOWING WEATHER WAS RECORDED TODAY.
  NO SIGNIFICANT WEATHER WAS OBSERVED.


RELATIVE HUMIDITY (PERCENT)
 HIGHEST    82           500 AM
 LOWEST     13           400 PM
 AVERAGE    48

..........................................................


THE BURNS OR CLIMATE NORMALS FOR TOMORROW
                         NORMAL    RECORD    YEAR
 MAXIMUM TEMPERATURE (F)   69        92      2003
 MINIMUM TEMPERATURE (F)   39        26      2007


SUNRISE AND SUNSET
MAY 27 2016...........SUNRISE   520 AM PDT   SUNSET   827 PM PDT
MAY 28 2016...........SUNRISE   519 AM PDT   SUNSET   827 PM PDT


-  INDICATES NEGATIVE NUMBERS.
R  INDICATES RECORD WAS SET OR TIED.
MM INDICATES DATA IS MISSING.
T  INDICATES TRACE AMOUNT.




$$
