000
CDUS45 KBOI 180121
CLIBNO


CLIMATE REPORT
NATIONAL WEATHER SERVICE BOISE ID
721 PM MDT WED SEP 17 2014


...................................

...THE BURNS OR CLIMATE SUMMARY FOR SEPTEMBER 17 2014...
VALID TODAY AS OF 0600 PM LOCAL TIME.

CLIMATE NORMAL PERIOD 1981 TO 2010
CLIMATE RECORD PERIOD 1939 TO 2014


WEATHER ITEM   OBSERVED TIME   RECORD YEAR NORMAL DEPARTURE LAST
                VALUE   (LST)  VALUE       VALUE  FROM      YEAR
                                                  NORMAL
..................................................................
TEMPERATURE (F)
 TODAY
  MAXIMUM         88    246 PM  93    1981  75     13       63
  MINIMUM         40    537 AM  23    1965  36      4       42
  AVERAGE         64                        56      8       53

PRECIPITATION (IN)
  TODAY            0.00          0.60 1989   0.02  -0.02     0.03
  MONTH TO DATE    0.00                      0.24  -0.24     0.66
  SINCE OCT 1      6.96                     10.72  -3.76     8.48
  SINCE JAN 1      5.99                      7.22  -1.23     4.58

DEGREE DAYS
 HEATING
  TODAY            1                        10     -9       12
  MONTH TO DATE  110                       123    -13       45
  SINCE SEP 1    110                       123    -13       45
  SINCE JUL 1    175                       260    -85       81

 COOLING
  TODAY            0                         0      0        0
  MONTH TO DATE    3                         7     -4       21
  SINCE SEP 1      3                         7     -4       21
  SINCE JAN 1    316                       213    103      372
..................................................................


WIND (MPH)
  HIGHEST WIND SPEED    25   HIGHEST WIND DIRECTION     S (200)
  HIGHEST GUST SPEED    33   HIGHEST GUST DIRECTION     S (180)
  AVERAGE WIND SPEED     7.8



WEATHER CONDITIONS
 THE FOLLOWING WEATHER WAS RECORDED TODAY.
  NO SIGNIFICANT WEATHER WAS OBSERVED.


RELATIVE HUMIDITY (PERCENT)
 HIGHEST    55           600 AM
 LOWEST     12           100 PM
 AVERAGE    34

..........................................................


THE BURNS OR CLIMATE NORMALS FOR TOMORROW
                         NORMAL    RECORD    YEAR
 MAXIMUM TEMPERATURE (F)   75        89      1981
 MINIMUM TEMPERATURE (F)   36        21      1988


SUNRISE AND SUNSET
SEPTEMBER 17 2014.....SUNRISE   637 AM PDT   SUNSET   702 PM PDT
SEPTEMBER 18 2014.....SUNRISE   639 AM PDT   SUNSET   700 PM PDT


-  INDICATES NEGATIVE NUMBERS.
R  INDICATES RECORD WAS SET OR TIED.
MM INDICATES DATA IS MISSING.
T  INDICATES TRACE AMOUNT.




$$
