000
CDUS45 KBOI 310934
CLIBNO


CLIMATE REPORT
NATIONAL WEATHER SERVICE BOISE ID
332 AM MDT FRI JUL 31 2015


...................................

...THE BURNS OR CLIMATE SUMMARY FOR JULY 30 2015...

CLIMATE NORMAL PERIOD 1981 TO 2010
CLIMATE RECORD PERIOD 1938 TO 2015


WEATHER ITEM   OBSERVED TIME   RECORD YEAR NORMAL DEPARTURE LAST
                VALUE   (LST)  VALUE       VALUE  FROM      YEAR
                                                  NORMAL
..................................................................
TEMPERATURE (F)
 YESTERDAY
  MAXIMUM         95    436 PM 103    2003  88      7       95
  MINIMUM         45    505 AM  30    1995  48     -3       53
  AVERAGE         70                        68      2       74

PRECIPITATION (IN)
  YESTERDAY        0.00          0.16 1964   0.02  -0.02     0.00
  MONTH TO DATE    0.51                      0.39   0.12     0.32
  SINCE OCT 1      9.07                     10.11  -1.04     6.69
  SINCE JAN 1      4.57                      6.61  -2.04     5.72

DEGREE DAYS
 HEATING
  YESTERDAY        0                         1     -1        0
  MONTH TO DATE   28                        56    -28       12
  SINCE JUN 1     77                       274   -197      197
  SINCE JUL 1     28                        56    -28       12

 COOLING
  YESTERDAY        5                         4      1        9
  MONTH TO DATE  103                       102      1      197
  SINCE JUN 1    213                       122     91      205
  SINCE JAN 1    216                       125     91      205
..................................................................


WIND (MPH)
  HIGHEST WIND SPEED    15   HIGHEST WIND DIRECTION    SE (120)
  HIGHEST GUST SPEED    19   HIGHEST GUST DIRECTION     E (110)
  AVERAGE WIND SPEED     4.1


SKY COVER
  POSSIBLE SUNSHINE  MM
  AVERAGE SKY COVER 0.0


WEATHER CONDITIONS
 THE FOLLOWING WEATHER WAS RECORDED YESTERDAY.
  NO SIGNIFICANT WEATHER WAS OBSERVED.


RELATIVE HUMIDITY (PERCENT)
 HIGHEST    53           500 AM
 LOWEST      7           300 PM
 AVERAGE    30

..........................................................


THE BURNS OR CLIMATE NORMALS FOR TODAY
                         NORMAL    RECORD    YEAR
 MAXIMUM TEMPERATURE (F)   88        99      2003
                                             1949
 MINIMUM TEMPERATURE (F)   48        35      2001


SUNRISE AND SUNSET
JULY 31 2015..........SUNRISE   544 AM PDT   SUNSET   820 PM PDT
AUGUST  1 2015........SUNRISE   545 AM PDT   SUNSET   819 PM PDT


-  INDICATES NEGATIVE NUMBERS.
R  INDICATES RECORD WAS SET OR TIED.
MM INDICATES DATA IS MISSING.
T  INDICATES TRACE AMOUNT.




$$
