000
CDUS45 KBOI 050931
CLIBNO


CLIMATE REPORT
NATIONAL WEATHER SERVICE BOISE ID
231 AM MST THU MAR 5 2015


...................................

...THE BURNS OR CLIMATE SUMMARY FOR MARCH 4 2015...

CLIMATE NORMAL PERIOD 1981 TO 2010
CLIMATE RECORD PERIOD 1939 TO 2015


WEATHER ITEM   OBSERVED TIME   RECORD YEAR NORMAL DEPARTURE LAST
                VALUE   (LST)  VALUE       VALUE  FROM      YEAR
                                                  NORMAL
..................................................................
TEMPERATURE (F)
 YESTERDAY
  MAXIMUM         45    447 PM  67    1968  45      0       56
  MINIMUM         11    633 AM   5    1985  23    -12       28
  AVERAGE         28                        34     -6       42

PRECIPITATION (IN)
  YESTERDAY       MM             0.39 1985   0.04  MM        0.00
  MONTH TO DATE   MM                         0.16  MM        0.21
  SINCE OCT 1      5.65                      5.87  -0.22     3.30
  SINCE JAN 1      1.15                      2.37  -1.22     2.33

DEGREE DAYS
 HEATING
  YESTERDAY       37                        31      6       23
  MONTH TO DATE  140                       126     14       94
  SINCE MAR 1    140                       126     14       94
  SINCE JUL 1   4614                      5654  -1040     5377

 COOLING
  YESTERDAY        0                         0      0        0
  MONTH TO DATE    0                         0      0        0
  SINCE MAR 1      0                         0      0        0
  SINCE JAN 1      0                         0      0        0
..................................................................


WIND (MPH)
  HIGHEST WIND SPEED    10   HIGHEST WIND DIRECTION    SW (240)
  HIGHEST GUST SPEED    12   HIGHEST GUST DIRECTION    SW (240)
  AVERAGE WIND SPEED     2.9


SKY COVER
  POSSIBLE SUNSHINE  MM
  AVERAGE SKY COVER 0.0


WEATHER CONDITIONS
 THE FOLLOWING WEATHER WAS RECORDED YESTERDAY.
  NO SIGNIFICANT WEATHER WAS OBSERVED.


RELATIVE HUMIDITY (PERCENT)
 HIGHEST    84           500 AM
 LOWEST     18           400 PM
 AVERAGE    51

..........................................................


THE BURNS OR CLIMATE NORMALS FOR TODAY
                         NORMAL    RECORD    YEAR
 MAXIMUM TEMPERATURE (F)   46        67      1986
 MINIMUM TEMPERATURE (F)   23         4      1955


SUNRISE AND SUNSET
MARCH  5 2015.........SUNRISE   626 AM PST   SUNSET   549 PM PST
MARCH  6 2015.........SUNRISE   624 AM PST   SUNSET   551 PM PST


-  INDICATES NEGATIVE NUMBERS.
R  INDICATES RECORD WAS SET OR TIED.
MM INDICATES DATA IS MISSING.
T  INDICATES TRACE AMOUNT.




$$
