000
CDUS45 KBOI 040122
CLIBOI


CLIMATE REPORT
NATIONAL WEATHER SERVICE BOISE ID
721 PM MDT THU SEP 3 2015


...................................

...THE BOISE ID CLIMATE SUMMARY FOR SEPTEMBER 3 2015...
VALID TODAY AS OF 0600 PM LOCAL TIME.

CLIMATE NORMAL PERIOD 1981 TO 2010
CLIMATE RECORD PERIOD 1878 TO 2015


WEATHER ITEM   OBSERVED TIME   RECORD YEAR NORMAL DEPARTURE LAST
                VALUE   (LST)  VALUE       VALUE  FROM      YEAR
                                                  NORMAL
..................................................................
TEMPERATURE (F)
 TODAY
  MAXIMUM         70    255 PM 101    2007  84    -14       71
                                      1931
  MINIMUM         55    726 AM  37    1956  55      0       53
  AVERAGE         63                        70     -7       62

PRECIPITATION (IN)
  TODAY            0.00          0.49 2013   0.01  -0.01     0.00
  MONTH TO DATE    0.00                      0.04  -0.04     0.00
  SINCE OCT 1     12.02                     11.19   0.83    11.52
  SINCE JAN 1      6.11                      7.54  -1.43     8.61

DEGREE DAYS
 HEATING
  TODAY            2                         1      1        3
  MONTH TO DATE    2                         3     -1        5
  SINCE SEP 1      2                         3     -1        5
  SINCE JUL 1      2                        21    -19        9

 COOLING
  TODAY            0                         6     -6        0
  MONTH TO DATE   17                        18     -1        7
  SINCE SEP 1     17                        18     -1        7
  SINCE JAN 1   1153                       852    301      990
..................................................................


WIND (MPH)
  HIGHEST WIND SPEED    23   HIGHEST WIND DIRECTION    NW (310)
  HIGHEST GUST SPEED    29   HIGHEST GUST DIRECTION    NW (320)
  AVERAGE WIND SPEED    14.8



WEATHER CONDITIONS
 THE FOLLOWING WEATHER WAS RECORDED TODAY.
  NO SIGNIFICANT WEATHER WAS OBSERVED.


RELATIVE HUMIDITY (PERCENT)
 HIGHEST    66           700 AM
 LOWEST     35           400 PM
 AVERAGE    51

..........................................................


THE BOISE ID CLIMATE NORMALS FOR TOMORROW
                         NORMAL    RECORD    YEAR
 MAXIMUM TEMPERATURE (F)   84       100      1924
 MINIMUM TEMPERATURE (F)   55        33      1887


SUNRISE AND SUNSET
SEPTEMBER  3 2015.....SUNRISE   711 AM MDT   SUNSET   817 PM MDT
SEPTEMBER  4 2015.....SUNRISE   712 AM MDT   SUNSET   815 PM MDT


-  INDICATES NEGATIVE NUMBERS.
R  INDICATES RECORD WAS SET OR TIED.
MM INDICATES DATA IS MISSING.
T  INDICATES TRACE AMOUNT.




$$
