000
CDUS45 KBOI 020120
CLIBOI


CLIMATE REPORT
NATIONAL WEATHER SERVICE BOISE ID
720 PM MDT FRI AUG 1 2014


...................................

...THE BOISE ID CLIMATE SUMMARY FOR AUGUST 1 2014...
VALID TODAY AS OF 0600 PM LOCAL TIME.

CLIMATE NORMAL PERIOD 1981 TO 2010
CLIMATE RECORD PERIOD 1878 TO 2014


WEATHER ITEM   OBSERVED TIME   RECORD YEAR NORMAL DEPARTURE LAST
                VALUE   (LST)  VALUE       VALUE  FROM      YEAR
                                                  NORMAL
..................................................................
TEMPERATURE (F)
 TODAY
  MAXIMUM         98    321 PM 106    1893  93      5       90
  MINIMUM         66    545 AM  42    1881  62      4       63
  AVERAGE         82                        77      5       77

PRECIPITATION (IN)
  TODAY            0.00          0.78 1960   0.01  -0.01      T
  MONTH TO DATE    0.00                      0.01  -0.01      T
  SINCE OCT 1     11.36                     10.92   0.44     7.11
  SINCE JAN 1      8.45                      7.27   1.18     4.46

DEGREE DAYS
 HEATING
  TODAY            0                         0      0        0
  MONTH TO DATE    0                         0      0        0
  SINCE JUN 1     36                        72    -36       35
  SINCE JUL 1      0                         8     -8        0

 COOLING
  TODAY           17                        12      5       12
  MONTH TO DATE   17                        12      5       12
  SINCE JUN 1    633                       493    140      719
  SINCE JAN 1    657                       537    120      766
..................................................................


WIND (MPH)
  HIGHEST WIND SPEED    12   HIGHEST WIND DIRECTION     W (270)
  HIGHEST GUST SPEED    18   HIGHEST GUST DIRECTION     W (290)
  AVERAGE WIND SPEED     5.2



WEATHER CONDITIONS
 THE FOLLOWING WEATHER WAS RECORDED TODAY.
  NO SIGNIFICANT WEATHER WAS OBSERVED.


RELATIVE HUMIDITY (PERCENT)
 HIGHEST    56           500 AM
 LOWEST     16           500 PM
 AVERAGE    36

..........................................................


THE BOISE ID CLIMATE NORMALS FOR TOMORROW
                         NORMAL    RECORD    YEAR
 MAXIMUM TEMPERATURE (F)   93       103      1966
                                             1961
                                             1947
 MINIMUM TEMPERATURE (F)   62        43      1988


SUNRISE AND SUNSET
AUGUST  1 2014........SUNRISE   634 AM MDT   SUNSET   907 PM MDT
AUGUST  2 2014........SUNRISE   635 AM MDT   SUNSET   906 PM MDT


-  INDICATES NEGATIVE NUMBERS.
R  INDICATES RECORD WAS SET OR TIED.
MM INDICATES DATA IS MISSING.
T  INDICATES TRACE AMOUNT.




$$
