000
CDUS45 KBOI 280121
CLIBOI


CLIMATE REPORT
NATIONAL WEATHER SERVICE BOISE ID
720 PM MDT WED AUG 27 2014


...................................

...THE BOISE ID CLIMATE SUMMARY FOR AUGUST 27 2014...
VALID TODAY AS OF 0600 PM LOCAL TIME.

CLIMATE NORMAL PERIOD 1981 TO 2010
CLIMATE RECORD PERIOD 1878 TO 2014


WEATHER ITEM   OBSERVED TIME   RECORD YEAR NORMAL DEPARTURE LAST
                VALUE   (LST)  VALUE       VALUE  FROM      YEAR
                                                  NORMAL
..................................................................
TEMPERATURE (F)
 TODAY
  MAXIMUM         89    532 PM 105    1883  87      2       92
  MINIMUM         61    638 AM  38    1960  57      4       63
  AVERAGE         75                        72      3       78

PRECIPITATION (IN)
  TODAY            0.00          0.10 1895   0.01  -0.01      T
  MONTH TO DATE    0.11                      0.20  -0.09     0.45
  SINCE OCT 1     11.47                     11.11   0.36     7.56
  SINCE JAN 1      8.56                      7.46   1.10     4.91

DEGREE DAYS
 HEATING
  TODAY            0                         1     -1        0
  MONTH TO DATE    0                         2     -2        0
  SINCE JUN 1     36                        74    -38       35
  SINCE JUL 1      0                        10    -10        0

 COOLING
  TODAY           10                         7      3       13
  MONTH TO DATE  317                       279     38      356
  SINCE JUN 1    933                       760    173     1063
  SINCE JAN 1    957                       804    153     1110
..................................................................


WIND (MPH)
  HIGHEST WIND SPEED    12   HIGHEST WIND DIRECTION     N (340)
  HIGHEST GUST SPEED    17   HIGHEST GUST DIRECTION    NW (330)
  AVERAGE WIND SPEED     5.8



WEATHER CONDITIONS
 THE FOLLOWING WEATHER WAS RECORDED TODAY.
  NO SIGNIFICANT WEATHER WAS OBSERVED.


RELATIVE HUMIDITY (PERCENT)
 HIGHEST    56           400 AM
 LOWEST     15           400 PM
 AVERAGE    36

..........................................................


THE BOISE ID CLIMATE NORMALS FOR TOMORROW
                         NORMAL    RECORD    YEAR
 MAXIMUM TEMPERATURE (F)   86       102      2009
 MINIMUM TEMPERATURE (F)   57        39      1960


SUNRISE AND SUNSET
AUGUST 27 2014........SUNRISE   703 AM MDT   SUNSET   829 PM MDT
AUGUST 28 2014........SUNRISE   704 AM MDT   SUNSET   827 PM MDT


-  INDICATES NEGATIVE NUMBERS.
R  INDICATES RECORD WAS SET OR TIED.
MM INDICATES DATA IS MISSING.
T  INDICATES TRACE AMOUNT.




$$
