000
CDUS45 KBOI 190932
CLIBOI


CLIMATE REPORT
NATIONAL WEATHER SERVICE BOISE ID
231 AM MST SUN FEB 19 2017


...................................

...THE BOISE ID CLIMATE SUMMARY FOR FEBRUARY 18 2017...

CLIMATE NORMAL PERIOD 1981 TO 2010
CLIMATE RECORD PERIOD 1875 TO 2017


WEATHER ITEM   OBSERVED TIME   RECORD YEAR NORMAL DEPARTURE LAST
                VALUE   (LST)  VALUE       VALUE  FROM      YEAR
                                                  NORMAL
..................................................................
TEMPERATURE (F)
 YESTERDAY
  MAXIMUM         50    540 PM  65    1958  46      4       56
  MINIMUM         40    136 AM   0    1882  29     11       41
  AVERAGE         45                        37      8       49

PRECIPITATION (IN)
  YESTERDAY        0.26          0.58 1915   0.03   0.23     0.13
  MONTH TO DATE    1.03                      0.62   0.41     0.47
  SINCE OCT 1      7.49                      5.51   1.98     5.64
  SINCE JAN 1      3.99                      1.86   2.13     1.30

SNOWFALL (IN)
  YESTERDAY        0.0           3.4  1910   0.1   -0.1      0.0
  MONTH TO DATE    2.1                       2.1    0.0      0.7
  SINCE OCT 1     37.6                      16.9   20.7     10.9
  SINCE JUL 1     37.6                      16.9   20.7     10.9
  SNOW DEPTH       0

DEGREE DAYS
 HEATING
  YESTERDAY       20                        28     -8       16
  MONTH TO DATE  475                       537    -62      459
  SINCE DEC 1   3104                      2644    460     2448
  SINCE JUL 1   4009                      3898    111     3520

 COOLING
  YESTERDAY        0                         0      0        0
  MONTH TO DATE    0                         0      0        0
  SINCE DEC 1      0                         0      0        0
  SINCE JAN 1      0                         0      0        0
..................................................................


WIND (MPH)
  HIGHEST WIND SPEED    26   HIGHEST WIND DIRECTION     E (110)
  HIGHEST GUST SPEED    33   HIGHEST GUST DIRECTION     E (100)
  AVERAGE WIND SPEED    13.2


SKY COVER
  POSSIBLE SUNSHINE  MM
  AVERAGE SKY COVER 1.0


WEATHER CONDITIONS
 THE FOLLOWING WEATHER WAS RECORDED YESTERDAY.
  RAIN
  LIGHT RAIN
  FOG


RELATIVE HUMIDITY (PERCENT)
 HIGHEST    89           100 AM
 LOWEST     66          1000 AM
 AVERAGE    78

..........................................................


THE BOISE ID CLIMATE NORMALS FOR TODAY
                         NORMAL    RECORD    YEAR
 MAXIMUM TEMPERATURE (F)   46        67      1995
 MINIMUM TEMPERATURE (F)   29        -5      1882


SUNRISE AND SUNSET
FEBRUARY 19 2017......SUNRISE   737 AM MST   SUNSET   621 PM MST
FEBRUARY 20 2017......SUNRISE   735 AM MST   SUNSET   622 PM MST


-  INDICATES NEGATIVE NUMBERS.
R  INDICATES RECORD WAS SET OR TIED.
MM INDICATES DATA IS MISSING.
T  INDICATES TRACE AMOUNT.




$$
