000
CDUS45 KBOI 180121
CLIBOI


CLIMATE REPORT
NATIONAL WEATHER SERVICE BOISE ID
721 PM MDT WED SEP 17 2014


...................................

...THE BOISE ID CLIMATE SUMMARY FOR SEPTEMBER 17 2014...
VALID TODAY AS OF 0600 PM LOCAL TIME.

CLIMATE NORMAL PERIOD 1981 TO 2010
CLIMATE RECORD PERIOD 1878 TO 2014


WEATHER ITEM   OBSERVED TIME   RECORD YEAR NORMAL DEPARTURE LAST
                VALUE   (LST)  VALUE       VALUE  FROM      YEAR
                                                  NORMAL
..................................................................
TEMPERATURE (F)
 TODAY
  MAXIMUM         92    445 PM  95    1998  78     14       76
                                      1981
  MINIMUM         69    746 AM  24    1965  51     18       56
  AVERAGE         81                        64     17       66

PRECIPITATION (IN)
  TODAY            0.00          0.65 1989   0.02  -0.02      T
  MONTH TO DATE    0.02                      0.29  -0.27     0.85
  SINCE OCT 1     11.54                     11.44   0.10     8.41
  SINCE JAN 1      8.63                      7.79   0.84     5.76

DEGREE DAYS
 HEATING
  TODAY            0                         4     -4        0
  MONTH TO DATE   24                        36    -12        0
  SINCE SEP 1     24                        36    -12        0
  SINCE JUL 1     28                        54    -26        0

 COOLING
  TODAY           16                         3     13        1
  MONTH TO DATE   77                        75      2      143
  SINCE SEP 1     77                        75      2      143
  SINCE JAN 1   1060                       909    151     1315
..................................................................


WIND (MPH)
  HIGHEST WIND SPEED    13   HIGHEST WIND DIRECTION    SE (130)
  HIGHEST GUST SPEED    15   HIGHEST GUST DIRECTION    SE (130)
  AVERAGE WIND SPEED     5.6



WEATHER CONDITIONS
 THE FOLLOWING WEATHER WAS RECORDED TODAY.
  NO SIGNIFICANT WEATHER WAS OBSERVED.


RELATIVE HUMIDITY (PERCENT)
 HIGHEST    38           100 AM
 LOWEST     14           400 PM
 AVERAGE    26

..........................................................


THE BOISE ID CLIMATE NORMALS FOR TOMORROW
                         NORMAL    RECORD    YEAR
 MAXIMUM TEMPERATURE (F)   78        98      1875
 MINIMUM TEMPERATURE (F)   50        27      1965


SUNRISE AND SUNSET
SEPTEMBER 17 2014.....SUNRISE   727 AM MDT   SUNSET   751 PM MDT
SEPTEMBER 18 2014.....SUNRISE   728 AM MDT   SUNSET   749 PM MDT


-  INDICATES NEGATIVE NUMBERS.
R  INDICATES RECORD WAS SET OR TIED.
MM INDICATES DATA IS MISSING.
T  INDICATES TRACE AMOUNT.




$$
