000
CDUS41 KBOX 220545
CLIBOS


CLIMATE REPORT
NATIONAL WEATHER SERVICE TAUNTON MA
1237 AM EST MON DEC 22 2014


...................................

...THE BOSTON MA CLIMATE SUMMARY FOR DECEMBER 21 2014...

CLIMATE NORMAL PERIOD 1981 TO 2010
CLIMATE RECORD PERIOD 1872 TO 2014


WEATHER ITEM   OBSERVED TIME   RECORD YEAR NORMAL DEPARTURE LAST
                VALUE   (LST)  VALUE       VALUE  FROM      YEAR
                                                  NORMAL
..................................................................
TEMPERATURE (F)
 YESTERDAY
  MAXIMUM         36    238 AM  62    1957  39     -3       54
  MINIMUM         30   1027 AM  -5    1942  26      4       41
  AVERAGE         33                        33      0       48

PRECIPITATION (IN)
  YESTERDAY        T             1.91 1946   0.13  -0.13     0.00
  MONTH TO DATE    5.55                      2.65   2.90     2.56
  SINCE DEC 1      5.55                      2.65   2.90     2.56
  SINCE JAN 1     44.24                     42.64   1.60    38.30

SNOWFALL (IN)
  YESTERDAY        T            10.1  1975   0.3   -0.3      0.0
  MONTH TO DATE    0.3                       5.3   -5.0     11.4
  SINCE DEC 1      0.3                       5.3   -5.0     11.4
  SINCE JUL 1      2.9                       6.6   -3.7     11.4
  SNOW DEPTH      MM

DEGREE DAYS
 HEATING
  YESTERDAY       32                        32      0       17
  MONTH TO DATE  575                       602    -27      651
  SINCE DEC 1    575                       602    -27      651
  SINCE JUL 1   1588                      1657    -69     1667

 COOLING
  YESTERDAY        0                         0      0        0
  MONTH TO DATE    0                         0      0        0
  SINCE DEC 1      0                         0      0        0
  SINCE JAN 1    769                       747     22      920
..................................................................


WIND (MPH)
  RESULTANT WIND SPEED   9   RESULTANT WIND DIRECTION   N (10)
  HIGHEST WIND SPEED    16   HIGHEST WIND DIRECTION    NE (40)
  HIGHEST GUST SPEED    20   HIGHEST GUST DIRECTION    NE (40)
  AVERAGE WIND SPEED     9.2


SKY COVER
  POSSIBLE SUNSHINE  MM
  AVERAGE SKY COVER 1.0


WEATHER CONDITIONS
 THE FOLLOWING WEATHER WAS RECORDED YESTERDAY.
  LIGHT SNOW
  FOG


RELATIVE HUMIDITY (PERCENT)
 HIGHEST    85           500 AM
 LOWEST     69           900 PM
 AVERAGE    77

..........................................................


THE BOSTON MA CLIMATE NORMALS FOR TODAY
                         NORMAL    RECORD    YEAR
 MAXIMUM TEMPERATURE (F)   39        62      1990
 MINIMUM TEMPERATURE (F)   26         1      1883
                                             1879


SUNRISE AND SUNSET
DECEMBER 22 2014......SUNRISE   710 AM EST   SUNSET   415 PM EST
DECEMBER 23 2014......SUNRISE   711 AM EST   SUNSET   416 PM EST


-  INDICATES NEGATIVE NUMBERS.
R  INDICATES RECORD WAS SET OR TIED.
MM INDICATES DATA IS MISSING.
T  INDICATES TRACE AMOUNT.




$$
