000
CDUS41 KBOX 252230
CLIBOS


CLIMATE REPORT
NATIONAL WEATHER SERVICE TAUNTON MA
630 PM EDT TUE JUL 25 2017


...................................

...THE BOSTON MA CLIMATE SUMMARY FOR JULY 25 2017...
VALID AS OF 0600 PM LOCAL TIME.

CLIMATE NORMAL PERIOD 1981 TO 2010
CLIMATE RECORD PERIOD 1872 TO 2017


WEATHER ITEM   OBSERVED TIME   RECORD YEAR NORMAL DEPARTURE LAST
                VALUE   (LST)  VALUE       VALUE  FROM      YEAR
                                                  NORMAL
..................................................................
TEMPERATURE (F)
 TODAY
  MAXIMUM         65    354 PM  96    1882  82    -17       92
  MINIMUM         56    518 AM  53    1901  66    -10       67
  AVERAGE         61                        74    -13       80

PRECIPITATION (IN)
  TODAY            0.01          1.92 1990   0.12  -0.11     0.00
  MONTH TO DATE    3.99                      2.68   1.31     0.66
  SINCE JUN 1      8.84                      6.36   2.48     1.99
  SINCE JAN 1     29.67                     24.52   5.15    18.33

SNOWFALL (IN)
  TODAY            0.0           0.0  2002   0.0    0.0      0.0
                                      2001
                                      2000
  MONTH TO DATE    0.0                       0.0    0.0      0.0
  SINCE JUN 1      0.0                       0.0    0.0      0.0
  SINCE JUL 1      0.0                       0.0    0.0      0.0
  SNOW DEPTH      MM

DEGREE DAYS
 HEATING
  TODAY            4                         0      4        0
  MONTH TO DATE   10                         0     10        7
  SINCE JUN 1     60                        55      5       24
  SINCE JUL 1     10                         0     10        7

 COOLING
  TODAY            0                         9     -9       15
  MONTH TO DATE  225                       214     11      277
  SINCE JUN 1    416                       350     66      406
  SINCE JAN 1    476                       380     96      451
..................................................................


WIND (MPH)
  HIGHEST WIND SPEED    13   HIGHEST WIND DIRECTION     E (80)
  HIGHEST GUST SPEED    18   HIGHEST GUST DIRECTION     N (10)
  AVERAGE WIND SPEED    10.0


SKY COVER
  POSSIBLE SUNSHINE  MM
  AVERAGE SKY COVER 0.9


WEATHER CONDITIONS
 THE FOLLOWING WEATHER WAS RECORDED TODAY.
  LIGHT RAIN
  FOG


RELATIVE HUMIDITY (PERCENT)
 HIGHEST   100          1200 AM
 LOWEST     73           500 PM
 AVERAGE    87

..........................................................


THE BOSTON MA CLIMATE NORMALS FOR TOMORROW
                         NORMAL    RECORD    YEAR
 MAXIMUM TEMPERATURE (F)   82        96      1989
                                             1963
                                             1892
 MINIMUM TEMPERATURE (F)   66        56      1920
                                             1884


SUNRISE AND SUNSET
JULY 25 2017..........SUNRISE   530 AM EDT   SUNSET   811 PM EDT
JULY 26 2017..........SUNRISE   531 AM EDT   SUNSET   810 PM EDT


-  INDICATES NEGATIVE NUMBERS.
R  INDICATES RECORD WAS SET OR TIED.
MM INDICATES DATA IS MISSING.
T  INDICATES TRACE AMOUNT.




$$
