841
CDUS45 KRIW 240740
CLIBPI


CLIMATE REPORT
NATIONAL WEATHER SERVICE RIVERTON WY
130 AM MDT SUN JUL 24 2016


...................................

...THE BIG PINEY WY CLIMATE SUMMARY FOR JULY 23 2016...

CLIMATE NORMAL PERIOD 1981 TO 2010
CLIMATE RECORD PERIOD 1976 TO 2016


WEATHER ITEM   OBSERVED TIME   RECORD YEAR NORMAL DEPARTURE LAST
                VALUE   (LST)  VALUE       VALUE  FROM      YEAR
                                                  NORMAL
..................................................................
TEMPERATURE (F)
 YESTERDAY
  MAXIMUM         84    308 PM  94    2003  82      2       76
  MINIMUM         40    434 AM  33    2001  44     -4       50
  AVERAGE         62                        63     -1       63

PRECIPITATION (IN)
  YESTERDAY        0.00          0.27 1993   0.02  -0.02     0.01
  MONTH TO DATE    0.12                      0.48  -0.36     1.73
  SINCE JUN 1      0.85                      1.27  -0.42     1.96
  SINCE JAN 1      6.90                      3.74   3.16     4.94

DEGREE DAYS
 HEATING
  YESTERDAY        3                         3      0        2
  MONTH TO DATE  100                        91      9      107
  SINCE JUN 1    278                       396   -118      242
  SINCE JUL 1    100                        91      9      107

 COOLING
  YESTERDAY        0                         1     -1        0
  MONTH TO DATE   10                        15     -5       18
  SINCE JUN 1     11                        17     -6       42
  SINCE JAN 1     11                        17     -6       42
..................................................................


WIND (MPH)
  HIGHEST WIND SPEED    18   HIGHEST WIND DIRECTION    NW (310)
  HIGHEST GUST SPEED    25   HIGHEST GUST DIRECTION     W (280)
  AVERAGE WIND SPEED     8.6


SKY COVER
  POSSIBLE SUNSHINE  MM
  AVERAGE SKY COVER 0.0


WEATHER CONDITIONS
 THE FOLLOWING WEATHER WAS RECORDED YESTERDAY.
  NO SIGNIFICANT WEATHER WAS OBSERVED.


RELATIVE HUMIDITY (PERCENT)
 HIGHEST    53           400 AM
 LOWEST     10           300 PM
 AVERAGE    32

..........................................................


THE BIG PINEY WY CLIMATE NORMALS FOR TODAY
                         NORMAL    RECORD    YEAR
 MAXIMUM TEMPERATURE (F)   82        88      2003
                                             2002
 MINIMUM TEMPERATURE (F)   44        31      2001


SUNRISE AND SUNSET
JULY 24 2016..........SUNRISE   605 AM MDT   SUNSET   848 PM MDT
JULY 25 2016..........SUNRISE   606 AM MDT   SUNSET   847 PM MDT


-  INDICATES NEGATIVE NUMBERS.
R  INDICATES RECORD WAS SET OR TIED.
MM INDICATES DATA IS MISSING.
T  INDICATES TRACE AMOUNT.




$$
