000
CDUS45 KRIW 290034
CLIBPI


CLIMATE REPORT
NATIONAL WEATHER SERVICE RIVERTON WY
634 PM MDT TUE JUL 28 2015


...................................

...THE BIG PINEY WY CLIMATE SUMMARY FOR JULY 28 2015...
VALID TODAY AS OF 0500 PM LOCAL TIME.

CLIMATE NORMAL PERIOD 1981 TO 2010
CLIMATE RECORD PERIOD 1976 TO 2015


WEATHER ITEM   OBSERVED TIME   RECORD YEAR NORMAL DEPARTURE LAST
                VALUE   (LST)  VALUE       VALUE  FROM      YEAR
                                                  NORMAL
..................................................................
TEMPERATURE (F)
 TODAY
  MAXIMUM         69        MM  92    2006  82    -13       90
  MINIMUM         29R       MM  35    1980  44    -15       46
  AVERAGE         49

PRECIPITATION (IN)
  TODAY            0.00          0.14 1997   0.03  -0.03     0.00
  MONTH TO DATE    1.73                      0.63   1.10     0.28
  SINCE JUN 1      1.96                      1.42   0.54     0.46
  SINCE JAN 1      4.94                      3.89   1.05     1.61

DEGREE DAYS
 HEATING
  TODAY           16                         3     13        0
  MONTH TO DATE  138                       106     32       34
  SINCE JUN 1    273                       411   -138      381
  SINCE JUL 1    138                       106     32       34

 COOLING
  TODAY            0                         1     -1        3
  MONTH TO DATE   18                        20     -2       26
  SINCE JUN 1     42                        22     20       26
  SINCE JAN 1     42                        22     20       26
..................................................................


WIND (MPH)
  HIGHEST WIND SPEED    13   HIGHEST WIND DIRECTION     W (280)
  HIGHEST GUST SPEED    22   HIGHEST GUST DIRECTION     N (340)
  AVERAGE WIND SPEED     6.6


SKY COVER
  POSSIBLE SUNSHINE  MM
  AVERAGE SKY COVER 0.0


WEATHER CONDITIONS
 THE FOLLOWING WEATHER WAS RECORDED TODAY.
  NO SIGNIFICANT WEATHER WAS OBSERVED.


RELATIVE HUMIDITY (PERCENT)
 HIGHEST    72           300 AM
 LOWEST     14           300 PM
 AVERAGE    43

..........................................................


THE BIG PINEY WY CLIMATE NORMALS FOR TOMORROW
                         NORMAL    RECORD    YEAR
 MAXIMUM TEMPERATURE (F)   82        90      2006
 MINIMUM TEMPERATURE (F)   44        31      1986


SUNRISE AND SUNSET
JULY 28 2015..........SUNRISE   608 AM MDT   SUNSET   845 PM MDT
JULY 29 2015..........SUNRISE   609 AM MDT   SUNSET   844 PM MDT


-  INDICATES NEGATIVE NUMBERS.
R  INDICATES RECORD WAS SET OR TIED.
MM INDICATES DATA IS MISSING.
T  INDICATES TRACE AMOUNT.




$$
