000
CDUS45 KRIW 110741
CLIBPI


CLIMATE REPORT
NATIONAL WEATHER SERVICE RIVERTON WY
1231 AM MST THU FEB 11 2016


...................................

...THE BIG PINEY WY CLIMATE SUMMARY FOR FEBRUARY 10 2016...

CLIMATE NORMAL PERIOD 1981 TO 2010
CLIMATE RECORD PERIOD 1976 TO 2016


WEATHER ITEM   OBSERVED TIME   RECORD YEAR NORMAL DEPARTURE LAST
                VALUE   (LST)  VALUE       VALUE  FROM      YEAR
                                                  NORMAL
..................................................................
TEMPERATURE (F)
 YESTERDAY
  MAXIMUM         44R   437 PM  43    2000  27     17       41
  MINIMUM          6    728 AM -29    1989   0      6       24
  AVERAGE         25                        13     12       33

PRECIPITATION (IN)
  YESTERDAY        0.00          0.08 1993   0.01  -0.01     0.00
  MONTH TO DATE    T                         0.11  -0.11     0.01
  SINCE DEC 1      0.15                      0.72  -0.57     0.14
  SINCE JAN 1      0.04                      0.42  -0.38     0.02

DEGREE DAYS
 HEATING
  YESTERDAY       40                        52    -12       32
  MONTH TO DATE  469                       530    -61      332
  SINCE DEC 1   3713                      3828   -115     3143
  SINCE JUL 1   6194                      6643   -449     5371

 COOLING
  YESTERDAY        0                         0      0        0
  MONTH TO DATE    0                         0      0        0
  SINCE DEC 1      0                         0      0        0
  SINCE JAN 1      0                         0      0        0
..................................................................


WIND (MPH)
  HIGHEST WIND SPEED    12   HIGHEST WIND DIRECTION     N (360)
  HIGHEST GUST SPEED    13   HIGHEST GUST DIRECTION    NW (310)
  AVERAGE WIND SPEED     3.1


SKY COVER
  POSSIBLE SUNSHINE  MM
  AVERAGE SKY COVER 0.0


WEATHER CONDITIONS
 THE FOLLOWING WEATHER WAS RECORDED YESTERDAY.
  NO SIGNIFICANT WEATHER WAS OBSERVED.


RELATIVE HUMIDITY (PERCENT)
 HIGHEST    92           200 AM
 LOWEST     44           300 PM
 AVERAGE    68

..........................................................


THE BIG PINEY WY CLIMATE NORMALS FOR TODAY
                         NORMAL    RECORD    YEAR
 MAXIMUM TEMPERATURE (F)   28        42      2015
                                             2000
 MINIMUM TEMPERATURE (F)   -1       -27      1985


SUNRISE AND SUNSET
FEBRUARY 11 2016......SUNRISE   723 AM MST   SUNSET   547 PM MST
FEBRUARY 12 2016......SUNRISE   722 AM MST   SUNSET   548 PM MST


-  INDICATES NEGATIVE NUMBERS.
R  INDICATES RECORD WAS SET OR TIED.
MM INDICATES DATA IS MISSING.
T  INDICATES TRACE AMOUNT.




$$
