000
CDUS45 KRIW 230737
CLIBPI


CLIMATE REPORT
NATIONAL WEATHER SERVICE RIVERTON WY
129 AM MDT TUE SEP 23 2014


...................................

...THE BIG PINEY WY CLIMATE SUMMARY FOR SEPTEMBER 22 2014...

CLIMATE NORMAL PERIOD 1981 TO 2010
CLIMATE RECORD PERIOD 1976 TO 2014


WEATHER ITEM   OBSERVED TIME   RECORD YEAR NORMAL DEPARTURE LAST
                VALUE   (LST)  VALUE       VALUE  FROM      YEAR
                                                  NORMAL
..................................................................
TEMPERATURE (F)
 YESTERDAY
  MAXIMUM         63    352 PM  78    2012  65     -2       62
  MINIMUM         42   1158 PM  15    1983  29     13       43
  AVERAGE         53                        47      6       53

PRECIPITATION (IN)
  YESTERDAY        0.01          0.19 1976   0.03  -0.02     0.01
  MONTH TO DATE    0.18                      0.57  -0.39     0.77
  SINCE SEP 1      0.18                      0.57  -0.39     0.77
  SINCE JAN 1      3.55                      5.23  -1.68     3.77

DEGREE DAYS
 HEATING
  YESTERDAY       12                        18     -6       12
  MONTH TO DATE  251                       303    -52      171
  SINCE SEP 1    251                       303    -52      171
  SINCE JUL 1    480                       596   -116      272

 COOLING
  YESTERDAY        0                         0      0        0
  MONTH TO DATE    0                         0      0        5
  SINCE SEP 1      0                         0      0        5
  SINCE JAN 1     26                        35     -9       89
..................................................................


WIND (MPH)
  HIGHEST WIND SPEED    16   HIGHEST WIND DIRECTION     N (10)
  HIGHEST GUST SPEED    20   HIGHEST GUST DIRECTION     N (360)
  AVERAGE WIND SPEED     5.3


SKY COVER
  POSSIBLE SUNSHINE  MM
  AVERAGE SKY COVER 0.8


WEATHER CONDITIONS
 THE FOLLOWING WEATHER WAS RECORDED YESTERDAY.
  THUNDERSTORM
  LIGHT RAIN
  FOG


RELATIVE HUMIDITY (PERCENT)
 HIGHEST   100           200 AM
 LOWEST     55           100 PM
 AVERAGE    78

..........................................................


THE BIG PINEY WY CLIMATE NORMALS FOR TODAY
                         NORMAL    RECORD    YEAR
 MAXIMUM TEMPERATURE (F)   65        80      1987
 MINIMUM TEMPERATURE (F)   29        13      1996


SUNRISE AND SUNSET
SEPTEMBER 23 2014.....SUNRISE   709 AM MDT   SUNSET   716 PM MDT
SEPTEMBER 24 2014.....SUNRISE   710 AM MDT   SUNSET   714 PM MDT


-  INDICATES NEGATIVE NUMBERS.
R  INDICATES RECORD WAS SET OR TIED.
MM INDICATES DATA IS MISSING.
T  INDICATES TRACE AMOUNT.




$$
