000
CDUS45 KRIW 250032
CLIBPI


CLIMATE REPORT
NATIONAL WEATHER SERVICE RIVERTON WY
530 PM MST TUE JAN 24 2017


...................................

...THE BIG PINEY WY CLIMATE SUMMARY FOR JANUARY 24 2017...
VALID TODAY AS OF 0500 PM LOCAL TIME.

CLIMATE NORMAL PERIOD 1981 TO 2010
CLIMATE RECORD PERIOD 1976 TO 2017


WEATHER ITEM   OBSERVED TIME   RECORD YEAR NORMAL DEPARTURE LAST
                VALUE   (LST)  VALUE       VALUE  FROM      YEAR
                                                  NORMAL
..................................................................
TEMPERATURE (F)
 TODAY
  MAXIMUM         21    100 AM  46    1977  26     -5       32
  MINIMUM          9        MM -35    1979  -4     13        8
  AVERAGE         15

PRECIPITATION (IN)
  TODAY            0.15R         0.10 1996   0.01   0.14      T
  MONTH TO DATE    0.99                      0.25   0.74     0.04
  SINCE DEC 1      1.54                      0.55   0.99     0.15
  SINCE JAN 1      0.99                      0.25   0.74     0.04

DEGREE DAYS
 HEATING
  TODAY           50                        54     -4       45
  MONTH TO DATE 1507                      1296    211     1246
  SINCE DEC 1   3235                      2920    315     2918
  SINCE JUL 1   5684                      5735    -51     5399

 COOLING
  TODAY            0                         0      0        0
  MONTH TO DATE    0                         0      0        0
  SINCE DEC 1      0                         0      0        0
  SINCE JAN 1      0                         0      0        0
..................................................................


WIND (MPH)
  HIGHEST WIND SPEED    14   HIGHEST WIND DIRECTION     S (180)
  HIGHEST GUST SPEED    MM   HIGHEST GUST DIRECTION    MM
  AVERAGE WIND SPEED     7.0


SKY COVER
  POSSIBLE SUNSHINE  MM
  AVERAGE SKY COVER 1.0


WEATHER CONDITIONS
 THE FOLLOWING WEATHER WAS RECORDED TODAY.
  LIGHT SNOW
  FOG


RELATIVE HUMIDITY (PERCENT)
 HIGHEST   100           200 AM
 LOWEST     84           400 AM
 AVERAGE    92

..........................................................


THE BIG PINEY WY CLIMATE NORMALS FOR TOMORROW
                         NORMAL    RECORD    YEAR
 MAXIMUM TEMPERATURE (F)   26        46      2015
 MINIMUM TEMPERATURE (F)   -4       -23      1989


SUNRISE AND SUNSET
JANUARY 24 2017.......SUNRISE   742 AM MST   SUNSET   524 PM MST
JANUARY 25 2017.......SUNRISE   741 AM MST   SUNSET   525 PM MST


-  INDICATES NEGATIVE NUMBERS.
R  INDICATES RECORD WAS SET OR TIED.
MM INDICATES DATA IS MISSING.
T  INDICATES TRACE AMOUNT.




$$
