000
CDUS45 KRIW 240744
CLIBPI


CLIMATE REPORT
NATIONAL WEATHER SERVICE RIVERTON WY
1242 AM MST FRI FEB 24 2017


...................................

...THE BIG PINEY WY CLIMATE SUMMARY FOR FEBRUARY 23 2017...

CLIMATE NORMAL PERIOD 1981 TO 2010
CLIMATE RECORD PERIOD 1976 TO 2017


WEATHER ITEM   OBSERVED TIME   RECORD YEAR NORMAL DEPARTURE LAST
                VALUE   (LST)  VALUE       VALUE  FROM      YEAR
                                                  NORMAL
..................................................................
TEMPERATURE (F)
 YESTERDAY
  MAXIMUM         27    109 PM  44    1995  32     -5       36
  MINIMUM         17   1159 PM -22    2015   3     14        6
  AVERAGE         22                        17      5       21

PRECIPITATION (IN)
  YESTERDAY        0.01R         0.01 2001   0.01   0.00      T
                                      1993
                                      1979
  MONTH TO DATE    0.68                      0.29   0.39     0.11
  SINCE DEC 1      2.22                      0.90   1.32     0.26
  SINCE JAN 1      1.67                      0.60   1.07     0.15

DEGREE DAYS
 HEATING
  YESTERDAY       43                        48     -5       44
  MONTH TO DATE 1014                      1179   -165      922
  SINCE DEC 1   4666                      4477    189     4166
  SINCE JUL 1   7115                      7292   -177     6647

 COOLING
  YESTERDAY        0                         0      0        0
  MONTH TO DATE    0                         0      0        0
  SINCE DEC 1      0                         0      0        0
  SINCE JAN 1      0                         0      0        0
..................................................................


WIND (MPH)
  HIGHEST WIND SPEED    26   HIGHEST WIND DIRECTION     N (340)
  HIGHEST GUST SPEED    32   HIGHEST GUST DIRECTION     N (350)
  AVERAGE WIND SPEED    11.4


SKY COVER
  POSSIBLE SUNSHINE  MM
  AVERAGE SKY COVER 0.9


WEATHER CONDITIONS
 THE FOLLOWING WEATHER WAS RECORDED YESTERDAY.
  SNOW
  LIGHT SNOW


RELATIVE HUMIDITY (PERCENT)
 HIGHEST   100           900 PM
 LOWEST     57           100 PM
 AVERAGE    79

..........................................................


THE BIG PINEY WY CLIMATE NORMALS FOR TODAY
                         NORMAL    RECORD    YEAR
 MAXIMUM TEMPERATURE (F)   32        49      1981
 MINIMUM TEMPERATURE (F)    4       -15      1997


SUNRISE AND SUNSET
FEBRUARY 24 2017......SUNRISE   703 AM MST   SUNSET   604 PM MST
FEBRUARY 25 2017......SUNRISE   702 AM MST   SUNSET   606 PM MST


-  INDICATES NEGATIVE NUMBERS.
R  INDICATES RECORD WAS SET OR TIED.
MM INDICATES DATA IS MISSING.
T  INDICATES TRACE AMOUNT.




$$
