000
CDUS45 KRIW 170729
CLIBPI


CLIMATE REPORT
NATIONAL WEATHER SERVICE RIVERTON WY
128 AM MDT THU APR 17 2014


...................................

...THE BIG PINEY WY CLIMATE SUMMARY FOR APRIL 16 2014...

CLIMATE NORMAL PERIOD 1981 TO 2010
CLIMATE RECORD PERIOD 1976 TO 2014


WEATHER ITEM   OBSERVED TIME   RECORD YEAR NORMAL DEPARTURE LAST
                VALUE   (LST)  VALUE       VALUE  FROM      YEAR
                                                  NORMAL
..................................................................
TEMPERATURE (F)
 YESTERDAY
  MAXIMUM         47    423 PM  72    1994  53     -6       28
  MINIMUM         16    537 AM  10    2008  22     -6       18
  AVERAGE         32                        37     -5       23

PRECIPITATION (IN)
  YESTERDAY        0.00          0.31 2009   0.01  -0.01      T
  MONTH TO DATE    0.02                      0.25  -0.23     0.16
  SINCE MAR 1      0.14                      0.69  -0.55     0.19
  SINCE JAN 1      0.18                      1.35  -1.17     0.35

DEGREE DAYS
 HEATING
  YESTERDAY       33                        28      5       42
  MONTH TO DATE  489                       476     13      500
  SINCE MAR 1   1548                      1648   -100     1618
  SINCE JUL 1   8492                      9171   -679     8482

 COOLING
  YESTERDAY        0                         0      0        0
  MONTH TO DATE    0                         0      0        0
  SINCE MAR 1      0                         0      0        0
  SINCE JAN 1      0                         0      0        0
..................................................................


WIND (MPH)
  HIGHEST WIND SPEED    20   HIGHEST WIND DIRECTION     N (360)
  HIGHEST GUST SPEED    29   HIGHEST GUST DIRECTION    NE (30)
  AVERAGE WIND SPEED     9.0


SKY COVER
  POSSIBLE SUNSHINE  MM
  AVERAGE SKY COVER 0.0


WEATHER CONDITIONS
 THE FOLLOWING WEATHER WAS RECORDED YESTERDAY.
  NO SIGNIFICANT WEATHER WAS OBSERVED.


RELATIVE HUMIDITY (PERCENT)
 HIGHEST    81          1200 AM
 LOWEST     21          1100 AM
 AVERAGE    51

..........................................................


THE BIG PINEY WY CLIMATE NORMALS FOR TODAY
                         NORMAL    RECORD    YEAR
 MAXIMUM TEMPERATURE (F)   53        74      1994
 MINIMUM TEMPERATURE (F)   22        11      1980


SUNRISE AND SUNSET
APRIL 17 2014.........SUNRISE   636 AM MDT   SUNSET   805 PM MDT
APRIL 18 2014.........SUNRISE   634 AM MDT   SUNSET   806 PM MDT


-  INDICATES NEGATIVE NUMBERS.
R  INDICATES RECORD WAS SET OR TIED.
MM INDICATES DATA IS MISSING.
T  INDICATES TRACE AMOUNT.




$$
