853
CDUS45 KRIW 250733
CLIBPI


CLIMATE REPORT
NATIONAL WEATHER SERVICE RIVERTON WY
1233 AM MST SAT NOV 25 2017


...................................

...THE BIG PINEY WY CLIMATE SUMMARY FOR NOVEMBER 24 2017...

CLIMATE NORMAL PERIOD 1981 TO 2010
CLIMATE RECORD PERIOD 1976 TO 2017


WEATHER ITEM   OBSERVED TIME   RECORD YEAR NORMAL DEPARTURE LAST
                VALUE   (LST)  VALUE       VALUE  FROM      YEAR
                                                  NORMAL
..................................................................
TEMPERATURE (F)
 YESTERDAY
  MAXIMUM         50    941 AM  53    2012  33     17       32
                                      1995
  MINIMUM         26   1038 PM -18    2010   6     20       11
  AVERAGE         38                        19     19       22

PRECIPITATION (IN)
  YESTERDAY        0.01          0.09 2002   0.00   0.01     0.00
  MONTH TO DATE    0.25                      0.17   0.08     0.50
  SINCE SEP 1      1.98                      1.48   0.50     4.53
  SINCE JAN 1      9.08                      6.14   2.94    12.01

DEGREE DAYS
 HEATING
  YESTERDAY       27                        46    -19       43
  MONTH TO DATE  849                       951   -102      762
  SINCE SEP 1   2156                      2238    -82     1899
  SINCE JUL 1   2343                      2531   -188     2182

 COOLING
  YESTERDAY        0                         0      0        0
  MONTH TO DATE    0                         0      0        0
  SINCE SEP 1      0                         0      0        0
  SINCE JAN 1     27                        35     -8       23
..................................................................


WIND (MPH)
  HIGHEST WIND SPEED    30   HIGHEST WIND DIRECTION    NW (310)
  HIGHEST GUST SPEED    40   HIGHEST GUST DIRECTION    NW (310)
  AVERAGE WIND SPEED     9.1


SKY COVER
  POSSIBLE SUNSHINE  MM
  AVERAGE SKY COVER 0.4


WEATHER CONDITIONS
 THE FOLLOWING WEATHER WAS RECORDED YESTERDAY.
  LIGHT RAIN
  FOG


RELATIVE HUMIDITY (PERCENT)
 HIGHEST    92           800 PM
 LOWEST     50           300 PM
 AVERAGE    71

..........................................................


THE BIG PINEY WY CLIMATE NORMALS FOR TODAY
                         NORMAL    RECORD    YEAR
 MAXIMUM TEMPERATURE (F)   32        52      1995
 MINIMUM TEMPERATURE (F)    6       -23      2010


SUNRISE AND SUNSET
NOVEMBER 25 2017......SUNRISE   724 AM MST   SUNSET   451 PM MST
NOVEMBER 26 2017......SUNRISE   725 AM MST   SUNSET   450 PM MST


-  INDICATES NEGATIVE NUMBERS.
R  INDICATES RECORD WAS SET OR TIED.
MM INDICATES DATA IS MISSING.
T  INDICATES TRACE AMOUNT.




$$
