000
CDUS45 KRIW 020034
CLIBPI


CLIMATE REPORT
NATIONAL WEATHER SERVICE RIVERTON WY
631 PM MDT TUE SEP 1 2015


...................................

...THE BIG PINEY WY CLIMATE SUMMARY FOR SEPTEMBER 1 2015...
VALID TODAY AS OF 0500 PM LOCAL TIME.

CLIMATE NORMAL PERIOD 1981 TO 2010
CLIMATE RECORD PERIOD 1976 TO 2015


WEATHER ITEM   OBSERVED TIME   RECORD YEAR NORMAL DEPARTURE LAST
                VALUE   (LST)  VALUE       VALUE  FROM      YEAR
                                                  NORMAL
..................................................................
TEMPERATURE (F)
 TODAY
  MAXIMUM         84        MM  85    1995  74     10       68
  MINIMUM         34        MM  19    1984  36     -2       32
  AVERAGE         59

PRECIPITATION (IN)
  TODAY            0.00          0.16 2008   0.03  -0.03     0.00
  MONTH TO DATE    0.00                      0.03  -0.03     0.00
  SINCE SEP 1      0.00                      0.03  -0.03     0.00
  SINCE JAN 1      5.33                      4.69   0.64     3.37

DEGREE DAYS
 HEATING
  TODAY            6                        10     -4       15
  MONTH TO DATE    6                        10     -4       15
  SINCE SEP 1      6                        10     -4       15
  SINCE JUL 1    283                       303    -20      244

 COOLING
  TODAY            0                         0      0        0
  MONTH TO DATE    0                         0      0        0
  SINCE SEP 1      0                         0      0        0
  SINCE JAN 1     53                        35     18       26
..................................................................


WIND (MPH)
  HIGHEST WIND SPEED    16   HIGHEST WIND DIRECTION     W (260)
  HIGHEST GUST SPEED    30   HIGHEST GUST DIRECTION     W (280)
  AVERAGE WIND SPEED     6.7


SKY COVER
  POSSIBLE SUNSHINE  MM
  AVERAGE SKY COVER 0.1


WEATHER CONDITIONS
 THE FOLLOWING WEATHER WAS RECORDED TODAY.
  NO SIGNIFICANT WEATHER WAS OBSERVED.


RELATIVE HUMIDITY (PERCENT)
 HIGHEST    64           600 AM
 LOWEST     13           200 PM
 AVERAGE    39

..........................................................


THE BIG PINEY WY CLIMATE NORMALS FOR TOMORROW
                         NORMAL    RECORD    YEAR
 MAXIMUM TEMPERATURE (F)   74        84      2007
 MINIMUM TEMPERATURE (F)   36        26      1976


SUNRISE AND SUNSET
SEPTEMBER  1 2015.....SUNRISE   645 AM MDT   SUNSET   755 PM MDT
SEPTEMBER  2 2015.....SUNRISE   646 AM MDT   SUNSET   753 PM MDT


-  INDICATES NEGATIVE NUMBERS.
R  INDICATES RECORD WAS SET OR TIED.
MM INDICATES DATA IS MISSING.
T  INDICATES TRACE AMOUNT.




$$
