000
CDUS45 KRIW 190738
CLIBPI


CLIMATE REPORT
NATIONAL WEATHER SERVICE RIVERTON WY
1228 AM MST FRI DEC 19 2014


...................................

...THE BIG PINEY WY CLIMATE SUMMARY FOR DECEMBER 18 2014...

CLIMATE NORMAL PERIOD 1981 TO 2010
CLIMATE RECORD PERIOD 1976 TO 2014


WEATHER ITEM   OBSERVED TIME   RECORD YEAR NORMAL DEPARTURE LAST
                VALUE   (LST)  VALUE       VALUE  FROM      YEAR
                                                  NORMAL
..................................................................
TEMPERATURE (F)
 YESTERDAY
  MAXIMUM         33    209 PM  41    1980  26      7       34
  MINIMUM          4    715 AM -17    2008  -2      6        1
  AVERAGE         19                        12      7       18

PRECIPITATION (IN)
  YESTERDAY        0.00          0.07 1997   0.01  -0.01     0.00
  MONTH TO DATE    T                         0.16  -0.16      T
  SINCE DEC 1      T                         0.16  -0.16      T
  SINCE JAN 1      4.67                      6.34  -1.67     4.51

DEGREE DAYS
 HEATING
  YESTERDAY       46                        53     -7       47
  MONTH TO DATE  660                       926   -266      988
  SINCE DEC 1    660                       926   -266      988
  SINCE JUL 1   2888                      3741   -853     3453

 COOLING
  YESTERDAY        0                         0      0        0
  MONTH TO DATE    0                         0      0        0
  SINCE DEC 1      0                         0      0        0
  SINCE JAN 1     26                        35     -9       89
..................................................................


WIND (MPH)
  HIGHEST WIND SPEED    12   HIGHEST WIND DIRECTION     N (360)
  HIGHEST GUST SPEED    13   HIGHEST GUST DIRECTION    NE (50)
  AVERAGE WIND SPEED     4.8


SKY COVER
  POSSIBLE SUNSHINE  MM
  AVERAGE SKY COVER 0.2


WEATHER CONDITIONS
 THE FOLLOWING WEATHER WAS RECORDED YESTERDAY.
  NO SIGNIFICANT WEATHER WAS OBSERVED.


RELATIVE HUMIDITY (PERCENT)
 HIGHEST    88           100 AM
 LOWEST     45           200 PM
 AVERAGE    67

..........................................................


THE BIG PINEY WY CLIMATE NORMALS FOR TODAY
                         NORMAL    RECORD    YEAR
 MAXIMUM TEMPERATURE (F)   26        42      1980
 MINIMUM TEMPERATURE (F)   -2       -28      1992


SUNRISE AND SUNSET
DECEMBER 19 2014......SUNRISE   746 AM MST   SUNSET   449 PM MST
DECEMBER 20 2014......SUNRISE   746 AM MST   SUNSET   450 PM MST


-  INDICATES NEGATIVE NUMBERS.
R  INDICATES RECORD WAS SET OR TIED.
MM INDICATES DATA IS MISSING.
T  INDICATES TRACE AMOUNT.




$$
