000
CDUS44 KLCH 290818
CLIBPT


CLIMATE REPORT
NATIONAL WEATHER SERVICE LAKE CHARLES, LA
218 AM CST SAT NOV 29 2014


...................................

...THE BEAUMONT PORT ARTHUR CLIMATE SUMMARY FOR NOVEMBER 28 2014...

CLIMATE NORMAL PERIOD 1981 TO 2010
CLIMATE RECORD PERIOD 1901 TO 2014


WEATHER ITEM   OBSERVED TIME   RECORD YEAR NORMAL DEPARTURE LAST
                VALUE   (LST)  VALUE       VALUE  FROM      YEAR
                                                  NORMAL
..................................................................
TEMPERATURE (F)
 YESTERDAY
  MAXIMUM         70    207 PM  84    1905  68      2       52
  MINIMUM         39    443 AM  28    1992  48     -9       33
                                      1976
  AVERAGE         55                        58     -3       43

PRECIPITATION (IN)
  YESTERDAY        0.00          1.89 2001   0.15  -0.15     0.00
  MONTH TO DATE    4.37                      4.09   0.28     3.70
  SINCE SEP 1     13.31                     15.64  -2.33    19.62
  SINCE JAN 1     48.71                     54.87  -6.16    54.83

SNOWFALL (IN)
  YESTERDAY        0.0           T    1976   0.0    0.0      0.0
  MONTH TO DATE    0.0                       0.0    0.0      0.0
  SINCE SEP 1      0.0                       0.0    0.0      0.0
  SINCE JUL 1      0.0                       0.0    0.0      0.0
  SNOW DEPTH       0

DEGREE DAYS
 HEATING
  YESTERDAY       10                         8      2       22
  MONTH TO DATE  237                       143     94      202
  SINCE SEP 1    237                       177     60      211
  SINCE JUL 1    237                       177     60      211

 COOLING
  YESTERDAY        0                         1     -1        0
  MONTH TO DATE   25                        61    -36       50
  SINCE SEP 1    759                       685     74      805
  SINCE JAN 1   2902                      2852     50     2995
..................................................................


WIND (MPH)
  HIGHEST WIND SPEED    16   HIGHEST WIND DIRECTION     S (160)
  HIGHEST GUST SPEED    20   HIGHEST GUST DIRECTION     S (170)
  AVERAGE WIND SPEED     7.7


SKY COVER
  POSSIBLE SUNSHINE  MM
  AVERAGE SKY COVER 0.3


WEATHER CONDITIONS
 THE FOLLOWING WEATHER WAS RECORDED YESTERDAY.
  FOG


RELATIVE HUMIDITY (PERCENT)
 HIGHEST   100           800 PM
 LOWEST     57           100 PM
 AVERAGE    79

..........................................................


THE BEAUMONT PORT ARTHUR CLIMATE NORMALS FOR TODAY
                         NORMAL    RECORD    YEAR
 MAXIMUM TEMPERATURE (F)   67        82      1967
                                             1949
                                             1926
 MINIMUM TEMPERATURE (F)   48        25      1911


SUNRISE AND SUNSET
NOVEMBER 29 2014......SUNRISE   653 AM CST   SUNSET   516 PM CST
NOVEMBER 30 2014......SUNRISE   653 AM CST   SUNSET   516 PM CST


-  INDICATES NEGATIVE NUMBERS.
R  INDICATES RECORD WAS SET OR TIED.
MM INDICATES DATA IS MISSING.
T  INDICATES TRACE AMOUNT.




$$
