000
CDUS44 KLCH 190836
CLIBPT


CLIMATE REPORT
NATIONAL WEATHER SERVICE LAKE CHARLES, LA
236 AM CST MON FEB 19 2018


...................................

...THE BEAUMONT PORT ARTHUR CLIMATE SUMMARY FOR FEBRUARY 18 2018...

CLIMATE NORMAL PERIOD 1981 TO 2010
CLIMATE RECORD PERIOD 1901 TO 2018


WEATHER ITEM   OBSERVED TIME   RECORD YEAR NORMAL DEPARTURE LAST
                VALUE   (LST)  VALUE       VALUE  FROM      YEAR
                                                  NORMAL
..................................................................
TEMPERATURE (F)
 YESTERDAY
  MAXIMUM         76    311 PM  81    2017  66     10       81
                                      1906
  MINIMUM         61    720 AM  20    1903  47     14       60
  AVERAGE         69                        56     13       71

PRECIPITATION (IN)
  YESTERDAY        0.00          2.67 1963   0.13  -0.13     0.00
  MONTH TO DATE    3.21                      2.39   0.82     1.11
  SINCE DEC 1     19.15                     12.94   6.21    15.07
  SINCE JAN 1     13.54                      7.65   5.89     2.05

SNOWFALL (IN)
  YESTERDAY        0.0           T    1910   0.0    0.0      0.0
  MONTH TO DATE    0.0                       0.0    0.0      0.0
  SINCE DEC 1      3.1                       T      3.1      0.0
  SINCE JUL 1      3.1                       T      3.1      0.0
  SNOW DEPTH       0

DEGREE DAYS
 HEATING
  YESTERDAY        0                         9     -9        0
  MONTH TO DATE  103                       189    -86       57
  SINCE DEC 1    985                       937     48      477
  SINCE JUL 1   1115                      1132    -17      547

 COOLING
  YESTERDAY        4                         0      4        6
  MONTH TO DATE   31                         6     25       71
  SINCE DEC 1     50                        39     11      217
  SINCE JAN 1     32                        17     15      147
..................................................................


WIND (MPH)
  HIGHEST WIND SPEED    15   HIGHEST WIND DIRECTION     S (160)
  HIGHEST GUST SPEED    19   HIGHEST GUST DIRECTION    SE (150)
  AVERAGE WIND SPEED     8.8


SKY COVER
  POSSIBLE SUNSHINE  MM
  AVERAGE SKY COVER 1.0


WEATHER CONDITIONS
 THE FOLLOWING WEATHER WAS RECORDED YESTERDAY.
  FOG
  FOG W/VISIBILITY <= 1/4 MILE


RELATIVE HUMIDITY (PERCENT)
 HIGHEST   100           100 AM
 LOWEST     79           200 PM
 AVERAGE    90

..........................................................


THE BEAUMONT PORT ARTHUR CLIMATE NORMALS FOR TODAY
                         NORMAL    RECORD    YEAR
 MAXIMUM TEMPERATURE (F)   66        85      1917
 MINIMUM TEMPERATURE (F)   47        26      1978


SUNRISE AND SUNSET
FEBRUARY 19 2018......SUNRISE   652 AM CST   SUNSET   608 PM CST
FEBRUARY 20 2018......SUNRISE   651 AM CST   SUNSET   609 PM CST


-  INDICATES NEGATIVE NUMBERS.
R  INDICATES RECORD WAS SET OR TIED.
MM INDICATES DATA IS MISSING.
T  INDICATES TRACE AMOUNT.




$$
