000
CDUS44 KLCH 231245
CLIBPT


CLIMATE REPORT
NATIONAL WEATHER SERVICE LAKE CHARLES, LA
645 AM CST THU FEB 23 2017


...................................

...THE BEAUMONT PORT ARTHUR CLIMATE SUMMARY FOR FEBRUARY 22 2017...

CLIMATE NORMAL PERIOD 1981 TO 2010
CLIMATE RECORD PERIOD 1901 TO 2017


WEATHER ITEM   OBSERVED TIME   RECORD YEAR NORMAL DEPARTURE LAST
                VALUE   (LST)  VALUE       VALUE  FROM      YEAR
                                                  NORMAL
..................................................................
TEMPERATURE (F)
 YESTERDAY
  MAXIMUM         82R   339 PM  82    1980  67     15       72
  MINIMUM         54    641 AM  24    1978  48      6       61
  AVERAGE         68                        57     11       67

PRECIPITATION (IN)
  YESTERDAY        0.00          2.03 1918   0.12  -0.12     0.02
  MONTH TO DATE    1.11                      2.87  -1.76     1.05
  SINCE DEC 1     15.07                     13.42   1.65     9.18
  SINCE JAN 1      2.05                      8.13  -6.08     5.04

SNOWFALL (IN)
  YESTERDAY        0.0           T    1963   0.0    0.0      0.0
  MONTH TO DATE    0.0                       0.0    0.0      0.0
  SINCE DEC 1      0.0                       T      0.0      0.0
  SINCE JUL 1      0.0                       T      0.0      0.0
  SNOW DEPTH       0

DEGREE DAYS
 HEATING
  YESTERDAY        0                         8     -8        0
  MONTH TO DATE   57                       224   -167      153
  SINCE DEC 1    477                       972   -495      709
  SINCE JUL 1    547                      1167   -620      773

 COOLING
  YESTERDAY        3                         1      2        2
  MONTH TO DATE   88                        10     78       23
  SINCE DEC 1    234                        43    191       97
  SINCE JAN 1    164                        21    143       29
..................................................................


WIND (MPH)
  HIGHEST WIND SPEED    16   HIGHEST WIND DIRECTION     S (190)
  HIGHEST GUST SPEED    21   HIGHEST GUST DIRECTION     S (200)
  AVERAGE WIND SPEED     6.0


SKY COVER
  POSSIBLE SUNSHINE  MM
  AVERAGE SKY COVER 0.0


WEATHER CONDITIONS
 THE FOLLOWING WEATHER WAS RECORDED YESTERDAY.
  FOG


RELATIVE HUMIDITY (PERCENT)
 HIGHEST   100          1000 PM
 LOWEST     42           200 PM
 AVERAGE    71

..........................................................


THE BEAUMONT PORT ARTHUR CLIMATE NORMALS FOR TODAY
                         NORMAL    RECORD    YEAR
 MAXIMUM TEMPERATURE (F)   67        82      1977
                                             1927
 MINIMUM TEMPERATURE (F)   48        29      1968
                                             1964


SUNRISE AND SUNSET
FEBRUARY 23 2017......SUNRISE   648 AM CST   SUNSET   611 PM CST
FEBRUARY 24 2017......SUNRISE   647 AM CST   SUNSET   612 PM CST


-  INDICATES NEGATIVE NUMBERS.
R  INDICATES RECORD WAS SET OR TIED.
MM INDICATES DATA IS MISSING.
T  INDICATES TRACE AMOUNT.




$$
