000
CDUS44 KLCH 270148
CLIBPT


CLIMATE REPORT
NATIONAL WEATHER SERVICE LAKE CHARLES, LA
848 PM CDT SUN MAR 26 2017


...................................

...THE BEAUMONT PORT ARTHUR CLIMATE SUMMARY FOR MARCH 26 2017...
VALID TODAY AS OF 0500 PM LOCAL TIME.

CLIMATE NORMAL PERIOD 1981 TO 2010
CLIMATE RECORD PERIOD 1901 TO 2017


WEATHER ITEM   OBSERVED TIME   RECORD YEAR NORMAL DEPARTURE LAST
                VALUE   (LST)  VALUE       VALUE  FROM      YEAR
                                                  NORMAL
..................................................................
TEMPERATURE (F)
 TODAY
  MAXIMUM         82    208 PM  86    1928  74      8       75
                                      1905
  MINIMUM         63    623 AM  32    1955  54      9       50
  AVERAGE         73                        64      9       63

PRECIPITATION (IN)
  TODAY            0.02          4.08 1934   0.12  -0.10     0.00
  MONTH TO DATE    4.17                      2.97   1.20     4.69
  SINCE MAR 1      4.17                      2.97   1.20     4.69
  SINCE JAN 1      6.22                     11.81  -5.59    10.65

SNOWFALL (IN)
  TODAY            0.0           0.0    MM   0.0    0.0      0.0
  MONTH TO DATE    0.0                       0.0    0.0      0.0
  SINCE MAR 1      0.0                       0.0    0.0      0.0
  SINCE JUL 1      0.0                       T      0.0      0.0
  SNOW DEPTH       0

DEGREE DAYS
 HEATING
  TODAY            0                         3     -3        2
  MONTH TO DATE   54                       133    -79       54
  SINCE MAR 1     54                       133    -79       54
  SINCE JUL 1    609                      1346   -737      878

 COOLING
  TODAY            8                         2      6        0
  MONTH TO DATE  115                        41     74      100
  SINCE MAR 1    115                        41     74      100
  SINCE JAN 1    309                        67    242      131
..................................................................


WIND (MPH)
  HIGHEST WIND SPEED    20   HIGHEST WIND DIRECTION     S (160)
  HIGHEST GUST SPEED    26   HIGHEST GUST DIRECTION     S (160)
  AVERAGE WIND SPEED     8.0


SKY COVER
  POSSIBLE SUNSHINE  MM
  AVERAGE SKY COVER 0.8


WEATHER CONDITIONS
 THE FOLLOWING WEATHER WAS RECORDED TODAY.
  FOG
  FOG W/VISIBILITY <= 1/4 MILE


RELATIVE HUMIDITY (PERCENT)
 HIGHEST   100           100 AM
 LOWEST     62          1200 PM
 AVERAGE    81

..........................................................


THE BEAUMONT PORT ARTHUR CLIMATE NORMALS FOR TOMORROW
                         NORMAL    RECORD    YEAR
 MAXIMUM TEMPERATURE (F)   74        85      2016
                                             1905
 MINIMUM TEMPERATURE (F)   54        30      1955


SUNRISE AND SUNSET
MARCH 26 2017.........SUNRISE   712 AM CDT   SUNSET   731 PM CDT
MARCH 27 2017.........SUNRISE   711 AM CDT   SUNSET   732 PM CDT


-  INDICATES NEGATIVE NUMBERS.
R  INDICATES RECORD WAS SET OR TIED.
MM INDICATES DATA IS MISSING.
T  INDICATES TRACE AMOUNT.




$$
