000
CDUS44 KLCH 280822
CLIBPT


CLIMATE REPORT
NATIONAL WEATHER SERVICE LAKE CHARLES, LA
321 AM CDT FRI APR 28 2017


...................................

...THE BEAUMONT PORT ARTHUR CLIMATE SUMMARY FOR APRIL 27 2017...

CLIMATE NORMAL PERIOD 1981 TO 2010
CLIMATE RECORD PERIOD 1901 TO 2017


WEATHER ITEM   OBSERVED TIME   RECORD YEAR NORMAL DEPARTURE LAST
                VALUE   (LST)  VALUE       VALUE  FROM      YEAR
                                                  NORMAL
..................................................................
TEMPERATURE (F)
 YESTERDAY
  MAXIMUM         81    516 PM  93    2011  81      0       83
  MINIMUM         53    602 AM  49    2005  62     -9       64
                                      1980
  AVERAGE         67                        71     -4       74

PRECIPITATION (IN)
  YESTERDAY        0.00          3.43 2009   0.13  -0.13     0.95
  MONTH TO DATE    1.52                      2.83  -1.31     8.30
  SINCE MAR 1     10.38                      6.36   4.02    13.15
  SINCE JAN 1     12.43                     15.20  -2.77    19.11

SNOWFALL (IN)
  YESTERDAY        0.0           0.0    MM   0.0    0.0      0.0
  MONTH TO DATE    0.0                       0.0    0.0      0.0
  SINCE MAR 1      0.0                       0.0    0.0      0.0
  SINCE JUL 1      0.0                       T      0.0      0.0
  SNOW DEPTH       0

DEGREE DAYS
 HEATING
  YESTERDAY        0                         0      0        0
  MONTH TO DATE    4                        39    -35       11
  SINCE MAR 1     58                       187   -129       65
  SINCE JUL 1    613                      1400   -787      889

 COOLING
  YESTERDAY        2                         7     -5        9
  MONTH TO DATE  190                       124     66      153
  SINCE MAR 1    343                       179    164      285
  SINCE JAN 1    537                       205    332      316
..................................................................


WIND (MPH)
  HIGHEST WIND SPEED    18   HIGHEST WIND DIRECTION    SE (140)
  HIGHEST GUST SPEED    26   HIGHEST GUST DIRECTION     N (340)
  AVERAGE WIND SPEED     9.4


SKY COVER
  POSSIBLE SUNSHINE  MM
  AVERAGE SKY COVER 0.1


WEATHER CONDITIONS
 THE FOLLOWING WEATHER WAS RECORDED YESTERDAY.
  NO SIGNIFICANT WEATHER WAS OBSERVED.


RELATIVE HUMIDITY (PERCENT)
 HIGHEST    89           500 AM
 LOWEST     37           200 PM
 AVERAGE    63

..........................................................


THE BEAUMONT PORT ARTHUR CLIMATE NORMALS FOR TODAY
                         NORMAL    RECORD    YEAR
 MAXIMUM TEMPERATURE (F)   81        94      1987
 MINIMUM TEMPERATURE (F)   62        47      1980


SUNRISE AND SUNSET
APRIL 28 2017.........SUNRISE   636 AM CDT   SUNSET   752 PM CDT
APRIL 29 2017.........SUNRISE   635 AM CDT   SUNSET   752 PM CDT


-  INDICATES NEGATIVE NUMBERS.
R  INDICATES RECORD WAS SET OR TIED.
MM INDICATES DATA IS MISSING.
T  INDICATES TRACE AMOUNT.




$$
