000
CDUS43 KDVN 230906
CLIBRL


CLIMATE REPORT
NATIONAL WEATHER SERVICE QUAD CITIES IA IL
406 AM CDT SAT JUL 23 2016


...................................

...THE BURLINGTON IA CLIMATE SUMMARY FOR JULY 22 2016...

CLIMATE NORMAL PERIOD 1981 TO 2010
CLIMATE RECORD PERIOD 1897 TO 2016


WEATHER ITEM   OBSERVED TIME   RECORD YEAR NORMAL DEPARTURE LAST
                VALUE   (LST)  VALUE       VALUE  FROM      YEAR
                                                  NORMAL
..................................................................
TEMPERATURE (F)
 YESTERDAY
  MAXIMUM         88    316 PM 107    1934  87      1       82
  MINIMUM         69    646 AM  47    1947  67      2       60
  AVERAGE         79                        77      2       71

PRECIPITATION (IN)
  YESTERDAY       MM            MM      MM   0.13  MM        0.00
  MONTH TO DATE    6.42                      3.08   3.34     6.76
  SINCE JUN 1      7.48                      7.55  -0.07    15.43
  SINCE JAN 1     18.33                     21.81  -3.48    24.39

DEGREE DAYS
 HEATING
  YESTERDAY        0                         0      0        0
  MONTH TO DATE    6                         0      6        4
  SINCE JUN 1      6                        13     -7        9
  SINCE JUL 1      6                         0      6        4

 COOLING
  YESTERDAY       14                        12      2        6
  MONTH TO DATE  204                       264    -60      199
  SINCE JUN 1    515                       524     -9      423
  SINCE JAN 1    614                       627    -13      516
..................................................................


WIND (MPH)
  HIGHEST WIND SPEED    28   HIGHEST WIND DIRECTION    NE (60)
  HIGHEST GUST SPEED    38   HIGHEST GUST DIRECTION    NE (50)
  AVERAGE WIND SPEED     6.4


SKY COVER
  POSSIBLE SUNSHINE  MM
  AVERAGE SKY COVER 0.4


WEATHER CONDITIONS
 THE FOLLOWING WEATHER WAS RECORDED YESTERDAY.
  THUNDERSTORM
  LIGHT RAIN
  FOG


RELATIVE HUMIDITY (PERCENT)
 HIGHEST   100           400 AM
 LOWEST     72           300 PM
 AVERAGE    86

..........................................................


THE BURLINGTON IA CLIMATE NORMALS FOR TODAY
                         NORMAL    RECORD    YEAR
 MAXIMUM TEMPERATURE (F)   87       108      1934
 MINIMUM TEMPERATURE (F)   67        50      1947


SUNRISE AND SUNSET
JULY 23 2016..........SUNRISE   553 AM CDT   SUNSET   828 PM CDT
JULY 24 2016..........SUNRISE   554 AM CDT   SUNSET   827 PM CDT


-  INDICATES NEGATIVE NUMBERS.
R  INDICATES RECORD WAS SET OR TIED.
MM INDICATES DATA IS MISSING.
T  INDICATES TRACE AMOUNT.




$$
