000
CDUS43 KDVN 022122
CLIBRL


CLIMATE REPORT
NATIONAL WEATHER SERVICE QUAD CITIES IA IL
422 PM CDT SUN AUG 2 2015


...................................

...THE BURLINGTON IA CLIMATE SUMMARY FOR AUGUST 2 2015...
VALID TODAY AS OF 0400 PM LOCAL TIME.

CLIMATE NORMAL PERIOD 1981 TO 2010
CLIMATE RECORD PERIOD 1897 TO 2015


WEATHER ITEM   OBSERVED TIME   RECORD YEAR NORMAL DEPARTURE LAST
                VALUE   (LST)  VALUE       VALUE  FROM      YEAR
                                                  NORMAL
..................................................................
TEMPERATURE (F)
 TODAY
  MAXIMUM         90    259 PM 102    1947  86      4       83
  MINIMUM         66    330 AM  52    1907  66      0       58
  AVERAGE         78                        76      2       71

PRECIPITATION (IN)
  TODAY            0.00         MM      MM   0.14  -0.14     0.00
  MONTH TO DATE    0.00                      0.27  -0.27     0.50
  SINCE JUN 1     16.16                      8.99   7.17    11.97
  SINCE JAN 1     25.12                     23.25   1.87    23.36

DEGREE DAYS
 HEATING
  TODAY            0                         0      0        0
  MONTH TO DATE    0                         0      0        0
  SINCE JUN 1      9                        14     -5        9
  SINCE JUL 1      4                         1      3        7

 COOLING
  TODAY           13                        11      2        6
  MONTH TO DATE   21                        22     -1       14
  SINCE JUN 1    557                       648    -91      451
  SINCE JAN 1    650                       751   -101      589
..................................................................


WIND (MPH)
  HIGHEST WIND SPEED    20   HIGHEST WIND DIRECTION    SW (230)
  HIGHEST GUST SPEED    26   HIGHEST GUST DIRECTION    SW (220)
  AVERAGE WIND SPEED     9.4


SKY COVER
  POSSIBLE SUNSHINE  MM
  AVERAGE SKY COVER 0.1


WEATHER CONDITIONS
 THE FOLLOWING WEATHER WAS RECORDED TODAY.
  NO SIGNIFICANT WEATHER WAS OBSERVED.


RELATIVE HUMIDITY (PERCENT)
 HIGHEST   100           100 AM
 LOWEST     59           200 PM
 AVERAGE    80

..........................................................


THE BURLINGTON IA CLIMATE NORMALS FOR TOMORROW
                         NORMAL    RECORD    YEAR
 MAXIMUM TEMPERATURE (F)   86       105      1913
 MINIMUM TEMPERATURE (F)   66        50      1974


SUNRISE AND SUNSET
AUGUST  2 2015........SUNRISE   602 AM CDT   SUNSET   819 PM CDT
AUGUST  3 2015........SUNRISE   603 AM CDT   SUNSET   818 PM CDT


-  INDICATES NEGATIVE NUMBERS.
R  INDICATES RECORD WAS SET OR TIED.
MM INDICATES DATA IS MISSING.
T  INDICATES TRACE AMOUNT.




$$
