000
CDUS43 KDVN 210916
CLIBRL


CLIMATE REPORT
NATIONAL WEATHER SERVICE QUAD CITIES IA IL
416 AM CDT THU AUG 21 2014


...................................

...THE BURLINGTON IA CLIMATE SUMMARY FOR AUGUST 20 2014...

CLIMATE NORMAL PERIOD 1981 TO 2010
CLIMATE RECORD PERIOD 1897 TO 2014


WEATHER ITEM   OBSERVED TIME   RECORD YEAR NORMAL DEPARTURE LAST
                VALUE   (LST)  VALUE       VALUE  FROM      YEAR
                                                  NORMAL
..................................................................
TEMPERATURE (F)
 YESTERDAY
  MAXIMUM         82    527 PM 101    1947  85     -3       87
  MINIMUM         64    201 AM  41    1950  65     -1       65
  AVERAGE         73                        75     -2       76

PRECIPITATION (IN)
  YESTERDAY        0.74         MM      MM   0.14   0.60     0.00
  MONTH TO DATE    2.86                      2.71   0.15      T
  SINCE JUN 1     14.33                     11.43   2.90     3.86
  SINCE JAN 1     25.72                     25.69   0.03    27.06

DEGREE DAYS
 HEATING
  YESTERDAY        0                         0      0        0
  MONTH TO DATE    0                         0      0        3
  SINCE JUN 1      9                        14     -5       26
  SINCE JUL 1      7                         1      6       11

 COOLING
  YESTERDAY        8                        10     -2       11
  MONTH TO DATE  127                       214    -87      123
  SINCE JUN 1    564                       840   -276      628
  SINCE JAN 1    702                       943   -241      727
..................................................................


WIND (MPH)
  HIGHEST WIND SPEED    25   HIGHEST WIND DIRECTION    NW (330)
  HIGHEST GUST SPEED    33   HIGHEST GUST DIRECTION    NW (320)
  AVERAGE WIND SPEED     5.7


SKY COVER
  POSSIBLE SUNSHINE  MM
  AVERAGE SKY COVER 0.2


WEATHER CONDITIONS
 THE FOLLOWING WEATHER WAS RECORDED YESTERDAY.
  THUNDERSTORM
  HEAVY RAIN
  RAIN
  LIGHT RAIN
  FOG
  FOG W/VISIBILITY <= 1/4 MILE


RELATIVE HUMIDITY (PERCENT)
 HIGHEST   100           200 AM
 LOWEST     69           400 PM
 AVERAGE    85

..........................................................


THE BURLINGTON IA CLIMATE NORMALS FOR TODAY
                         NORMAL    RECORD    YEAR
 MAXIMUM TEMPERATURE (F)   85       101      1947
 MINIMUM TEMPERATURE (F)   65        44      1950


SUNRISE AND SUNSET
AUGUST 21 2014........SUNRISE   621 AM CDT   SUNSET   754 PM CDT
AUGUST 22 2014........SUNRISE   622 AM CDT   SUNSET   752 PM CDT


-  INDICATES NEGATIVE NUMBERS.
R  INDICATES RECORD WAS SET OR TIED.
MM INDICATES DATA IS MISSING.
T  INDICATES TRACE AMOUNT.




$$
