000
CDUS43 KDVN 201001
CLIBRL


CLIMATE REPORT
NATIONAL WEATHER SERVICE QUAD CITIES IA IL
359 AM CST FRI JAN 20 2017


...................................

...THE BURLINGTON IA CLIMATE SUMMARY FOR JANUARY 19 2017...

CLIMATE NORMAL PERIOD 1981 TO 2010
CLIMATE RECORD PERIOD 1897 TO 2017


WEATHER ITEM   OBSERVED TIME   RECORD YEAR NORMAL DEPARTURE LAST
                VALUE   (LST)  VALUE       VALUE  FROM      YEAR
                                                  NORMAL
..................................................................
TEMPERATURE (F)
 YESTERDAY
  MAXIMUM         41    625 PM  64    1952  34      7       19
  MINIMUM         30   1257 AM -21    1985  17     13        4
  AVERAGE         36                        26     10       12

PRECIPITATION (IN)
  YESTERDAY        0.05         MM      MM   0.03   0.02     0.09
  MONTH TO DATE    1.32                      0.78   0.54     0.43
  SINCE DEC 1      2.30                      2.87  -0.57     4.94
  SINCE JAN 1      1.32                      0.78   0.54     0.43

DEGREE DAYS
 HEATING
  YESTERDAY       29                        39    -10       53
  MONTH TO DATE  743                       741      2      798
  SINCE DEC 1   1902                      1854     48     1592
  SINCE JUL 1   2658                      2927   -269     2509

 COOLING
  YESTERDAY        0                         0      0        0
  MONTH TO DATE    0                         0      0        0
  SINCE DEC 1      0                         0      0        0
  SINCE JAN 1      0                         0      0        0
..................................................................


WIND (MPH)
  HIGHEST WIND SPEED    12   HIGHEST WIND DIRECTION     E (90)
  HIGHEST GUST SPEED    15   HIGHEST GUST DIRECTION     E (100)
  AVERAGE WIND SPEED     6.3


SKY COVER
  POSSIBLE SUNSHINE  MM
  AVERAGE SKY COVER 0.7


WEATHER CONDITIONS
 THE FOLLOWING WEATHER WAS RECORDED YESTERDAY.
  RAIN
  LIGHT RAIN
  FOG
  FOG W/VISIBILITY <= 1/4 MILE


RELATIVE HUMIDITY (PERCENT)
 HIGHEST   100          1200 AM
 LOWEST     92           300 AM
 AVERAGE    96

..........................................................


THE BURLINGTON IA CLIMATE NORMALS FOR TODAY
                         NORMAL    RECORD    YEAR
 MAXIMUM TEMPERATURE (F)   35        65      1906
 MINIMUM TEMPERATURE (F)   17       -22      1985


SUNRISE AND SUNSET
JANUARY 20 2017.......SUNRISE   724 AM CST   SUNSET   508 PM CST
JANUARY 21 2017.......SUNRISE   723 AM CST   SUNSET   509 PM CST


-  INDICATES NEGATIVE NUMBERS.
R  INDICATES RECORD WAS SET OR TIED.
MM INDICATES DATA IS MISSING.
T  INDICATES TRACE AMOUNT.




$$
