000
CDUS43 KDVN 131016
CLIBRL


CLIMATE REPORT
NATIONAL WEATHER SERVICE QUAD CITIES IA IL
414 AM CST SAT FEB 13 2016


...................................

...THE BURLINGTON IA CLIMATE SUMMARY FOR FEBRUARY 12 2016...

CLIMATE NORMAL PERIOD 1981 TO 2010
CLIMATE RECORD PERIOD 1897 TO 2016


WEATHER ITEM   OBSERVED TIME   RECORD YEAR NORMAL DEPARTURE LAST
                VALUE   (LST)  VALUE       VALUE  FROM      YEAR
                                                  NORMAL
..................................................................
TEMPERATURE (F)
 YESTERDAY
  MAXIMUM         26    136 PM  70    1990  38    -12       19
  MINIMUM          9   1159 PM -21    1899  20    -11        6
  AVERAGE         18                        29    -11       13

PRECIPITATION (IN)
  YESTERDAY        T            MM      MM   0.05  -0.05     0.00
  MONTH TO DATE    0.71                      0.59   0.12     0.50
  SINCE DEC 1      5.76                      3.92   1.84     2.70
  SINCE JAN 1      1.25                      1.83  -0.58     2.04

DEGREE DAYS
 HEATING
  YESTERDAY       47                        36     11       52
  MONTH TO DATE  465                       446     19      522
  SINCE DEC 1   2484                      2774   -290     2745
  SINCE JUL 1   3401                      3847   -446     4122

 COOLING
  YESTERDAY        0                         0      0        0
  MONTH TO DATE    0                         0      0        0
  SINCE DEC 1      0                         0      0        0
  SINCE JAN 1      0                         0      0        0
..................................................................


WIND (MPH)
  HIGHEST WIND SPEED    25   HIGHEST WIND DIRECTION    NW (330)
  HIGHEST GUST SPEED    36   HIGHEST GUST DIRECTION     N (340)
  AVERAGE WIND SPEED    12.7


SKY COVER
  POSSIBLE SUNSHINE  MM
  AVERAGE SKY COVER 0.4


WEATHER CONDITIONS
 THE FOLLOWING WEATHER WAS RECORDED YESTERDAY.
  LIGHT SNOW
  FOG
  HAZE


RELATIVE HUMIDITY (PERCENT)
 HIGHEST    84           300 AM
 LOWEST     45           400 PM
 AVERAGE    65

..........................................................


THE BURLINGTON IA CLIMATE NORMALS FOR TODAY
                         NORMAL    RECORD    YEAR
 MAXIMUM TEMPERATURE (F)   38        71      1921
 MINIMUM TEMPERATURE (F)   21       -27      1905


SUNRISE AND SUNSET
FEBRUARY 13 2016......SUNRISE   702 AM CST   SUNSET   536 PM CST
FEBRUARY 14 2016......SUNRISE   700 AM CST   SUNSET   537 PM CST


-  INDICATES NEGATIVE NUMBERS.
R  INDICATES RECORD WAS SET OR TIED.
MM INDICATES DATA IS MISSING.
T  INDICATES TRACE AMOUNT.




$$
