000
CDUS43 KDVN 220915
CLIBRL


CLIMATE REPORT
NATIONAL WEATHER SERVICE QUAD CITIES IA IL
415 AM CDT TUE JUL 22 2014


...................................

...THE BURLINGTON IA CLIMATE SUMMARY FOR JULY 21 2014...

CLIMATE NORMAL PERIOD 1981 TO 2010
CLIMATE RECORD PERIOD 1897 TO 2014


WEATHER ITEM   OBSERVED TIME   RECORD YEAR NORMAL DEPARTURE LAST
                VALUE   (LST)  VALUE       VALUE  FROM      YEAR
                                                  NORMAL
..................................................................
TEMPERATURE (F)
 YESTERDAY
  MAXIMUM         86    410 PM 108    1934  87     -1       82
  MINIMUM         64    518 AM  51    1970  67     -3       67
  AVERAGE         75                        77     -2       75

PRECIPITATION (IN)
  YESTERDAY        0.00         MM      MM   0.14  -0.14     0.13
  MONTH TO DATE    2.14                      2.95  -0.81     0.28
  SINCE JUN 1     11.23                      7.42   3.81     2.55
  SINCE JAN 1     22.62                     21.68   0.94    25.75

DEGREE DAYS
 HEATING
  YESTERDAY        0                         0      0        0
  MONTH TO DATE    7                         0      7        0
  SINCE JUN 1      9                        13     -4       15
  SINCE JUL 1      7                         0      7        0

 COOLING
  YESTERDAY       10                        12     -2       10
  MONTH TO DATE  123                       252   -129      255
  SINCE JUN 1    378                       512   -134      463
  SINCE JAN 1    516                       615    -99      562
..................................................................


WIND (MPH)
  HIGHEST WIND SPEED    17   HIGHEST WIND DIRECTION     S (180)
  HIGHEST GUST SPEED    23   HIGHEST GUST DIRECTION     S (190)
  AVERAGE WIND SPEED    10.1


SKY COVER
  POSSIBLE SUNSHINE  MM
  AVERAGE SKY COVER 0.0


WEATHER CONDITIONS
 THE FOLLOWING WEATHER WAS RECORDED YESTERDAY.
  FOG
  HAZE


RELATIVE HUMIDITY (PERCENT)
 HIGHEST    93           300 AM
 LOWEST     57           200 PM
 AVERAGE    75

..........................................................


THE BURLINGTON IA CLIMATE NORMALS FOR TODAY
                         NORMAL    RECORD    YEAR
 MAXIMUM TEMPERATURE (F)   87       107      1934
 MINIMUM TEMPERATURE (F)   67        47      1947


SUNRISE AND SUNSET
JULY 22 2014..........SUNRISE   552 AM CDT   SUNSET   830 PM CDT
JULY 23 2014..........SUNRISE   553 AM CDT   SUNSET   829 PM CDT


-  INDICATES NEGATIVE NUMBERS.
R  INDICATES RECORD WAS SET OR TIED.
MM INDICATES DATA IS MISSING.
T  INDICATES TRACE AMOUNT.




$$
