000
CDUS43 KDVN 310905
CLIBRL


CLIMATE REPORT
NATIONAL WEATHER SERVICE QUAD CITIES IA IL
405 AM CDT MON AUG 31 2015


...................................

...THE BURLINGTON IA CLIMATE SUMMARY FOR AUGUST 30 2015...

CLIMATE NORMAL PERIOD 1981 TO 2010
CLIMATE RECORD PERIOD 1897 TO 2015


WEATHER ITEM   OBSERVED TIME   RECORD YEAR NORMAL DEPARTURE LAST
                VALUE   (LST)  VALUE       VALUE  FROM      YEAR
                                                  NORMAL
..................................................................
TEMPERATURE (F)
 YESTERDAY
  MAXIMUM         82    513 PM 102    1947  84     -2       83
  MINIMUM         65    520 AM  46    1915  63      2       66
  AVERAGE         74                        73      1       75

PRECIPITATION (IN)
  YESTERDAY        0.00         MM      MM   0.15  -0.15     0.13
  MONTH TO DATE    3.47                      4.12  -0.65     6.21
  SINCE JUN 1     19.63                     12.84   6.79    17.68
  SINCE JAN 1     28.59                     27.10   1.49    29.07

DEGREE DAYS
 HEATING
  YESTERDAY        0                         0      0        0
  MONTH TO DATE    3                         0      3        0
  SINCE JUN 1     12                        14     -2        9
  SINCE JUL 1      7                         1      6        7

 COOLING
  YESTERDAY        9                         8      1       10
  MONTH TO DATE  210                       306    -96      268
  SINCE JUN 1    746                       932   -186      705
  SINCE JAN 1    839                      1035   -196      843
..................................................................


WIND (MPH)
  HIGHEST WIND SPEED    12   HIGHEST WIND DIRECTION    NE (40)
  HIGHEST GUST SPEED    13   HIGHEST GUST DIRECTION    NE (40)
  AVERAGE WIND SPEED     3.5


SKY COVER
  POSSIBLE SUNSHINE  MM
  AVERAGE SKY COVER 0.5


WEATHER CONDITIONS
 THE FOLLOWING WEATHER WAS RECORDED YESTERDAY.
  FOG
  FOG W/VISIBILITY <= 1/4 MILE


RELATIVE HUMIDITY (PERCENT)
 HIGHEST   100          1200 AM
 LOWEST     58           300 PM
 AVERAGE    79

..........................................................


THE BURLINGTON IA CLIMATE NORMALS FOR TODAY
                         NORMAL    RECORD    YEAR
 MAXIMUM TEMPERATURE (F)   83        99      1953
 MINIMUM TEMPERATURE (F)   63        44      1967


SUNRISE AND SUNSET
AUGUST 31 2015........SUNRISE   630 AM CDT   SUNSET   739 PM CDT
SEPTEMBER  1 2015.....SUNRISE   631 AM CDT   SUNSET   737 PM CDT


-  INDICATES NEGATIVE NUMBERS.
R  INDICATES RECORD WAS SET OR TIED.
MM INDICATES DATA IS MISSING.
T  INDICATES TRACE AMOUNT.




$$
