000
CDUS43 KDVN 252121
CLIBRL


CLIMATE REPORT
NATIONAL WEATHER SERVICE QUAD CITIES IA IL
420 PM CDT SUN SEP 25 2016


...................................

...THE BURLINGTON IA CLIMATE SUMMARY FOR SEPTEMBER 25 2016...
VALID TODAY AS OF 0400 PM LOCAL TIME.

CLIMATE NORMAL PERIOD 1981 TO 2010
CLIMATE RECORD PERIOD 1897 TO 2016


WEATHER ITEM   OBSERVED TIME   RECORD YEAR NORMAL DEPARTURE LAST
                VALUE   (LST)  VALUE       VALUE  FROM      YEAR
                                                  NORMAL
..................................................................
TEMPERATURE (F)
 TODAY
  MAXIMUM         85   1046 AM  92    1999  75     10       83
  MINIMUM         67    315 AM  32    1942  52     15       59
  AVERAGE         76                        64     12       71

PRECIPITATION (IN)
  TODAY            0.00         MM      MM   0.11  -0.11     0.00
  MONTH TO DATE    3.23                      3.02   0.21     1.05
  SINCE SEP 1      3.23                      3.02   0.21     1.05
  SINCE JAN 1     27.48                     30.27  -2.79    29.64

DEGREE DAYS
 HEATING
  TODAY            0                         4     -4        0
  MONTH TO DATE    3                        42    -39       28
  SINCE SEP 1      3                        42    -39       28
  SINCE JUL 1      9                        46    -37       35

 COOLING
  TODAY           11                         3      8        6
  MONTH TO DATE  200                       130     70      212
  SINCE SEP 1    200                       130     70      212
  SINCE JAN 1   1233                      1173     60     1064
..................................................................


WIND (MPH)
  HIGHEST WIND SPEED    18   HIGHEST WIND DIRECTION    SW (240)
  HIGHEST GUST SPEED    24   HIGHEST GUST DIRECTION    SW (230)
  AVERAGE WIND SPEED     8.7


SKY COVER
  POSSIBLE SUNSHINE  MM
  AVERAGE SKY COVER 0.2


WEATHER CONDITIONS
 THE FOLLOWING WEATHER WAS RECORDED TODAY.
  FOG
  HAZE


RELATIVE HUMIDITY (PERCENT)
 HIGHEST   100          1200 AM
 LOWEST     55          1100 AM
 AVERAGE    78

..........................................................


THE BURLINGTON IA CLIMATE NORMALS FOR TOMORROW
                         NORMAL    RECORD    YEAR
 MAXIMUM TEMPERATURE (F)   75        95      1897
 MINIMUM TEMPERATURE (F)   52        32      1984


SUNRISE AND SUNSET
SEPTEMBER 25 2016.....SUNRISE   655 AM CDT   SUNSET   656 PM CDT
SEPTEMBER 26 2016.....SUNRISE   656 AM CDT   SUNSET   654 PM CDT


-  INDICATES NEGATIVE NUMBERS.
R  INDICATES RECORD WAS SET OR TIED.
MM INDICATES DATA IS MISSING.
T  INDICATES TRACE AMOUNT.




$$
