000
CDUS43 KDVN 042232
CLIBRL


CLIMATE REPORT
NATIONAL WEATHER SERVICE QUAD CITIES IA IL
431 PM CST SUN DEC 4 2016


...................................

...THE BURLINGTON IA CLIMATE SUMMARY FOR DECEMBER 4 2016...
VALID TODAY AS OF 0400 PM LOCAL TIME.

CLIMATE NORMAL PERIOD 1981 TO 2010
CLIMATE RECORD PERIOD 1897 TO 2016


WEATHER ITEM   OBSERVED TIME   RECORD YEAR NORMAL DEPARTURE LAST
                VALUE   (LST)  VALUE       VALUE  FROM      YEAR
                                                  NORMAL
..................................................................
TEMPERATURE (F)
 TODAY
  MAXIMUM         35    250 AM  73    1998  41     -6       49
  MINIMUM         32    305 PM  -3    1991  25      7       29
  AVERAGE         34                        33      1       39

PRECIPITATION (IN)
  TODAY            0.51         MM      MM   0.07   0.44     0.00
  MONTH TO DATE    0.51                      0.31   0.20     0.03
  SINCE DEC 1      0.51                      0.31   0.20     0.03
  SINCE JAN 1     32.13                     36.70  -4.57    37.76

DEGREE DAYS
 HEATING
  TODAY           31                        32     -1       26
  MONTH TO DATE  113                       126    -13      111
  SINCE DEC 1    113                       126    -13      111
  SINCE JUL 1    869                      1199   -330     1028

 COOLING
  TODAY            0                         0      0        0
  MONTH TO DATE    0                         0      0        0
  SINCE DEC 1      0                         0      0        0
  SINCE JAN 1   1276                      1207     69     1093
..................................................................


WIND (MPH)
  HIGHEST WIND SPEED    13   HIGHEST WIND DIRECTION    SE (120)
  HIGHEST GUST SPEED    15   HIGHEST GUST DIRECTION    SE (120)
  AVERAGE WIND SPEED     7.2


SKY COVER
  POSSIBLE SUNSHINE  MM
  AVERAGE SKY COVER 1.0


WEATHER CONDITIONS
 THE FOLLOWING WEATHER WAS RECORDED TODAY.
  HEAVY SNOW
  SNOW
  LIGHT SNOW
  FOG
  FOG W/VISIBILITY <= 1/4 MILE


RELATIVE HUMIDITY (PERCENT)
 HIGHEST   100           500 AM
 LOWEST     82          1200 AM
 AVERAGE    91

..........................................................


THE BURLINGTON IA CLIMATE NORMALS FOR TOMORROW
                         NORMAL    RECORD    YEAR
 MAXIMUM TEMPERATURE (F)   41        67      2001
 MINIMUM TEMPERATURE (F)   24        -4      1977


SUNRISE AND SUNSET
DECEMBER  4 2016......SUNRISE   713 AM CST   SUNSET   437 PM CST
DECEMBER  5 2016......SUNRISE   714 AM CST   SUNSET   437 PM CST


-  INDICATES NEGATIVE NUMBERS.
R  INDICATES RECORD WAS SET OR TIED.
MM INDICATES DATA IS MISSING.
T  INDICATES TRACE AMOUNT.




$$
