000
CDUS43 KDVN 010917
CLIBRL


CLIMATE REPORT
NATIONAL WEATHER SERVICE QUAD CITIES IA IL
415 AM CDT SAT NOV 1 2014


...................................

...THE BURLINGTON IA CLIMATE SUMMARY FOR OCTOBER 31 2014...

CLIMATE NORMAL PERIOD 1981 TO 2010
CLIMATE RECORD PERIOD 1897 TO 2014


WEATHER ITEM   OBSERVED TIME   RECORD YEAR NORMAL DEPARTURE LAST
                VALUE   (LST)  VALUE       VALUE  FROM      YEAR
                                                  NORMAL
..................................................................
TEMPERATURE (F)
 YESTERDAY
  MAXIMUM         48    211 AM  86    1950  60    -12       64
  MINIMUM         29   1159 PM  18    1913  40    -11       45
  AVERAGE         39                        50    -11       55

PRECIPITATION (IN)
  YESTERDAY        0.00         MM      MM   0.09  -0.09     0.26
                                      2000
  MONTH TO DATE    4.13                      3.12   1.01     2.99
  SINCE SEP 1      9.27                      6.64   2.63     4.19
  SINCE JAN 1     38.34                     33.89   4.45    31.25

DEGREE DAYS
 HEATING
  YESTERDAY       26                        15     11       10
  MONTH TO DATE  341                       322     19      372
  SINCE SEP 1    442                       390     52      413
  SINCE JUL 1    449                       394     55      424

 COOLING
  YESTERDAY        0                         0      0        0
  MONTH TO DATE    3                        24    -21       33
  SINCE SEP 1     86                       163    -77      214
  SINCE JAN 1    940                      1206   -266     1115
..................................................................


WIND (MPH)
  HIGHEST WIND SPEED    26   HIGHEST WIND DIRECTION     N (360)
  HIGHEST GUST SPEED    35   HIGHEST GUST DIRECTION    NW (330)
  AVERAGE WIND SPEED    15.7


SKY COVER
  POSSIBLE SUNSHINE  MM
  AVERAGE SKY COVER 0.2


WEATHER CONDITIONS
 THE FOLLOWING WEATHER WAS RECORDED YESTERDAY.
  NO SIGNIFICANT WEATHER WAS OBSERVED.


RELATIVE HUMIDITY (PERCENT)
 HIGHEST    82          1200 AM
 LOWEST     39           400 PM
 AVERAGE    61

..........................................................


THE BURLINGTON IA CLIMATE NORMALS FOR TODAY
                         NORMAL    RECORD    YEAR
 MAXIMUM TEMPERATURE (F)   59        81      1950
 MINIMUM TEMPERATURE (F)   40        21      1913


SUNRISE AND SUNSET
NOVEMBER  1 2014......SUNRISE   735 AM CDT   SUNSET   601 PM CDT
NOVEMBER  2 2014......SUNRISE   636 AM CST   SUNSET   459 PM CST


-  INDICATES NEGATIVE NUMBERS.
R  INDICATES RECORD WAS SET OR TIED.
MM INDICATES DATA IS MISSING.
T  INDICATES TRACE AMOUNT.




$$
