000
CDUS43 KDVN 140925
CLIBRL


CLIMATE REPORT
NATIONAL WEATHER SERVICE QUAD CITIES IA IL
423 AM CDT MON JUL 14 2014


...................................

...THE BURLINGTON IA CLIMATE SUMMARY FOR JULY 13 2014...

CLIMATE NORMAL PERIOD 1981 TO 2010
CLIMATE RECORD PERIOD 1897 TO 2014


WEATHER ITEM   OBSERVED TIME   RECORD YEAR NORMAL DEPARTURE LAST
                VALUE   (LST)  VALUE       VALUE  FROM      YEAR
                                                  NORMAL
..................................................................
TEMPERATURE (F)
 YESTERDAY
  MAXIMUM         85    406 PM 108    1936  87     -2       84
  MINIMUM         68    723 AM  53    1975  67      1       60
  AVERAGE         77                        77      0       72

PRECIPITATION (IN)
  YESTERDAY        0.08         MM      MM   0.14  -0.06     0.00
  MONTH TO DATE    2.14                      1.83   0.31     0.15
  SINCE JUN 1     11.23                      6.30   4.93     2.42
  SINCE JAN 1     22.62                     20.56   2.06    25.62

DEGREE DAYS
 HEATING
  YESTERDAY        0                         0      0        0
  MONTH TO DATE    3                         0      3        0
  SINCE JUN 1      5                        13     -8       15
  SINCE JUL 1      3                         0      3        0

 COOLING
  YESTERDAY       12                        12      0        7
  MONTH TO DATE   94                       156    -62      125
  SINCE JUN 1    349                       416    -67      333
  SINCE JAN 1    487                       519    -32      432
..................................................................


WIND (MPH)
  HIGHEST WIND SPEED    15   HIGHEST WIND DIRECTION     N (350)
  HIGHEST GUST SPEED    21   HIGHEST GUST DIRECTION    NW (330)
  AVERAGE WIND SPEED     3.5


SKY COVER
  POSSIBLE SUNSHINE  MM
  AVERAGE SKY COVER 0.3


WEATHER CONDITIONS
 THE FOLLOWING WEATHER WAS RECORDED YESTERDAY.
  THUNDERSTORM
  HEAVY RAIN
  RAIN
  LIGHT RAIN
  FOG
  HAZE


RELATIVE HUMIDITY (PERCENT)
 HIGHEST   100           300 AM
 LOWEST     55           200 PM
 AVERAGE    78

..........................................................


THE BURLINGTON IA CLIMATE NORMALS FOR TODAY
                         NORMAL    RECORD    YEAR
 MAXIMUM TEMPERATURE (F)   87       111      1936
 MINIMUM TEMPERATURE (F)   67        48      1950


SUNRISE AND SUNSET
JULY 14 2014..........SUNRISE   545 AM CDT   SUNSET   835 PM CDT
JULY 15 2014..........SUNRISE   546 AM CDT   SUNSET   835 PM CDT


-  INDICATES NEGATIVE NUMBERS.
R  INDICATES RECORD WAS SET OR TIED.
MM INDICATES DATA IS MISSING.
T  INDICATES TRACE AMOUNT.




$$
