000
CDUS43 KDVN 280911
CLIBRL

CLIMATE REPORT
NATIONAL WEATHER SERVICE QUAD CITIES IA IL
127 AM CDT WED JUN 28 2017


...................................

...THE BURLINGTON IA CLIMATE SUMMARY FOR JUNE 27 2017...

CLIMATE NORMAL PERIOD 1981 TO 2010
CLIMATE RECORD PERIOD 9999 TO 9999


WEATHER ITEM   OBSERVED TIME   RECORD YEAR NORMAL DEPARTURE LAST
                VALUE   (LST)  VALUE       VALUE  FROM      YEAR
                                                  NORMAL
..................................................................
TEMPERATURE (F)
 YESTERDAY
  MAXIMUM         77    442 PM 105    1934  86     -9       92
  MINIMUM         47R   453 AM  48    1968  66    -19       62
  AVERAGE         62                        76    -14       77

PRECIPITATION (IN)
  YESTERDAY        0.00                      0.14  -0.14     0.00
  MONTH TO DATE    0.93                      4.06  -3.13     0.53
  SINCE JUN 1      0.93                      4.06  -3.13     0.53
  SINCE JAN 1     15.08                     18.32  -3.24    11.38

DEGREE DAYS
 HEATING
  YESTERDAY        3                         0      3        0
  MONTH TO DATE    8                         9     -1        0
  SINCE JUN 1      8                         9     -1        0
  SINCE JUL 1   4815                      5596   -781     4996

 COOLING
  YESTERDAY        0                        11    -11       12
  MONTH TO DATE  242                       225     17      298
  SINCE JUN 1    242                       225     17      298
  SINCE JAN 1    318                       328    -10      397
..................................................................


WIND (MPH)
  HIGHEST WIND SPEED    14   HIGHEST WIND DIRECTION     S (170)
  HIGHEST GUST SPEED    21   HIGHEST GUST DIRECTION     S (170)
  AVERAGE WIND SPEED     5.0




RELATIVE HUMIDITY (PERCENT)
 HIGHEST   100           200 AM
 LOWEST     31           100 PM
 AVERAGE    66

..........................................................


THE BURLINGTON IA CLIMATE NORMALS FOR TODAY
                         NORMAL    RECORD    YEAR
 MAXIMUM TEMPERATURE (F)   86       104      1934
 MINIMUM TEMPERATURE (F)   66        49      1968


SUNRISE AND SUNSET
JUNE 28 2017..........SUNRISE   536 AM CDT   SUNSET   840 PM CDT
JUNE 29 2017..........SUNRISE   536 AM CDT   SUNSET   840 PM CDT


-  INDICATES NEGATIVE NUMBERS.
R  INDICATES RECORD WAS SET OR TIED.
MM INDICATES DATA IS MISSING.
T  INDICATES TRACE AMOUNT.




$$
