000
CDUS43 KDVN 171036
CLIBRL


CLIMATE REPORT
NATIONAL WEATHER SERVICE QUAD CITIES IA IL
435 AM CST SUN DEC 17 2017


...................................

...THE BURLINGTON IA CLIMATE SUMMARY FOR DECEMBER 16 2017...

CLIMATE NORMAL PERIOD 1981 TO 2010
CLIMATE RECORD PERIOD 1897 TO 2017


WEATHER ITEM   OBSERVED TIME   RECORD YEAR NORMAL DEPARTURE LAST
                VALUE   (LST)  VALUE       VALUE  FROM      YEAR
                                                  NORMAL
..................................................................
TEMPERATURE (F)
 YESTERDAY
  MAXIMUM         53    339 PM  59    2006  37     16       25
  MINIMUM         31    731 AM -13    1951  21     10       16
  AVERAGE         42                        28     14       21

PRECIPITATION (IN)
  YESTERDAY        0.00         MM      MM   0.07  -0.07     0.02
  MONTH TO DATE    0.02                      1.18  -1.16     0.62
  SINCE DEC 1      0.02                      1.18  -1.16     0.62
  SINCE JAN 1     31.48                     37.57  -6.09    32.24

DEGREE DAYS
 HEATING
  YESTERDAY       23                        36    -13       44
  MONTH TO DATE  482                       542    -60      614
  SINCE DEC 1    482                       542    -60      614
  SINCE JUL 1   1533                      1615    -82     1370

 COOLING
  YESTERDAY        0                         0      0        0
  MONTH TO DATE    0                         0      0        0
  SINCE DEC 1      0                         0      0        0
  SINCE JAN 1   1068                      1207   -139     1276
..................................................................


WIND (MPH)
  HIGHEST WIND SPEED    18   HIGHEST WIND DIRECTION    SW (210)
  HIGHEST GUST SPEED    23   HIGHEST GUST DIRECTION    SW (210)
  AVERAGE WIND SPEED     8.4


SKY COVER
  POSSIBLE SUNSHINE  MM
  AVERAGE SKY COVER 0.0


WEATHER CONDITIONS
 THE FOLLOWING WEATHER WAS RECORDED YESTERDAY.
  HAZE


RELATIVE HUMIDITY (PERCENT)
 HIGHEST    75           800 AM
 LOWEST     38           200 PM
 AVERAGE    57

..........................................................


THE BURLINGTON IA CLIMATE NORMALS FOR TODAY
                         NORMAL    RECORD    YEAR
 MAXIMUM TEMPERATURE (F)   36        59      1939
 MINIMUM TEMPERATURE (F)   20        -7      1945


SUNRISE AND SUNSET
DECEMBER 17 2017......SUNRISE   723 AM CST   SUNSET   438 PM CST
DECEMBER 18 2017......SUNRISE   724 AM CST   SUNSET   439 PM CST


-  INDICATES NEGATIVE NUMBERS.
R  INDICATES RECORD WAS SET OR TIED.
MM INDICATES DATA IS MISSING.
T  INDICATES TRACE AMOUNT.




$$
