000
CDUS44 KBRO 022225
CLIBRO


CLIMATE REPORT
NATIONAL WEATHER SERVICE BROWNSVILLE TX
425 PM CST MON MAR 2 2015


...................................

...THE BROWNSVILLE CLIMATE SUMMARY FOR MARCH 2 2015...
VALID TODAY AS OF 0400 PM LOCAL TIME.

CLIMATE NORMAL PERIOD 1981 TO 2010
CLIMATE RECORD PERIOD 1878 TO 2015


WEATHER ITEM   OBSERVED TIME   RECORD YEAR NORMAL DEPARTURE LAST
                VALUE   (LST)  VALUE       VALUE  FROM      YEAR
                                                  NORMAL
..................................................................
TEMPERATURE (F)
 TODAY
  MAXIMUM         59    356 PM  96    1991  76    -17       85
                                      1916
  MINIMUM         53    800 AM  32    1980  57     -4       70
                                      1922
  AVERAGE         56                        67    -11       78

PRECIPITATION (IN)
  TODAY            0.01          1.10 1889   0.03  -0.02     0.00
  MONTH TO DATE    0.04                      0.07  -0.03     0.00
  SINCE MAR 1      0.04                      0.07  -0.03     0.00
  SINCE JAN 1      4.36                      2.42   1.94     0.76

SNOWFALL (IN)
  TODAY            0.0           0.0  2002   0.0
                                      2000
                                      2001
  MONTH TO DATE    0.0                       0.0
  SINCE MAR 1      0.0                       0.0
  SINCE JUL 1      0.0                       0.0

DEGREE DAYS
 HEATING
  TODAY            9                         2      7        0
  MONTH TO DATE   19                         4     15        0
  SINCE MAR 1     19                         4     15        0
  SINCE JUL 1    642                       507    135      724

 COOLING
  TODAY            0                         4     -4       13
  MONTH TO DATE    0                         8     -8       19
  SINCE MAR 1      0                         8     -8       19
  SINCE JAN 1     57                       149    -92      139
..................................................................


WIND (MPH)
  HIGHEST WIND SPEED    12   HIGHEST WIND DIRECTION     N (340)
  HIGHEST GUST SPEED    15   HIGHEST GUST DIRECTION     N (10)
  AVERAGE WIND SPEED     7.6


SKY COVER
  POSSIBLE SUNSHINE  MM
  AVERAGE SKY COVER 1.0


WEATHER CONDITIONS
 THE FOLLOWING WEATHER WAS RECORDED TODAY.
  LIGHT RAIN
  FOG


RELATIVE HUMIDITY (PERCENT)
 HIGHEST   100           200 AM
 LOWEST     93          1200 AM
 AVERAGE    97

..........................................................


THE BROWNSVILLE CLIMATE NORMALS FOR TOMORROW
                         NORMAL    RECORD    YEAR
 MAXIMUM TEMPERATURE (F)   76        90      1893
 MINIMUM TEMPERATURE (F)   57        32      1922


SUNRISE AND SUNSET
MARCH  2 2015.........SUNRISE   652 AM CST   SUNSET   632 PM CST
MARCH  3 2015.........SUNRISE   651 AM CST   SUNSET   632 PM CST


-  INDICATES NEGATIVE NUMBERS.
R  INDICATES RECORD WAS SET OR TIED.
MM INDICATES DATA IS MISSING.
T  INDICATES TRACE AMOUNT.




$$
