000
CDUS44 KBRO 100626
CLIBRO


CLIMATE REPORT
NATIONAL WEATHER SERVICE BROWNSVILLE TX
126 AM CDT THU JUL 10 2014


...................................

...THE BROWNSVILLE CLIMATE SUMMARY FOR JULY 9 2014...

CLIMATE NORMAL PERIOD 1981 TO 2010
CLIMATE RECORD PERIOD 1878 TO 2014


WEATHER ITEM   OBSERVED TIME   RECORD YEAR NORMAL DEPARTURE LAST
                VALUE   (LST)  VALUE       VALUE  FROM      YEAR
                                                  NORMAL
..................................................................
TEMPERATURE (F)
 YESTERDAY
  MAXIMUM         91   1217 PM 102    1939  93     -2       95
  MINIMUM         74   1159 PM  58    1901  76     -2       77
  AVERAGE         83                        85     -2       86

PRECIPITATION (IN)
  YESTERDAY        T             3.17 1976   0.08  -0.08     0.00
  MONTH TO DATE    1.03                      0.71   0.32     0.28
  SINCE JUN 1      1.67                      3.28  -1.61     1.13
  SINCE JAN 1      7.00                     11.04  -4.04     6.73

SNOWFALL (IN)
  YESTERDAY        0.0          MM    2001   0.0
  MONTH TO DATE    0.0                       0.0
  SINCE JUN 1      0.0                       0.0
  SINCE JUL 1      0.0                       0.0

DEGREE DAYS
 HEATING
  YESTERDAY        0                         0      0        0
  MONTH TO DATE    0                         0      0        0
  SINCE JUN 1      0                         0      0        0
  SINCE JUL 1      0                         0      0        0

 COOLING
  YESTERDAY       18                        20     -2       21
  MONTH TO DATE  169                       180    -11      176
  SINCE JUN 1    766                       747     19      799
  SINCE JAN 1   1688                      1840   -152     1921
..................................................................


WIND (MPH)
  HIGHEST WIND SPEED    25   HIGHEST WIND DIRECTION     S (180)
  HIGHEST GUST SPEED    31   HIGHEST GUST DIRECTION     S (180)
  AVERAGE WIND SPEED    10.0


SKY COVER
  POSSIBLE SUNSHINE  MM
  AVERAGE SKY COVER 0.2


WEATHER CONDITIONS
 THE FOLLOWING WEATHER WAS RECORDED YESTERDAY.
  LIGHT RAIN


RELATIVE HUMIDITY (PERCENT)
 HIGHEST    97           500 AM
 LOWEST     55           400 PM
 AVERAGE    76

..........................................................


THE BROWNSVILLE CLIMATE NORMALS FOR TODAY
                         NORMAL    RECORD    YEAR
 MAXIMUM TEMPERATURE (F)   93        99      1917
 MINIMUM TEMPERATURE (F)   76        69      1913
                                             1901


SUNRISE AND SUNSET
JULY 10 2014..........SUNRISE   645 AM CDT   SUNSET   825 PM CDT
JULY 11 2014..........SUNRISE   646 AM CDT   SUNSET   825 PM CDT


-  INDICATES NEGATIVE NUMBERS.
R  INDICATES RECORD WAS SET OR TIED.
MM INDICATES DATA IS MISSING.
T  INDICATES TRACE AMOUNT.




$$
