000
CDUS44 KBRO 200628
CLIBRO


CLIMATE REPORT
NATIONAL WEATHER SERVICE BROWNSVILLE TX
127 AM CDT FRI OCT 20 2017


...................................

...THE BROWNSVILLE CLIMATE SUMMARY FOR OCTOBER 19 2017...

CLIMATE NORMAL PERIOD 1981 TO 2010
CLIMATE RECORD PERIOD 1878 TO 2017


WEATHER ITEM   OBSERVED TIME   RECORD YEAR NORMAL DEPARTURE LAST
                VALUE   (LST)  VALUE       VALUE  FROM      YEAR
                                                  NORMAL
..................................................................
TEMPERATURE (F)
 YESTERDAY
  MAXIMUM         88    232 PM  94    2016  85      3       94
  MINIMUM         66    530 AM  45    1989  66      0       75
  AVERAGE         77                        76      1       85

PRECIPITATION (IN)
  YESTERDAY        0.00          2.63 1951   0.11  -0.11     0.00
  MONTH TO DATE    3.00                      2.56   0.44     0.21
  SINCE SEP 1      7.64                      8.48  -0.84     2.19
  SINCE JAN 1     20.68                     23.29  -2.61    15.85

SNOWFALL (IN)
  YESTERDAY        0.0           0.0  2002   0.0
                                      2001
  MONTH TO DATE    0.0                       0.0
  SINCE SEP 1      0.0                       0.0
  SINCE JUL 1      0.0                       0.0

DEGREE DAYS
 HEATING
  YESTERDAY        0                         0      0        0
  MONTH TO DATE    0                         0      0        0
  SINCE SEP 1      0                         0      0        0
  SINCE JUL 1      0                         0      0        0

 COOLING
  YESTERDAY       12                        11      1       20
  MONTH TO DATE  268                       237     31      334
  SINCE SEP 1    800                       741     59      950
  SINCE JAN 1   4327                      3648    679     4055
..................................................................


WIND (MPH)
  HIGHEST WIND SPEED    13   HIGHEST WIND DIRECTION    NE (50)
  HIGHEST GUST SPEED    19   HIGHEST GUST DIRECTION    NE (50)
  AVERAGE WIND SPEED     3.0


SKY COVER
  POSSIBLE SUNSHINE  MM
  AVERAGE SKY COVER 0.2


WEATHER CONDITIONS
 THE FOLLOWING WEATHER WAS RECORDED YESTERDAY.
  NO SIGNIFICANT WEATHER WAS OBSERVED.


RELATIVE HUMIDITY (PERCENT)
 HIGHEST   100           600 AM
 LOWEST     50           400 PM
 AVERAGE    75

..........................................................


THE BROWNSVILLE CLIMATE NORMALS FOR TODAY
                         NORMAL    RECORD    YEAR
 MAXIMUM TEMPERATURE (F)   85        94      1918
 MINIMUM TEMPERATURE (F)   66        40      1989


SUNRISE AND SUNSET
OCTOBER 20 2017.......SUNRISE   731 AM CDT   SUNSET   657 PM CDT
OCTOBER 21 2017.......SUNRISE   732 AM CDT   SUNSET   656 PM CDT


-  INDICATES NEGATIVE NUMBERS.
R  INDICATES RECORD WAS SET OR TIED.
MM INDICATES DATA IS MISSING.
T  INDICATES TRACE AMOUNT.




$$
