000
CDUS44 KBRO 290630
CLIBRO


CLIMATE REPORT
NATIONAL WEATHER SERVICE BROWNSVILLE TX
128 AM CDT SAT APR 29 2017


...................................

...THE BROWNSVILLE CLIMATE SUMMARY FOR APRIL 28 2017...

CLIMATE NORMAL PERIOD 1981 TO 2010
CLIMATE RECORD PERIOD 1878 TO 2017


WEATHER ITEM   OBSERVED TIME   RECORD YEAR NORMAL DEPARTURE LAST
                VALUE   (LST)  VALUE       VALUE  FROM      YEAR
                                                  NORMAL
..................................................................
TEMPERATURE (F)
 YESTERDAY
  MAXIMUM         96    255 PM 100    2014  85     11       88
  MINIMUM         76    444 AM  50    1997  69      7       74
  AVERAGE         86                        77      9       81

PRECIPITATION (IN)
  YESTERDAY        0.00          2.65 2013   0.05  -0.05     0.00
  MONTH TO DATE    0.63                      1.44  -0.81     3.23
  SINCE MAR 1      2.47                      2.67  -0.20     5.90
  SINCE JAN 1      4.01                      5.02  -1.01     7.78

SNOWFALL (IN)
  YESTERDAY        0.0           0.0  2002   0.0
                                      2001
  MONTH TO DATE    0.0                       0.0
  SINCE MAR 1      0.0                       0.0
  SINCE JUL 1      0.0                       0.0

DEGREE DAYS
 HEATING
  YESTERDAY        0                         0      0        0
  MONTH TO DATE    0                         6     -6        1
  SINCE MAR 1      2                        49    -47       14
  SINCE JUL 1    201                       552   -351      374

 COOLING
  YESTERDAY       21                        12      9       16
  MONTH TO DATE  383                       277    106      289
  SINCE MAR 1    677                       451    226      532
  SINCE JAN 1   1064                       592    472      640
..................................................................


WIND (MPH)
  HIGHEST WIND SPEED    33   HIGHEST WIND DIRECTION     S (160)
  HIGHEST GUST SPEED    40   HIGHEST GUST DIRECTION     S (170)
  AVERAGE WIND SPEED    20.0


SKY COVER
  POSSIBLE SUNSHINE  MM
  AVERAGE SKY COVER 0.2


WEATHER CONDITIONS
 THE FOLLOWING WEATHER WAS RECORDED YESTERDAY.
  NO SIGNIFICANT WEATHER WAS OBSERVED.


RELATIVE HUMIDITY (PERCENT)
 HIGHEST    91           700 AM
 LOWEST     45           300 PM
 AVERAGE    68

..........................................................


THE BROWNSVILLE CLIMATE NORMALS FOR TODAY
                         NORMAL    RECORD    YEAR
 MAXIMUM TEMPERATURE (F)   86        99      1953
                                             1937
 MINIMUM TEMPERATURE (F)   69        50      1916


SUNRISE AND SUNSET
APRIL 29 2017.........SUNRISE   654 AM CDT   SUNSET   800 PM CDT
APRIL 30 2017.........SUNRISE   653 AM CDT   SUNSET   801 PM CDT


-  INDICATES NEGATIVE NUMBERS.
R  INDICATES RECORD WAS SET OR TIED.
MM INDICATES DATA IS MISSING.
T  INDICATES TRACE AMOUNT.




$$
