000
CDUS44 KBRO 250730
CLIBRO


CLIMATE REPORT
NATIONAL WEATHER SERVICE BROWNSVILLE TX
130 AM CST SUN FEB 25 2018


...................................

...THE BROWNSVILLE CLIMATE SUMMARY FOR FEBRUARY 24 2018...

CLIMATE NORMAL PERIOD 1981 TO 2010
CLIMATE RECORD PERIOD 1878 TO 2018


WEATHER ITEM   OBSERVED TIME   RECORD YEAR NORMAL DEPARTURE LAST
                VALUE   (LST)  VALUE       VALUE  FROM      YEAR
                                                  NORMAL
..................................................................
TEMPERATURE (F)
 YESTERDAY
  MAXIMUM         88    159 PM  92    2017  75     13       92
                                      1917
  MINIMUM         72    734 AM  32    1968  56     16       68
  AVERAGE         80                        66     14       80

PRECIPITATION (IN)
  YESTERDAY        0.00          2.72 1922   0.03  -0.03     0.00
  MONTH TO DATE    1.34                      0.94   0.40     1.35
  SINCE DEC 1      3.25                      3.36  -0.11     3.20
  SINCE JAN 1      2.10                      2.21  -0.11     1.53

SNOWFALL (IN)
  YESTERDAY        0.0           0.0  2002   0.0
                                      2000
  MONTH TO DATE    0.0                       0.0
  SINCE DEC 1      0.3                       0.0
  SINCE JUL 1      0.3                       0.0

DEGREE DAYS
 HEATING
  YESTERDAY        0                         3     -3        0
  MONTH TO DATE   54                        95    -41        9
  SINCE DEC 1    466                       440     26      191
  SINCE JUL 1    482                       494    -12      199

 COOLING
  YESTERDAY       15                         3     12       15
  MONTH TO DATE  169                        67    102      203
  SINCE DEC 1    319                       206    113      520
  SINCE JAN 1    212                       126     86      344
..................................................................


WIND (MPH)
  HIGHEST WIND SPEED    37   HIGHEST WIND DIRECTION     S (180)
  HIGHEST GUST SPEED    48   HIGHEST GUST DIRECTION     S (180)
  AVERAGE WIND SPEED    21.3


SKY COVER
  POSSIBLE SUNSHINE  MM
  AVERAGE SKY COVER 0.5


WEATHER CONDITIONS
 THE FOLLOWING WEATHER WAS RECORDED YESTERDAY.
  NO SIGNIFICANT WEATHER WAS OBSERVED.


RELATIVE HUMIDITY (PERCENT)
 HIGHEST    93          1200 AM
 LOWEST     57           200 PM
 AVERAGE    75

..........................................................


THE BROWNSVILLE CLIMATE NORMALS FOR TODAY
                         NORMAL    RECORD    YEAR
 MAXIMUM TEMPERATURE (F)   75        90      1917
 MINIMUM TEMPERATURE (F)   56        28      1894


SUNRISE AND SUNSET
FEBRUARY 25 2018......SUNRISE   657 AM CST   SUNSET   629 PM CST
FEBRUARY 26 2018......SUNRISE   656 AM CST   SUNSET   630 PM CST


-  INDICATES NEGATIVE NUMBERS.
R  INDICATES RECORD WAS SET OR TIED.
MM INDICATES DATA IS MISSING.
T  INDICATES TRACE AMOUNT.




$$
