000
CDUS44 KBRO 172226
CLIBRO


CLIMATE REPORT
NATIONAL WEATHER SERVICE BROWNSVILLE TX
426 PM CST TUE JAN 17 2017


...................................

...THE BROWNSVILLE CLIMATE SUMMARY FOR JANUARY 17 2017...
VALID TODAY AS OF 0400 PM LOCAL TIME.

CLIMATE NORMAL PERIOD 1981 TO 2010
CLIMATE RECORD PERIOD 1878 TO 2017


WEATHER ITEM   OBSERVED TIME   RECORD YEAR NORMAL DEPARTURE LAST
                VALUE   (LST)  VALUE       VALUE  FROM      YEAR
                                                  NORMAL
..................................................................
TEMPERATURE (F)
 TODAY
  MAXIMUM         80    326 PM  86    1999  71      9       64
  MINIMUM         68    712 AM  27    1888  52     16       42
                                      1885
  AVERAGE         74                        61     13       53

PRECIPITATION (IN)
  TODAY            0.01          0.35 1882   0.04  -0.03     0.00
  MONTH TO DATE    0.02                      0.63  -0.61     1.81
  SINCE DEC 1      1.69                      1.78  -0.09     1.97
  SINCE JAN 1      0.02                      0.63  -0.61     1.81

SNOWFALL (IN)
  TODAY            0.0           0.0  2002   0.0
                                      1998
                                      2000
  MONTH TO DATE    0.0                       0.0
  SINCE DEC 1      0.0                       0.0
  SINCE JUL 1      0.0                       0.0

DEGREE DAYS
 HEATING
  TODAY            0                         6     -6       12
  MONTH TO DATE   57                       102    -45      136
  SINCE DEC 1    147                       267   -120      196
  SINCE JUL 1    155                       321   -166      218

 COOLING
  TODAY            9                         2      7        0
  MONTH TO DATE   99                        34     65        7
  SINCE DEC 1    275                       114    161      141
  SINCE JAN 1     99                        34     65        7
..................................................................


WIND (MPH)
  HIGHEST WIND SPEED    24   HIGHEST WIND DIRECTION    SE (150)
  HIGHEST GUST SPEED    29   HIGHEST GUST DIRECTION    SE (130)
  AVERAGE WIND SPEED    11.4


SKY COVER
  POSSIBLE SUNSHINE  MM
  AVERAGE SKY COVER 0.6


WEATHER CONDITIONS
 THE FOLLOWING WEATHER WAS RECORDED TODAY.
  LIGHT RAIN


RELATIVE HUMIDITY (PERCENT)
 HIGHEST   100           500 AM
 LOWEST     74           300 PM
 AVERAGE    87

..........................................................


THE BROWNSVILLE CLIMATE NORMALS FOR TOMORROW
                         NORMAL    RECORD    YEAR
 MAXIMUM TEMPERATURE (F)   71        87      1971
 MINIMUM TEMPERATURE (F)   52        24      1930


SUNRISE AND SUNSET
JANUARY 17 2017.......SUNRISE   718 AM CST   SUNSET   602 PM CST
JANUARY 18 2017.......SUNRISE   718 AM CST   SUNSET   603 PM CST


-  INDICATES NEGATIVE NUMBERS.
R  INDICATES RECORD WAS SET OR TIED.
MM INDICATES DATA IS MISSING.
T  INDICATES TRACE AMOUNT.




$$
