000
CDUS44 KBRO 220626
CLIBRO


CLIMATE REPORT
NATIONAL WEATHER SERVICE BROWNSVILLE TX
125 AM CDT TUE AUG 22 2017


...................................

...THE BROWNSVILLE CLIMATE SUMMARY FOR AUGUST 21 2017...

CLIMATE NORMAL PERIOD 1981 TO 2010
CLIMATE RECORD PERIOD 1878 TO 2017


WEATHER ITEM   OBSERVED TIME   RECORD YEAR NORMAL DEPARTURE LAST
                VALUE   (LST)  VALUE       VALUE  FROM      YEAR
                                                  NORMAL
..................................................................
TEMPERATURE (F)
 YESTERDAY
  MAXIMUM         94    329 PM  99    1991  94      0       96
                                      1918
                                      1896
  MINIMUM         77    542 AM  70    1961  76      1       80
                                      1901
  AVERAGE         86                        85      1       88

PRECIPITATION (IN)
  YESTERDAY        0.00          1.35 1878   0.09  -0.09      T
  MONTH TO DATE    0.97                      1.39  -0.42     0.30
  SINCE JUN 1      6.77                      6.00   0.77     3.46
  SINCE JAN 1     12.63                     13.76  -1.13    13.45

SNOWFALL (IN)
  YESTERDAY        0.0           0.0  2002   0.0
                                      2001
  MONTH TO DATE    0.0                       0.0
  SINCE JUN 1      0.0                       0.0
  SINCE JUL 1      0.0                       0.0

DEGREE DAYS
 HEATING
  YESTERDAY        0                         0      0        0
  MONTH TO DATE    0                         0      0        0
  SINCE JUN 1      0                         0      0        0
  SINCE JUL 1      0                         0      0        0

 COOLING
  YESTERDAY       21                        20      1       23
  MONTH TO DATE  468                       436     32      474
  SINCE JUN 1   1679                      1621     58     1736
  SINCE JAN 1   3316                      2714    602     2896
..................................................................


WIND (MPH)
  HIGHEST WIND SPEED    17   HIGHEST WIND DIRECTION     E (90)
  HIGHEST GUST SPEED    25   HIGHEST GUST DIRECTION     E (80)
  AVERAGE WIND SPEED     7.5


SKY COVER
  POSSIBLE SUNSHINE  MM
  AVERAGE SKY COVER 0.1


WEATHER CONDITIONS
 THE FOLLOWING WEATHER WAS RECORDED YESTERDAY.
  NO SIGNIFICANT WEATHER WAS OBSERVED.


RELATIVE HUMIDITY (PERCENT)
 HIGHEST   100           200 AM
 LOWEST     52          1100 AM
 AVERAGE    76

..........................................................


THE BROWNSVILLE CLIMATE NORMALS FOR TODAY
                         NORMAL    RECORD    YEAR
 MAXIMUM TEMPERATURE (F)   94        99      1883
 MINIMUM TEMPERATURE (F)   76        68      1956
                                             1946


SUNRISE AND SUNSET
AUGUST 22 2017........SUNRISE   706 AM CDT   SUNSET   759 PM CDT
AUGUST 23 2017........SUNRISE   706 AM CDT   SUNSET   758 PM CDT


-  INDICATES NEGATIVE NUMBERS.
R  INDICATES RECORD WAS SET OR TIED.
MM INDICATES DATA IS MISSING.
T  INDICATES TRACE AMOUNT.




$$
