034
CDAK49 PAFG 110941
CLIBRW

CLIMATE REPORT
NATIONAL WEATHER SERVICE FAIRBANKS AK
1241 AM AKST SUN DEC 11 2016


...................................

...THE BARROW AK CLIMATE SUMMARY FOR DECEMBER 10 2016...

CLIMATE NORMAL PERIOD 1981 TO 2010
CLIMATE RECORD PERIOD 1920 TO 2016


WEATHER ITEM   OBSERVED TIME   RECORD YEAR NORMAL DEPARTURE LAST
                VALUE   (LST)  VALUE       VALUE  FROM      YEAR
                                                  NORMAL
..................................................................
TEMPERATURE (F)
 YESTERDAY
  MAXIMUM          7   1154 AM  31    1932  -1      8       -3
  MINIMUM         -9    736 PM -55    1924 -12      3      -16
  AVERAGE         -1                        -6      5       -9

PRECIPITATION (IN)
  YESTERDAY        0.00          0.06 1932   0.01  -0.01      T
                                      1927
  MONTH TO DATE    T                         0.05  -0.05     0.01
  SINCE DEC 1      T                         0.05  -0.05     0.01
  SINCE JAN 1      7.13                      4.44   2.69     5.27

SNOWFALL (IN)
  YESTERDAY        0.0           2.1  1932   0.1   -0.1      0.2
  MONTH TO DATE    T                         1.3   -1.3      0.4
  SINCE DEC 1      T                         1.3   -1.3      0.4
  SINCE JUL 1     13.0                      21.6   -8.6      3.9
  SNOW DEPTH       6

DEGREE DAYS
 HEATING
  YESTERDAY       66                        71     -5       74
  MONTH TO DATE  743                       705     38      790
  SINCE DEC 1    743                       705     38      790
  SINCE JUL 1   5698                      6657   -959     5851

 COOLING
  YESTERDAY        0                         0      0        0
  MONTH TO DATE    0                         0      0        0
  SINCE DEC 1      0                         0      0        0
  SINCE JAN 1      0                         0      0        0
..................................................................


WIND (MPH)
  HIGHEST GUST SPEED    14   HIGHEST GUST DIRECTION     S (200)


SKY COVER
  AVERAGE SKY COVER 0.0


WEATHER CONDITIONS
 THE FOLLOWING WEATHER WAS RECORDED YESTERDAY.
  NO SIGNIFICANT WEATHER WAS OBSERVED.


RELATIVE HUMIDITY (PERCENT)
 HIGHEST    87
 LOWEST     51
 AVERAGE    69

..........................................................


THE BARROW AK CLIMATE NORMALS FOR TODAY
                         NORMAL    RECORD    YEAR
 MAXIMUM TEMPERATURE (F)   -1        29      1972
                                             1932
 MINIMUM TEMPERATURE (F)  -13       -49      1924


SUNRISE AND SUNSET
DECEMBER 11 2016......SUN BELOW VISIBLE HORIZON.
DECEMBER 12 2016......SUN BELOW VISIBLE HORIZON.

-  INDICATES NEGATIVE NUMBERS.
R  INDICATES RECORD WAS SET OR TIED.
MM INDICATES DATA IS MISSING.
T  INDICATES TRACE AMOUNT.

&&

SNOW DEPTH IS MEASURED AT 3AM AKST/4AM AKDT.

----------------------------
AVAILABLE DAYLIGHT

AMOUNT OF DAYLIGHT TODAY  (HOUR:MIN)........0:00
GAIN/LOSS SINCE YESTERDAY (HOUR:MIN:SEC)....+0:00:00

$$
DEC 16
