000
CDAK49 PABR 302332
CLIBRW

CLIMATE REPORT
NATIONAL WEATHER SERVICE BARROW, AK
332 PM AKDT MON MAR 30 2015

...................................
...THE BARROW WSO AP CLIMATE SUMMARY FOR MARCH 30 2015...
VALID TODAY AS OF 300 PM LOCAL TIME

CLIMATE NORMAL PERIOD  1981 TO  2010
CLIMATE RECORD PERIOD  1915 TO  2015

WEATHER ITEM   OBSERVED TIME    RECORD YEAR NORMAL DEPARTURE LAST
               VALUE    (LST)   VALUE       VALUE  FROM      YEAR
                                                   NORMAL
...................................................................
TEMPERATURE
TODAY
 MAXIMUM            -1   231 PM    27  1927     -2       1     -1
 MINIMUM           -10   312 AM   -42  1944    -15       5    -11
 AVERAGE            -6                          -9       3     -6

PRECIPITATION
(INCHES)
 TODAY            0.00           0.14  1963   0.01   -0.01      T
 MONTH TO DATE    0.28                        0.09    0.19   0.05
 SINCE MAR 1      0.28                        0.09    0.19   0.05
 SINCE JAN 1      0.85                        0.36    0.49   0.42

SNOWFALL
(INCHES)
 TODAY             0.0            2.1  1930    0.0     0.0      T
 MONTH TO DATE     3.3                         2.0     1.3    1.7
 SINCE MAR 1       3.3                         2.0     1.3    1.7
 SINCE JUL 1      46.4                        31.0    15.4   44.3
 SNOW DEPTH (IN)     6                                          7

DEGREE DAYS
 HEATING
  TODAY             71                          74      -3     71
  MONTH TO DATE   2303                        2331     -28   2091
  SINCE MAR 1     2286                        2331     -45   2081
  SINCE JUL 1    14429                       15179    -750  13801

 COOLING
  TODAY              0                           0       0      0
  MONTH TO DATE      0                           0       0      0
  SINCE MAR 1        0                           0       0      0
  SINCE JAN 1        0                           0       0      0
...................................................................

WIND (MPH)
 HIGHEST WIND SPEED    31     HIGHEST WIND DIRECTION     60
 HIGHEST GUST SPEED    35     HIGHEST GUST DIRECTION     60
 AVERAGE WIND SPEED    MM

SKY COVER
  POSSIBLE SUNSHINE  MM            AVERAGE SKY COVER MM

WEATHER CONDITIONS
 THE FOLLOWING WEATHER WAS RECORDED TODAY.
  FOG
  BLOWING SNOW


RELATIVE HUMIDITY
 HIGHEST RH     MM PERCENT       MM
 LOWEST  RH     MM PERCENT       MM
 AVERAGE RH     MM PERCENT       MM
...................................................................

THE BARROW CLIMATE NORMALS FOR TOMORROW
                        NORMAL    RECORD   YEAR
 MAXIMUM TEMPERATURE      -1        28     1936
 MINIMUM TEMPERATURE     -15       -34     1943

SUNRISE AND SUNSET
 MAR 30 2015..........SUNRISE  736 AM      SUNSET  931 PM
 MAR 31 2015..........SUNRISE  731 AM      SUNSET  935 PM

-  INDICATES NEGATIVE NUMBERS.
R  INDICATES RECORD HAS BEEN SET OR TIED.
MM INDICATES DATA IS MISSING.
T  INDICATES TRACE OF PRECIPITATION.

&&
-------------------------------------------------------------------

AMOUNT OF DAYLIGHT TODAY  (HOUR:MIN)........13 HOURS 55 MINUTES
GAIN/LOSS SINCE YESTERDAY (HOUR:MIN:SEC)....+0:09:29

$$
DPA MAR 15
