000
CDAK49 PAFG 181022
CLIBRW

CLIMATE REPORT
NATIONAL WEATHER SERVICE FAIRBANKS AK
222 AM AKDT WED OCT 18 2017


...................................

...THE BARROW AK CLIMATE SUMMARY FOR OCTOBER 17 2017...

CLIMATE NORMAL PERIOD 1981 TO 2010
CLIMATE RECORD PERIOD 1920 TO 2017


WEATHER ITEM   OBSERVED TIME   RECORD YEAR NORMAL DEPARTURE LAST
                VALUE   (LST)  VALUE       VALUE  FROM      YEAR
                                                  NORMAL
..................................................................
TEMPERATURE (F)
 YESTERDAY
  MAXIMUM         30    412 PM  38    1984  21      9       28
  MINIMUM         20   1153 PM -15    2001  12      8       25
  AVERAGE         25                        17      8       27

PRECIPITATION (IN)
  YESTERDAY        0.08          0.28 1922   0.01   0.07     0.02
  MONTH TO DATE    0.48                      0.25   0.23     0.05
  SINCE SEP 1      1.17                      0.97   0.20     0.82
  SINCE JAN 1      6.84                      4.02   2.82     6.47

SNOWFALL (IN)
  YESTERDAY        0.8           3.6  1963   0.3    0.5      0.2
  MONTH TO DATE    0.8                       4.9   -4.1      0.8
  SINCE SEP 1      3.3                       9.3   -6.0      2.8
  SINCE JUL 1      4.1                      10.4   -6.3      4.6
  SNOW DEPTH       4

DEGREE DAYS
 HEATING
  YESTERDAY       40                        48     -8       38
  MONTH TO DATE  601                       740   -139      544
  SINCE SEP 1   1497                      1726   -229     1450
  SINCE JUL 1   2840                      3281   -441     2879

 COOLING
  YESTERDAY        0                         0      0        0
  MONTH TO DATE    0                         0      0        0
  SINCE SEP 1      0                         0      0        0
  SINCE JAN 1      0                         0      0        0
..................................................................


WIND (MPH)
  HIGHEST GUST SPEED    45   HIGHEST GUST DIRECTION    NE (30)


SKY COVER
  AVERAGE SKY COVER 1.0


WEATHER CONDITIONS
 THE FOLLOWING WEATHER WAS RECORDED YESTERDAY.
  HEAVY SNOW
  SNOW
  LIGHT SNOW
  FOG
  FOG W/VISIBILITY <= 1/4 MILE
  HAZE
  BLOWING SNOW


RELATIVE HUMIDITY (PERCENT)
 HIGHEST   100
 LOWEST     74
 AVERAGE    87

..........................................................


THE BARROW AK CLIMATE NORMALS FOR TODAY
                         NORMAL    RECORD    YEAR
 MAXIMUM TEMPERATURE (F)   21        35      2013
                                             1982
                                             1951
 MINIMUM TEMPERATURE (F)   11       -16      1988


SUNRISE AND SUNSET
OCTOBER 18 2017.......SUNRISE  1004 AM AKDT  SUNSET   619 PM AKDT
OCTOBER 19 2017.......SUNRISE  1009 AM AKDT  SUNSET   614 PM AKDT

-  INDICATES NEGATIVE NUMBERS.
R  INDICATES RECORD WAS SET OR TIED.
MM INDICATES DATA IS MISSING.
T  INDICATES TRACE AMOUNT.

&&

SNOW DEPTH IS MEASURED AT 3AM AKST/4AM AKDT.

----------------------------
AVAILABLE DAYLIGHT

AMOUNT OF DAYLIGHT TODAY  (HOUR:MIN)........8:15
GAIN/LOSS SINCE YESTERDAY (HOUR:MIN:SEC)....-0:09:54

$$
OCT 17
