000
CDAK49 PAFG 221009
CLIBRW

CLIMATE REPORT
NATIONAL WEATHER SERVICE FAIRBANKS AK
209 AM AKDT WED MAR 22 2017


...................................

...THE BARROW AK CLIMATE SUMMARY FOR MARCH 21 2017...

CLIMATE NORMAL PERIOD 1981 TO 2010
CLIMATE RECORD PERIOD 1920 TO 2017


WEATHER ITEM   OBSERVED TIME   RECORD YEAR NORMAL DEPARTURE LAST
                VALUE   (LST)  VALUE       VALUE  FROM      YEAR
                                                  NORMAL
..................................................................
TEMPERATURE (F)
 YESTERDAY
  MAXIMUM          6    226 AM  34    1998  -6     12        0
  MINIMUM        -11   1158 PM -43    1994 -19      8      -10
  AVERAGE         -2                       -12     10       -5

PRECIPITATION (IN)
  YESTERDAY        0.03          0.12 1938   0.00   0.03     0.00
  MONTH TO DATE    0.29                      0.06   0.23     0.02
  SINCE MAR 1      0.29                      0.06   0.23     0.02
  SINCE JAN 1      1.16                      0.33   0.83     3.08

SNOWFALL (IN)
  YESTERDAY        0.3           2.5  1938   0.1    0.2      0.0
  MONTH TO DATE    2.2                       1.4    0.8      0.2
  SINCE MAR 1      2.2                       1.4    0.8      0.2
  SINCE JUL 1     29.1                      30.4   -1.3      9.0
  SNOW DEPTH       9

DEGREE DAYS
 HEATING
  YESTERDAY       67                        77    -10       70
  MONTH TO DATE 1530                      1652   -122     1364
  SINCE MAR 1   1530                      1652   -122     1364
  SINCE JUL 1  12492                     14509  -2017    12760

 COOLING
  YESTERDAY        0                         0      0        0
  MONTH TO DATE    0                         0      0        0
  SINCE MAR 1      0                         0      0        0
  SINCE JAN 1      0                         0      0        0
..................................................................


WIND (MPH)
  HIGHEST GUST SPEED    23   HIGHEST GUST DIRECTION     W (270)


SKY COVER
  AVERAGE SKY COVER 0.3


WEATHER CONDITIONS
 THE FOLLOWING WEATHER WAS RECORDED YESTERDAY.
  LIGHT SNOW
  HAZE


RELATIVE HUMIDITY (PERCENT)
 HIGHEST    87
 LOWEST     72
 AVERAGE    80

..........................................................


THE BARROW AK CLIMATE NORMALS FOR TODAY
                         NORMAL    RECORD    YEAR
 MAXIMUM TEMPERATURE (F)   -5        27      2002
 MINIMUM TEMPERATURE (F)  -19       -38      1966


SUNRISE AND SUNSET
MARCH 22 2017.........SUNRISE   813 AM AKDT  SUNSET   858 PM AKDT
MARCH 23 2017.........SUNRISE   808 AM AKDT  SUNSET   902 PM AKDT

-  INDICATES NEGATIVE NUMBERS.
R  INDICATES RECORD WAS SET OR TIED.
MM INDICATES DATA IS MISSING.
T  INDICATES TRACE AMOUNT.

&&

SNOW DEPTH IS MEASURED AT 3AM AKST/4AM AKDT.

----------------------------
AVAILABLE DAYLIGHT

AMOUNT OF DAYLIGHT TODAY  (HOUR:MIN)........12:44
GAIN/LOSS SINCE YESTERDAY (HOUR:MIN:SEC)....+0:09:20

$$
CCC MAR 17
