403
CDAK49 PABR 240904
CLIBRW

CLIMATE REPORT
NATIONAL WEATHER SERVICE BARROW, AK
104 AM AKDT TUE MAY 24 2016

...................................
...THE BARROW WSO AP CLIMATE SUMMARY FOR MAY 23 2016...

CLIMATE NORMAL PERIOD  1981 TO  2010
CLIMATE RECORD PERIOD  1915 TO  2016

WEATHER ITEM   OBSERVED TIME    RECORD YEAR NORMAL DEPARTURE LAST
               VALUE    (LST)   VALUE       VALUE  FROM      YEAR
                                                   NORMAL
...................................................................
TEMPERATURE
YESTERDAY
 MAXIMUM            38  0457 PM    47  1996     29       9     38
 MINIMUM            30  1159 PM    -1  1954     21       9     32
 AVERAGE            34                          25       9     35

PRECIPITATION
(INCHES)
 YESTERDAY           T           0.25  1994   0.01   -0.01   0.00
 MONTH TO DATE    0.04                        0.12   -0.08   0.15
 SINCE MAR 1      0.15                        0.37   -0.22   0.89
 SINCE JAN 1      1.30                        0.64    0.66   1.46

SNOWFALL
(INCHES)
 YESTERDAY           T            2.0  1921    0.1    -0.1    0.0
 MONTH TO DATE     0.9                         2.1    -1.2    1.0
 SINCE MAR 1       3.1                         7.4    -4.3   11.6
 SINCE JUL 1      33.0                        36.4    -3.4   54.7
 SNOW DEPTH (IN)     T                                          T

DEGREE DAYS
 HEATING
  YESTERDAY         31                          40      -9     30
  MONTH TO DATE    866                        1060    -194    881
  SINCE MAR 1     4734                        5359    -625   4970
  SINCE JUL 1    16895                       18207   -1312  17181

 COOLING
  YESTERDAY          0                           0       0      0
  MONTH TO DATE      0                           0       0      0
  SINCE MAR 1        0                           0       0      0
  SINCE JAN 1        0                           0       0      0
...................................................................

WIND (MPH)
 HIGHEST WIND SPEED    17     HIGHEST WIND DIRECTION    100
 HIGHEST GUST SPEED    21     HIGHEST GUST DIRECTION     90
 AVERAGE WIND SPEED  10.8

WEATHER CONDITIONS
 THE FOLLOWING WEATHER WAS RECORDED YESTERDAY.
  FOG
RAIN
SNOW


...................................................................

THE BARROW CLIMATE NORMALS FOR TODAY
                           NORMAL    RECORD   YEAR
 MAXIMUM TEMPERATURE (F)     30        43     2011
 MINIMUM TEMPERATURE (F)     22         3     2001

SUNRISE AND SUNSET
 MAY 24 2016..........SUNRISE  **.**      SUNSET **.**
 MAY 25 2016..........SUNRISE  **.**      SUNSET **.**

-  INDICATES NEGATIVE NUMBERS.
R  INDICATES RECORD HAS BEEN SET OR TIED.
MM INDICATES DATA IS MISSING.
T  INDICATES TRACE OF PRECIPITATION.

&&
-------------------------------------------------------------------

AMOUNT OF DAYLIGHT TODAY  (HOUR:MIN)........24 HOURS 00 MINUTES
GAIN/LOSS SINCE YESTERDAY (HOUR:MIN:SEC)....+0:00:00

$$
*** MAY 16
