000
CDAK49 PABR 130935
CLIBRW

CLIMATE REPORT
NATIONAL WEATHER SERVICE BARROW, AK
135 AM AKDT SUN JUL 13 2014

...................................
...THE BARROW WSO AP CLIMATE SUMMARY FOR JULY 12 2014...

CLIMATE NORMAL PERIOD  1981 TO  2010
CLIMATE RECORD PERIOD  1915 TO  2014

WEATHER ITEM   OBSERVED TIME    RECORD YEAR NORMAL DEPARTURE LAST
               VALUE    (LST)   VALUE       VALUE  FROM      YEAR
                                                   NORMAL
...................................................................
TEMPERATURE
YESTERDAY
 MAXIMUM            51  0405 PM    73  2009     47       4     46
 MINIMUM            32  0541 AM    28  2000     35      -3     35
 AVERAGE            42                          41       1     41

PRECIPITATION
(INCHES)
 YESTERDAY        0.02           0.39  1980   0.04   -0.02   0.00
 MONTH TO DATE    0.07                        0.34   -0.27   0.53
 SINCE JUN 1      1.54                        0.66    0.88   1.30
 SINCE JAN 1      3.16                        1.36    1.80   2.52

SNOWFALL
(INCHES)
 YESTERDAY           T              T  2014    0.0       T    0.0
 MONTH TO DATE       T                         0.1    -0.1    0.0
 SINCE JUN 1       0.9                         0.8     0.1    0.3
 SINCE JUL 1         T                         0.1    -0.1    0.0
 SNOW DEPTH (IN)     0                                          0

DEGREE DAYS
 HEATING
  YESTERDAY         23                          24      -1     24
  MONTH TO DATE    302                         291      11    266
  SINCE JUN 1     1235                        1171      64   1044
  SINCE JUL 1      302                         291      11    266

 COOLING
  YESTERDAY          0                           0       0      0
  MONTH TO DATE      0                           0       0      0
  SINCE JUN 1        0                           0       0      0
  SINCE JAN 1        0                           0       0      0
...................................................................

WIND (MPH)
 HIGHEST WIND SPEED    21     HIGHEST WIND DIRECTION    260
 HIGHEST GUST SPEED    24     HIGHEST GUST DIRECTION    250
 AVERAGE WIND SPEED  11.0

WEATHER CONDITIONS
 THE FOLLOWING WEATHER WAS RECORDED YESTERDAY.
  FOG VIS=1/4
  DRIZZLE
  RAIN
  SNOW

RELATIVE HUMIDITY
 HIGHEST RH    100 PERCENT       953 AM
 LOWEST  RH     71 PERCENT       353 PM
 AVERAGE RH     90 PERCENT
...................................................................

THE BARROW CLIMATE NORMALS FOR TODAY
                           NORMAL    RECORD   YEAR
 MAXIMUM TEMPERATURE (F)     47        79     1993
 MINIMUM TEMPERATURE (F)     35        27     1945

SUNRISE AND SUNSET
 JUL 13 2014..........SUNRISE  **.**      SUNSET **.**
 JUL 14 2014..........SUNRISE  **.**      SUNSET **.**

-  INDICATES NEGATIVE NUMBERS.
R  INDICATES RECORD HAS BEEN SET OR TIED.
MM INDICATES DATA IS MISSING.
T  INDICATES TRACE OF PRECIPITATION.

&&
-------------------------------------------------------------------

AMOUNT OF DAYLIGHT TODAY  (HOUR:MIN)........24 HOURS 00 MINUTES
GAIN/LOSS SINCE YESTERDAY (HOUR:MIN:SEC)....+0:00:00

$$
GMS JUL 14
