000
CDAK49 PAFG 170949
CLIBRW

CLIMATE REPORT
NATIONAL WEATHER SERVICE FAIRBANKS AK
149 AM AKDT THU AUG 17 2017


...................................

...THE BARROW AK CLIMATE SUMMARY FOR AUGUST 16 2017...

CLIMATE NORMAL PERIOD 1981 TO 2010
CLIMATE RECORD PERIOD 1920 TO 2017


WEATHER ITEM   OBSERVED TIME   RECORD YEAR NORMAL DEPARTURE LAST
                VALUE   (LST)  VALUE       VALUE  FROM      YEAR
                                                  NORMAL
..................................................................
TEMPERATURE (F)
 YESTERDAY
  MAXIMUM         49    428 PM  67    2004  44      5       37
  MINIMUM         31    431 AM  20    1925  34     -3       33
  AVERAGE         40                        39      1       35

PRECIPITATION (IN)
  YESTERDAY        0.00          0.25 1948   0.03  -0.03      T
  MONTH TO DATE    0.86                      0.55   0.31     0.09
  SINCE JUN 1      2.72                      1.85   0.87     1.57
  SINCE JAN 1      4.83                      2.55   2.28     4.92

SNOWFALL (IN)
  YESTERDAY        0.0           0.2  2006   0.0    0.0     MM
                                      1963
  MONTH TO DATE    T                         0.3   -0.3       T
  SINCE JUN 1      0.5                       1.2   -0.7      1.9
  SINCE JUL 1      T                         0.5   -0.5       T
  SNOW DEPTH       0

DEGREE DAYS
 HEATING
  YESTERDAY       25                        26     -1       30
  MONTH TO DATE  362                       403    -41      410
  SINCE JUN 1   1845                      2033   -188     1872
  SINCE JUL 1    944                      1152   -208     1063

 COOLING
  YESTERDAY        0                         0      0        0
  MONTH TO DATE    0                         0      0        0
  SINCE JUN 1      0                         0      0        0
  SINCE JAN 1      0                         0      0        0
..................................................................


WIND (MPH)
  HIGHEST GUST SPEED    25   HIGHEST GUST DIRECTION    SE (120)


SKY COVER
  AVERAGE SKY COVER 0.6


WEATHER CONDITIONS
 THE FOLLOWING WEATHER WAS RECORDED YESTERDAY.
  FOG
  FOG W/VISIBILITY <= 1/4 MILE


RELATIVE HUMIDITY (PERCENT)
 HIGHEST   100
 LOWEST     76
 AVERAGE    88

..........................................................


THE BARROW AK CLIMATE NORMALS FOR TODAY
                         NORMAL    RECORD    YEAR
 MAXIMUM TEMPERATURE (F)   44        73      1923
 MINIMUM TEMPERATURE (F)   34        24      1980


SUNRISE AND SUNSET
AUGUST 17 2017........SUNRISE   520 AM AKDT  SUNSET  1138 PM AKDT
AUGUST 18 2017........SUNRISE   526 AM AKDT  SUNSET  1132 PM AKDT

-  INDICATES NEGATIVE NUMBERS.
R  INDICATES RECORD WAS SET OR TIED.
MM INDICATES DATA IS MISSING.
T  INDICATES TRACE AMOUNT.

&&

SNOW DEPTH IS MEASURED AT 3AM AKST/4AM AKDT.

----------------------------
AVAILABLE DAYLIGHT

AMOUNT OF DAYLIGHT TODAY  (HOUR:MIN)........18:18
GAIN/LOSS SINCE YESTERDAY (HOUR:MIN:SEC)....-0:11:59

$$
AUG 17
