400
CDAK49 PAFG 220948
CLIBRW

CLIMATE REPORT
NATIONAL WEATHER SERVICE FAIRBANKS AK
148 AM AKDT THU JUN 22 2017


...................................

...THE BARROW AK CLIMATE SUMMARY FOR JUNE 21 2017...

CLIMATE NORMAL PERIOD 1981 TO 2010
CLIMATE RECORD PERIOD 1920 TO 2017


WEATHER ITEM   OBSERVED TIME   RECORD YEAR NORMAL DEPARTURE LAST
                VALUE   (LST)  VALUE       VALUE  FROM      YEAR
                                                  NORMAL
..................................................................
TEMPERATURE (F)
 YESTERDAY
  MAXIMUM         51    106 PM  64    1991  43      8       37
  MINIMUM         32    614 AM  24    1949  33     -1       31
  AVERAGE         42                        38      4       34

PRECIPITATION (IN)
  YESTERDAY        T             0.38 1973   0.01  -0.01      T
  MONTH TO DATE    0.22                      0.18   0.04     0.60
  SINCE JUN 1      0.22                      0.18   0.04     0.60
  SINCE JAN 1      2.33                      0.88   1.45     3.95

SNOWFALL (IN)
  YESTERDAY        0.0           0.2  1972   0.0    0.0       T
  MONTH TO DATE    0.5                       0.6   -0.1      1.9
  SINCE JUN 1      0.5                       0.6   -0.1      1.9
  SINCE JUL 1     40.7                      37.6    3.1     12.2
  SNOW DEPTH       0

DEGREE DAYS
 HEATING
  YESTERDAY       23                        27     -4       31
  MONTH TO DATE  706                       647     59      606
  SINCE JUN 1    706                       647     59      606
  SINCE JUL 1  16892                     19166  -2274    16708

 COOLING
  YESTERDAY        0                         0      0        0
  MONTH TO DATE    0                         0      0        0
  SINCE JUN 1      0                         0      0        0
  SINCE JAN 1      0                         0      0        0
..................................................................


WIND (MPH)
  HIGHEST GUST SPEED    34   HIGHEST GUST DIRECTION    SW (240)


SKY COVER
  AVERAGE SKY COVER 0.9


WEATHER CONDITIONS
 THE FOLLOWING WEATHER WAS RECORDED YESTERDAY.
  LIGHT RAIN
  FOG
  FOG W/VISIBILITY <= 1/4 MILE


RELATIVE HUMIDITY (PERCENT)
 HIGHEST   100
 LOWEST     74
 AVERAGE    87

..........................................................


THE BARROW AK CLIMATE NORMALS FOR TODAY
                         NORMAL    RECORD    YEAR
 MAXIMUM TEMPERATURE (F)   44        62      1941
                                             1932
 MINIMUM TEMPERATURE (F)   33        23      1949


SUNRISE AND SUNSET
JUNE 22 2017..........SUN ABOVE VISIBLE HORIZON.
JUNE 23 2017..........SUN ABOVE VISIBLE HORIZON.

-  INDICATES NEGATIVE NUMBERS.
R  INDICATES RECORD WAS SET OR TIED.
MM INDICATES DATA IS MISSING.
T  INDICATES TRACE AMOUNT.

&&

SNOW DEPTH IS MEASURED AT 3AM AKST/4AM AKDT.

----------------------------
AVAILABLE DAYLIGHT

AMOUNT OF DAYLIGHT TODAY  (HOUR:MIN)........24:00
GAIN/LOSS SINCE YESTERDAY (HOUR:MIN:SEC)....+0:00:00

$$
CCC JUN 17
