000
CDUS43 KGRR 010518
CLIBTL


CLIMATE REPORT
NATIONAL WEATHER SERVICE GRAND RAPIDS, MI
118 AM EDT WED JUL 1 2015


...................................

...THE BATTLE CREEK MI CLIMATE SUMMARY FOR JUNE 30 2015...

CLIMATE NORMAL PERIOD 1981 TO 2010
CLIMATE RECORD PERIOD 1998 TO 2015


WEATHER ITEM   OBSERVED TIME   NORMAL DEPARTURE LAST
                VALUE   (LST)  VALUE  FROM      YEAR
                                      NORMAL
......................................................
TEMPERATURE (F)
 YESTERDAY
  MAXIMUM         76    220 PM  83     -7       84
  MINIMUM         60    318 AM  59      1       69
  AVERAGE         68            71     -3       77

PRECIPITATION (IN)
  YESTERDAY        T             0.10  -0.10     0.04
  MONTH TO DATE    8.57          3.23   5.34     5.57
  SINCE JUN 1      8.57          3.23   5.34     5.57
  SINCE JAN 1     16.82         14.71   2.11    13.53

DEGREE DAYS
 HEATING
  YESTERDAY        0             1     -1        0
  MONTH TO DATE   23            58    -35       18
  SINCE JUN 1     23            57    -34       18
  SINCE JUL 1   6811          6691    120     7371

 COOLING
  YESTERDAY        3             6     -3       12
  MONTH TO DATE  140           126     14      176
  SINCE JUN 1    140           126     14      176
  SINCE JAN 1    213           164     49      228
......................................................


WIND (MPH)
  RESULTANT WIND SPEED   5   RESULTANT WIND DIRECTION   W (250)
  HIGHEST WIND SPEED    20   HIGHEST WIND DIRECTION    NW (300)
  HIGHEST GUST SPEED    23   HIGHEST GUST DIRECTION    NW (300)
  AVERAGE WIND SPEED     8.1


SKY COVER
  AVERAGE SKY COVER 0.7


WEATHER CONDITIONS
 THE FOLLOWING WEATHER WAS RECORDED YESTERDAY.
  LIGHT RAIN
  FOG


RELATIVE HUMIDITY (PERCENT)
 HIGHEST    90           400 AM
 LOWEST     64           200 PM
 AVERAGE    77

..........................................................


THE BATTLE CREEK MI CLIMATE NORMALS FOR TODAY
                         NORMAL
 MAXIMUM TEMPERATURE (F)   83
 MINIMUM TEMPERATURE (F)   59


SUNRISE AND SUNSET
JULY  1 2015..........SUNRISE   608 AM EDT   SUNSET   921 PM EDT
JULY  2 2015..........SUNRISE   609 AM EDT   SUNSET   921 PM EDT


-  INDICATES NEGATIVE NUMBERS.
R  INDICATES RECORD WAS SET OR TIED.
MM INDICATES DATA IS MISSING.
T  INDICATES TRACE AMOUNT.




$$
