000
CDUS43 KGRR 281454
CLIBTL


CLIMATE REPORT
NATIONAL WEATHER SERVICE GRAND RAPIDS, MI
953 AM EST TUE FEB 28 2017


...................................

...THE BATTLE CREEK MI CLIMATE SUMMARY FOR FEBRUARY 28 2017...
VALID AS OF 0900 AM LOCAL TIME.

CLIMATE NORMAL PERIOD 1981 TO 2010
CLIMATE RECORD PERIOD 1998 TO 2017


WEATHER ITEM   OBSERVED TIME   NORMAL DEPARTURE LAST
                VALUE   (LST)  VALUE  FROM      YEAR
                                      NORMAL
......................................................
TEMPERATURE (F)
 TODAY
  MAXIMUM         45    859 AM  40      5       59
  MINIMUM         39    244 AM  20     19       34
  AVERAGE         42            30     12       47

PRECIPITATION (IN)
  TODAY            0.05          0.06  -0.01     0.21
  MONTH TO DATE    1.47          1.34   0.13     0.66
  SINCE DEC 1      5.73          4.99   0.74     4.72
  SINCE JAN 1      4.69          3.00   1.69     1.60

DEGREE DAYS
 HEATING
  TODAY           23            35    -12       18
  MONTH TO DATE  814          1083   -269     1026
  SINCE DEC 1   3067          3527   -460     2837
  SINCE JUL 1   3910          4965  -1055     3887

 COOLING
  TODAY            0             0      0        0
  MONTH TO DATE    0             0      0        0
  SINCE DEC 1      0             0      0        0
  SINCE JAN 1      0             0      0        0
......................................................


WIND (MPH)
  RESULTANT WIND SPEED  11   RESULTANT WIND DIRECTION   S (160)
  HIGHEST WIND SPEED    23   HIGHEST WIND DIRECTION     S (170)
  HIGHEST GUST SPEED    29   HIGHEST GUST DIRECTION     S (170)
  AVERAGE WIND SPEED    11.7


SKY COVER
  AVERAGE SKY COVER 0.7


WEATHER CONDITIONS
 THE FOLLOWING WEATHER WAS RECORDED TODAY.
  LIGHT RAIN
  FOG


RELATIVE HUMIDITY (PERCENT)
 HIGHEST   100           400 AM
 LOWEST     82          1200 AM
 AVERAGE    91

..........................................................


THE BATTLE CREEK MI CLIMATE NORMALS FOR TOMORROW
                         NORMAL
 MAXIMUM TEMPERATURE (F)   40
 MINIMUM TEMPERATURE (F)   20


SUNRISE AND SUNSET
FEBRUARY 28 2017......SUNRISE   717 AM EST   SUNSET   630 PM EST
MARCH  1 2017.........SUNRISE   716 AM EST   SUNSET   631 PM EST


-  INDICATES NEGATIVE NUMBERS.
R  INDICATES RECORD WAS SET OR TIED.
MM INDICATES DATA IS MISSING.
T  INDICATES TRACE AMOUNT.




$$
