000
CDUS43 KGRR 272141
CLIBTL


CLIMATE REPORT
NATIONAL WEATHER SERVICE GRAND RAPIDS, MI
540 PM EDT SAT AUG 27 2016


...................................

...THE BATTLE CREEK MI CLIMATE SUMMARY FOR AUGUST 27 2016...
VALID TODAY AS OF 0500 PM LOCAL TIME.

CLIMATE NORMAL PERIOD 1981 TO 2010
CLIMATE RECORD PERIOD 1998 TO 2016


WEATHER ITEM   OBSERVED TIME   NORMAL DEPARTURE LAST
                VALUE   (LST)  VALUE  FROM      YEAR
                                      NORMAL
......................................................
TEMPERATURE (F)
 TODAY
  MAXIMUM         78    357 PM  80     -2       70
  MINIMUM         64   1229 PM  57      7       50
  AVERAGE         71            68      3       60

PRECIPITATION (IN)
  TODAY            0.53          0.11   0.42     0.00
  MONTH TO DATE    8.08          3.01   5.07     1.92
  SINCE JUN 1     13.62          9.60   4.02    14.70
  SINCE JAN 1     23.46         21.08   2.38    22.95

DEGREE DAYS
 HEATING
  TODAY            0             1     -1        5
  MONTH TO DATE    3            27    -24       15
  SINCE JUN 1     42            99    -57       45
  SINCE JUL 1      8            42    -34       22

 COOLING
  TODAY            6             4      2        0
  MONTH TO DATE  176           144     32      146
  SINCE JUN 1    531           467     64      490
  SINCE JAN 1    586           505     81      563
......................................................


WIND (MPH)
  RESULTANT WIND SPEED   4   RESULTANT WIND DIRECTION   E (100)
  HIGHEST WIND SPEED    13   HIGHEST WIND DIRECTION    NW (310)
  HIGHEST GUST SPEED    16   HIGHEST GUST DIRECTION     E (110)
  AVERAGE WIND SPEED     6.0


SKY COVER
  AVERAGE SKY COVER 0.5


WEATHER CONDITIONS
 THE FOLLOWING WEATHER WAS RECORDED TODAY.
  HEAVY RAIN
  RAIN
  LIGHT RAIN
  FOG


RELATIVE HUMIDITY (PERCENT)
 HIGHEST   100          1100 AM
 LOWEST     79           400 PM
 AVERAGE    90

..........................................................


THE BATTLE CREEK MI CLIMATE NORMALS FOR TOMORROW
                         NORMAL
 MAXIMUM TEMPERATURE (F)   80
 MINIMUM TEMPERATURE (F)   56


SUNRISE AND SUNSET
AUGUST 27 2016........SUNRISE   701 AM EDT   SUNSET   822 PM EDT
AUGUST 28 2016........SUNRISE   702 AM EDT   SUNSET   821 PM EDT


-  INDICATES NEGATIVE NUMBERS.
R  INDICATES RECORD WAS SET OR TIED.
MM INDICATES DATA IS MISSING.
T  INDICATES TRACE AMOUNT.




$$

JAM
