000
CDUS43 KGRR 282130
CLIBTL


CLIMATE REPORT
NATIONAL WEATHER SERVICE GRAND RAPIDS, MI
528 PM EDT FRI APR 28 2017


...................................

...THE BATTLE CREEK MI CLIMATE SUMMARY FOR APRIL 28 2017...
VALID TODAY AS OF 0500 PM LOCAL TIME.

CLIMATE NORMAL PERIOD 1981 TO 2010
CLIMATE RECORD PERIOD 1998 TO 2017


WEATHER ITEM   OBSERVED TIME   NORMAL DEPARTURE LAST
                VALUE   (LST)  VALUE  FROM      YEAR
                                      NORMAL
......................................................
TEMPERATURE (F)
 TODAY
  MAXIMUM         63   1254 PM  65     -2       51
  MINIMUM         41    612 AM  40      1       37
  AVERAGE         52            53     -1       44

PRECIPITATION (IN)
  TODAY            0.00          0.09  -0.09     0.23
  MONTH TO DATE    2.60          2.60   0.00     2.07
  SINCE MAR 1      6.33          4.51   1.82     5.01
  SINCE JAN 1     11.80          7.51   4.29     6.61

DEGREE DAYS
 HEATING
  TODAY           13            13      0       21
  MONTH TO DATE  334           489   -155      499
  SINCE MAR 1   1239          1399   -160     1226
  SINCE JUL 1   5142          6364  -1222     5141

 COOLING
  TODAY            0             0      0        0
  MONTH TO DATE    9             0      9        2
  SINCE MAR 1      9             0      9        2
  SINCE JAN 1      9             0      9        2
......................................................


WIND (MPH)
  RESULTANT WIND SPEED   9   RESULTANT WIND DIRECTION  SW (230)
  HIGHEST WIND SPEED    22   HIGHEST WIND DIRECTION     W (260)
  HIGHEST GUST SPEED    29   HIGHEST GUST DIRECTION     W (260)
  AVERAGE WIND SPEED     9.6


SKY COVER
  AVERAGE SKY COVER 0.6


WEATHER CONDITIONS
 THE FOLLOWING WEATHER WAS RECORDED TODAY.
  NO SIGNIFICANT WEATHER WAS OBSERVED.


RELATIVE HUMIDITY (PERCENT)
 HIGHEST    83           700 AM
 LOWEST     51           200 PM
 AVERAGE    67

..........................................................


THE BATTLE CREEK MI CLIMATE NORMALS FOR TOMORROW
                         NORMAL
 MAXIMUM TEMPERATURE (F)   65
 MINIMUM TEMPERATURE (F)   41


SUNRISE AND SUNSET
APRIL 28 2017.........SUNRISE   640 AM EDT   SUNSET   837 PM EDT
APRIL 29 2017.........SUNRISE   639 AM EDT   SUNSET   838 PM EDT


-  INDICATES NEGATIVE NUMBERS.
R  INDICATES RECORD WAS SET OR TIED.
MM INDICATES DATA IS MISSING.
T  INDICATES TRACE AMOUNT.




$$

63
