000
CDUS43 KGRR 232136
CLIBTL


CLIMATE REPORT
NATIONAL WEATHER SERVICE GRAND RAPIDS, MI
535 PM EDT WED AUG 23 2017


...................................

...THE BATTLE CREEK MI CLIMATE SUMMARY FOR AUGUST 23 2017...
VALID TODAY AS OF 0500 PM LOCAL TIME.

CLIMATE NORMAL PERIOD 1981 TO 2010
CLIMATE RECORD PERIOD 1998 TO 2017


WEATHER ITEM   OBSERVED TIME   NORMAL DEPARTURE LAST
                VALUE   (LST)  VALUE  FROM      YEAR
                                      NORMAL
......................................................
TEMPERATURE (F)
 TODAY
  MAXIMUM         75    100 PM  80     -5       77
  MINIMUM         56    622 AM  57     -1       56
  AVERAGE         66            69     -3       67

PRECIPITATION (IN)
  TODAY            0.00          0.11  -0.11     0.00
  MONTH TO DATE    1.97          2.58  -0.61     7.47
  SINCE JUN 1      6.03          9.17  -3.14    13.01
  SINCE JAN 1     21.51         20.65   0.86    22.85

DEGREE DAYS
 HEATING
  TODAY            0             1     -1        0
  MONTH TO DATE    4            23    -19        3
  SINCE JUN 1     27            95    -68       42
  SINCE JUL 1      4            38    -34        8

 COOLING
  TODAY            1             5     -4        2
  MONTH TO DATE  133           127      6      154
  SINCE JUN 1    542           450     92      509
  SINCE JAN 1    579           488     91      564
......................................................


WIND (MPH)
  RESULTANT WIND SPEED   9   RESULTANT WIND DIRECTION   W (290)
  HIGHEST WIND SPEED    20   HIGHEST WIND DIRECTION     W (290)
  HIGHEST GUST SPEED    25   HIGHEST GUST DIRECTION     W (290)
  AVERAGE WIND SPEED    10.6


SKY COVER
  AVERAGE SKY COVER 0.4


WEATHER CONDITIONS
 THE FOLLOWING WEATHER WAS RECORDED TODAY.
  NO SIGNIFICANT WEATHER WAS OBSERVED.


RELATIVE HUMIDITY (PERCENT)
 HIGHEST    87          1200 AM
 LOWEST     44           300 PM
 AVERAGE    66

..........................................................


THE BATTLE CREEK MI CLIMATE NORMALS FOR TOMORROW
                         NORMAL
 MAXIMUM TEMPERATURE (F)   80
 MINIMUM TEMPERATURE (F)   57


SUNRISE AND SUNSET
AUGUST 23 2017........SUNRISE   657 AM EDT   SUNSET   829 PM EDT
AUGUST 24 2017........SUNRISE   658 AM EDT   SUNSET   828 PM EDT


-  INDICATES NEGATIVE NUMBERS.
R  INDICATES RECORD WAS SET OR TIED.
MM INDICATES DATA IS MISSING.
T  INDICATES TRACE AMOUNT.




$$

JAM
