000
CDUS43 KGRR 222126
CLIBTL


CLIMATE REPORT
NATIONAL WEATHER SERVICE GRAND RAPIDS, MI
526 PM EDT THU JUN 22 2017


...................................

...THE BATTLE CREEK MI CLIMATE SUMMARY FOR JUNE 22 2017...
VALID TODAY AS OF 0500 PM LOCAL TIME.

CLIMATE NORMAL PERIOD 1981 TO 2010
CLIMATE RECORD PERIOD 1998 TO 2017


WEATHER ITEM   OBSERVED TIME   NORMAL DEPARTURE LAST
                VALUE   (LST)  VALUE  FROM      YEAR
                                      NORMAL
......................................................
TEMPERATURE (F)
 TODAY
  MAXIMUM         88    248 PM  81      7       81
  MINIMUM         66    440 AM  57      9       58
  AVERAGE         77            69      8       70

PRECIPITATION (IN)
  TODAY            T             0.10  -0.10     0.28
  MONTH TO DATE    0.86          2.40  -1.54     1.20
  SINCE JUN 1      0.86          2.40  -1.54     1.20
  SINCE JAN 1     16.34         13.88   2.46    11.04

DEGREE DAYS
 HEATING
  TODAY            0             1     -1        0
  MONTH TO DATE   10            50    -40       26
  SINCE JUN 1     10            50    -40       26
  SINCE JUL 1   5423          6684  -1261     5441

 COOLING
  TODAY           12             5      7        5
  MONTH TO DATE  143            79     64       95
  SINCE JUN 1    143            79     64       95
  SINCE JAN 1    180           117     63      150
......................................................


WIND (MPH)
  RESULTANT WIND SPEED  10   RESULTANT WIND DIRECTION   S (200)
  HIGHEST WIND SPEED    22   HIGHEST WIND DIRECTION    SW (210)
  HIGHEST GUST SPEED    27   HIGHEST GUST DIRECTION    SW (210)
  AVERAGE WIND SPEED    11.8


SKY COVER
  AVERAGE SKY COVER 0.3


WEATHER CONDITIONS
 THE FOLLOWING WEATHER WAS RECORDED TODAY.
  LIGHT RAIN


RELATIVE HUMIDITY (PERCENT)
 HIGHEST    73           700 AM
 LOWEST     51           200 PM
 AVERAGE    62

..........................................................


THE BATTLE CREEK MI CLIMATE NORMALS FOR TOMORROW
                         NORMAL
 MAXIMUM TEMPERATURE (F)   82
 MINIMUM TEMPERATURE (F)   57


SUNRISE AND SUNSET
JUNE 22 2017..........SUNRISE   605 AM EDT   SUNSET   921 PM EDT
JUNE 23 2017..........SUNRISE   605 AM EDT   SUNSET   921 PM EDT


-  INDICATES NEGATIVE NUMBERS.
R  INDICATES RECORD WAS SET OR TIED.
MM INDICATES DATA IS MISSING.
T  INDICATES TRACE AMOUNT.




$$
