000
CDUS43 KGRR 202229
CLIBTL


CLIMATE REPORT
NATIONAL WEATHER SERVICE GRAND RAPIDS, MI
527 PM EST SAT DEC 20 2014


...................................

...THE BATTLE CREEK MI CLIMATE SUMMARY FOR DECEMBER 20 2014...
VALID TODAY AS OF 0500 PM LOCAL TIME.

CLIMATE NORMAL PERIOD 1981 TO 2010
CLIMATE RECORD PERIOD 1998 TO 2014


WEATHER ITEM   OBSERVED TIME   RECORD YEAR NORMAL DEPARTURE LAST
                VALUE   (LST)  VALUE       VALUE  FROM      YEAR
                                                  NORMAL
..................................................................
TEMPERATURE (F)
 TODAY
  MAXIMUM         33    354 PM  MM      MM  34     -1       37
  MINIMUM         19    153 AM  MM      MM  18      1       32
  AVERAGE         26                        26      0       35

PRECIPITATION (IN)
  TODAY            0.00         MM      MM   0.06  -0.06     0.27
  MONTH TO DATE    0.15                      1.30  -1.15     0.44
  SINCE DEC 1      0.15                      1.30  -1.15     0.44
  SINCE JAN 1     28.47                     32.46  -3.99    34.24

DEGREE DAYS
 HEATING
  TODAY           39                        39      0       30
  MONTH TO DATE  631                       721    -90      779
  SINCE DEC 1    631                       721    -90      779
  SINCE JUL 1   2134                      2159    -25     2180

 COOLING
  TODAY            0                         0      0        0
  MONTH TO DATE    0                         0      0        0
  SINCE DEC 1      0                         0      0        0
  SINCE JAN 1    593                       578     15      689
..................................................................


WIND (MPH)
  RESULTANT WIND SPEED   1   RESULTANT WIND DIRECTION   S (200)
  HIGHEST WIND SPEED     6   HIGHEST WIND DIRECTION     W (270)
  HIGHEST GUST SPEED     8   HIGHEST GUST DIRECTION     S (170)
  AVERAGE WIND SPEED     1.5



WEATHER CONDITIONS
 THE FOLLOWING WEATHER WAS RECORDED TODAY.
  FOG
  HAZE


RELATIVE HUMIDITY (PERCENT)
 HIGHEST    92           800 AM
 LOWEST     61           400 PM
 AVERAGE    77

..........................................................




SUNRISE AND SUNSET
DECEMBER 20 2014......SUNRISE   806 AM EST   SUNSET   511 PM EST
DECEMBER 21 2014......SUNRISE   807 AM EST   SUNSET   512 PM EST


-  INDICATES NEGATIVE NUMBERS.
R  INDICATES RECORD WAS SET OR TIED.
MM INDICATES DATA IS MISSING.
T  INDICATES TRACE AMOUNT.




$$

JAM
