000
CDUS43 KGRR 270537
CLIBTL


CLIMATE REPORT
NATIONAL WEATHER SERVICE GRAND RAPIDS, MI
137 AM EDT TUE SEP 27 2016


...................................

...THE BATTLE CREEK MI CLIMATE SUMMARY FOR SEPTEMBER 26 2016...

CLIMATE NORMAL PERIOD 1981 TO 2010
CLIMATE RECORD PERIOD 1998 TO 2016


WEATHER ITEM   OBSERVED TIME   NORMAL DEPARTURE LAST
                VALUE   (LST)  VALUE  FROM      YEAR
                                      NORMAL
......................................................
TEMPERATURE (F)
 YESTERDAY
  MAXIMUM         68    238 PM  69     -1       76
  MINIMUM         52   1140 PM  46      6       59
  AVERAGE         60            57      3       68

PRECIPITATION (IN)
  YESTERDAY        0.11          0.13  -0.02     0.00
  MONTH TO DATE    1.97          3.19  -1.22     2.61
  SINCE SEP 1      1.97          3.19  -1.22     2.61
  SINCE JAN 1     25.43         24.73   0.70    25.83

DEGREE DAYS
 HEATING
  YESTERDAY        5             8     -3        0
  MONTH TO DATE   22           118    -96       43
  SINCE SEP 1     22           118    -96       43
  SINCE JUL 1     30           159   -129       65

 COOLING
  YESTERDAY        0             1     -1        3
  MONTH TO DATE   92            52     40      131
  SINCE SEP 1     92            52     40      131
  SINCE JAN 1    708           570    138      709
......................................................


WIND (MPH)
  RESULTANT WIND SPEED  10   RESULTANT WIND DIRECTION   W (250)
  HIGHEST WIND SPEED    25   HIGHEST WIND DIRECTION     W (260)
  HIGHEST GUST SPEED    36   HIGHEST GUST DIRECTION     W (270)
  AVERAGE WIND SPEED    11.3


SKY COVER
  AVERAGE SKY COVER 0.5


WEATHER CONDITIONS
 THE FOLLOWING WEATHER WAS RECORDED YESTERDAY.
  RAIN
  LIGHT RAIN
  FOG


RELATIVE HUMIDITY (PERCENT)
 HIGHEST    97           800 AM
 LOWEST     42           100 PM
 AVERAGE    70

..........................................................


THE BATTLE CREEK MI CLIMATE NORMALS FOR TODAY
                         NORMAL
 MAXIMUM TEMPERATURE (F)   69
 MINIMUM TEMPERATURE (F)   45


SUNRISE AND SUNSET
SEPTEMBER 27 2016.....SUNRISE   734 AM EDT   SUNSET   729 PM EDT
SEPTEMBER 28 2016.....SUNRISE   735 AM EDT   SUNSET   727 PM EDT


-  INDICATES NEGATIVE NUMBERS.
R  INDICATES RECORD WAS SET OR TIED.
MM INDICATES DATA IS MISSING.
T  INDICATES TRACE AMOUNT.




$$
