000
CDUS43 KGRR 302133
CLIBTL


CLIMATE REPORT
NATIONAL WEATHER SERVICE GRAND RAPIDS, MI
532 PM EDT SAT AUG 30 2014


...................................

...THE BATTLE CREEK MI CLIMATE SUMMARY FOR AUGUST 30 2014...
VALID TODAY AS OF 0500 PM LOCAL TIME.

CLIMATE NORMAL PERIOD 1981 TO 2010
CLIMATE RECORD PERIOD 1998 TO 2014


WEATHER ITEM   OBSERVED TIME   RECORD YEAR NORMAL DEPARTURE LAST
                VALUE   (LST)  VALUE       VALUE  FROM      YEAR
                                                  NORMAL
..................................................................
TEMPERATURE (F)
 TODAY
  MAXIMUM         84    308 PM  MM      MM  79      5       87
  MINIMUM         71    622 AM  MM      MM  56     15       68
  AVERAGE         78                        67     11       78

PRECIPITATION (IN)
  TODAY            T            MM      MM   0.12  -0.12     0.00
  MONTH TO DATE    2.05                      3.35  -1.30     4.75
  SINCE JUN 1     11.83                      9.94   1.89    13.39
  SINCE JAN 1     19.79                     21.42  -1.63    26.17

DEGREE DAYS
 HEATING
  TODAY            0                         1     -1        0
  MONTH TO DATE   11                        30    -19       21
  SINCE JUN 1     47                       102    -55       80
  SINCE JUL 1     29                        45    -16       38

 COOLING
  TODAY           13                         4      9       13
  MONTH TO DATE  195                       156     39      144
  SINCE JUN 1    476                       479     -3      519
  SINCE JAN 1    528                       517     11      596
..................................................................


WIND (MPH)
  RESULTANT WIND SPEED  13   RESULTANT WIND DIRECTION   S (190)
  HIGHEST WIND SPEED    25   HIGHEST WIND DIRECTION    SW (210)
  HIGHEST GUST SPEED    33   HIGHEST GUST DIRECTION    SW (210)
  AVERAGE WIND SPEED    13.3



WEATHER CONDITIONS
 THE FOLLOWING WEATHER WAS RECORDED TODAY.
  LIGHT RAIN


RELATIVE HUMIDITY (PERCENT)
 HIGHEST    79          1200 AM
 LOWEST     63           400 PM
 AVERAGE    71

..........................................................




SUNRISE AND SUNSET
AUGUST 30 2014........SUNRISE   704 AM EDT   SUNSET   818 PM EDT
AUGUST 31 2014........SUNRISE   705 AM EDT   SUNSET   817 PM EDT


-  INDICATES NEGATIVE NUMBERS.
R  INDICATES RECORD WAS SET OR TIED.
MM INDICATES DATA IS MISSING.
T  INDICATES TRACE AMOUNT.




$$

CAS
