000
CDUS45 KMSO 060811
CLIBTM


CLIMATE REPORT
NATIONAL WEATHER SERVICE MISSOULA, MT
111 AM MST FRI MAR 6 2015


...................................

...THE BUTTE MT CLIMATE SUMMARY FOR MARCH 5 2015...

CLIMATE NORMAL PERIOD 1981 TO 2010
CLIMATE RECORD PERIOD 1895 TO 2015


WEATHER ITEM   OBSERVED TIME   RECORD YEAR NORMAL DEPARTURE LAST
                VALUE   (LST)  VALUE       VALUE  FROM      YEAR
                                                  NORMAL
..................................................................
TEMPERATURE (F)
 YESTERDAY
  MAXIMUM         44    438 PM  59    1987  40      4       45
  MINIMUM         15    729 AM -26    1945  15      0       22
  AVERAGE         30                        28      2       34

PRECIPITATION (IN)
  YESTERDAY        0.00          0.40 1920   0.02  -0.02      T
  MONTH TO DATE    T                         0.10  -0.10     0.17
  SINCE OCT 1      2.69                      2.89  -0.20     2.07
  SINCE JAN 1      0.30                      1.00  -0.70     1.03

SNOWFALL (IN)
  YESTERDAY       MM
  MONTH TO DATE   MM
  SINCE JAN 1     MM
  SINCE JUL 1     MM
  SNOW DEPTH      MM

DEGREE DAYS
 HEATING
  YESTERDAY       35                        37     -2       31
  MONTH TO DATE  233                       191     42      213
  SINCE MAR 1    233                       191     42      213
  SINCE JUL 1   6114                      6760   -646     6591

 COOLING
  YESTERDAY        0                         0      0        0
  MONTH TO DATE    0                         0      0        0
  SINCE MAR 1      0                         0      0        0
  SINCE JAN 1      0                         0      0        0
..................................................................


WIND (MPH)
  HIGHEST WIND SPEED    12   HIGHEST WIND DIRECTION    NW (310)
  HIGHEST GUST SPEED    14   HIGHEST GUST DIRECTION    NW (300)
  AVERAGE WIND SPEED     4.9


SKY COVER
  POSSIBLE SUNSHINE  MM
  AVERAGE SKY COVER 0.1


WEATHER CONDITIONS
 THE FOLLOWING WEATHER WAS RECORDED YESTERDAY.
  HAZE


RELATIVE HUMIDITY (PERCENT)
 HIGHEST    73           500 AM
 LOWEST     20           300 PM
 AVERAGE    47

..........................................................


THE BUTTE MT CLIMATE NORMALS FOR TODAY
                         NORMAL    RECORD    YEAR
 MAXIMUM TEMPERATURE (F)   41        54      1886
 MINIMUM TEMPERATURE (F)   16       -22      1943


SUNRISE AND SUNSET
MARCH  6 2015.........SUNRISE   700 AM MST   SUNSET   623 PM MST
MARCH  7 2015.........SUNRISE   658 AM MST   SUNSET   625 PM MST


-  INDICATES NEGATIVE NUMBERS.
R  INDICATES RECORD WAS SET OR TIED.
MM INDICATES DATA IS MISSING.
T  INDICATES TRACE AMOUNT.




$$
