000
CDUS45 KMSO 240740
CLIBTM


CLIMATE REPORT
NATIONAL WEATHER SERVICE MISSOULA, MT
139 AM MDT THU APR 24 2014


...................................

...THE BUTTE MT CLIMATE SUMMARY FOR APRIL 23 2014...

CLIMATE NORMAL PERIOD 1981 TO 2010
CLIMATE RECORD PERIOD 1895 TO 2014


WEATHER ITEM   OBSERVED TIME   RECORD YEAR NORMAL DEPARTURE LAST
                VALUE   (LST)  VALUE       VALUE  FROM      YEAR
                                                  NORMAL
..................................................................
TEMPERATURE (F)
 YESTERDAY
  MAXIMUM         41    453 PM  77    2012  54    -13       41
  MINIMUM         29    516 AM  10    2013  28      1       10
  AVERAGE         35                        41     -6       26

PRECIPITATION (IN)
  YESTERDAY        T             1.03 1979   0.04  -0.04     0.00
  MONTH TO DATE    0.72                      0.86  -0.14     0.23
  SINCE OCT 1      3.87                      4.41  -0.54     2.52
  SINCE JAN 1      2.83                      2.52   0.31     0.89

SNOWFALL (IN)
  YESTERDAY       MM
  MONTH TO DATE   MM
  SINCE JAN 1     MM
  SINCE JUL 1     MM
  SNOW DEPTH      MM

DEGREE DAYS
 HEATING
  YESTERDAY       30                        24      6       39
  MONTH TO DATE  592                       619    -27      707
  SINCE MAR 1   1660                      1661     -1     1744
  SINCE JUL 1   8038                      8230   -192     8122

 COOLING
  YESTERDAY        0                         0      0        0
  MONTH TO DATE    0                         0      0        0
  SINCE MAR 1      0                         0      0        0
  SINCE JAN 1      0                         0      0        0
..................................................................


WIND (MPH)
  HIGHEST WIND SPEED    25   HIGHEST WIND DIRECTION    NW (310)
  HIGHEST GUST SPEED    35   HIGHEST GUST DIRECTION    NW (330)
  AVERAGE WIND SPEED    10.7


SKY COVER
  POSSIBLE SUNSHINE  MM
  AVERAGE SKY COVER 0.8


WEATHER CONDITIONS
 THE FOLLOWING WEATHER WAS RECORDED YESTERDAY.
  LIGHT SNOW
  FOG


RELATIVE HUMIDITY (PERCENT)
 HIGHEST    85          1200 AM
 LOWEST     45           500 PM
 AVERAGE    65

..........................................................


THE BUTTE MT CLIMATE NORMALS FOR TODAY
                         NORMAL    RECORD    YEAR
 MAXIMUM TEMPERATURE (F)   54        77      1910
 MINIMUM TEMPERATURE (F)   28        13      1958


SUNRISE AND SUNSET
APRIL 24 2014.........SUNRISE   628 AM MDT   SUNSET   829 PM MDT
APRIL 25 2014.........SUNRISE   626 AM MDT   SUNSET   830 PM MDT


-  INDICATES NEGATIVE NUMBERS.
R  INDICATES RECORD WAS SET OR TIED.
MM INDICATES DATA IS MISSING.
T  INDICATES TRACE AMOUNT.




$$
