000
CDUS45 KMSO 180739
CLIBTM


CLIMATE REPORT
NATIONAL WEATHER SERVICE MISSOULA, MT
138 AM MDT FRI APR 18 2014


...................................

...THE BUTTE MT CLIMATE SUMMARY FOR APRIL 17 2014...

CLIMATE NORMAL PERIOD 1981 TO 2010
CLIMATE RECORD PERIOD 1895 TO 2014


WEATHER ITEM   OBSERVED TIME   RECORD YEAR NORMAL DEPARTURE LAST
                VALUE   (LST)  VALUE       VALUE  FROM      YEAR
                                                  NORMAL
..................................................................
TEMPERATURE (F)
 YESTERDAY
  MAXIMUM         57    614 PM  75    1936  52      5       37
  MINIMUM         28    702 AM  11    1896  26      2       12
  AVERAGE         43                        39      4       25

PRECIPITATION (IN)
  YESTERDAY        T             0.40 1905   0.04  -0.04      T
  MONTH TO DATE    T                         0.62  -0.62     0.17
  SINCE OCT 1      3.15                      4.17  -1.02     2.46
  SINCE JAN 1      2.11                      2.28  -0.17     0.83

SNOWFALL (IN)
  YESTERDAY       MM
  MONTH TO DATE   MM
  SINCE JAN 1     MM
  SINCE JUL 1     MM
  SNOW DEPTH      MM

DEGREE DAYS
 HEATING
  YESTERDAY       22                        26     -4       40
  MONTH TO DATE  455                       469    -14      512
  SINCE MAR 1   1523                      1511     12     1549
  SINCE JUL 1   7901                      8080   -179     7927

 COOLING
  YESTERDAY        0                         0      0        0
  MONTH TO DATE    0                         0      0        0
  SINCE MAR 1      0                         0      0        0
  SINCE JAN 1      0                         0      0        0
..................................................................


WIND (MPH)
  HIGHEST WIND SPEED    17   HIGHEST WIND DIRECTION    SW (220)
  HIGHEST GUST SPEED    23   HIGHEST GUST DIRECTION    SW (230)
  AVERAGE WIND SPEED     5.0


SKY COVER
  POSSIBLE SUNSHINE  MM
  AVERAGE SKY COVER 0.8


WEATHER CONDITIONS
 THE FOLLOWING WEATHER WAS RECORDED YESTERDAY.
  NO SIGNIFICANT WEATHER WAS OBSERVED.


RELATIVE HUMIDITY (PERCENT)
 HIGHEST    78           400 AM
 LOWEST     30           600 PM
 AVERAGE    54

..........................................................


THE BUTTE MT CLIMATE NORMALS FOR TODAY
                         NORMAL    RECORD    YEAR
 MAXIMUM TEMPERATURE (F)   52        75      1936
 MINIMUM TEMPERATURE (F)   27         6      1941


SUNRISE AND SUNSET
APRIL 18 2014.........SUNRISE   638 AM MDT   SUNSET   821 PM MDT
APRIL 19 2014.........SUNRISE   637 AM MDT   SUNSET   822 PM MDT


-  INDICATES NEGATIVE NUMBERS.
R  INDICATES RECORD WAS SET OR TIED.
MM INDICATES DATA IS MISSING.
T  INDICATES TRACE AMOUNT.




$$
