000
CDUS45 KMSO 072243
CLIBTM


CLIMATE REPORT
NATIONAL WEATHER SERVICE MISSOULA, MT
443 PM MDT TUE JUL 7 2015


...................................

...THE BUTTE MT CLIMATE SUMMARY FOR JULY 7 2015...
VALID TODAY AS OF 0400 PM LOCAL TIME.

CLIMATE NORMAL PERIOD 1981 TO 2010
CLIMATE RECORD PERIOD 1895 TO 2015


WEATHER ITEM   OBSERVED TIME   RECORD YEAR NORMAL DEPARTURE LAST
                VALUE   (LST)  VALUE       VALUE  FROM      YEAR
                                                  NORMAL
..................................................................
TEMPERATURE (F)
 TODAY
  MAXIMUM         78   1219 PM  93    1989  79     -1       81
  MINIMUM         43    420 AM  28    1971  45     -2       48
  AVERAGE         61                        62     -1       65

PRECIPITATION (IN)
  TODAY            T             1.28 1926   0.04  -0.04     0.00
  MONTH TO DATE    T                         0.33  -0.33     0.03
  SINCE OCT 1      6.67                      9.39  -2.72     8.78
  SINCE JAN 1      4.28                      7.50  -3.22     7.74

SNOWFALL (IN)
  TODAY           MM
  MONTH TO DATE   MM
  SINCE JAN 1     MM
  SINCE JUL 1     MM
  SNOW DEPTH      MM

DEGREE DAYS
 HEATING
  TODAY            4                         4      0        0
  MONTH TO DATE    7                        34    -27        9
  SINCE JUN 1    155                       321   -166      362
  SINCE JUL 1      7                        34    -27        9

 COOLING
  TODAY            0                         1     -1        0
  MONTH TO DATE   19                         7     12       16
  SINCE JUN 1     65                        14     51       16
  SINCE JAN 1     65                        14     51       16
..................................................................


WIND (MPH)
  HIGHEST WIND SPEED    36   HIGHEST WIND DIRECTION    NW (300)
  HIGHEST GUST SPEED    47   HIGHEST GUST DIRECTION     W (290)
  AVERAGE WIND SPEED     4.8


SKY COVER
  POSSIBLE SUNSHINE  MM
  AVERAGE SKY COVER 0.3


WEATHER CONDITIONS
 THE FOLLOWING WEATHER WAS RECORDED TODAY.
  THUNDERSTORM
  LIGHT RAIN
  HAZE


RELATIVE HUMIDITY (PERCENT)
 HIGHEST    62           400 AM
 LOWEST     19          1000 AM
 AVERAGE    41

..........................................................


THE BUTTE MT CLIMATE NORMALS FOR TOMORROW
                         NORMAL    RECORD    YEAR
 MAXIMUM TEMPERATURE (F)   79        95      1921
 MINIMUM TEMPERATURE (F)   45        32      1955


SUNRISE AND SUNSET
JULY  7 2015..........SUNRISE   547 AM MDT   SUNSET   922 PM MDT
JULY  8 2015..........SUNRISE   548 AM MDT   SUNSET   922 PM MDT


-  INDICATES NEGATIVE NUMBERS.
R  INDICATES RECORD WAS SET OR TIED.
MM INDICATES DATA IS MISSING.
T  INDICATES TRACE AMOUNT.




$$
