000
CDUS45 KMSO 232231
CLIBTM


CLIMATE REPORT
NATIONAL WEATHER SERVICE MISSOULA, MT
430 PM MDT MON OCT 23 2017


...................................

...THE BUTTE MT CLIMATE SUMMARY FOR OCTOBER 23 2017...
VALID TODAY AS OF 0400 PM LOCAL TIME.

CLIMATE NORMAL PERIOD 1981 TO 2010
CLIMATE RECORD PERIOD 1895 TO 2017


WEATHER ITEM   OBSERVED TIME   RECORD YEAR NORMAL DEPARTURE LAST
                VALUE   (LST)  VALUE       VALUE  FROM      YEAR
                                                  NORMAL
..................................................................
TEMPERATURE (F)
 TODAY
  MAXIMUM         50    229 PM  71    1937  52     -2       62
  MINIMUM         33    712 AM   8    1935  25      8       26
  AVERAGE         42                        38      4       44

PRECIPITATION (IN)
  TODAY            0.00          0.21 2001   0.02  -0.02     0.00
  MONTH TO DATE    0.15                      0.61  -0.46     1.45
  SINCE OCT 1      0.15                      0.61  -0.46     1.45
  SINCE JAN 1     10.68                     11.49  -0.81     8.83

SNOWFALL (IN)
  TODAY           MM
  MONTH TO DATE   MM
  SINCE JAN 1     MM
  SINCE JUL 1     MM
  SNOW DEPTH      MM

DEGREE DAYS
 HEATING
  TODAY           23                        26     -3       21
  MONTH TO DATE  572                       523     49      533
  SINCE SEP 1    980                       916     64      955
  SINCE JUL 1   1053                      1144    -91     1253

 COOLING
  TODAY            0                         0      0        0
  MONTH TO DATE    0                         0      0        0
  SINCE SEP 1      5                         2      3        3
  SINCE JAN 1    129                        81     48       57
..................................................................


WIND (MPH)
  HIGHEST WIND SPEED    18   HIGHEST WIND DIRECTION    NW (320)
  HIGHEST GUST SPEED    24   HIGHEST GUST DIRECTION    NW (310)
  AVERAGE WIND SPEED     6.8


SKY COVER
  POSSIBLE SUNSHINE  MM
  AVERAGE SKY COVER 0.3


WEATHER CONDITIONS
 THE FOLLOWING WEATHER WAS RECORDED TODAY.
  NO SIGNIFICANT WEATHER WAS OBSERVED.


RELATIVE HUMIDITY (PERCENT)
 HIGHEST    70           200 AM
 LOWEST     34           200 PM
 AVERAGE    52

..........................................................


THE BUTTE MT CLIMATE NORMALS FOR TOMORROW
                         NORMAL    RECORD    YEAR
 MAXIMUM TEMPERATURE (F)   52        72      2007
 MINIMUM TEMPERATURE (F)   25         0      1919


SUNRISE AND SUNSET
OCTOBER 23 2017.......SUNRISE   758 AM MDT   SUNSET   630 PM MDT
OCTOBER 24 2017.......SUNRISE   800 AM MDT   SUNSET   628 PM MDT


-  INDICATES NEGATIVE NUMBERS.
R  INDICATES RECORD WAS SET OR TIED.
MM INDICATES DATA IS MISSING.
T  INDICATES TRACE AMOUNT.




$$
