000
CDUS45 KMSO 222235
CLIBTM


CLIMATE REPORT
NATIONAL WEATHER SERVICE MISSOULA, MT
434 PM MDT THU JUN 22 2017


...................................

...THE BUTTE MT CLIMATE SUMMARY FOR JUNE 22 2017...
VALID TODAY AS OF 0400 PM LOCAL TIME.

CLIMATE NORMAL PERIOD 1981 TO 2010
CLIMATE RECORD PERIOD 1895 TO 2017


WEATHER ITEM   OBSERVED TIME   RECORD YEAR NORMAL DEPARTURE LAST
                VALUE   (LST)  VALUE       VALUE  FROM      YEAR
                                                  NORMAL
..................................................................
TEMPERATURE (F)
 TODAY
  MAXIMUM         67    259 PM  94    1919  73     -6       79
  MINIMUM         38    509 AM  31    1989  42     -4       35
  AVERAGE         53                        57     -4       57

PRECIPITATION (IN)
  TODAY            0.00          0.57 1991   0.07  -0.07     0.00
  MONTH TO DATE    2.58                      1.80   0.78     0.92
  SINCE OCT 1     11.13                      8.60   2.53     7.19
  SINCE JAN 1      7.91                      6.71   1.20     4.45

SNOWFALL (IN)
  TODAY           MM
  MONTH TO DATE   mm
  SINCE JAN 1     mm
  SINCE JUL 1     mm
  SNOW DEPTH      MM

DEGREE DAYS
 HEATING
  TODAY           12                         8      4        8
  MONTH TO DATE  186                       233    -47      161
  SINCE JUN 1    186                       233    -47      161
  SINCE JUL 1   9073                      9165    -92     8734

 COOLING
  TODAY            0                         0      0        0
  MONTH TO DATE   10                         0     10        5
  SINCE JUN 1     10                         0     10        5
  SINCE JAN 1     10                         0     10        5
..................................................................


WIND (MPH)
  HIGHEST WIND SPEED    23   HIGHEST WIND DIRECTION    NW (320)
  HIGHEST GUST SPEED    33   HIGHEST GUST DIRECTION     N (340)
  AVERAGE WIND SPEED     8.8


SKY COVER
  POSSIBLE SUNSHINE  MM
  AVERAGE SKY COVER 0.0


WEATHER CONDITIONS
 THE FOLLOWING WEATHER WAS RECORDED TODAY.
  NO SIGNIFICANT WEATHER WAS OBSERVED.


RELATIVE HUMIDITY (PERCENT)
 HIGHEST    60           600 AM
 LOWEST     18           300 PM
 AVERAGE    39

..........................................................


THE BUTTE MT CLIMATE NORMALS FOR TOMORROW
                         NORMAL    RECORD    YEAR
 MAXIMUM TEMPERATURE (F)   73        92      1936
 MINIMUM TEMPERATURE (F)   43        28      2003


SUNRISE AND SUNSET
JUNE 22 2017..........SUNRISE   540 AM MDT   SUNSET   925 PM MDT
JUNE 23 2017..........SUNRISE   540 AM MDT   SUNSET   925 PM MDT


-  INDICATES NEGATIVE NUMBERS.
R  INDICATES RECORD WAS SET OR TIED.
MM INDICATES DATA IS MISSING.
T  INDICATES TRACE AMOUNT.




$$
