000
CDUS45 KMSO 282231
CLIBTM


CLIMATE REPORT
NATIONAL WEATHER SERVICE MISSOULA, MT
431 PM MDT THU AUG 28 2014


...................................

...THE BUTTE MT CLIMATE SUMMARY FOR AUGUST 28 2014...
VALID TODAY AS OF 0400 PM LOCAL TIME.

CLIMATE NORMAL PERIOD 1981 TO 2010
CLIMATE RECORD PERIOD 1895 TO 2014


WEATHER ITEM   OBSERVED TIME   RECORD YEAR NORMAL DEPARTURE LAST
                VALUE   (LST)  VALUE       VALUE  FROM      YEAR
                                                  NORMAL
..................................................................
TEMPERATURE (F)
 TODAY
  MAXIMUM         81    256 PM  93    1934  76      5       77
  MINIMUM         43    638 AM  26    1960  41      2       46
  AVERAGE         62                        59      3       62

PRECIPITATION (IN)
  TODAY            0.00          1.07 1964   0.04  -0.04     0.08
  MONTH TO DATE    2.93                      1.23   1.70     1.25
  SINCE OCT 1     12.37                     11.64   0.73     8.55
  SINCE JAN 1     11.33                      9.75   1.58     6.92

SNOWFALL (IN)
  TODAY           MM
  MONTH TO DATE   MM
  SINCE JAN 1     MM
  SINCE JUL 1     MM
  SNOW DEPTH      MM

DEGREE DAYS
 HEATING
  TODAY            3                         7     -4        3
  MONTH TO DATE  105                       106     -1       46
  SINCE JUN 1    493                       493      0      307
  SINCE JUL 1    140                       206    -66       64

 COOLING
  TODAY            0                         0      0        0
  MONTH TO DATE   16                        24     -8       15
  SINCE JUN 1     77                        75      2       96
  SINCE JAN 1     77                        75      2       96
..................................................................


WIND (MPH)
  HIGHEST WIND SPEED    17   HIGHEST WIND DIRECTION     W (270)
  HIGHEST GUST SPEED    26   HIGHEST GUST DIRECTION    NW (300)
  AVERAGE WIND SPEED     4.8


SKY COVER
  POSSIBLE SUNSHINE  MM
  AVERAGE SKY COVER 0.1


WEATHER CONDITIONS
 THE FOLLOWING WEATHER WAS RECORDED TODAY.
  FOG


RELATIVE HUMIDITY (PERCENT)
 HIGHEST    89           400 AM
 LOWEST     21           300 PM
 AVERAGE    55

..........................................................


THE BUTTE MT CLIMATE NORMALS FOR TOMORROW
                         NORMAL    RECORD    YEAR
 MAXIMUM TEMPERATURE (F)   76        91      2005
                                             1998
 MINIMUM TEMPERATURE (F)   41        27      1937


SUNRISE AND SUNSET
AUGUST 28 2014........SUNRISE   646 AM MDT   SUNSET   816 PM MDT
AUGUST 29 2014........SUNRISE   647 AM MDT   SUNSET   814 PM MDT


-  INDICATES NEGATIVE NUMBERS.
R  INDICATES RECORD WAS SET OR TIED.
MM INDICATES DATA IS MISSING.
T  INDICATES TRACE AMOUNT.




$$
