000
CDUS44 KLIX 180706
CLIBTR


CLIMATE REPORT
NATIONAL WEATHER SERVICE NEW ORLEANS
205 AM CDT FRI APR 18 2014


...................................

...THE BATON ROUGE  ASOS CLIMATE SUMMARY FOR APRIL 17 2014...

CLIMATE NORMAL PERIOD 1981 TO 2010
CLIMATE RECORD PERIOD 1894 TO 2014


WEATHER ITEM   OBSERVED TIME   RECORD YEAR NORMAL DEPARTURE LAST
                VALUE   (LST)  VALUE       VALUE  FROM      YEAR
                                                  NORMAL
..................................................................
TEMPERATURE (F)
 YESTERDAY
  MAXIMUM         67    255 PM  91    2006  80    -13       86
  MINIMUM         47    210 AM  41    1949  57    -10       72
  AVERAGE         57                        68    -11       79

PRECIPITATION (IN)
  YESTERDAY        0.00          4.65 1900   0.15  -0.15     0.00
  MONTH TO DATE    3.50                      2.62   0.88     4.00
  SINCE MAR 1      6.72                      7.03  -0.31     6.91
  SINCE JAN 1     15.99                     17.79  -1.80    28.95

SNOWFALL (IN)
  YESTERDAY        0.0
  MONTH TO DATE    0.0
  SINCE MAR 1      0.0
  SINCE JUL 1      0.4
  SNOW DEPTH       0

DEGREE DAYS
 HEATING
  YESTERDAY        8                         1      7        0
  MONTH TO DATE   51                        41     10       41
  SINCE MAR 1    272                       208     64      317
  SINCE JUL 1   1978                      1543    435     1489

 COOLING
  YESTERDAY        0                         5     -5       14
  MONTH TO DATE   58                        65     -7       71
  SINCE MAR 1     84                       123    -39       90
  SINCE JAN 1    104                       154    -50      115
..................................................................


WIND (MPH)
  HIGHEST WIND SPEED    15   HIGHEST WIND DIRECTION     E (70)
  HIGHEST GUST SPEED    18   HIGHEST GUST DIRECTION    NE (60)
  AVERAGE WIND SPEED     6.5


SKY COVER
  POSSIBLE SUNSHINE  MM
  AVERAGE SKY COVER 0.7


WEATHER CONDITIONS
 THE FOLLOWING WEATHER WAS RECORDED YESTERDAY.
  NO SIGNIFICANT WEATHER WAS OBSERVED.


RELATIVE HUMIDITY (PERCENT)
 HIGHEST    86           200 AM
 LOWEST     58          1100 AM
 AVERAGE    72

..........................................................


THE BATON ROUGE  ASOS CLIMATE NORMALS FOR TODAY
                         NORMAL    RECORD    YEAR
 MAXIMUM TEMPERATURE (F)   80        93      2006
 MINIMUM TEMPERATURE (F)   57        38      1997


SUNRISE AND SUNSET
APRIL 18 2014.........SUNRISE   634 AM CDT   SUNSET   734 PM CDT
APRIL 19 2014.........SUNRISE   633 AM CDT   SUNSET   735 PM CDT


-  INDICATES NEGATIVE NUMBERS.
R  INDICATES RECORD WAS SET OR TIED.
MM INDICATES DATA IS MISSING.
T  INDICATES TRACE AMOUNT.




$$
