000
CDUS44 KLIX 292135
CLIBTR


CLIMATE REPORT
NATIONAL WEATHER SERVICE NEW ORLEANS
435 PM CDT MON MAY 29 2017


...................................

...THE BATON ROUGE  ASOS CLIMATE SUMMARY FOR MAY 29 2017...
VALID TODAY AS OF 0400 PM LOCAL TIME.

CLIMATE NORMAL PERIOD 1981 TO 2010
CLIMATE RECORD PERIOD 1894 TO 2017


WEATHER ITEM   OBSERVED TIME   RECORD YEAR NORMAL DEPARTURE LAST
                VALUE   (LST)  VALUE       VALUE  FROM      YEAR
                                                  NORMAL
..................................................................
TEMPERATURE (F)
 TODAY
  MAXIMUM         83    259 PM  95    1982  89     -6       91
                                      1921
  MINIMUM         67    352 AM  51    1961  68     -1       67
  AVERAGE         75

PRECIPITATION (IN)
  TODAY            0.02          1.27 1997   0.17  -0.15     0.00
                                      1936
  MONTH TO DATE    6.73                      4.56   2.17     6.11
  SINCE MAR 1     17.87                     13.43   4.44    20.85
  SINCE JAN 1     29.30                     24.19   5.11    30.16

SNOWFALL (IN)
  TODAY            0.0
  MONTH TO DATE    0.0
  SINCE MAR 1      0.0
  SINCE JUL 1      0.0
  SNOW DEPTH       0

DEGREE DAYS
 HEATING
  TODAY            0                         0      0        0
  MONTH TO DATE   10                         0     10        0
  SINCE MAR 1    105                       218   -113       88
  SINCE JUL 1    809                      1553   -744     1079

 COOLING
  TODAY           10                        14     -4       14
  MONTH TO DATE  234                       306    -72      271
  SINCE MAR 1    572                       506     66      527
  SINCE JAN 1    715                       537    178      544
..................................................................


WIND (MPH)
  HIGHEST WIND SPEED    20   HIGHEST WIND DIRECTION     S (160)
  HIGHEST GUST SPEED    27   HIGHEST GUST DIRECTION    SE (140)
  AVERAGE WIND SPEED     7.5


SKY COVER
  POSSIBLE SUNSHINE  MM
  AVERAGE SKY COVER 0.3


WEATHER CONDITIONS
 THE FOLLOWING WEATHER WAS RECORDED TODAY.
  LIGHT RAIN


RELATIVE HUMIDITY (PERCENT)
 HIGHEST    93           200 AM
 LOWEST     63           100 PM
 AVERAGE    78

..........................................................


THE BATON ROUGE  ASOS CLIMATE NORMALS FOR TOMORROW
                         NORMAL    RECORD    YEAR
 MAXIMUM TEMPERATURE (F)   89        96      1921
                                             1896
 MINIMUM TEMPERATURE (F)   69        50      1984


SUNRISE AND SUNSET
MAY 29 2017...........SUNRISE   603 AM CDT   SUNSET   801 PM CDT
MAY 30 2017...........SUNRISE   603 AM CDT   SUNSET   801 PM CDT


-  INDICATES NEGATIVE NUMBERS.
R  INDICATES RECORD WAS SET OR TIED.
MM INDICATES DATA IS MISSING.
T  INDICATES TRACE AMOUNT.




$$
