000
CDUS44 KLIX 280802
CLIBTR


CLIMATE REPORT
NATIONAL WEATHER SERVICE NEW ORLEANS
201 AM CST SUN DEC 28 2014


...................................

...THE BATON ROUGE  ASOS CLIMATE SUMMARY FOR DECEMBER 27 2014...

CLIMATE NORMAL PERIOD 1981 TO 2010
CLIMATE RECORD PERIOD 1894 TO 2014


WEATHER ITEM   OBSERVED TIME   RECORD YEAR NORMAL DEPARTURE LAST
                VALUE   (LST)  VALUE       VALUE  FROM      YEAR
                                                  NORMAL
..................................................................
TEMPERATURE (F)
 YESTERDAY
  MAXIMUM         72   1140 PM  82    2008  63      9       55
  MINIMUM         59   1211 AM  22    1935  42     17       41
  AVERAGE         66                        52     14       48

PRECIPITATION (IN)
  YESTERDAY        1.00          3.20 1900   0.19   0.81      T
  MONTH TO DATE    5.47                      4.86   0.61     3.20
  SINCE DEC 1      5.47                      4.86   0.61     3.20
  SINCE JAN 1     61.50                     59.91   1.59    68.34

SNOWFALL (IN)
  YESTERDAY        0.0
  MONTH TO DATE    0.0
  SINCE DEC 1      0.0
  SINCE JUL 1      0.0
  SNOW DEPTH       0

DEGREE DAYS
 HEATING
  YESTERDAY        0                        14    -14       17
  MONTH TO DATE  228                       325    -97      369
  SINCE DEC 1    228                       325    -97      369
  SINCE JUL 1    569                       560      9      656

 COOLING
  YESTERDAY        1                         1      0        0
  MONTH TO DATE   14                        27    -13       44
  SINCE DEC 1     14                        27    -13       44
  SINCE JAN 1   2694                      2828   -134     2710
..................................................................


WIND (MPH)
  HIGHEST WIND SPEED    21   HIGHEST WIND DIRECTION    SW (210)
  HIGHEST GUST SPEED    24   HIGHEST GUST DIRECTION    SW (220)
  AVERAGE WIND SPEED     8.9


SKY COVER
  POSSIBLE SUNSHINE  MM
  AVERAGE SKY COVER 1.0


WEATHER CONDITIONS
 THE FOLLOWING WEATHER WAS RECORDED YESTERDAY.
  THUNDERSTORM
  HEAVY RAIN
  LIGHT RAIN
  FOG


RELATIVE HUMIDITY (PERCENT)
 HIGHEST    97           600 AM
 LOWEST     87           100 PM
 AVERAGE    92

..........................................................


THE BATON ROUGE  ASOS CLIMATE NORMALS FOR TODAY
                         NORMAL    RECORD    YEAR
 MAXIMUM TEMPERATURE (F)   62        79      1984
 MINIMUM TEMPERATURE (F)   41        18      1904


SUNRISE AND SUNSET
DECEMBER 28 2014......SUNRISE   701 AM CST   SUNSET   512 PM CST
DECEMBER 29 2014......SUNRISE   701 AM CST   SUNSET   513 PM CST


-  INDICATES NEGATIVE NUMBERS.
R  INDICATES RECORD WAS SET OR TIED.
MM INDICATES DATA IS MISSING.
T  INDICATES TRACE AMOUNT.




$$
