876
CDUS44 KLIX 280704
CLIBTR


CLIMATE REPORT
NATIONAL WEATHER SERVICE NEW ORLEANS
203 AM CDT SUN AUG 28 2016


...................................

...THE BATON ROUGE  ASOS CLIMATE SUMMARY FOR AUGUST 27 2016...

CLIMATE NORMAL PERIOD 1981 TO 2010
CLIMATE RECORD PERIOD 1894 TO 2016


WEATHER ITEM   OBSERVED TIME   RECORD YEAR NORMAL DEPARTURE LAST
                VALUE   (LST)  VALUE       VALUE  FROM      YEAR
                                                  NORMAL
..................................................................
TEMPERATURE (F)
 YESTERDAY
  MAXIMUM         89   1130 AM 100    1943  92     -3       88
                                      1924
  MINIMUM         72    548 PM  60    2015  73     -1       60
  AVERAGE         81                        83     -2       74

PRECIPITATION (IN)
  YESTERDAY        1.28          1.88 1991   0.17   1.11     0.00
  MONTH TO DATE   28.91                      5.13  23.78     5.30
  SINCE JUN 1     42.89                     16.50  26.39    15.01
  SINCE JAN 1     73.10                     41.02  32.08    47.39

SNOWFALL (IN)
  YESTERDAY        0.0
  MONTH TO DATE    0.0
  SINCE JUN 1      0.0
  SINCE JUL 1      0.0
  SNOW DEPTH       0

DEGREE DAYS
 HEATING
  YESTERDAY        0                         0      0        0
  MONTH TO DATE    0                         0      0        0
  SINCE JUN 1      0                         0      0        0
  SINCE JUL 1      0                         0      0        0

 COOLING
  YESTERDAY       16                        18     -2        9
  MONTH TO DATE  487                       486      1      513
  SINCE JUN 1   1612                      1526     86     1644
  SINCE JAN 1   2188                      2091     97     2315
..................................................................


WIND (MPH)
  HIGHEST WIND SPEED    29   HIGHEST WIND DIRECTION     E (100)
  HIGHEST GUST SPEED    34   HIGHEST GUST DIRECTION    SE (120)
  AVERAGE WIND SPEED     4.6


SKY COVER
  POSSIBLE SUNSHINE  MM
  AVERAGE SKY COVER 0.4


WEATHER CONDITIONS
 THE FOLLOWING WEATHER WAS RECORDED YESTERDAY.
  THUNDERSTORM
  RAIN
  LIGHT RAIN
  FOG
  FOG W/VISIBILITY <= 1/4 MILE


RELATIVE HUMIDITY (PERCENT)
 HIGHEST   100           900 PM
 LOWEST     64          1100 AM
 AVERAGE    82

..........................................................


THE BATON ROUGE  ASOS CLIMATE NORMALS FOR TODAY
                         NORMAL    RECORD    YEAR
 MAXIMUM TEMPERATURE (F)   92       100      2011
                                             1998
 MINIMUM TEMPERATURE (F)   73        61      1968


SUNRISE AND SUNSET
AUGUST 28 2016........SUNRISE   639 AM CDT   SUNSET   732 PM CDT
AUGUST 29 2016........SUNRISE   640 AM CDT   SUNSET   730 PM CDT


-  INDICATES NEGATIVE NUMBERS.
R  INDICATES RECORD WAS SET OR TIED.
MM INDICATES DATA IS MISSING.
T  INDICATES TRACE AMOUNT.




$$
