000
CDUS44 KLIX 092234
CLIBTR


CLIMATE REPORT
NATIONAL WEATHER SERVICE NEW ORLEANS
433 PM CST FRI DEC 9 2016


...................................

...THE BATON ROUGE  ASOS CLIMATE SUMMARY FOR DECEMBER 9 2016...
VALID TODAY AS OF 0400 PM LOCAL TIME.

CLIMATE NORMAL PERIOD 1981 TO 2010
CLIMATE RECORD PERIOD 1894 TO 2016


WEATHER ITEM   OBSERVED TIME   RECORD YEAR NORMAL DEPARTURE LAST
                VALUE   (LST)  VALUE       VALUE  FROM      YEAR
                                                  NORMAL
..................................................................
TEMPERATURE (F)
 TODAY
  MAXIMUM         53    158 PM  83    2007  65    -12       77
                                      1971
  MINIMUM         34    732 AM  21    1917  44    -10       50
  AVERAGE         44

PRECIPITATION (IN)
  TODAY            0.00          3.97 1953   0.17  -0.17     0.00
  MONTH TO DATE    4.50                      1.51   2.99     0.38
  SINCE DEC 1      4.50                      1.51   2.99     0.38
  SINCE JAN 1     85.33                     56.56  28.77    71.64

SNOWFALL (IN)
  TODAY            0.0
  MONTH TO DATE    0.0
  SINCE DEC 1      0.0
  SINCE JUL 1      0.0
  SNOW DEPTH       0

DEGREE DAYS
 HEATING
  TODAY           21                        11     10        1
  MONTH TO DATE   99                        96      3       71
  SINCE DEC 1     99                        96      3       71
  SINCE JUL 1    212                       331   -119      182

 COOLING
  TODAY            0                         1     -1        0
  MONTH TO DATE    0                         9     -9        0
  SINCE DEC 1      0                         9     -9        0
  SINCE JAN 1   3121                      2810    311     3124
..................................................................


WIND (MPH)
  HIGHEST WIND SPEED    17   HIGHEST WIND DIRECTION    NE (40)
  HIGHEST GUST SPEED    23   HIGHEST GUST DIRECTION    NE (50)
  AVERAGE WIND SPEED    10.6


SKY COVER
  POSSIBLE SUNSHINE  MM
  AVERAGE SKY COVER 0.2


WEATHER CONDITIONS
 THE FOLLOWING WEATHER WAS RECORDED TODAY.
  NO SIGNIFICANT WEATHER WAS OBSERVED.


RELATIVE HUMIDITY (PERCENT)
 HIGHEST    64           100 AM
 LOWEST     26           200 PM
 AVERAGE    45

..........................................................


THE BATON ROUGE  ASOS CLIMATE NORMALS FOR TOMORROW
                         NORMAL    RECORD    YEAR
 MAXIMUM TEMPERATURE (F)   65        82      2007
                                             1943
 MINIMUM TEMPERATURE (F)   43        23      1995
                                             1978
                                             1937


SUNRISE AND SUNSET
DECEMBER  9 2016......SUNRISE   650 AM CST   SUNSET   504 PM CST
DECEMBER 10 2016......SUNRISE   651 AM CST   SUNSET   504 PM CST


-  INDICATES NEGATIVE NUMBERS.
R  INDICATES RECORD WAS SET OR TIED.
MM INDICATES DATA IS MISSING.
T  INDICATES TRACE AMOUNT.




$$
