000
CDUS44 KLIX 230820
CLIBTR


CLIMATE REPORT
NATIONAL WEATHER SERVICE NEW ORLEANS
319 AM CDT SAT SEP 23 2017


...................................

...THE BATON ROUGE  ASOS CLIMATE SUMMARY FOR SEPTEMBER 22 2017...

CLIMATE NORMAL PERIOD 1981 TO 2010
CLIMATE RECORD PERIOD 1894 TO 2017


WEATHER ITEM   OBSERVED TIME   RECORD YEAR NORMAL DEPARTURE LAST
                VALUE   (LST)  VALUE       VALUE  FROM      YEAR
                                                  NORMAL
..................................................................
TEMPERATURE (F)
 YESTERDAY
  MAXIMUM         93    323 PM  98    1921  87      6       93
  MINIMUM         69    615 AM  46    1983  67      2       73
  AVERAGE         81                        77      4       83

PRECIPITATION (IN)
  YESTERDAY        0.00          2.00 1920   0.14  -0.14     0.58
  MONTH TO DATE    0.07                      3.40  -3.33     2.48
  SINCE SEP 1      0.07                      3.40  -3.33     2.48
  SINCE JAN 1     55.46                     45.11  10.35    77.63

SNOWFALL (IN)
  YESTERDAY        0.0
  MONTH TO DATE    0.0
  SINCE SEP 1      0.0
  SINCE JUL 1      0.0
  SNOW DEPTH       0

DEGREE DAYS
 HEATING
  YESTERDAY        0                         0      0        0
  MONTH TO DATE    0                         0      0        0
  SINCE SEP 1      0                         0      0        0
  SINCE JUL 1      0                         0      0        0

 COOLING
  YESTERDAY       16                        12      4       18
  MONTH TO DATE  279                       324    -45      397
  SINCE SEP 1    279                       324    -45      397
  SINCE JAN 1   2538                      2485     53     2673
..................................................................


WIND (MPH)
  HIGHEST WIND SPEED    12   HIGHEST WIND DIRECTION    NE (50)
  HIGHEST GUST SPEED    13   HIGHEST GUST DIRECTION     E (80)
  AVERAGE WIND SPEED     3.1


SKY COVER
  POSSIBLE SUNSHINE  MM
  AVERAGE SKY COVER 0.1


WEATHER CONDITIONS
 THE FOLLOWING WEATHER WAS RECORDED YESTERDAY.
  FOG


RELATIVE HUMIDITY (PERCENT)
 HIGHEST   100           200 AM
 LOWEST     44           200 PM
 AVERAGE    72

..........................................................


THE BATON ROUGE  ASOS CLIMATE NORMALS FOR TODAY
                         NORMAL    RECORD    YEAR
 MAXIMUM TEMPERATURE (F)   87       102      1921
 MINIMUM TEMPERATURE (F)   66        48      1999
                                             1918
                                             1897


SUNRISE AND SUNSET
SEPTEMBER 23 2017.....SUNRISE   654 AM CDT   SUNSET   659 PM CDT
SEPTEMBER 24 2017.....SUNRISE   654 AM CDT   SUNSET   658 PM CDT


-  INDICATES NEGATIVE NUMBERS.
R  INDICATES RECORD WAS SET OR TIED.
MM INDICATES DATA IS MISSING.
T  INDICATES TRACE AMOUNT.




$$
