000
CDUS44 KLIX 282217
CLIBTR


CLIMATE REPORT
NATIONAL WEATHER SERVICE NEW ORLEANS
416 PM CST FRI NOV 28 2014


...................................

...THE BATON ROUGE  ASOS CLIMATE SUMMARY FOR NOVEMBER 28 2014...
VALID TODAY AS OF 0400 PM LOCAL TIME.

CLIMATE NORMAL PERIOD 1981 TO 2010
CLIMATE RECORD PERIOD 1894 TO 2014


WEATHER ITEM   OBSERVED TIME   RECORD YEAR NORMAL DEPARTURE LAST
                VALUE   (LST)  VALUE       VALUE  FROM      YEAR
                                                  NORMAL
..................................................................
TEMPERATURE (F)
 TODAY
  MAXIMUM         63    243 PM  83    1896  68     -5       51
  MINIMUM         33    629 AM  23    1938  46    -13       26
  AVERAGE         48

PRECIPITATION (IN)
  TODAY            0.00          2.79 1897   0.14  -0.14     0.00
  MONTH TO DATE    3.50                      3.80  -0.30     1.71
  SINCE SEP 1      8.91                     13.04  -4.13    12.48
  SINCE JAN 1     56.03                     54.75   1.28    65.14

SNOWFALL (IN)
  TODAY            0.0
  MONTH TO DATE    0.0
  SINCE SEP 1      0.0
  SINCE JUL 1      0.0
  SNOW DEPTH       0

DEGREE DAYS
 HEATING
  TODAY           17                         9      8       26
  MONTH TO DATE  323                       171    152      232
  SINCE SEP 1    338                       217    121      251
  SINCE JUL 1    338                       217    121      251

 COOLING
  TODAY            0                         1     -1        0
  MONTH TO DATE   15                        47    -32       36
  SINCE SEP 1    648                       636     12      698
  SINCE JAN 1   2676                      2797   -121     2666
..................................................................


WIND (MPH)
  HIGHEST WIND SPEED    14   HIGHEST WIND DIRECTION     E (100)
  HIGHEST GUST SPEED    16   HIGHEST GUST DIRECTION     E (100)
  AVERAGE WIND SPEED     5.9


SKY COVER
  POSSIBLE SUNSHINE  MM
  AVERAGE SKY COVER 0.0


WEATHER CONDITIONS
 THE FOLLOWING WEATHER WAS RECORDED TODAY.
  NO SIGNIFICANT WEATHER WAS OBSERVED.


RELATIVE HUMIDITY (PERCENT)
 HIGHEST    89           500 AM
 LOWEST     35           200 PM
 AVERAGE    62

..........................................................


THE BATON ROUGE  ASOS CLIMATE NORMALS FOR TOMORROW
                         NORMAL    RECORD    YEAR
 MAXIMUM TEMPERATURE (F)   68        84      1908
 MINIMUM TEMPERATURE (F)   45        24      1976
                                             1938


SUNRISE AND SUNSET
NOVEMBER 28 2014......SUNRISE   642 AM CST   SUNSET   503 PM CST
NOVEMBER 29 2014......SUNRISE   642 AM CST   SUNSET   503 PM CST


-  INDICATES NEGATIVE NUMBERS.
R  INDICATES RECORD WAS SET OR TIED.
MM INDICATES DATA IS MISSING.
T  INDICATES TRACE AMOUNT.




$$
