000
CDUS44 KLIX 280802
CLIBTR


CLIMATE REPORT
NATIONAL WEATHER SERVICE NEW ORLEANS
200 AM CST SAT FEB 28 2015


...................................

...THE BATON ROUGE  ASOS CLIMATE SUMMARY FOR FEBRUARY 27 2015...

CLIMATE NORMAL PERIOD 1981 TO 2010
CLIMATE RECORD PERIOD 1894 TO 2015


WEATHER ITEM   OBSERVED TIME   RECORD YEAR NORMAL DEPARTURE LAST
                VALUE   (LST)  VALUE       VALUE  FROM      YEAR
                                                  NORMAL
..................................................................
TEMPERATURE (F)
 YESTERDAY
  MAXIMUM         53    440 PM  85    2011  69    -16       57
                                      1962
  MINIMUM         35    718 AM  25    1935  47    -12       30
  AVERAGE         44                        58    -14       44

PRECIPITATION (IN)
  YESTERDAY        0.00          2.00 1923   0.16  -0.16     0.00
  MONTH TO DATE    3.38                      4.87  -1.49     7.18
  SINCE DEC 1     15.42                     16.19  -0.77    12.99
  SINCE JAN 1      9.75                     10.59  -0.84     9.27

SNOWFALL (IN)
  YESTERDAY        0.0
  MONTH TO DATE    0.0
  SINCE DEC 1      T
  SINCE JUL 1      T
  SNOW DEPTH       0

DEGREE DAYS
 HEATING
  YESTERDAY       21                         8     13       21
  MONTH TO DATE  409                       287    122      336
  SINCE DEC 1   1186                      1092     94     1403
  SINCE JUL 1   1527                      1327    200     1690

 COOLING
  YESTERDAY        0                         1     -1        0
  MONTH TO DATE    3                        25    -22       20
  SINCE DEC 1     18                        60    -42       64
  SINCE JAN 1      4                        38    -34       20
..................................................................


WIND (MPH)
  HIGHEST WIND SPEED    14   HIGHEST WIND DIRECTION    NE (40)
  HIGHEST GUST SPEED    20   HIGHEST GUST DIRECTION     N (350)
  AVERAGE WIND SPEED     8.0


SKY COVER
  POSSIBLE SUNSHINE  MM
  AVERAGE SKY COVER 0.5


WEATHER CONDITIONS
 THE FOLLOWING WEATHER WAS RECORDED YESTERDAY.
  NO SIGNIFICANT WEATHER WAS OBSERVED.


RELATIVE HUMIDITY (PERCENT)
 HIGHEST    82           100 AM
 LOWEST     48           400 PM
 AVERAGE    65

..........................................................


THE BATON ROUGE  ASOS CLIMATE NORMALS FOR TODAY
                         NORMAL    RECORD    YEAR
 MAXIMUM TEMPERATURE (F)   69        87      2011
                                             1917
 MINIMUM TEMPERATURE (F)   47        22      1935


SUNRISE AND SUNSET
FEBRUARY 28 2015......SUNRISE   632 AM CST   SUNSET   602 PM CST
MARCH  1 2015.........SUNRISE   631 AM CST   SUNSET   603 PM CST


-  INDICATES NEGATIVE NUMBERS.
R  INDICATES RECORD WAS SET OR TIED.
MM INDICATES DATA IS MISSING.
T  INDICATES TRACE AMOUNT.




$$
