000
CDUS44 KLIX 102227
CLIBTR


CLIMATE REPORT
NATIONAL WEATHER SERVICE NEW ORLEANS
426 PM CST SUN DEC 10 2017


...................................

...THE BATON ROUGE  ASOS CLIMATE SUMMARY FOR DECEMBER 10 2017...
VALID TODAY AS OF 0400 PM LOCAL TIME.

CLIMATE NORMAL PERIOD 1981 TO 2010
CLIMATE RECORD PERIOD 1894 TO 2017


WEATHER ITEM   OBSERVED TIME   RECORD YEAR NORMAL DEPARTURE LAST
                VALUE   (LST)  VALUE       VALUE  FROM      YEAR
                                                  NORMAL
..................................................................
TEMPERATURE (F)
 TODAY
  MAXIMUM         59    259 PM  82    2007  65     -6       57
                                      1943
  MINIMUM         30    722 AM  23    1995  43    -13       30
                                      1978
                                      1937
  AVERAGE         45

PRECIPITATION (IN)
  TODAY            0.00          3.10 1988   0.18  -0.18     0.00
  MONTH TO DATE    3.25                      1.69   1.56     4.50
  SINCE DEC 1      3.25                      1.69   1.56     4.50
  SINCE JAN 1     65.04                     56.74   8.30    85.33

SNOWFALL (IN)
  TODAY            0.0
  MONTH TO DATE    3.5
  SINCE DEC 1      3.5
  SINCE JUL 1      3.5
  SNOW DEPTH       0

DEGREE DAYS
 HEATING
  TODAY           20                        12      8       21
  MONTH TO DATE  134                       108     26      120
  SINCE DEC 1    134                       108     26      120
  SINCE JUL 1    341                       343     -2      233

 COOLING
  TODAY            0                         1     -1        0
  MONTH TO DATE    2                        10     -8        0
  SINCE DEC 1      2                        10     -8        0
  SINCE JAN 1   2976                      2811    165     3121
..................................................................


WIND (MPH)
  HIGHEST WIND SPEED    12   HIGHEST WIND DIRECTION     W (280)
  HIGHEST GUST SPEED    13   HIGHEST GUST DIRECTION     W (280)
  AVERAGE WIND SPEED     2.6


SKY COVER
  POSSIBLE SUNSHINE  MM
  AVERAGE SKY COVER 0.0


WEATHER CONDITIONS
 THE FOLLOWING WEATHER WAS RECORDED TODAY.
  FOG


RELATIVE HUMIDITY (PERCENT)
 HIGHEST   100           600 AM
 LOWEST     31           300 PM
 AVERAGE    66

..........................................................


THE BATON ROUGE  ASOS CLIMATE NORMALS FOR TOMORROW
                         NORMAL    RECORD    YEAR
 MAXIMUM TEMPERATURE (F)   65        83      2007
 MINIMUM TEMPERATURE (F)   43        23      1995


SUNRISE AND SUNSET
DECEMBER 10 2017......SUNRISE   651 AM CST   SUNSET   504 PM CST
DECEMBER 11 2017......SUNRISE   652 AM CST   SUNSET   504 PM CST


-  INDICATES NEGATIVE NUMBERS.
R  INDICATES RECORD WAS SET OR TIED.
MM INDICATES DATA IS MISSING.
T  INDICATES TRACE AMOUNT.




$$
