000
CDUS44 KLIX 250801
CLIBTR


CLIMATE REPORT
NATIONAL WEATHER SERVICE NEW ORLEANS
200 AM CST SAT FEB 25 2017


...................................

...THE BATON ROUGE  ASOS CLIMATE SUMMARY FOR FEBRUARY 24 2017...

CLIMATE NORMAL PERIOD 1981 TO 2010
CLIMATE RECORD PERIOD 1894 TO 2017


WEATHER ITEM   OBSERVED TIME   RECORD YEAR NORMAL DEPARTURE LAST
                VALUE   (LST)  VALUE       VALUE  FROM      YEAR
                                                  NORMAL
..................................................................
TEMPERATURE (F)
 YESTERDAY
  MAXIMUM         82    215 PM  83    2011  68     14       60
  MINIMUM         57    401 AM  23    1989  46     11       45
  AVERAGE         70                        57     13       53

PRECIPITATION (IN)
  YESTERDAY        0.00          1.75 1959   0.18  -0.18      T
  MONTH TO DATE    1.28                      4.39  -3.11     3.58
  SINCE DEC 1     20.67                     15.71   4.96    15.64
  SINCE JAN 1     10.96                     10.11   0.85     9.31

SNOWFALL (IN)
  YESTERDAY        0.0
  MONTH TO DATE    0.0
  SINCE DEC 1      0.0
  SINCE JUL 1      0.0
  SNOW DEPTH       0

DEGREE DAYS
 HEATING
  YESTERDAY        0                         9     -9       12
  MONTH TO DATE   81                       263   -182      207
  SINCE DEC 1    574                      1068   -494      823
  SINCE JUL 1    687                      1303   -616      934

 COOLING
  YESTERDAY        5                         1      4        0
  MONTH TO DATE   70                        22     48       13
  SINCE DEC 1    189                        57    132      104
  SINCE JAN 1    124                        35     89       17
..................................................................


WIND (MPH)
  HIGHEST WIND SPEED    21   HIGHEST WIND DIRECTION     S (190)
  HIGHEST GUST SPEED    26   HIGHEST GUST DIRECTION    SW (220)
  AVERAGE WIND SPEED     9.8


SKY COVER
  POSSIBLE SUNSHINE  MM
  AVERAGE SKY COVER 0.4


WEATHER CONDITIONS
 THE FOLLOWING WEATHER WAS RECORDED YESTERDAY.
  FOG
  FOG W/VISIBILITY <= 1/4 MILE


RELATIVE HUMIDITY (PERCENT)
 HIGHEST   100           400 AM
 LOWEST     49           300 PM
 AVERAGE    75

..........................................................


THE BATON ROUGE  ASOS CLIMATE NORMALS FOR TODAY
                         NORMAL    RECORD    YEAR
 MAXIMUM TEMPERATURE (F)   68        84      1977
                                             1962
 MINIMUM TEMPERATURE (F)   47        25      1965
                                             1914


SUNRISE AND SUNSET
FEBRUARY 25 2017......SUNRISE   635 AM CST   SUNSET   601 PM CST
FEBRUARY 26 2017......SUNRISE   634 AM CST   SUNSET   601 PM CST


-  INDICATES NEGATIVE NUMBERS.
R  INDICATES RECORD WAS SET OR TIED.
MM INDICATES DATA IS MISSING.
T  INDICATES TRACE AMOUNT.




$$
