000
CDUS41 KBTV 300523
CLIBTV


CLIMATE REPORT
NATIONAL WEATHER SERVICE BURLINGTON VT
121 AM EDT SUN APR 30 2017


...................................

...THE BURLINGTON VT CLIMATE SUMMARY FOR APRIL 29 2017...

CLIMATE NORMAL PERIOD 1981 TO 2010
CLIMATE RECORD PERIOD 1884 TO 2017


WEATHER ITEM   OBSERVED TIME   RECORD YEAR NORMAL DEPARTURE LAST
                VALUE   (LST)  VALUE       VALUE  FROM      YEAR
                                                  NORMAL
..................................................................
TEMPERATURE (F)
 YESTERDAY
  MAXIMUM         73    406 PM  85    1986  61     12       57
  MINIMUM         43   1159 PM  24    1934  40      3       28
                                      1909
  AVERAGE         58                        51      7       43

PRECIPITATION (IN)
  YESTERDAY        0.00          0.76 1956   0.11  -0.11     0.00
  MONTH TO DATE    3.81                      2.72   1.09     1.80
  SINCE MAR 1      7.08                      4.94   2.14     4.06
  SINCE JAN 1     11.75                      8.76   2.99     8.39

SNOWFALL (IN)
  YESTERDAY        0.0           0.7  1966   0.0    0.0      0.0
  MONTH TO DATE    4.4                       4.5   -0.1      3.5
  SINCE MAR 1     41.2                      20.3   20.9      5.3
  SINCE JUL 1    100.4                      81.1   19.3     34.3
  SNOW DEPTH       0

DEGREE DAYS
 HEATING
  YESTERDAY        7                        15     -8       22
  MONTH TO DATE  447                       597   -150      678
  SINCE MAR 1   1604                      1651    -47     1545
  SINCE JUL 1   5982                      7061  -1079     5929

 COOLING
  YESTERDAY        0                         0      0        0
  MONTH TO DATE   15                         0     15        0
  SINCE MAR 1     15                         0     15        0
  SINCE JAN 1     15                         0     15        0
..................................................................


WIND (MPH)
  HIGHEST WIND SPEED    25   HIGHEST WIND DIRECTION     N (340)
  HIGHEST GUST SPEED    34   HIGHEST GUST DIRECTION    NW (330)
  AVERAGE WIND SPEED     9.9


SKY COVER
  POSSIBLE SUNSHINE  MM
  AVERAGE SKY COVER 0.7


WEATHER CONDITIONS
 THE FOLLOWING WEATHER WAS RECORDED YESTERDAY.
  NO SIGNIFICANT WEATHER WAS OBSERVED.


RELATIVE HUMIDITY (PERCENT)
 HIGHEST    52           700 AM
 LOWEST     29           700 PM
 AVERAGE    41

..........................................................


THE BURLINGTON VT CLIMATE NORMALS FOR TODAY
                         NORMAL    RECORD    YEAR
 MAXIMUM TEMPERATURE (F)   62        84      2004
 MINIMUM TEMPERATURE (F)   40        27      2012
                                             1978
                                             1967


SUNRISE AND SUNSET
APRIL 30 2017.........SUNRISE   544 AM EDT   SUNSET   756 PM EDT
MAY  1 2017...........SUNRISE   543 AM EDT   SUNSET   757 PM EDT


-  INDICATES NEGATIVE NUMBERS.
R  INDICATES RECORD WAS SET OR TIED.
MM INDICATES DATA IS MISSING.
T  INDICATES TRACE AMOUNT.

&&

LAKE CHAMPLAIN DATA:
LEVEL...............99.40 FEET
TEMPERATURE.........45 DEGREES

MOUNT MANSFIELD DATA:
HIGH................61 DEGREES
LOW.................48 DEGREES
PRECIPITATION.......NONE
NEW SNOW............NONE
SNOW AT STAKE.......48 INCHES

$$
