000
CDUS41 KBTV 230533
CLIBTV


CLIMATE REPORT
NATIONAL WEATHER SERVICE BURLINGTON VT
131 AM EDT SAT AUG 23 2014


...................................

...THE BURLINGTON VT CLIMATE SUMMARY FOR AUGUST 22 2014...

CLIMATE NORMAL PERIOD 1981 TO 2010
CLIMATE RECORD PERIOD 1884 TO 2014


WEATHER ITEM   OBSERVED TIME   RECORD YEAR NORMAL DEPARTURE LAST
                VALUE   (LST)  VALUE       VALUE  FROM      YEAR
                                                  NORMAL
..................................................................
TEMPERATURE (F)
 YESTERDAY
  MAXIMUM         67    505 PM  90    1916  78    -11       87
  MINIMUM         62    626 AM  39    1982  58      4       67
  AVERAGE         65                        68     -3       77

PRECIPITATION (IN)
  YESTERDAY        0.07          1.40 1964   0.12  -0.05     0.74
  MONTH TO DATE    1.97                      2.91  -0.94     2.82
  SINCE JUN 1     11.86                     10.76   1.10    17.17
  SINCE JAN 1     25.62                     23.07   2.55    32.44

SNOWFALL (IN)
  YESTERDAY        0.0           0.0  2002   0.0    0.0      0.0
                                      2001
  MONTH TO DATE    0.0                       0.0    0.0      0.0
  SINCE JUN 1      0.0                       0.0    0.0      0.0
  SINCE JUL 1      0.0                       0.0    0.0      0.0
  SNOW DEPTH       0

DEGREE DAYS
 HEATING
  YESTERDAY        0                         1     -1        0
  MONTH TO DATE   12                        18     -6        7
  SINCE JUN 1     33                       104    -71       79
  SINCE JUL 1     13                        31    -18       14

 COOLING
  YESTERDAY        0                         4     -4       12
  MONTH TO DATE   93                       112    -19      100
  SINCE JUN 1    421                       396     25      500
  SINCE JAN 1    443                       415     28      547
..................................................................


WIND (MPH)
  HIGHEST WIND SPEED     9   HIGHEST WIND DIRECTION    SE (130)
  HIGHEST GUST SPEED    12   HIGHEST GUST DIRECTION    SE (140)
  AVERAGE WIND SPEED     3.5


SKY COVER
  POSSIBLE SUNSHINE  MM
  AVERAGE SKY COVER 1.0


WEATHER CONDITIONS
 THE FOLLOWING WEATHER WAS RECORDED YESTERDAY.
  LIGHT RAIN
  FOG


RELATIVE HUMIDITY (PERCENT)
 HIGHEST    90           300 AM
 LOWEST     73          1000 AM
 AVERAGE    82

..........................................................


THE BURLINGTON VT CLIMATE NORMALS FOR TODAY
                         NORMAL    RECORD    YEAR
 MAXIMUM TEMPERATURE (F)   78        93      1947
 MINIMUM TEMPERATURE (F)   58        43      1988


SUNRISE AND SUNSET
AUGUST 23 2014........SUNRISE   605 AM EDT   SUNSET   745 PM EDT
AUGUST 24 2014........SUNRISE   606 AM EDT   SUNSET   743 PM EDT


-  INDICATES NEGATIVE NUMBERS.
R  INDICATES RECORD WAS SET OR TIED.
MM INDICATES DATA IS MISSING.
T  INDICATES TRACE AMOUNT.

&&

LAKE CHAMPLAIN DATA:
LEVEL...............95.69 FEET
TEMPERATURE.........72 DEGREES

MOUNT MANSFIELD DATA:
HIGH................51 DEGREES
LOW.................48 DEGREES
PRECIPITATION.......0.14 INCHES

$$
