000
CDUS41 KBTV 230536
CLIBTV


CLIMATE REPORT
NATIONAL WEATHER SERVICE BURLINGTON VT
134 AM EDT SAT MAY 23 2015


...................................

...THE BURLINGTON VT CLIMATE SUMMARY FOR MAY 22 2015...

CLIMATE NORMAL PERIOD 1981 TO 2010
CLIMATE RECORD PERIOD 1884 TO 2015


WEATHER ITEM   OBSERVED TIME   RECORD YEAR NORMAL DEPARTURE LAST
                VALUE   (LST)  VALUE       VALUE  FROM      YEAR
                                                  NORMAL
..................................................................
TEMPERATURE (F)
 YESTERDAY
  MAXIMUM         61    155 PM  93    1977  69     -8       65
  MINIMUM         42   1159 PM  31    1936  47     -5       56
  AVERAGE         52                        58     -6       61

PRECIPITATION (IN)
  YESTERDAY        T             1.43 2013   0.12  -0.12     0.55
  MONTH TO DATE    1.31                      2.35  -1.04     2.90
  SINCE MAR 1      4.85                      7.39  -2.54     8.44
  SINCE JAN 1      7.23                     11.21  -3.98    12.72

SNOWFALL (IN)
  YESTERDAY       MM             0.0  2002   0.0   MM        0.0
                                      2001
  MONTH TO DATE    0.0                       0.0    0.0      0.0
  SINCE MAR 1      7.5                      20.4  -12.9     28.2
  SINCE JUL 1     83.4                      81.2    2.2     86.5
  SNOW DEPTH       0

DEGREE DAYS
 HEATING
  YESTERDAY       13                         7      6        4
  MONTH TO DATE  111                       231   -120      163
  SINCE MAR 1   1900                      1895      5     2090
  SINCE JUL 1   7417                      7305    112     7555

 COOLING
  YESTERDAY        0                         1     -1        0
  MONTH TO DATE   38                         5     33       20
  SINCE MAR 1     38                         7     31       20
  SINCE JAN 1     38                         7     31       20
..................................................................


WIND (MPH)
  HIGHEST WIND SPEED    24   HIGHEST WIND DIRECTION    NW (320)
  HIGHEST GUST SPEED    32   HIGHEST GUST DIRECTION     N (350)
  AVERAGE WIND SPEED    12.9


SKY COVER
  POSSIBLE SUNSHINE  MM
  AVERAGE SKY COVER 0.7


WEATHER CONDITIONS
 THE FOLLOWING WEATHER WAS RECORDED YESTERDAY.
  LIGHT RAIN


RELATIVE HUMIDITY (PERCENT)
 HIGHEST    66           400 AM
 LOWEST     27           100 PM
 AVERAGE    47

..........................................................


THE BURLINGTON VT CLIMATE NORMALS FOR TODAY
                         NORMAL    RECORD    YEAR
 MAXIMUM TEMPERATURE (F)   69        91      1992
                                             1977
                                             1975
 MINIMUM TEMPERATURE (F)   48        31      1967
                                             1935


SUNRISE AND SUNSET
MAY 23 2015...........SUNRISE   518 AM EDT   SUNSET   822 PM EDT
MAY 24 2015...........SUNRISE   517 AM EDT   SUNSET   823 PM EDT


-  INDICATES NEGATIVE NUMBERS.
R  INDICATES RECORD WAS SET OR TIED.
MM INDICATES DATA IS MISSING.
T  INDICATES TRACE AMOUNT.







&&

LAKE CHAMPLAIN DATA:
LEVEL...............96.00 FEET
TEMPERATURE.........54 DEGREES

MOUNT MANSFIELD DATA:
HIGH................53 DEGREES
LOW.................34 DEGREES
PRECIPITATION.......NONE

$$
