000
CDUS41 KBTV 062226
CLIBTV


CLIMATE REPORT
NATIONAL WEATHER SERVICE BURLINGTON VT
526 PM EST FRI MAR 6 2015


...................................

...THE BURLINGTON VT CLIMATE SUMMARY FOR MARCH 6 2015...
VALID TODAY AS OF 0500 PM LOCAL TIME.

CLIMATE NORMAL PERIOD 1981 TO 2010
CLIMATE RECORD PERIOD 1884 TO 2015


WEATHER ITEM   OBSERVED TIME   RECORD YEAR NORMAL DEPARTURE LAST
                VALUE   (LST)  VALUE       VALUE  FROM      YEAR
                                                  NORMAL
..................................................................
TEMPERATURE (F)
 TODAY
  MAXIMUM         24    434 PM  61    1894  36    -12       24
  MINIMUM        -10    651 AM -20    1948  18    -28       -7
  AVERAGE          7                        27    -20        9

PRECIPITATION (IN)
  TODAY            0.00          1.17 1920   0.07  -0.07     0.00
  MONTH TO DATE    0.08                      0.39  -0.31     0.04
  SINCE MAR 1      0.08                      0.39  -0.31     0.04
  SINCE JAN 1      2.46                      4.21  -1.75     4.32

SNOWFALL (IN)
  TODAY            0.0          13.5  1920   0.6   -0.6      0.0
  MONTH TO DATE    2.3                       3.7   -1.4      1.9
  SINCE MAR 1      2.3                       3.7   -1.4      1.9
  SINCE JUL 1     78.2                      64.5   13.7     60.2
  SNOW DEPTH       8

DEGREE DAYS
 HEATING
  TODAY           58                        38     20       56
  MONTH TO DATE  286                       233     53      325
  SINCE MAR 1    286                       233     53      325
  SINCE JUL 1   5803                      5643    160     5790

 COOLING
  TODAY            0                         0      0        0
  MONTH TO DATE    0                         0      0        0
  SINCE MAR 1      0                         0      0        0
  SINCE JAN 1      0                         0      0        0
..................................................................


WIND (MPH)
  HIGHEST WIND SPEED    15   HIGHEST WIND DIRECTION     S (200)
  HIGHEST GUST SPEED    18   HIGHEST GUST DIRECTION     S (200)
  AVERAGE WIND SPEED     5.2


SKY COVER
  POSSIBLE SUNSHINE  MM
  AVERAGE SKY COVER 0.1


WEATHER CONDITIONS
 THE FOLLOWING WEATHER WAS RECORDED TODAY.
  NO SIGNIFICANT WEATHER WAS OBSERVED.


RELATIVE HUMIDITY (PERCENT)
 HIGHEST    72           200 AM
 LOWEST     31           300 PM
 AVERAGE    52

..........................................................


THE BURLINGTON VT CLIMATE NORMALS FOR TOMORROW
                         NORMAL    RECORD    YEAR
 MAXIMUM TEMPERATURE (F)   36        63      1974
 MINIMUM TEMPERATURE (F)   18       -18      2007


SUNRISE AND SUNSET
MARCH  6 2015.........SUNRISE   622 AM EST   SUNSET   547 PM EST
MARCH  7 2015.........SUNRISE   620 AM EST   SUNSET   548 PM EST


-  INDICATES NEGATIVE NUMBERS.
R  INDICATES RECORD WAS SET OR TIED.
MM INDICATES DATA IS MISSING.
T  INDICATES TRACE AMOUNT.




$$
