187
CDUS41 KBTV 190601
CLIBTV

CLIMATE REPORT
NATIONAL WEATHER SERVICE BURLINGTON VT
1259 AM EST SUN NOV 19 2017

...................................

...THE BURLINGTON VT CLIMATE SUMMARY FOR NOVEMBER 18 2017...

CLIMATE NORMAL PERIOD 1981 TO 2010
CLIMATE RECORD PERIOD 1884 TO 2017


WEATHER ITEM   OBSERVED TIME   RECORD YEAR NORMAL DEPARTURE LAST
                VALUE   (LST)  VALUE       VALUE  FROM      YEAR
                                                  NORMAL
..................................................................
TEMPERATURE (F)
 YESTERDAY
  MAXIMUM         42    749 PM  70    1892  45     -3       55
  MINIMUM         20    442 AM   9    1936  31    -11       37
                                      1924
                                      1914
  AVERAGE         31                        38     -7       46

PRECIPITATION (IN)
  YESTERDAY        0.13          2.29 1918   0.10   0.03     0.00
  MONTH TO DATE    0.94                      1.95  -1.01     0.94
  SINCE SEP 1      7.28                      9.19  -1.91     4.99
  SINCE JAN 1     36.98                     33.26   3.72    24.19

SNOWFALL (IN)
  YESTERDAY        0.0           9.8  1980   0.1   -0.1      0.0
  MONTH TO DATE    T                         2.0   -2.0       T
  SINCE SEP 1      T                         2.3   -2.3       T
  SINCE JUL 1      T                         2.3   -2.3       T
  SNOW DEPTH       0

DEGREE DAYS
 HEATING
  YESTERDAY       34                        27      7       19
  MONTH TO DATE  467                       442     25      383
  SINCE SEP 1    764                      1141   -377      867
  SINCE JUL 1    787                      1183   -396      872

 COOLING
  YESTERDAY        0                         0      0        0
  MONTH TO DATE    0                         0      0        0
  SINCE SEP 1    135                        43     92      111
  SINCE JAN 1    652                       491    161      855
..................................................................


WIND (MPH)
  HIGHEST WIND SPEED    18   HIGHEST WIND DIRECTION     S (170)
  HIGHEST GUST SPEED    28   HIGHEST GUST DIRECTION     S (170)
  AVERAGE WIND SPEED     6.7


SKY COVER
  POSSIBLE SUNSHINE  MM
  AVERAGE SKY COVER 0.7


WEATHER CONDITIONS
 THE FOLLOWING WEATHER WAS RECORDED YESTERDAY.
  RAIN
  LIGHT RAIN
  FOG


RELATIVE HUMIDITY (PERCENT)
 HIGHEST    92          1000 PM
 LOWEST     38          1200 PM
 AVERAGE    65

..........................................................


THE BURLINGTON VT CLIMATE NORMALS FOR TODAY
                         NORMAL    RECORD    YEAR
 MAXIMUM TEMPERATURE (F)   44        70      1921
 MINIMUM TEMPERATURE (F)   30         7      1924


SUNRISE AND SUNSET
NOVEMBER 19 2017......SUNRISE   654 AM EST   SUNSET   421 PM EST
NOVEMBER 20 2017......SUNRISE   656 AM EST   SUNSET   421 PM EST


-  INDICATES NEGATIVE NUMBERS.
R  INDICATES RECORD WAS SET OR TIED.
MM INDICATES DATA IS MISSING.
T  INDICATES TRACE AMOUNT.

&&

LAKE CHAMPLAIN DATA:
LEVEL...............94.84 FEET
TEMPERATURE.........49 DEGREES

MOUNT MANSFIELD DATA:
HIGH................33 DEGREES
LOW.................10 DEGREES
PRECIPITATION.......NONE
NEW SNOW............NONE
SNOW AT STAKE.......5 INCHES

$$
