000
CDUS41 KBTV 280539
CLIBTV


CLIMATE REPORT
NATIONAL WEATHER SERVICE BURLINGTON VT
139 AM EDT FRI AUG 28 2015


...................................

...THE BURLINGTON VT CLIMATE SUMMARY FOR AUGUST 27 2015...

CLIMATE NORMAL PERIOD 1981 TO 2010
CLIMATE RECORD PERIOD 1884 TO 2015


WEATHER ITEM   OBSERVED TIME   RECORD YEAR NORMAL DEPARTURE LAST
                VALUE   (LST)  VALUE       VALUE  FROM      YEAR
                                                  NORMAL
..................................................................
TEMPERATURE (F)
 YESTERDAY
  MAXIMUM         75    224 PM  95    1948  77     -2       84
  MINIMUM         59   1159 PM  40    1969  57      2       67
  AVERAGE         67                        67      0       76

PRECIPITATION (IN)
  YESTERDAY        T             0.95 1906   0.11  -0.11      T
  MONTH TO DATE    1.98                      3.47  -1.49     1.97
  SINCE JUN 1     15.32                     11.32   4.00    11.86
  SINCE JAN 1     24.16                     23.63   0.53    25.62

SNOWFALL (IN)
  YESTERDAY        0.0           0.0  2002   0.0    0.0      0.0
                                      2001
  MONTH TO DATE    0.0                       0.0    0.0      0.0
  SINCE JUN 1      0.0                       0.0    0.0      0.0
  SINCE JUL 1      0.0                       0.0    0.0      0.0
  SNOW DEPTH       0

DEGREE DAYS
 HEATING
  YESTERDAY        0                         2     -2        0
  MONTH TO DATE    1                        24    -23       12
  SINCE JUN 1     77                       110    -33       33
  SINCE JUL 1      6                        37    -31       13

 COOLING
  YESTERDAY        2                         4     -2       11
  MONTH TO DATE  213                       132     81      129
  SINCE JUN 1    507                       416     91      457
  SINCE JAN 1    600                       435    165      479
..................................................................


WIND (MPH)
  HIGHEST WIND SPEED    13   HIGHEST WIND DIRECTION    NW (310)
  HIGHEST GUST SPEED    18   HIGHEST GUST DIRECTION    NW (310)
  AVERAGE WIND SPEED     4.9


SKY COVER
  POSSIBLE SUNSHINE  MM
  AVERAGE SKY COVER 0.8


WEATHER CONDITIONS
 THE FOLLOWING WEATHER WAS RECORDED YESTERDAY.
  LIGHT RAIN


RELATIVE HUMIDITY (PERCENT)
 HIGHEST    84           500 AM
 LOWEST     46           100 PM
 AVERAGE    65

..........................................................


THE BURLINGTON VT CLIMATE NORMALS FOR TODAY
                         NORMAL    RECORD    YEAR
 MAXIMUM TEMPERATURE (F)   77        94      1952
 MINIMUM TEMPERATURE (F)   57        39      1957
                                             1925


SUNRISE AND SUNSET
AUGUST 28 2015........SUNRISE   610 AM EDT   SUNSET   737 PM EDT
AUGUST 29 2015........SUNRISE   611 AM EDT   SUNSET   735 PM EDT


-  INDICATES NEGATIVE NUMBERS.
R  INDICATES RECORD WAS SET OR TIED.
MM INDICATES DATA IS MISSING.
T  INDICATES TRACE AMOUNT.

&&

LAKE CHAMPLAIN DATA:
LAKE LEVEL..........95.94 FEET
WATER TEMPERATURE...73 DEGREES

MOUNT MANSFIELD DATA:
HIGH TEMPERATURE...63 DEGREES
LOW TEMPERATURE....48 DEGREES
PRECIPITATION......0.02 INCHES

$$
