000
CDUS41 KBTV 260531
CLIBTV


CLIMATE REPORT
NATIONAL WEATHER SERVICE BURLINGTON VT
129 AM EDT FRI AUG 26 2016


...................................

...THE BURLINGTON VT CLIMATE SUMMARY FOR AUGUST 25 2016...

CLIMATE NORMAL PERIOD 1981 TO 2010
CLIMATE RECORD PERIOD 1884 TO 2016


WEATHER ITEM   OBSERVED TIME   RECORD YEAR NORMAL DEPARTURE LAST
                VALUE   (LST)  VALUE       VALUE  FROM      YEAR
                                                  NORMAL
..................................................................
TEMPERATURE (F)
 YESTERDAY
  MAXIMUM         83    331 PM  97    1947  78      5       80
  MINIMUM         72    635 AM  39    1942  57     15       65
  AVERAGE         78                        68     10       73

PRECIPITATION (IN)
  YESTERDAY        T             1.56 1898   0.11  -0.11     0.02
  MONTH TO DATE    2.01                      3.25  -1.24     1.98
  SINCE JUN 1      8.11                     11.10  -2.99    15.32
  SINCE JAN 1     18.96                     23.41  -4.45    24.16

SNOWFALL (IN)
  YESTERDAY        0.0           0.0  2002   0.0    0.0      0.0
                                      2001
  MONTH TO DATE    0.0                       0.0    0.0      0.0
  SINCE JUN 1      0.0                       0.0    0.0      0.0
  SINCE JUL 1      0.0                       0.0    0.0      0.0
  SNOW DEPTH       0

DEGREE DAYS
 HEATING
  YESTERDAY        0                         1     -1        0
  MONTH TO DATE    2                        21    -19        1
  SINCE JUN 1     53                       107    -54       77
  SINCE JUL 1      5                        34    -29        6

 COOLING
  YESTERDAY       13                         4      9        8
  MONTH TO DATE  234                       124    110      206
  SINCE JUN 1    623                       408    215      500
  SINCE JAN 1    695                       427    268      593
..................................................................


WIND (MPH)
  HIGHEST WIND SPEED    21   HIGHEST WIND DIRECTION     S (200)
  HIGHEST GUST SPEED    29   HIGHEST GUST DIRECTION     S (200)
  AVERAGE WIND SPEED    12.7


SKY COVER
  POSSIBLE SUNSHINE  MM
  AVERAGE SKY COVER 0.5


WEATHER CONDITIONS
 THE FOLLOWING WEATHER WAS RECORDED YESTERDAY.
  NO SIGNIFICANT WEATHER WAS OBSERVED.


RELATIVE HUMIDITY (PERCENT)
 HIGHEST    84           900 PM
 LOWEST     54          1200 AM
 AVERAGE    69

..........................................................


THE BURLINGTON VT CLIMATE NORMALS FOR TODAY
                         NORMAL    RECORD    YEAR
 MAXIMUM TEMPERATURE (F)   78        96      1948
 MINIMUM TEMPERATURE (F)   57        40      1987
                                             1914


SUNRISE AND SUNSET
AUGUST 26 2016........SUNRISE   609 AM EDT   SUNSET   739 PM EDT
AUGUST 27 2016........SUNRISE   610 AM EDT   SUNSET   737 PM EDT


-  INDICATES NEGATIVE NUMBERS.
R  INDICATES RECORD WAS SET OR TIED.
MM INDICATES DATA IS MISSING.
T  INDICATES TRACE AMOUNT.

&&

LAKE CHAMPLAIN DATA:
LEVEL...............94.32 FEET
TEMPERATURE.........73 DEGREES

MOUNT MANSFIELD DATA:
HIGH................69 DEGREES
LOW.................58 DEGREES
PRECIPITATION.......TRACE

$$
