000
CDUS41 KBTV 250531
CLIBTV


CLIMATE REPORT
NATIONAL WEATHER SERVICE BURLINGTON VT
131 AM EDT FRI APR 25 2014


...................................

...THE BURLINGTON VT CLIMATE SUMMARY FOR APRIL 24 2014...

CLIMATE NORMAL PERIOD 1981 TO 2010
CLIMATE RECORD PERIOD 1884 TO 2014


WEATHER ITEM   OBSERVED TIME   RECORD YEAR NORMAL DEPARTURE LAST
                VALUE   (LST)  VALUE       VALUE  FROM      YEAR
                                                  NORMAL
..................................................................
TEMPERATURE (F)
 YESTERDAY
  MAXIMUM         54    246 PM  80    2001  59     -5       74
  MINIMUM         36    613 AM  23    1930  38     -2       40
  AVERAGE         45                        49     -4       57

PRECIPITATION (IN)
  YESTERDAY        0.00          1.35 1968   0.10  -0.10     0.06
  MONTH TO DATE    2.74                      2.22   0.52     2.05
  SINCE MAR 1      4.62                      4.44   0.18     4.10
  SINCE JAN 1      8.90                      8.26   0.64     6.53

SNOWFALL (IN)
  YESTERDAY        0.0           2.4  1996   0.1   -0.1      0.0
  MONTH TO DATE    2.8                       4.2   -1.4      1.0
  SINCE MAR 1     28.2                      20.0    8.2     17.2
  SINCE JUL 1     86.5                      80.8    5.7     82.9
  SNOW DEPTH       0

DEGREE DAYS
 HEATING
  YESTERDAY       20                        17      3        8
  MONTH TO DATE  488                       520    -32      529
  SINCE MAR 1   1810                      1574    236     1517
  SINCE JUL 1   7275                      6984    291     6395

 COOLING
  YESTERDAY        0                         0      0        0
  MONTH TO DATE    0                         0      0        0
  SINCE MAR 1      0                         0      0        0
  SINCE JAN 1      0                         0      0        0
..................................................................


WIND (MPH)
  HIGHEST WIND SPEED    29   HIGHEST WIND DIRECTION    NW (330)
  HIGHEST GUST SPEED    37   HIGHEST GUST DIRECTION    NW (320)
  AVERAGE WIND SPEED    16.3


SKY COVER
  POSSIBLE SUNSHINE  MM
  AVERAGE SKY COVER 0.4


WEATHER CONDITIONS
 THE FOLLOWING WEATHER WAS RECORDED YESTERDAY.
  NO SIGNIFICANT WEATHER WAS OBSERVED.


RELATIVE HUMIDITY (PERCENT)
 HIGHEST    52           500 AM
 LOWEST     29           300 PM
 AVERAGE    41

..........................................................


THE BURLINGTON VT CLIMATE NORMALS FOR TODAY
                         NORMAL    RECORD    YEAR
 MAXIMUM TEMPERATURE (F)   60        86      2009
 MINIMUM TEMPERATURE (F)   38        20      1919


SUNRISE AND SUNSET
APRIL 25 2014.........SUNRISE   552 AM EDT   SUNSET   750 PM EDT
APRIL 26 2014.........SUNRISE   551 AM EDT   SUNSET   751 PM EDT


-  INDICATES NEGATIVE NUMBERS.
R  INDICATES RECORD WAS SET OR TIED.
MM INDICATES DATA IS MISSING.
T  INDICATES TRACE AMOUNT.

&&

LAKE CHAMPLAIN DATA:
LAKE LEVEL..........100.44 FEET
WATER TEMPERATURE...38 DEGREES

MOUNT MANSFIELD DATA:
HIGH TEMPERATURE...28 DEGREES
LOW TEMPERATURE....16 DEGREES
PRECIPITATION......TRACE
NEW SNOW...........TRACE
SNOW AT STAKE......53 INCHES

$$
