000
CDUS41 KBTV 300530
CLIBTV


CLIMATE REPORT
NATIONAL WEATHER SERVICE BURLINGTON VT
128 AM EDT FRI SEP 30 2016


...................................

...THE BURLINGTON VT CLIMATE SUMMARY FOR SEPTEMBER 29 2016...

CLIMATE NORMAL PERIOD 1981 TO 2010
CLIMATE RECORD PERIOD 1884 TO 2016


WEATHER ITEM   OBSERVED TIME   RECORD YEAR NORMAL DEPARTURE LAST
                VALUE   (LST)  VALUE       VALUE  FROM      YEAR
                                                  NORMAL
..................................................................
TEMPERATURE (F)
 YESTERDAY
  MAXIMUM         70    119 PM  82    1948  64      6       74
  MINIMUM         49    616 AM  25    1914  45      4       58
  AVERAGE         60                        55      5       66

PRECIPITATION (IN)
  YESTERDAY        0.00          2.04 2015   0.13  -0.13     2.04
  MONTH TO DATE    1.39                      3.52  -2.13     3.55
  SINCE SEP 1      1.39                      3.52  -2.13     3.55
  SINCE JAN 1     20.59                     27.59  -7.00    27.71

SNOWFALL (IN)
  YESTERDAY        0.0           T    2003   0.0    0.0      0.0
  MONTH TO DATE    0.0                       0.0    0.0      0.0
  SINCE SEP 1      0.0                       0.0    0.0      0.0
  SINCE JUL 1      0.0                       0.0    0.0      0.0
  SNOW DEPTH       0

DEGREE DAYS
 HEATING
  YESTERDAY        5                        11     -6        0
  MONTH TO DATE   73                       164    -91       54
  SINCE SEP 1     73                       164    -91       54
  SINCE JUL 1     78                       206   -128       60

 COOLING
  YESTERDAY        0                         0      0        1
  MONTH TO DATE  108                        41     67      145
  SINCE SEP 1    108                        41     67      145
  SINCE JAN 1    852                       489    363      767
..................................................................


WIND (MPH)
  HIGHEST WIND SPEED    14   HIGHEST WIND DIRECTION    NW (320)
  HIGHEST GUST SPEED    17   HIGHEST GUST DIRECTION    NW (310)
  AVERAGE WIND SPEED     5.4


SKY COVER
  POSSIBLE SUNSHINE  MM
  AVERAGE SKY COVER 0.5


WEATHER CONDITIONS
 THE FOLLOWING WEATHER WAS RECORDED YESTERDAY.
  NO SIGNIFICANT WEATHER WAS OBSERVED.


RELATIVE HUMIDITY (PERCENT)
 HIGHEST    86           200 AM
 LOWEST     42           100 PM
 AVERAGE    64

..........................................................


THE BURLINGTON VT CLIMATE NORMALS FOR TODAY
                         NORMAL    RECORD    YEAR
 MAXIMUM TEMPERATURE (F)   64        82      1921
 MINIMUM TEMPERATURE (F)   45        28      1941


SUNRISE AND SUNSET
SEPTEMBER 30 2016.....SUNRISE   650 AM EDT   SUNSET   634 PM EDT
OCTOBER  1 2016.......SUNRISE   651 AM EDT   SUNSET   632 PM EDT


-  INDICATES NEGATIVE NUMBERS.
R  INDICATES RECORD WAS SET OR TIED.
MM INDICATES DATA IS MISSING.
T  INDICATES TRACE AMOUNT.

&&

LAKE CHAMPLAIN DATA:
LEVEL...............93.80 FEET
TEMPERATURE.........67 DEGREES

MOUNT MANSFIELD DATA:
HIGH................54 DEGREES
LOW.................38 DEGREES
PRECIPITATION.......NONE

$$
