574
CDUS46 KLOX 300908
CLIBUR


CLIMATE REPORT
NATIONAL WEATHER SERVICE LOS ANGELES/OXNARD CA
208 AM PDT MON MAY 30 2016


...................................

...THE BOB HOPE AIRPORT (BURBANK) CA CLIMATE SUMMARY FOR MAY 29 2016...

CLIMATE NORMAL PERIOD 1981 TO 2010
CLIMATE RECORD PERIOD 1939 TO 2016


WEATHER ITEM   OBSERVED TIME   RECORD YEAR NORMAL DEPARTURE LAST
                VALUE   (LST)  VALUE       VALUE  FROM      YEAR
                                                  NORMAL
..................................................................
TEMPERATURE (F)
 YESTERDAY
  MAXIMUM         71    411 PM 107    1984  77     -6       85
  MINIMUM         57    703 AM  43    1953  56      1       57
  AVERAGE         64                        67     -3       71

PRECIPITATION (IN)
  YESTERDAY        0.00          0.09 1990   0.01  -0.01     0.00
  MONTH TO DATE    0.02                      0.34  -0.32     0.30
  SINCE OCT 1      7.66                     16.87  -9.21     7.58
  SINCE JAN 1      6.56                     12.43  -5.87     3.08

SNOWFALL (IN)
  YESTERDAY        0.0
  MONTH TO DATE    0.0
  SINCE MAR 1      0.0
  SINCE JUL 1      0.0

DEGREE DAYS
 HEATING
  YESTERDAY        1                         1      0        0
  MONTH TO DATE   49                        55     -6       65
  SINCE MAR 1    221                       411   -190      177
  SINCE JUL 1   1128                      1552   -424      734

 COOLING
  YESTERDAY        0                         3     -3        6
  MONTH TO DATE   32                        64    -32       35
  SINCE MAR 1    121                       109     12      230
  SINCE JAN 1    176                       115     61      256
..................................................................


WIND (MPH)
  HIGHEST WIND SPEED    13   HIGHEST WIND DIRECTION     S (180)
  HIGHEST GUST SPEED    18   HIGHEST GUST DIRECTION     S (160)
  AVERAGE WIND SPEED     4.1


SKY COVER
  POSSIBLE SUNSHINE  MM
  AVERAGE SKY COVER 0.6


WEATHER CONDITIONS
 THE FOLLOWING WEATHER WAS RECORDED YESTERDAY.
  FOG
  HAZE


RELATIVE HUMIDITY (PERCENT)
 HIGHEST    93           700 AM
 LOWEST     53           300 PM
 AVERAGE    73

..........................................................


THE BOB HOPE AIRPORT (BURBANK) CA CLIMATE NORMALS FOR TODAY
                         NORMAL    RECORD    YEAR
 MAXIMUM TEMPERATURE (F)   77        99      1984
 MINIMUM TEMPERATURE (F)   56        46      1940


SUNRISE AND SUNSET
MAY 30 2016...........SUNRISE   543 AM PDT   SUNSET   759 PM PDT
MAY 31 2016...........SUNRISE   543 AM PDT   SUNSET   800 PM PDT


-  INDICATES NEGATIVE NUMBERS.
R  INDICATES RECORD WAS SET OR TIED.
MM INDICATES DATA IS MISSING.
T  INDICATES TRACE AMOUNT.




$$
