059
CDUS46 KLOX 190904
CLIBUR


CLIMATE REPORT
NATIONAL WEATHER SERVICE LOS ANGELES/OXNARD CA
204 AM PDT SAT AUG 19 2017


...................................

...THE BOB HOPE AIRPORT (BURBANK) CA CLIMATE SUMMARY FOR AUGUST 18 2017...

CLIMATE NORMAL PERIOD 1981 TO 2010
CLIMATE RECORD PERIOD 1939 TO 2017


WEATHER ITEM   OBSERVED TIME   RECORD YEAR NORMAL DEPARTURE LAST
                VALUE   (LST)  VALUE       VALUE  FROM      YEAR
                                                  NORMAL
..................................................................
TEMPERATURE (F)
 YESTERDAY
  MAXIMUM         83   1257 PM 100    1986  88     -5       91
                                      1973
  MINIMUM         63    538 AM  54    1948  62      1       60
                                      1940
  AVERAGE         73                        75     -2       76

PRECIPITATION (IN)
  YESTERDAY        0.00          0.19 1983   0.00   0.00     0.00
  MONTH TO DATE    T                         0.04  -0.04     0.00
  SINCE OCT 1     13.83                     17.05  -3.22     7.66
  SINCE JAN 1      9.57                     12.61  -3.04     6.56

SNOWFALL (IN)
  YESTERDAY        0.0
  MONTH TO DATE    0.0
  SINCE JUN 1      0.0
  SINCE JUL 1      0.0

DEGREE DAYS
 HEATING
  YESTERDAY        0                         0      0        0
  MONTH TO DATE    0                         0      0        0
  SINCE JUN 1      4                        13     -9        2
  SINCE JUL 1      0                         0      0        0

 COOLING
  YESTERDAY        8                        10     -2       11
  MONTH TO DATE  228                       180     48      222
  SINCE JUN 1    897                       620    277      890
  SINCE JAN 1   1142                       744    398     1067
..................................................................


WIND (MPH)
  HIGHEST WIND SPEED    13   HIGHEST WIND DIRECTION     S (180)
  HIGHEST GUST SPEED    19   HIGHEST GUST DIRECTION    SW (220)
  AVERAGE WIND SPEED     5.9


SKY COVER
  POSSIBLE SUNSHINE  MM
  AVERAGE SKY COVER 0.0


WEATHER CONDITIONS
 THE FOLLOWING WEATHER WAS RECORDED YESTERDAY.
  HAZE


RELATIVE HUMIDITY (PERCENT)
 HIGHEST    84           300 AM
 LOWEST     43           300 PM
 AVERAGE    64

..........................................................


THE BOB HOPE AIRPORT (BURBANK) CA CLIMATE NORMALS FOR TODAY
                         NORMAL    RECORD    YEAR
 MAXIMUM TEMPERATURE (F)   88       103      1982
 MINIMUM TEMPERATURE (F)   62        52      1980


SUNRISE AND SUNSET
AUGUST 19 2017........SUNRISE   618 AM PDT   SUNSET   736 PM PDT
AUGUST 20 2017........SUNRISE   619 AM PDT   SUNSET   734 PM PDT


-  INDICATES NEGATIVE NUMBERS.
R  INDICATES RECORD WAS SET OR TIED.
MM INDICATES DATA IS MISSING.
T  INDICATES TRACE AMOUNT.




$$
