000
CDUS46 KLOX 290916
CLIBUR


CLIMATE REPORT
NATIONAL WEATHER SERVICE LOS ANGELES/OXNARD CA
115 AM PST SAT NOV 29 2014


...................................

...THE BOB HOPE AIRPORT (BURBANK) CA CLIMATE SUMMARY FOR NOVEMBER 28 2014...

CLIMATE NORMAL PERIOD 1981 TO 2010
CLIMATE RECORD PERIOD 1939 TO 2014


WEATHER ITEM   OBSERVED TIME   RECORD YEAR NORMAL DEPARTURE LAST
                VALUE   (LST)  VALUE       VALUE  FROM      YEAR
                                                  NORMAL
..................................................................
TEMPERATURE (F)
 YESTERDAY
  MAXIMUM         81    258 PM  90    1977  69     12       72
  MINIMUM         49    549 AM  30    1976  43      6       52
  AVERAGE         65                        56      9       62

PRECIPITATION (IN)
  YESTERDAY        0.00          1.11 1981   0.05  -0.05     0.00
  MONTH TO DATE    0.07                      0.98  -0.91     0.24
  SINCE JUL 1      0.45                      2.27  -1.82     0.35
  SINCE JAN 1      5.36                     14.82  -9.46     2.95

SNOWFALL (IN)
  YESTERDAY        0.0
  MONTH TO DATE    0.0
  SINCE SEP 1      0.0
  SINCE JUL 1      0.0

DEGREE DAYS
 HEATING
  YESTERDAY        0                         9     -9        3
  MONTH TO DATE   50                       161   -111       55
  SINCE SEP 1     51                       210   -159       82
  SINCE JUL 1     51                       210   -159       82

 COOLING
  YESTERDAY        0                         0      0        0
  MONTH TO DATE   45                        12     33       52
  SINCE SEP 1    655                       361    294      582
  SINCE JAN 1   1955                      1243    712     2011
..................................................................


WIND (MPH)
  HIGHEST WIND SPEED    10   HIGHEST WIND DIRECTION     S (180)
  HIGHEST GUST SPEED    13   HIGHEST GUST DIRECTION     S (180)
  AVERAGE WIND SPEED     2.0


SKY COVER
  POSSIBLE SUNSHINE  MM
  AVERAGE SKY COVER 0.0


WEATHER CONDITIONS
 THE FOLLOWING WEATHER WAS RECORDED YESTERDAY.
  NO SIGNIFICANT WEATHER WAS OBSERVED.


RELATIVE HUMIDITY (PERCENT)
 HIGHEST    43          1100 PM
 LOWEST     13          1200 PM
 AVERAGE    28

..........................................................


THE BOB HOPE AIRPORT (BURBANK) CA CLIMATE NORMALS FOR TODAY
                         NORMAL    RECORD    YEAR
 MAXIMUM TEMPERATURE (F)   69        87      1977
 MINIMUM TEMPERATURE (F)   43        34      1976


SUNRISE AND SUNSET
NOVEMBER 29 2014......SUNRISE   639 AM PST   SUNSET   444 PM PST
NOVEMBER 30 2014......SUNRISE   640 AM PST   SUNSET   444 PM PST


-  INDICATES NEGATIVE NUMBERS.
R  INDICATES RECORD WAS SET OR TIED.
MM INDICATES DATA IS MISSING.
T  INDICATES TRACE AMOUNT.




$$
