000
CDUS46 KLOX 280912
CLIBUR


CLIMATE REPORT
NATIONAL WEATHER SERVICE LOS ANGELES/OXNARD CA
112 AM PST SUN DEC 28 2014


...................................

...THE BOB HOPE AIRPORT (BURBANK) CA CLIMATE SUMMARY FOR DECEMBER 27 2014...

CLIMATE NORMAL PERIOD 1981 TO 2010
CLIMATE RECORD PERIOD 1939 TO 2014


WEATHER ITEM   OBSERVED TIME   RECORD YEAR NORMAL DEPARTURE LAST
                VALUE   (LST)  VALUE       VALUE  FROM      YEAR
                                                  NORMAL
..................................................................
TEMPERATURE (F)
 YESTERDAY
  MAXIMUM         61    242 PM  84    2013  67     -6       84
                                      1956
  MINIMUM         36    716 AM  30    1997  41     -5       44
  AVERAGE         49                        54     -5       64

PRECIPITATION (IN)
  YESTERDAY        0.00          1.80 1984   0.09  -0.09     0.00
  MONTH TO DATE    3.36                      1.97   1.39     0.20
  SINCE JUL 1      4.54                      4.33   0.21     0.64
  SINCE JAN 1      9.45                     16.88  -7.43     3.24

SNOWFALL (IN)
  YESTERDAY        0.0
  MONTH TO DATE    0.0
  SINCE DEC 1      0.0
  SINCE JUL 1      0.0

DEGREE DAYS
 HEATING
  YESTERDAY       16                        11      5        1
  MONTH TO DATE  174                       291   -117      195
  SINCE DEC 1    174                       291   -117      195
  SINCE JUL 1    234                       519   -285      283

 COOLING
  YESTERDAY        0                         0      0        0
  MONTH TO DATE    3                         0      3       14
  SINCE DEC 1      3                         0      3       14
  SINCE JAN 1   1958                      1245    713     2025
..................................................................


WIND (MPH)
  HIGHEST WIND SPEED    10   HIGHEST WIND DIRECTION     S (190)
  HIGHEST GUST SPEED    15   HIGHEST GUST DIRECTION     N (10)
  AVERAGE WIND SPEED     3.0


SKY COVER
  POSSIBLE SUNSHINE  MM
  AVERAGE SKY COVER 0.0


WEATHER CONDITIONS
 THE FOLLOWING WEATHER WAS RECORDED YESTERDAY.
  NO SIGNIFICANT WEATHER WAS OBSERVED.


RELATIVE HUMIDITY (PERCENT)
 HIGHEST    56           700 AM
 LOWEST     16           100 PM
 AVERAGE    36

..........................................................


THE BOB HOPE AIRPORT (BURBANK) CA CLIMATE NORMALS FOR TODAY
                         NORMAL    RECORD    YEAR
 MAXIMUM TEMPERATURE (F)   67        84      1963
 MINIMUM TEMPERATURE (F)   41        30      1997


SUNRISE AND SUNSET
DECEMBER 28 2014......SUNRISE   658 AM PST   SUNSET   452 PM PST
DECEMBER 29 2014......SUNRISE   659 AM PST   SUNSET   453 PM PST


-  INDICATES NEGATIVE NUMBERS.
R  INDICATES RECORD WAS SET OR TIED.
MM INDICATES DATA IS MISSING.
T  INDICATES TRACE AMOUNT.




$$
