000
CDUS46 KLOX 240909
CLIBUR


CLIMATE REPORT
NATIONAL WEATHER SERVICE LOS ANGELES/OXNARD CA
209 AM PDT SUN MAY 24 2015


...................................

...THE BOB HOPE AIRPORT (BURBANK) CA CLIMATE SUMMARY FOR MAY 23 2015...

CLIMATE NORMAL PERIOD 1981 TO 2010
CLIMATE RECORD PERIOD 1939 TO 2015


WEATHER ITEM   OBSERVED TIME   RECORD YEAR NORMAL DEPARTURE LAST
                VALUE   (LST)  VALUE       VALUE  FROM      YEAR
                                                  NORMAL
..................................................................
TEMPERATURE (F)
 YESTERDAY
  MAXIMUM         71    320 PM  96    1949  77     -6       72
  MINIMUM         56    521 AM  46    1960  56      0       59
  AVERAGE         64                        66     -2       66

PRECIPITATION (IN)
  YESTERDAY        0.00          0.13 2008   0.01  -0.01     0.00
  MONTH TO DATE    0.30                      0.29   0.01      T
  SINCE OCT 1      7.58                     16.82  -9.24     5.54
  SINCE JAN 1      3.08                     12.38  -9.30     4.91

SNOWFALL (IN)
  YESTERDAY        0.0
  MONTH TO DATE    0.0
  SINCE MAR 1      0.0
  SINCE JUL 1      0.0

DEGREE DAYS
 HEATING
  YESTERDAY        1                         1      0        0
  MONTH TO DATE   62                        49     13       21
  SINCE MAR 1    174                       405   -231      181
  SINCE JUL 1    731                      1546   -815      658

 COOLING
  YESTERDAY        0                         2     -2        1
  MONTH TO DATE   26                        46    -20      150
  SINCE MAR 1    221                        91    130      251
  SINCE JAN 1    247                        97    150      311
..................................................................


WIND (MPH)
  HIGHEST WIND SPEED    14   HIGHEST WIND DIRECTION     S (200)
  HIGHEST GUST SPEED    17   HIGHEST GUST DIRECTION     S (170)
  AVERAGE WIND SPEED     5.6


SKY COVER
  POSSIBLE SUNSHINE  MM
  AVERAGE SKY COVER 0.7


WEATHER CONDITIONS
 THE FOLLOWING WEATHER WAS RECORDED YESTERDAY.
  NO SIGNIFICANT WEATHER WAS OBSERVED.


RELATIVE HUMIDITY (PERCENT)
 HIGHEST    83           500 AM
 LOWEST     51           300 PM
 AVERAGE    67

..........................................................


THE BOB HOPE AIRPORT (BURBANK) CA CLIMATE NORMALS FOR TODAY
                         NORMAL    RECORD    YEAR
 MAXIMUM TEMPERATURE (F)   77        92      1949
 MINIMUM TEMPERATURE (F)   56        42      1980


SUNRISE AND SUNSET
MAY 24 2015...........SUNRISE   546 AM PDT   SUNSET   755 PM PDT
MAY 25 2015...........SUNRISE   546 AM PDT   SUNSET   756 PM PDT


-  INDICATES NEGATIVE NUMBERS.
R  INDICATES RECORD WAS SET OR TIED.
MM INDICATES DATA IS MISSING.
T  INDICATES TRACE AMOUNT.




$$
