000
CDUS46 KLOX 170913
CLIBUR


CLIMATE REPORT
NATIONAL WEATHER SERVICE LOS ANGELES/OXNARD CA
113 AM PST SUN DEC 17 2017


...................................

...THE BOB HOPE AIRPORT (BURBANK) CA CLIMATE SUMMARY FOR DECEMBER 16 2017...

CLIMATE NORMAL PERIOD 1981 TO 2010
CLIMATE RECORD PERIOD 1939 TO 2017


WEATHER ITEM   OBSERVED TIME   RECORD YEAR NORMAL DEPARTURE LAST
                VALUE   (LST)  VALUE       VALUE  FROM      YEAR
                                                  NORMAL
..................................................................
TEMPERATURE (F)
 YESTERDAY
  MAXIMUM         68    236 PM  88    1980  67      1       61
  MINIMUM         51    645 AM  29    1977  41     10       49
  AVERAGE         60                        54      6       55

PRECIPITATION (IN)
  YESTERDAY        T             2.41 1940   0.08  -0.08     0.39
  MONTH TO DATE    T                         1.02  -1.02     0.75
  SINCE OCT 1      0.08                      3.06  -2.98     2.09
  SINCE JAN 1      9.70                     15.93  -6.23     8.65

SNOWFALL (IN)
  YESTERDAY        0.0
  MONTH TO DATE    0.0
  SINCE DEC 1      0.0
  SINCE JUL 1      0.0

DEGREE DAYS
 HEATING
  YESTERDAY        5                        11     -6       10
  MONTH TO DATE   20                       170   -150      127
  SINCE DEC 1     20                       170   -150      127
  SINCE JUL 1     59                       398   -339      245

 COOLING
  YESTERDAY        0                         0      0        0
  MONTH TO DATE    7                         0      7        0
  SINCE DEC 1      7                         0      7        0
  SINCE JAN 1   1939                      1245    694     1730
..................................................................


WIND (MPH)
  HIGHEST WIND SPEED    18   HIGHEST WIND DIRECTION    SE (120)
  HIGHEST GUST SPEED    23   HIGHEST GUST DIRECTION    SE (120)
  AVERAGE WIND SPEED     3.7


SKY COVER
  POSSIBLE SUNSHINE  MM
  AVERAGE SKY COVER 0.0


WEATHER CONDITIONS
 THE FOLLOWING WEATHER WAS RECORDED YESTERDAY.
  HAZE


RELATIVE HUMIDITY (PERCENT)
 HIGHEST    83           900 PM
 LOWEST     25          1100 PM
 AVERAGE    54

..........................................................


THE BOB HOPE AIRPORT (BURBANK) CA CLIMATE NORMALS FOR TODAY
                         NORMAL    RECORD    YEAR
 MAXIMUM TEMPERATURE (F)   67        88      2013
                                             1980
 MINIMUM TEMPERATURE (F)   41        29      1975


SUNRISE AND SUNSET
DECEMBER 17 2017......SUNRISE   653 AM PST   SUNSET   446 PM PST
DECEMBER 18 2017......SUNRISE   654 AM PST   SUNSET   447 PM PST


-  INDICATES NEGATIVE NUMBERS.
R  INDICATES RECORD WAS SET OR TIED.
MM INDICATES DATA IS MISSING.
T  INDICATES TRACE AMOUNT.




$$
