000
CDUS46 KLOX 240903
CLIBUR


CLIMATE REPORT
NATIONAL WEATHER SERVICE LOS ANGELES/OXNARD CA
103 AM PST FRI FEB 24 2017


...................................

...THE BOB HOPE AIRPORT (BURBANK) CA CLIMATE SUMMARY FOR FEBRUARY 23 2017...

CLIMATE NORMAL PERIOD 1981 TO 2010
CLIMATE RECORD PERIOD 1939 TO 2017


WEATHER ITEM   OBSERVED TIME   RECORD YEAR NORMAL DEPARTURE LAST
                VALUE   (LST)  VALUE       VALUE  FROM      YEAR
                                                  NORMAL
..................................................................
TEMPERATURE (F)
 YESTERDAY
  MAXIMUM         57    432 PM  91    1954  68    -11       81
  MINIMUM         46   1031 PM  35    1975  45      1       52
  AVERAGE         52                        57     -5       67

PRECIPITATION (IN)
  YESTERDAY        0.00          1.59 1969   0.16  -0.16     0.00
  MONTH TO DATE    3.36                      3.71  -0.35     0.63
  SINCE OCT 1     13.31                     11.68   1.63     5.47
  SINCE JAN 1      9.05                      7.24   1.81     4.37

SNOWFALL (IN)
  YESTERDAY        0.0
  MONTH TO DATE    0.0
  SINCE DEC 1      0.0
  SINCE JUL 1      0.0

DEGREE DAYS
 HEATING
  YESTERDAY       13                         9      4        0
  MONTH TO DATE  164                       217    -53       89
  SINCE DEC 1    807                       872    -65      729
  SINCE JUL 1    925                      1100   -175      905

 COOLING
  YESTERDAY        0                         0      0        2
  MONTH TO DATE    1                         0      1       48
  SINCE DEC 1      1                         3     -2       52
  SINCE JAN 1      1                         2     -1       48
..................................................................


WIND (MPH)
  HIGHEST WIND SPEED    22   HIGHEST WIND DIRECTION    NW (330)
  HIGHEST GUST SPEED    28   HIGHEST GUST DIRECTION    NW (310)
  AVERAGE WIND SPEED    13.6


SKY COVER
  POSSIBLE SUNSHINE  MM
  AVERAGE SKY COVER 0.0


WEATHER CONDITIONS
 THE FOLLOWING WEATHER WAS RECORDED YESTERDAY.
  NO SIGNIFICANT WEATHER WAS OBSERVED.


RELATIVE HUMIDITY (PERCENT)
 HIGHEST    49           500 AM
 LOWEST     19           200 PM
 AVERAGE    34

..........................................................


THE BOB HOPE AIRPORT (BURBANK) CA CLIMATE NORMALS FOR TODAY
                         NORMAL    RECORD    YEAR
 MAXIMUM TEMPERATURE (F)   69        91      1986
 MINIMUM TEMPERATURE (F)   45        36      1942


SUNRISE AND SUNSET
FEBRUARY 24 2017......SUNRISE   628 AM PST   SUNSET   546 PM PST
FEBRUARY 25 2017......SUNRISE   627 AM PST   SUNSET   547 PM PST


-  INDICATES NEGATIVE NUMBERS.
R  INDICATES RECORD WAS SET OR TIED.
MM INDICATES DATA IS MISSING.
T  INDICATES TRACE AMOUNT.




$$
