000
CDUS46 KLOX 261031
CLIBUR


CLIMATE REPORT
NATIONAL WEATHER SERVICE LOS ANGELES/OXNARD CA
330 AM PDT WED APR 26 2017


...................................

...THE BOB HOPE AIRPORT (BURBANK) CA CLIMATE SUMMARY FOR APRIL 25 2017...

CLIMATE NORMAL PERIOD 1981 TO 2010
CLIMATE RECORD PERIOD 1939 TO 2017


WEATHER ITEM   OBSERVED TIME   RECORD YEAR NORMAL DEPARTURE LAST
                VALUE   (LST)  VALUE       VALUE  FROM      YEAR
                                                  NORMAL
..................................................................
TEMPERATURE (F)
 YESTERDAY
  MAXIMUM         76    343 PM  94    2004  74      2       69
  MINIMUM         60    549 AM  37    1974  52      8       51
  AVERAGE         68                        63      5       60

PRECIPITATION (IN)
  YESTERDAY        0.00          0.45 1959   0.03  -0.03      T
  MONTH TO DATE    0.09                      0.98  -0.89     0.30
  SINCE OCT 1     13.70                     16.40  -2.70     7.64
  SINCE JAN 1      9.44                     11.96  -2.52     6.54

SNOWFALL (IN)
  YESTERDAY        0.0
  MONTH TO DATE    0.0
  SINCE MAR 1      0.0
  SINCE JUL 1      0.0

DEGREE DAYS
 HEATING
  YESTERDAY        0                         4     -4        5
  MONTH TO DATE   38                       123    -85       34
  SINCE MAR 1    126                       341   -215      149
  SINCE JUL 1   1119                      1482   -363     1056

 COOLING
  YESTERDAY        3                         2      1        0
  MONTH TO DATE   44                        29     15       73
  SINCE MAR 1    110                        39     71       89
  SINCE JAN 1    111                        45     66      144
..................................................................


WIND (MPH)
  HIGHEST WIND SPEED    28   HIGHEST WIND DIRECTION     N (360)
  HIGHEST GUST SPEED    36   HIGHEST GUST DIRECTION     N (360)
  AVERAGE WIND SPEED    13.3


SKY COVER
  POSSIBLE SUNSHINE  MM
  AVERAGE SKY COVER 0.0


WEATHER CONDITIONS
 THE FOLLOWING WEATHER WAS RECORDED YESTERDAY.
  NO SIGNIFICANT WEATHER WAS OBSERVED.


RELATIVE HUMIDITY (PERCENT)
 HIGHEST    49           500 AM
 LOWEST     17          1200 PM
 AVERAGE    33

..........................................................


THE BOB HOPE AIRPORT (BURBANK) CA CLIMATE NORMALS FOR TODAY
                         NORMAL    RECORD    YEAR
 MAXIMUM TEMPERATURE (F)   75        99      2004
 MINIMUM TEMPERATURE (F)   52        40      1964


SUNRISE AND SUNSET
APRIL 26 2017.........SUNRISE   609 AM PDT   SUNSET   734 PM PDT
APRIL 27 2017.........SUNRISE   608 AM PDT   SUNSET   735 PM PDT


-  INDICATES NEGATIVE NUMBERS.
R  INDICATES RECORD WAS SET OR TIED.
MM INDICATES DATA IS MISSING.
T  INDICATES TRACE AMOUNT.




$$
