000
CDUS46 KLOX 211106
CLIBUR


CLIMATE REPORT
NATIONAL WEATHER SERVICE LOS ANGELES/OXNARD CA
406 AM PDT TUE OCT 21 2014


...................................

...THE BOB HOPE AIRPORT (BURBANK) CA CLIMATE SUMMARY FOR OCTOBER 20 2014...

CLIMATE NORMAL PERIOD 1981 TO 2010
CLIMATE RECORD PERIOD 1939 TO 2014


WEATHER ITEM   OBSERVED TIME   RECORD YEAR NORMAL DEPARTURE LAST
                VALUE   (LST)  VALUE       VALUE  FROM      YEAR
                                                  NORMAL
..................................................................
TEMPERATURE (F)
 YESTERDAY
  MAXIMUM         79    232 PM  98    2003  79      0       81
  MINIMUM         60    518 AM  39    1949  53      7       54
  AVERAGE         70                        66      4       68

PRECIPITATION (IN)
  YESTERDAY        0.00          1.62 2004   0.03  -0.03     0.00
  MONTH TO DATE    0.00                      0.57  -0.57     0.10
  SINCE JUL 1      0.04                      0.89  -0.85     0.11
  SINCE JAN 1      4.95                     13.44  -8.49     2.71

SNOWFALL (IN)
  YESTERDAY        0.0
  MONTH TO DATE    0.0
  SINCE SEP 1      0.0
  SINCE JUL 1      0.0

DEGREE DAYS
 HEATING
  YESTERDAY        0                         2     -2        0
  MONTH TO DATE    0                        21    -21       13
  SINCE SEP 1      0                        27    -27       13
  SINCE JUL 1      0                        27    -27       13

 COOLING
  YESTERDAY        5                         3      2        3
  MONTH TO DATE  157                        79     78      112
  SINCE SEP 1    553                       328    225      513
  SINCE JAN 1   1853                      1210    643     1942
..................................................................


WIND (MPH)
  HIGHEST WIND SPEED    12   HIGHEST WIND DIRECTION     S (170)
  HIGHEST GUST SPEED    14   HIGHEST GUST DIRECTION     S (200)
  AVERAGE WIND SPEED     4.2


SKY COVER
  POSSIBLE SUNSHINE  MM
  AVERAGE SKY COVER 0.4


WEATHER CONDITIONS
 THE FOLLOWING WEATHER WAS RECORDED YESTERDAY.
  FOG
  HAZE


RELATIVE HUMIDITY (PERCENT)
 HIGHEST    97           500 AM
 LOWEST     42           200 PM
 AVERAGE    70

..........................................................


THE BOB HOPE AIRPORT (BURBANK) CA CLIMATE NORMALS FOR TODAY
                         NORMAL    RECORD    YEAR
 MAXIMUM TEMPERATURE (F)   79       101      2003
 MINIMUM TEMPERATURE (F)   53        41      1949


SUNRISE AND SUNSET
OCTOBER 21 2014.......SUNRISE   704 AM PDT   SUNSET   612 PM PDT
OCTOBER 22 2014.......SUNRISE   705 AM PDT   SUNSET   611 PM PDT


-  INDICATES NEGATIVE NUMBERS.
R  INDICATES RECORD WAS SET OR TIED.
MM INDICATES DATA IS MISSING.
T  INDICATES TRACE AMOUNT.




$$
