000
CDUS43 KLMK 272029
CLIBWG


CLIMATE REPORT
NATIONAL WEATHER SERVICE LOUISVILLE KY
429 PM EDT THU JUL 27 2017


...................................

...THE BOWLING GREEN CLIMATE SUMMARY FOR JULY 27 2017...
VALID TODAY AS OF 0400 PM LOCAL TIME.

CLIMATE NORMAL PERIOD 1981 TO 2010
CLIMATE RECORD PERIOD 1870 TO 2017


WEATHER ITEM   OBSERVED TIME   RECORD YEAR NORMAL DEPARTURE LAST
                VALUE   (LST)  VALUE       VALUE  FROM      YEAR
                                                  NORMAL
..................................................................
TEMPERATURE (F)
 TODAY
  MAXIMUM         93    108 PM 108    1930  90      3       93
  MINIMUM         78    445 AM  51    1962  68     10       75
  AVERAGE         86                        79      7       84

PRECIPITATION (IN)
  TODAY            0.00          1.23 1980   0.11  -0.11     0.33
  MONTH TO DATE    3.10                      3.67  -0.57     8.22
  SINCE JUN 1     11.03                      7.87   3.16    10.69
  SINCE JAN 1     31.33                     29.80   1.53    29.86

SNOWFALL (IN)
  TODAY            0.0           0.0    MM   0.0    0.0      0.0
  MONTH TO DATE    0.0                       0.0    0.0      0.0
  SINCE JUN 1      0.0                       0.0    0.0      0.0
  SINCE JUL 1      0.0                       0.0    0.0      0.0
  SNOW DEPTH       0

DEGREE DAYS
 HEATING
  TODAY            0                         0      0        0
  MONTH TO DATE    0                         0      0        0
  SINCE JUN 1      0                         5     -5        0
  SINCE JUL 1      0                         0      0        0

 COOLING
  TODAY           21                        14      7       19
  MONTH TO DATE  432                       373     59      448
  SINCE JUN 1    717                       678     39      841
  SINCE JAN 1    966                       831    135     1007
..................................................................


WIND (MPH)
  HIGHEST WIND SPEED    16   HIGHEST WIND DIRECTION     W (260)
  HIGHEST GUST SPEED    21   HIGHEST GUST DIRECTION     W (270)
  AVERAGE WIND SPEED     6.9


SKY COVER
  POSSIBLE SUNSHINE  MM
  AVERAGE SKY COVER 0.2


WEATHER CONDITIONS
 THE FOLLOWING WEATHER WAS RECORDED TODAY.
  NO SIGNIFICANT WEATHER WAS OBSERVED.


RELATIVE HUMIDITY (PERCENT)
 HIGHEST    97           600 AM
 LOWEST     56           200 PM
 AVERAGE    77

..........................................................


THE BOWLING GREEN CLIMATE NORMALS FOR TOMORROW
                         NORMAL    RECORD    YEAR
 MAXIMUM TEMPERATURE (F)   90       113      1930
 MINIMUM TEMPERATURE (F)   68        54      2004
                                             1962
                                             1911


SUNRISE AND SUNSET
JULY 27 2017..........SUNRISE   547 AM CDT   SUNSET   757 PM CDT
JULY 28 2017..........SUNRISE   548 AM CDT   SUNSET   756 PM CDT


-  INDICATES NEGATIVE NUMBERS.
R  INDICATES RECORD WAS SET OR TIED.
MM INDICATES DATA IS MISSING.
T  INDICATES TRACE AMOUNT.




$$
