000
CDUS43 KLMK 220627
CLIBWG


CLIMATE REPORT
NATIONAL WEATHER SERVICE LOUISVILLE KY
127 AM EST SUN JAN 22 2017


...................................

...THE BOWLING GREEN KY CLIMATE SUMMARY FOR JANUARY 21 2017...

CLIMATE NORMAL PERIOD 1981 TO 2010
CLIMATE RECORD PERIOD 1870 TO 2017


WEATHER ITEM   OBSERVED TIME   RECORD YEAR NORMAL DEPARTURE LAST
                VALUE   (LST)  VALUE       VALUE  FROM      YEAR
                                                  NORMAL
..................................................................
TEMPERATURE (F)
 YESTERDAY
  MAXIMUM         70    330 PM  71    1999  45     25       32
                                      1916
  MINIMUM         52    557 AM -12    1985  26     26       26
  AVERAGE         61                        36     25       29

PRECIPITATION (IN)
  YESTERDAY        T             2.96 1959   0.11  -0.11     0.01
  MONTH TO DATE    4.15                      2.40   1.75     0.79
  SINCE DEC 1      9.79                      7.20   2.59     6.02
  SINCE JAN 1      4.15                      2.40   1.75     0.79

SNOWFALL (IN)
  YESTERDAY        0.0           2.0  1979   0.1   -0.1      0.0
                                      1961
  MONTH TO DATE    0.7                       2.0   -1.3      2.6
  SINCE DEC 1      0.7                       3.2   -2.5      2.6
  SINCE JUL 1      0.7                       3.2   -2.5      2.6
  SNOW DEPTH       0

DEGREE DAYS
 HEATING
  YESTERDAY        4                        29    -25       36
  MONTH TO DATE  431                       622   -191      653
  SINCE DEC 1   1226                      1443   -217     1094
  SINCE JUL 1   1712                      2206   -494     1632

 COOLING
  YESTERDAY        0                         0      0        0
  MONTH TO DATE    0                         0      0        0
  SINCE DEC 1      0                         1     -1        2
  SINCE JAN 1      0                         0      0        0
..................................................................


WIND (MPH)
  HIGHEST WIND SPEED    15   HIGHEST WIND DIRECTION    SW (220)
  HIGHEST GUST SPEED    19   HIGHEST GUST DIRECTION     S (190)
  AVERAGE WIND SPEED     6.1


SKY COVER
  POSSIBLE SUNSHINE  MM
  AVERAGE SKY COVER 0.2


WEATHER CONDITIONS
 THE FOLLOWING WEATHER WAS RECORDED YESTERDAY.
  NO SIGNIFICANT WEATHER WAS OBSERVED.


RELATIVE HUMIDITY (PERCENT)
 HIGHEST    96           600 AM
 LOWEST     51           300 PM
 AVERAGE    74

..........................................................


THE BOWLING GREEN KY CLIMATE NORMALS FOR TODAY
                         NORMAL    RECORD    YEAR
 MAXIMUM TEMPERATURE (F)   45        71      1999
 MINIMUM TEMPERATURE (F)   26        -7      1984


SUNRISE AND SUNSET
JANUARY 22 2017.......SUNRISE   655 AM CST   SUNSET   500 PM CST
JANUARY 23 2017.......SUNRISE   654 AM CST   SUNSET   501 PM CST


-  INDICATES NEGATIVE NUMBERS.
R  INDICATES RECORD WAS SET OR TIED.
MM INDICATES DATA IS MISSING.
T  INDICATES TRACE AMOUNT.




$$
