000
CDUS41 KLWX 170522
CLIBWI


CLIMATE REPORT
NATIONAL WEATHER SERVICE BALTIMORE MD/WASHINGTON DC
121 AM EDT THU APR 17 2014


...................................

...THE BALTIMORE MD CLIMATE SUMMARY FOR APRIL 16 2014...

CLIMATE NORMAL PERIOD 1981 TO 2010
CLIMATE RECORD PERIOD 1870 TO 2014


WEATHER ITEM   OBSERVED TIME   RECORD YEAR NORMAL DEPARTURE LAST
                VALUE   (LST)  VALUE       VALUE  FROM      YEAR
                                                  NORMAL
..................................................................
TEMPERATURE (F)
 YESTERDAY
  MAXIMUM         49    355 PM  90    2012  65    -16       74
                                      2002
  MINIMUM         31    600 AM  30    1962  43    -12       51
  AVERAGE         40                        54    -14       63

PRECIPITATION (IN)
  YESTERDAY        0.00          2.95 1929   0.10  -0.10     0.00
  MONTH TO DATE    3.09                      1.75   1.34     0.82
  SINCE MAR 1      7.47                      5.65   1.82     3.46
  SINCE JAN 1     14.76                     11.60   3.16     9.05

SNOWFALL (IN)
  YESTERDAY        0.0           T    1988   0.0    0.0
                                      1935
                                      1929
  MONTH TO DATE    T                         0.0    0.0
  SINCE JUL 1     39.0                      20.1   18.9
  SNOW DEPTH       0

DEGREE DAYS
 HEATING
  YESTERDAY       25                        12     13        2
  MONTH TO DATE  186                       222    -36      180
  SINCE MAR 1    999                       888    111      929
  SINCE JUL 1   4756                      4483    273     4221

 COOLING
  YESTERDAY        0                         0      0        0
  MONTH TO DATE    7                         0      7       24
  SINCE MAR 1      7                         1      6       24
  SINCE JAN 1      7                         1      6       24
..................................................................


WIND (MPH)
  HIGHEST WIND SPEED    21   HIGHEST WIND DIRECTION    NW (310)
  HIGHEST GUST SPEED    31   HIGHEST GUST DIRECTION    NW (330)
  AVERAGE WIND SPEED     9.2


SKY COVER
  POSSIBLE SUNSHINE  MM
  AVERAGE SKY COVER 0.2


WEATHER CONDITIONS
 THE FOLLOWING WEATHER WAS RECORDED YESTERDAY.
  NO SIGNIFICANT WEATHER WAS OBSERVED.


RELATIVE HUMIDITY (PERCENT)
 HIGHEST    64          1100 PM
 LOWEST     24           300 PM
 AVERAGE    44

..........................................................


THE BALTIMORE MD CLIMATE NORMALS FOR TODAY
                         NORMAL    RECORD    YEAR
 MAXIMUM TEMPERATURE (F)   65        93      2002
 MINIMUM TEMPERATURE (F)   43        26      1962


SUNRISE AND SUNSET
APRIL 17 2014.........SUNRISE   627 AM EDT   SUNSET   746 PM EDT
APRIL 18 2014.........SUNRISE   626 AM EDT   SUNSET   747 PM EDT


-  INDICATES NEGATIVE NUMBERS.
R  INDICATES RECORD WAS SET OR TIED.
MM INDICATES DATA IS MISSING.
T  INDICATES TRACE AMOUNT.




$$
