000
CDUS41 KLWX 262124
CLIBWI


CLIMATE REPORT
NATIONAL WEATHER SERVICE BALTIMORE MD/WASHINGTON DC
424 PM EST FRI DEC 26 2014


...................................

...THE BALTIMORE MD CLIMATE SUMMARY FOR DECEMBER 26 2014...
VALID TODAY AS OF 0400 PM LOCAL TIME.

CLIMATE NORMAL PERIOD 1981 TO 2010
CLIMATE RECORD PERIOD 1870 TO 2014


WEATHER ITEM   OBSERVED TIME   RECORD YEAR NORMAL DEPARTURE LAST
                VALUE   (LST)  VALUE       VALUE  FROM      YEAR
                                                  NORMAL
..................................................................
TEMPERATURE (F)
 TODAY
  MAXIMUM         53    329 PM  73    1964  43     10       44
                                      1889
  MINIMUM         28    740 AM   2    1983  26      2       19
  AVERAGE         41                        34      7       32

PRECIPITATION (IN)
  TODAY            0.00          1.31 1943   0.11  -0.11      T
  MONTH TO DATE    3.51                      2.90   0.61     4.18
  SINCE DEC 1      3.51                      2.90   0.61     4.18
  SINCE JAN 1     52.51                     41.41  11.10    41.84

SNOWFALL (IN)
  TODAY            0.0           4.4  1933   0.1   -0.1
  MONTH TO DATE    0.2                       2.3   -2.1
  SINCE JUL 1      0.5                       2.7   -2.2
  SNOW DEPTH       0

DEGREE DAYS
 HEATING
  TODAY           24                        31     -7       33
  MONTH TO DATE  638                       722    -84      654
  SINCE DEC 1    638                       722    -84      654
  SINCE JUL 1   1530                      1626    -96     1579

 COOLING
  TODAY            0                         0      0        0
  MONTH TO DATE    0                         0      0        2
  SINCE DEC 1      0                         0      0        2
  SINCE JAN 1   1084                      1164    -80     1341
..................................................................


WIND (MPH)
  HIGHEST WIND SPEED    12   HIGHEST WIND DIRECTION     W (260)
  HIGHEST GUST SPEED    16   HIGHEST GUST DIRECTION     W (280)
  AVERAGE WIND SPEED     4.0


SKY COVER
  POSSIBLE SUNSHINE  MM
  AVERAGE SKY COVER 0.2


WEATHER CONDITIONS
 THE FOLLOWING WEATHER WAS RECORDED TODAY.
  NO SIGNIFICANT WEATHER WAS OBSERVED.


RELATIVE HUMIDITY (PERCENT)
 HIGHEST    92           500 AM
 LOWEST     41           200 PM
 AVERAGE    67

..........................................................


THE BALTIMORE MD CLIMATE NORMALS FOR TOMORROW
                         NORMAL    RECORD    YEAR
 MAXIMUM TEMPERATURE (F)   43        65      1949
 MINIMUM TEMPERATURE (F)   26         5      1914


SUNRISE AND SUNSET
DECEMBER 26 2014......SUNRISE   725 AM EST   SUNSET   450 PM EST
DECEMBER 27 2014......SUNRISE   725 AM EST   SUNSET   451 PM EST


-  INDICATES NEGATIVE NUMBERS.
R  INDICATES RECORD WAS SET OR TIED.
MM INDICATES DATA IS MISSING.
T  INDICATES TRACE AMOUNT.




$$
