000
CDUS41 KLWX 252139
CLIBWI


CLIMATE REPORT
NATIONAL WEATHER SERVICE BALTIMORE MD/WASHINGTON DC
539 PM EDT SUN JUN 25 2017


...................................

...THE BALTIMORE MD CLIMATE SUMMARY FOR JUNE 25 2017...
VALID TODAY AS OF 0500 PM LOCAL TIME.

CLIMATE NORMAL PERIOD 1981 TO 2010
CLIMATE RECORD PERIOD 1871 TO 2017


WEATHER ITEM   OBSERVED TIME   RECORD YEAR NORMAL DEPARTURE LAST
                VALUE   (LST)  VALUE       VALUE  FROM      YEAR
                                                  NORMAL
..................................................................
TEMPERATURE (F)
 TODAY
  MAXIMUM         86    318 PM  99    1997  86      0       82
  MINIMUM         67    545 AM  53    1979  65      2       69
  AVERAGE         77                        75      2       76

PRECIPITATION (IN)
  TODAY            0.00          2.75 2006   0.10  -0.10     0.00
  MONTH TO DATE    1.40                      2.90  -1.50     2.64
  SINCE JUN 1      1.40                      2.90  -1.50     2.64
  SINCE JAN 1     18.53                     19.93  -1.40    20.49

SNOWFALL (IN)
  TODAY            0.0          MM      MM   0.0    0.0
  MONTH TO DATE    0.0                       0.0    0.0
  SINCE JUL 1      3.0                      20.1  -17.1
  SNOW DEPTH       0

DEGREE DAYS
 HEATING
  TODAY            0                         0      0        0
  MONTH TO DATE   11                        13     -2        4
  SINCE JUN 1     11                        13     -2        4
  SINCE JUL 1   3862                      4762   -900     4004

 COOLING
  TODAY           12                        10      2       11
  MONTH TO DATE  241                       185     56      209
  SINCE JUN 1    241                       185     56      209
  SINCE JAN 1    349                       269     80      311
..................................................................


WIND (MPH)
  HIGHEST WIND SPEED    20   HIGHEST WIND DIRECTION     W (280)
  HIGHEST GUST SPEED    26   HIGHEST GUST DIRECTION     W (280)
  AVERAGE WIND SPEED     7.1


SKY COVER
  POSSIBLE SUNSHINE  MM
  AVERAGE SKY COVER 0.5


WEATHER CONDITIONS
 THE FOLLOWING WEATHER WAS RECORDED TODAY.
  NO SIGNIFICANT WEATHER WAS OBSERVED.


RELATIVE HUMIDITY (PERCENT)
 HIGHEST    81          1200 AM
 LOWEST     31           300 PM
 AVERAGE    56

..........................................................


THE BALTIMORE MD CLIMATE NORMALS FOR TOMORROW
                         NORMAL    RECORD    YEAR
 MAXIMUM TEMPERATURE (F)   86        99      1954
                                             1952
 MINIMUM TEMPERATURE (F)   65        52      1986
                                             1979


SUNRISE AND SUNSET
JUNE 25 2017..........SUNRISE   542 AM EDT   SUNSET   837 PM EDT
JUNE 26 2017..........SUNRISE   542 AM EDT   SUNSET   837 PM EDT


-  INDICATES NEGATIVE NUMBERS.
R  INDICATES RECORD WAS SET OR TIED.
MM INDICATES DATA IS MISSING.
T  INDICATES TRACE AMOUNT.




$$
