000
CDUS41 KLWX 060534
CLIBWI


CLIMATE REPORT
NATIONAL WEATHER SERVICE BALTIMORE MD/WASHINGTON DC
1234 AM EST SAT FEB 6 2016


...................................

...THE BALTIMORE MD CLIMATE SUMMARY FOR FEBRUARY 5 2016...

CLIMATE NORMAL PERIOD 1981 TO 2010
CLIMATE RECORD PERIOD 1870 TO 2016


WEATHER ITEM   OBSERVED TIME   RECORD YEAR NORMAL DEPARTURE LAST
                VALUE   (LST)  VALUE       VALUE  FROM      YEAR
                                                  NORMAL
..................................................................
TEMPERATURE (F)
 YESTERDAY
  MAXIMUM         44    118 PM  73    1991  43      1       41
  MINIMUM         27   1130 PM  -1    1996  25      2       17
                                      1886
  AVERAGE         36                        34      2       29

PRECIPITATION (IN)
  YESTERDAY        0.12          1.04 1924   0.10   0.02     0.00
  MONTH TO DATE    0.88                      0.52   0.36     0.35
  SINCE DEC 1     10.23                      6.94   3.29     7.82
  SINCE JAN 1      4.38                      3.57   0.81     4.24

SNOWFALL (IN)
  YESTERDAY        T             9.0  2010   0.4   -0.4
  MONTH TO DATE    T                         1.7   -1.7
  SINCE JUL 1     30.0                      11.9   18.1
  SNOW DEPTH       T

DEGREE DAYS
 HEATING
  YESTERDAY       29                        31     -2       36
  MONTH TO DATE  106                       155    -49      170
  SINCE DEC 1   1612                      2027   -415     1991
  SINCE JUL 1   2332                      2931   -599     2883

 COOLING
  YESTERDAY        0                         0      0        0
  MONTH TO DATE    0                         0      0        0
  SINCE DEC 1      1                         0      1        0
  SINCE JAN 1      0                         0      0        0
..................................................................


WIND (MPH)
  HIGHEST WIND SPEED    23   HIGHEST WIND DIRECTION     W (290)
  HIGHEST GUST SPEED    29   HIGHEST GUST DIRECTION     W (290)
  AVERAGE WIND SPEED     8.1


SKY COVER
  POSSIBLE SUNSHINE  MM
  AVERAGE SKY COVER 0.6


WEATHER CONDITIONS
 THE FOLLOWING WEATHER WAS RECORDED YESTERDAY.
  RAIN
  LIGHT RAIN
  SNOW
  LIGHT SNOW
  FOG
  HAZE


RELATIVE HUMIDITY (PERCENT)
 HIGHEST    96          1100 AM
 LOWEST     41           300 PM
 AVERAGE    69

..........................................................


THE BALTIMORE MD CLIMATE NORMALS FOR TODAY
                         NORMAL    RECORD    YEAR
 MAXIMUM TEMPERATURE (F)   43        72      2008
 MINIMUM TEMPERATURE (F)   25         1      1895


SUNRISE AND SUNSET
FEBRUARY  6 2016......SUNRISE   709 AM EST   SUNSET   533 PM EST
FEBRUARY  7 2016......SUNRISE   708 AM EST   SUNSET   534 PM EST


-  INDICATES NEGATIVE NUMBERS.
R  INDICATES RECORD WAS SET OR TIED.
MM INDICATES DATA IS MISSING.
T  INDICATES TRACE AMOUNT.




$$
