000
CDUS41 KLWX 240541
CLIBWI


CLIMATE REPORT
NATIONAL WEATHER SERVICE BALTIMORE MD/WASHINGTON DC
141 AM EDT FRI OCT 24 2014


...................................

...THE BALTIMORE MD CLIMATE SUMMARY FOR OCTOBER 23 2014...

CLIMATE NORMAL PERIOD 1981 TO 2010
CLIMATE RECORD PERIOD 1870 TO 2014


WEATHER ITEM   OBSERVED TIME   RECORD YEAR NORMAL DEPARTURE LAST
                VALUE   (LST)  VALUE       VALUE  FROM      YEAR
                                                  NORMAL
..................................................................
TEMPERATURE (F)
 YESTERDAY
  MAXIMUM         63    804 PM  91    1947  65     -2       58
  MINIMUM         52    637 AM  28    1997  43      9       42
  AVERAGE         58                        54      4       50

PRECIPITATION (IN)
  YESTERDAY        0.00          2.71 1890   0.10  -0.10      T
  MONTH TO DATE    4.11                      2.48   1.63     7.50
  SINCE SEP 1      7.32                      6.51   0.81     9.15
  SINCE JAN 1     45.59                     34.36  11.23    34.72

SNOWFALL (IN)
  YESTERDAY        0.0          MM      MM   0.0    0.0
  MONTH TO DATE    0.0                       0.0    0.0
  SINCE JUL 1      0.0                       0.0    0.0
  SNOW DEPTH       0

DEGREE DAYS
 HEATING
  YESTERDAY        7                        11     -4       15
  MONTH TO DATE  145                       192    -47      114
  SINCE SEP 1    182                       244    -62      166
  SINCE JUL 1    182                       245    -63      166

 COOLING
  YESTERDAY        0                         0      0        0
  MONTH TO DATE   12                        15     -3       51
  SINCE SEP 1    167                       150     17      194
  SINCE JAN 1   1084                      1160    -76     1339
..................................................................


WIND (MPH)
  HIGHEST WIND SPEED    24   HIGHEST WIND DIRECTION    NW (330)
  HIGHEST GUST SPEED    32   HIGHEST GUST DIRECTION    NW (330)
  AVERAGE WIND SPEED    10.9


SKY COVER
  POSSIBLE SUNSHINE  MM
  AVERAGE SKY COVER 0.8


WEATHER CONDITIONS
 THE FOLLOWING WEATHER WAS RECORDED YESTERDAY.
  NO SIGNIFICANT WEATHER WAS OBSERVED.


RELATIVE HUMIDITY (PERCENT)
 HIGHEST    72          1100 PM
 LOWEST     48           800 PM
 AVERAGE    60

..........................................................


THE BALTIMORE MD CLIMATE NORMALS FOR TODAY
                         NORMAL    RECORD    YEAR
 MAXIMUM TEMPERATURE (F)   64        82      2001
 MINIMUM TEMPERATURE (F)   43        25      1969


SUNRISE AND SUNSET
OCTOBER 24 2014.......SUNRISE   726 AM EDT   SUNSET   615 PM EDT
OCTOBER 25 2014.......SUNRISE   727 AM EDT   SUNSET   614 PM EDT


-  INDICATES NEGATIVE NUMBERS.
R  INDICATES RECORD WAS SET OR TIED.
MM INDICATES DATA IS MISSING.
T  INDICATES TRACE AMOUNT.




$$
