000
CDUS41 KLWX 030532
CLIBWI


CLIMATE REPORT
NATIONAL WEATHER SERVICE BALTIMORE MD/WASHINGTON DC
1230 AM EST TUE MAR 3 2015


...................................

...THE BALTIMORE MD CLIMATE SUMMARY FOR MARCH 2 2015...

CLIMATE NORMAL PERIOD 1981 TO 2010
CLIMATE RECORD PERIOD 1870 TO 2015


WEATHER ITEM   OBSERVED TIME   RECORD YEAR NORMAL DEPARTURE LAST
                VALUE   (LST)  VALUE       VALUE  FROM      YEAR
                                                  NORMAL
..................................................................
TEMPERATURE (F)
 YESTERDAY
  MAXIMUM         40    309 PM  80    1972  49     -9       45
  MINIMUM         26   1157 PM  13    1980  30     -4       31
                                      1962
  AVERAGE         33                        39     -6       38

PRECIPITATION (IN)
  YESTERDAY        0.00          2.48 1994   0.11  -0.11     0.29
  MONTH TO DATE    0.61                      0.22   0.39     0.29
  SINCE MAR 1      0.61                      0.22   0.39     0.29
  SINCE JAN 1      6.74                      6.17   0.57     7.58

SNOWFALL (IN)
  YESTERDAY        0.0           4.7  2009   0.2   -0.2
  MONTH TO DATE    0.3                       0.3    0.0
  SINCE JUL 1     21.3                      18.5    2.8
  SNOW DEPTH       2

DEGREE DAYS
 HEATING
  YESTERDAY       32                        26      6       27
  MONTH TO DATE   73                        52     21       63
  SINCE MAR 1     73                        52     21       63
  SINCE JUL 1   3888                      3647    241     3820

 COOLING
  YESTERDAY        0                         0      0        0
  MONTH TO DATE    0                         0      0        0
  SINCE MAR 1      0                         0      0        0
  SINCE JAN 1      0                         0      0        0
..................................................................


WIND (MPH)
  HIGHEST WIND SPEED    26   HIGHEST WIND DIRECTION    NW (300)
  HIGHEST GUST SPEED    36   HIGHEST GUST DIRECTION    NW (320)
  AVERAGE WIND SPEED     8.8


SKY COVER
  POSSIBLE SUNSHINE  MM
  AVERAGE SKY COVER 0.5


WEATHER CONDITIONS
 THE FOLLOWING WEATHER WAS RECORDED YESTERDAY.
  FOG


RELATIVE HUMIDITY (PERCENT)
 HIGHEST   100          1200 AM
 LOWEST     33           300 PM
 AVERAGE    67

..........................................................


THE BALTIMORE MD CLIMATE NORMALS FOR TODAY
                         NORMAL    RECORD    YEAR
 MAXIMUM TEMPERATURE (F)   49        78      1923
 MINIMUM TEMPERATURE (F)   30         5      2014


SUNRISE AND SUNSET
MARCH  3 2015.........SUNRISE   637 AM EST   SUNSET   601 PM EST
MARCH  4 2015.........SUNRISE   635 AM EST   SUNSET   602 PM EST


-  INDICATES NEGATIVE NUMBERS.
R  INDICATES RECORD WAS SET OR TIED.
MM INDICATES DATA IS MISSING.
T  INDICATES TRACE AMOUNT.




$$
