000
CDUS41 KLWX 302132
CLIBWI


CLIMATE REPORT
NATIONAL WEATHER SERVICE BALTIMORE MD/WASHINGTON DC
532 PM EDT SUN APR 30 2017


...................................

...THE BALTIMORE MD CLIMATE SUMMARY FOR APRIL 30 2017...
VALID TODAY AS OF 0500 PM LOCAL TIME.

CLIMATE NORMAL PERIOD 1981 TO 2010
CLIMATE RECORD PERIOD 1870 TO 2017


WEATHER ITEM   OBSERVED TIME   RECORD YEAR NORMAL DEPARTURE LAST
                VALUE   (LST)  VALUE       VALUE  FROM      YEAR
                                                  NORMAL
..................................................................
TEMPERATURE (F)
 TODAY
  MAXIMUM         79    257 PM  92    1910  70      9       58
  MINIMUM         69    959 AM  32    1961  47     22       49
  AVERAGE         74                        58     16       54

PRECIPITATION (IN)
  TODAY            0.00          3.06 2014   0.10  -0.10     0.02
                                      1947
  MONTH TO DATE    3.52                      3.19   0.33     1.31
  SINCE MAR 1      7.34                      7.09   0.25     3.41
  SINCE JAN 1     11.49                     13.04  -1.55    12.61

SNOWFALL (IN)
  TODAY            0.0           0.0    MM   0.0    0.0
  MONTH TO DATE    0.0                       T      0.0
  SINCE JUL 1      3.0                      20.1  -17.1
  SNOW DEPTH       0

DEGREE DAYS
 HEATING
  TODAY            0                         8     -8       11
  MONTH TO DATE  182                       354   -172      344
  SINCE MAR 1    829                      1020   -191      804
  SINCE JUL 1   3720                      4615   -895     3825

 COOLING
  TODAY            9                         1      8        0
  MONTH TO DATE   54                        13     41       23
  SINCE MAR 1     54                        14     40       27
  SINCE JAN 1     54                        14     40       27
..................................................................


WIND (MPH)
  HIGHEST WIND SPEED    15   HIGHEST WIND DIRECTION     E (70)
  HIGHEST GUST SPEED    21   HIGHEST GUST DIRECTION     E (90)
  AVERAGE WIND SPEED     9.4


SKY COVER
  POSSIBLE SUNSHINE  MM
  AVERAGE SKY COVER 0.7


WEATHER CONDITIONS
 THE FOLLOWING WEATHER WAS RECORDED TODAY.
  NO SIGNIFICANT WEATHER WAS OBSERVED.


RELATIVE HUMIDITY (PERCENT)
 HIGHEST    90          1200 AM
 LOWEST     62           300 PM
 AVERAGE    76

..........................................................


THE BALTIMORE MD CLIMATE NORMALS FOR TOMORROW
                         NORMAL    RECORD    YEAR
 MAXIMUM TEMPERATURE (F)   70        89      1985
                                             1942
 MINIMUM TEMPERATURE (F)   47        34      1876


SUNRISE AND SUNSET
APRIL 30 2017.........SUNRISE   609 AM EDT   SUNSET   759 PM EDT
MAY  1 2017...........SUNRISE   608 AM EDT   SUNSET   800 PM EDT


-  INDICATES NEGATIVE NUMBERS.
R  INDICATES RECORD WAS SET OR TIED.
MM INDICATES DATA IS MISSING.
T  INDICATES TRACE AMOUNT.




$$
