000
CDUS41 KLWX 300522
CLIBWI


CLIMATE REPORT
NATIONAL WEATHER SERVICE BALTIMORE MD/WASHINGTON DC
121 AM EDT MON MAY 30 2016


...................................

...THE BALTIMORE MD CLIMATE SUMMARY FOR MAY 29 2016...

CLIMATE NORMAL PERIOD 1981 TO 2010
CLIMATE RECORD PERIOD 1870 TO 2016


WEATHER ITEM   OBSERVED TIME   RECORD YEAR NORMAL DEPARTURE LAST
                VALUE   (LST)  VALUE       VALUE  FROM      YEAR
                                                  NORMAL
..................................................................
TEMPERATURE (F)
 YESTERDAY
  MAXIMUM         85   1236 PM  97    1969  78      7       84
  MINIMUM         60    445 AM  41    1997  56      4       70
  AVERAGE         73                        67      6       77

PRECIPITATION (IN)
  YESTERDAY        0.32          1.87 1976   0.14   0.18     0.00
  MONTH TO DATE    5.24                      3.73   1.51     2.08
  SINCE MAR 1      8.65                     10.82  -2.17    11.05
  SINCE JAN 1     17.85                     16.77   1.08    17.18

SNOWFALL (IN)
  YESTERDAY        0.0          MM      MM   0.0    0.0
  MONTH TO DATE    0.0                       0.0    0.0
  SINCE JUL 1     35.1                      20.1   15.0
  SNOW DEPTH       0

DEGREE DAYS
 HEATING
  YESTERDAY        0                         2     -2        0
  MONTH TO DATE  175                       130     45       48
  SINCE MAR 1    979                      1150   -171     1135
  SINCE JUL 1   4000                      4745   -745     4950

 COOLING
  YESTERDAY        8                         4      4       12
  MONTH TO DATE   55                        62     -7      155
  SINCE MAR 1     82                        76      6      160
  SINCE JAN 1     82                        76      6      160
..................................................................


WIND (MPH)
  HIGHEST WIND SPEED    14   HIGHEST WIND DIRECTION     E (110)
  HIGHEST GUST SPEED    24   HIGHEST GUST DIRECTION    SE (120)
  AVERAGE WIND SPEED     3.7


SKY COVER
  POSSIBLE SUNSHINE  MM
  AVERAGE SKY COVER 0.7


WEATHER CONDITIONS
 THE FOLLOWING WEATHER WAS RECORDED YESTERDAY.
  RAIN
  LIGHT RAIN
  FOG
  HAZE


RELATIVE HUMIDITY (PERCENT)
 HIGHEST    97           500 AM
 LOWEST     47          1100 AM
 AVERAGE    72

..........................................................


THE BALTIMORE MD CLIMATE NORMALS FOR TODAY
                         NORMAL    RECORD    YEAR
 MAXIMUM TEMPERATURE (F)   78        98      2011
                                             1991
 MINIMUM TEMPERATURE (F)   57        38      1996


SUNRISE AND SUNSET
MAY 30 2016...........SUNRISE   543 AM EDT   SUNSET   826 PM EDT
MAY 31 2016...........SUNRISE   543 AM EDT   SUNSET   827 PM EDT


-  INDICATES NEGATIVE NUMBERS.
R  INDICATES RECORD WAS SET OR TIED.
MM INDICATES DATA IS MISSING.
T  INDICATES TRACE AMOUNT.




$$
