000
CDUS41 KLWX 270524
CLIBWI


CLIMATE REPORT
NATIONAL WEATHER SERVICE BALTIMORE MD/WASHINGTON DC
123 AM EDT MON MAR 27 2017


...................................

...THE BALTIMORE MD CLIMATE SUMMARY FOR MARCH 26 2017...

CLIMATE NORMAL PERIOD 1981 TO 2010
CLIMATE RECORD PERIOD 1870 TO 2017


WEATHER ITEM   OBSERVED TIME   RECORD YEAR NORMAL DEPARTURE LAST
                VALUE   (LST)  VALUE       VALUE  FROM      YEAR
                                                  NORMAL
..................................................................
TEMPERATURE (F)
 YESTERDAY
  MAXIMUM         51   1205 AM  84    1921  57     -6       56
  MINIMUM         44   1159 PM  21    1878  37      7       38
  AVERAGE         48                        47      1       47

PRECIPITATION (IN)
  YESTERDAY        T             2.31 1978   0.13  -0.13     0.00
  MONTH TO DATE    2.03                      3.23  -1.20     1.79
  SINCE MAR 1      2.03                      3.23  -1.20     1.79
  SINCE JAN 1      6.18                      9.18  -3.00    10.99

SNOWFALL (IN)
  YESTERDAY        0.0           3.0  1900   0.0    0.0
  MONTH TO DATE    2.3                       1.8    0.5
  SINCE JUL 1      3.0                      20.0  -17.0
  SNOW DEPTH       0

DEGREE DAYS
 HEATING
  YESTERDAY       17                        18     -1       18
  MONTH TO DATE  589                       580      9      398
  SINCE MAR 1    589                       580      9      398
  SINCE JUL 1   3480                      4175   -695     3419

 COOLING
  YESTERDAY        0                         0      0        0
  MONTH TO DATE    0                         0      0        4
  SINCE MAR 1      0                         0      0        4
  SINCE JAN 1      0                         0      0        4
..................................................................


WIND (MPH)
  HIGHEST WIND SPEED    20   HIGHEST WIND DIRECTION    NE (60)
  HIGHEST GUST SPEED    24   HIGHEST GUST DIRECTION     E (70)
  AVERAGE WIND SPEED    12.9


SKY COVER
  POSSIBLE SUNSHINE  MM
  AVERAGE SKY COVER 1.0


WEATHER CONDITIONS
 THE FOLLOWING WEATHER WAS RECORDED YESTERDAY.
  LIGHT RAIN
  FOG


RELATIVE HUMIDITY (PERCENT)
 HIGHEST   100           700 PM
 LOWEST     76           600 AM
 AVERAGE    88

..........................................................


THE BALTIMORE MD CLIMATE NORMALS FOR TODAY
                         NORMAL    RECORD    YEAR
 MAXIMUM TEMPERATURE (F)   58        86      1921
 MINIMUM TEMPERATURE (F)   37        20      2014
                                             2001
                                             1894


SUNRISE AND SUNSET
MARCH 27 2017.........SUNRISE   659 AM EDT   SUNSET   726 PM EDT
MARCH 28 2017.........SUNRISE   657 AM EDT   SUNSET   727 PM EDT


-  INDICATES NEGATIVE NUMBERS.
R  INDICATES RECORD WAS SET OR TIED.
MM INDICATES DATA IS MISSING.
T  INDICATES TRACE AMOUNT.




$$
