000
CDUS45 KRIW 250731
CLIBYG


CLIMATE REPORT
NATIONAL WEATHER SERVICE RIVERTON WY
131 AM MDT TUE JUL 25 2017


...................................

...THE BUFFALO WY CLIMATE SUMMARY FOR JULY 24 2017...

CLIMATE NORMAL PERIOD 1981 TO 2010
CLIMATE RECORD PERIOD 1998 TO 2017


WEATHER ITEM   OBSERVED TIME   RECORD YEAR NORMAL DEPARTURE LAST
                VALUE   (LST)  VALUE       VALUE  FROM      YEAR
                                                  NORMAL
..................................................................
TEMPERATURE (F)
 YESTERDAY
  MAXIMUM         94    329 PM 103    2007  86      8       88
  MINIMUM         60    429 AM  47    2004  58      2       57
  AVERAGE         77                        72      5       73

PRECIPITATION (IN)
  YESTERDAY        0.00          0.32 2012   0.04  -0.04     0.00
  MONTH TO DATE    0.90                      1.28  -0.38     0.14
  SINCE JUN 1      2.60                      3.56  -0.96     0.53
  SINCE JAN 1     10.88                      9.08   1.80     5.45

DEGREE DAYS
 HEATING
  YESTERDAY        0                         1     -1        0
  MONTH TO DATE    0                        27    -27        1
  SINCE JUN 1     98                       190    -92       16
  SINCE JUL 1      0                        27    -27        1

 COOLING
  YESTERDAY       12                         8      4        8
  MONTH TO DATE  263                       150    113      187
  SINCE JUN 1    310                       201    109      322
  SINCE JAN 1    321                       208    113      327
..................................................................


WIND (MPH)
  HIGHEST WIND SPEED    20   HIGHEST WIND DIRECTION     N (350)
  HIGHEST GUST SPEED    24   HIGHEST GUST DIRECTION     N (350)
  AVERAGE WIND SPEED     9.2


SKY COVER
  POSSIBLE SUNSHINE  MM
  AVERAGE SKY COVER 0.0


WEATHER CONDITIONS
 THE FOLLOWING WEATHER WAS RECORDED YESTERDAY.
  NO SIGNIFICANT WEATHER WAS OBSERVED.


RELATIVE HUMIDITY (PERCENT)
 HIGHEST    48           500 AM
 LOWEST     13           900 AM
 AVERAGE    31

..........................................................


THE BUFFALO WY CLIMATE NORMALS FOR TODAY
                         NORMAL    RECORD    YEAR
 MAXIMUM TEMPERATURE (F)   86        97      2016
                                             2011
 MINIMUM TEMPERATURE (F)   58        48      2004


SUNRISE AND SUNSET
JULY 25 2017..........SUNRISE   547 AM MDT   SUNSET   839 PM MDT
JULY 26 2017..........SUNRISE   548 AM MDT   SUNSET   838 PM MDT


-  INDICATES NEGATIVE NUMBERS.
R  INDICATES RECORD WAS SET OR TIED.
MM INDICATES DATA IS MISSING.
T  INDICATES TRACE AMOUNT.




$$
