231
CDUS45 KRIW 280031
CLIBYG


CLIMATE REPORT
NATIONAL WEATHER SERVICE RIVERTON WY
629 PM MDT SAT AUG 27 2016


...................................

...THE BUFFALO WY CLIMATE SUMMARY FOR AUGUST 27 2016...
VALID TODAY AS OF 0500 PM LOCAL TIME.

CLIMATE NORMAL PERIOD 1981 TO 2010
CLIMATE RECORD PERIOD 1998 TO 2016


WEATHER ITEM   OBSERVED TIME   RECORD YEAR NORMAL DEPARTURE LAST
                VALUE   (LST)  VALUE       VALUE  FROM      YEAR
                                                  NORMAL
..................................................................
TEMPERATURE (F)
 TODAY
  MAXIMUM         84        MM  96    2012  81      3       86
                                      2011
  MINIMUM         50        MM  41    2004  53     -3       61
  AVERAGE         67

PRECIPITATION (IN)
  TODAY            0.00          0.92 2002   0.01  -0.01     0.01
  MONTH TO DATE    0.52                      0.74  -0.22     1.15
  SINCE JUN 1      1.40                      4.68  -3.28     5.15
  SINCE JAN 1      6.32                     10.20  -3.88    12.41

DEGREE DAYS
 HEATING
  TODAY            0                         2     -2        0
  MONTH TO DATE   38                        31      7       49
  SINCE JUN 1     54                       219   -165      133
  SINCE JUL 1     39                        56    -17       79

 COOLING
  TODAY            2                         4     -2        9
  MONTH TO DATE  154                       168    -14      183
  SINCE JUN 1    550                       422    128      401
  SINCE JAN 1    555                       429    126      401
..................................................................


WIND (MPH)
  HIGHEST WIND SPEED    15   HIGHEST WIND DIRECTION     N (350)
  HIGHEST GUST SPEED    21   HIGHEST GUST DIRECTION     N (350)
  AVERAGE WIND SPEED     7.9


SKY COVER
  POSSIBLE SUNSHINE  MM
  AVERAGE SKY COVER 0.2


WEATHER CONDITIONS
 THE FOLLOWING WEATHER WAS RECORDED TODAY.
  HAZE


RELATIVE HUMIDITY (PERCENT)
 HIGHEST    61           300 AM
 LOWEST     13           200 PM
 AVERAGE    37

..........................................................


THE BUFFALO WY CLIMATE NORMALS FOR TOMORROW
                         NORMAL    RECORD    YEAR
 MAXIMUM TEMPERATURE (F)   81        97      2012
 MINIMUM TEMPERATURE (F)   53        44      2008


SUNRISE AND SUNSET
AUGUST 27 2016........SUNRISE   625 AM MDT   SUNSET   751 PM MDT
AUGUST 28 2016........SUNRISE   626 AM MDT   SUNSET   749 PM MDT


-  INDICATES NEGATIVE NUMBERS.
R  INDICATES RECORD WAS SET OR TIED.
MM INDICATES DATA IS MISSING.
T  INDICATES TRACE AMOUNT.




$$
