000
CDUS45 KRIW 040736
CLIBYG


CLIMATE REPORT
NATIONAL WEATHER SERVICE RIVERTON WY
136 AM MDT FRI SEP 4 2015


...................................

...THE BUFFALO WY CLIMATE SUMMARY FOR SEPTEMBER 3 2015...

CLIMATE NORMAL PERIOD 1981 TO 2010
CLIMATE RECORD PERIOD 1998 TO 2015


WEATHER ITEM   OBSERVED TIME   RECORD YEAR NORMAL DEPARTURE LAST
                VALUE   (LST)  VALUE       VALUE  FROM      YEAR
                                                  NORMAL
..................................................................
TEMPERATURE (F)
 YESTERDAY
  MAXIMUM         94R   202 PM  94    2007  78     16       87
  MINIMUM         63   1152 PM  41    2006  50     13       51
  AVERAGE         79                        64     15       69

PRECIPITATION (IN)
  YESTERDAY        0.00          0.72 1999   0.04  -0.04      T
  MONTH TO DATE    0.00                      0.10  -0.10     0.06
  SINCE SEP 1      0.00                      0.10  -0.10     0.06
  SINCE JAN 1     12.41                     10.37   2.04    10.27

DEGREE DAYS
 HEATING
  YESTERDAY        0                         4     -4        0
  MONTH TO DATE    0                        11    -11       14
  SINCE SEP 1      0                        11    -11       14
  SINCE JUL 1     79                        76      3       73

 COOLING
  YESTERDAY       14                         3     11        4
  MONTH TO DATE   40                        10     30        4
  SINCE SEP 1     40                        10     30        4
  SINCE JAN 1    483                       456     27      338
..................................................................


WIND (MPH)
  HIGHEST WIND SPEED    23   HIGHEST WIND DIRECTION    NW (330)
  HIGHEST GUST SPEED    30   HIGHEST GUST DIRECTION     N (360)
  AVERAGE WIND SPEED     9.2


SKY COVER
  POSSIBLE SUNSHINE  MM
  AVERAGE SKY COVER 0.0


WEATHER CONDITIONS
 THE FOLLOWING WEATHER WAS RECORDED YESTERDAY.
  NO SIGNIFICANT WEATHER WAS OBSERVED.


RELATIVE HUMIDITY (PERCENT)
 HIGHEST    39           800 PM
 LOWEST     15           200 PM
 AVERAGE    27

..........................................................


THE BUFFALO WY CLIMATE NORMALS FOR TODAY
                         NORMAL    RECORD    YEAR
 MAXIMUM TEMPERATURE (F)   78        98      1998
 MINIMUM TEMPERATURE (F)   50        40      1999


SUNRISE AND SUNSET
SEPTEMBER  4 2015.....SUNRISE   633 AM MDT   SUNSET   738 PM MDT
SEPTEMBER  5 2015.....SUNRISE   634 AM MDT   SUNSET   736 PM MDT


-  INDICATES NEGATIVE NUMBERS.
R  INDICATES RECORD WAS SET OR TIED.
MM INDICATES DATA IS MISSING.
T  INDICATES TRACE AMOUNT.




$$
