000
CDUS45 KRIW 250758
CLIBYG


CLIMATE REPORT
NATIONAL WEATHER SERVICE RIVERTON WY
139 AM MDT SUN SEP 25 2016


...................................

...THE BUFFALO WY CLIMATE SUMMARY FOR SEPTEMBER 24 2016...

CLIMATE NORMAL PERIOD 1981 TO 2010
CLIMATE RECORD PERIOD 1998 TO 2016


WEATHER ITEM   OBSERVED TIME   RECORD YEAR NORMAL DEPARTURE LAST
                VALUE   (LST)  VALUE       VALUE  FROM      YEAR
                                                  NORMAL
..................................................................
TEMPERATURE (F)
 YESTERDAY
  MAXIMUM         51    910 PM  87    2001  67    -16       86
  MINIMUM         42   1244 PM  27    2000  41      1       56
  AVERAGE         47                        54     -7       71

PRECIPITATION (IN)
  YESTERDAY        1.29R         0.16 2005   0.05   1.24     0.00
  MONTH TO DATE    3.24                      0.97   2.27     0.10
  SINCE SEP 1      3.24                      0.97   2.27     0.10
  SINCE JAN 1      9.56                     11.24  -1.68    12.51

DEGREE DAYS
 HEATING
  YESTERDAY       18                        12      6        0
  MONTH TO DATE  155                       171    -16       57
  SINCE SEP 1    155                       171    -16       57
  SINCE JUL 1    194                       236    -42      136

 COOLING
  YESTERDAY        0                         0      0        6
  MONTH TO DATE   30                        44    -14       83
  SINCE SEP 1     30                        44    -14       83
  SINCE JAN 1    624                       490    134      526
..................................................................


WIND (MPH)
  HIGHEST WIND SPEED    30   HIGHEST WIND DIRECTION    NW (330)
  HIGHEST GUST SPEED    43   HIGHEST GUST DIRECTION     N (340)
  AVERAGE WIND SPEED    12.3


SKY COVER
  POSSIBLE SUNSHINE  MM
  AVERAGE SKY COVER 1.0


WEATHER CONDITIONS
 THE FOLLOWING WEATHER WAS RECORDED YESTERDAY.
  HEAVY RAIN
  RAIN
  LIGHT RAIN
  FOG


RELATIVE HUMIDITY (PERCENT)
 HIGHEST    93          1200 AM
 LOWEST     54           900 PM
 AVERAGE    74

..........................................................


THE BUFFALO WY CLIMATE NORMALS FOR TODAY
                         NORMAL    RECORD    YEAR
 MAXIMUM TEMPERATURE (F)   66        93      2014
 MINIMUM TEMPERATURE (F)   41        33      2007
                                             2002
                                             2000


SUNRISE AND SUNSET
SEPTEMBER 25 2016.....SUNRISE   658 AM MDT   SUNSET   658 PM MDT
SEPTEMBER 26 2016.....SUNRISE   659 AM MDT   SUNSET   656 PM MDT


-  INDICATES NEGATIVE NUMBERS.
R  INDICATES RECORD WAS SET OR TIED.
MM INDICATES DATA IS MISSING.
T  INDICATES TRACE AMOUNT.




$$
