000
CDUS45 KRIW 240734
CLIBYG


CLIMATE REPORT
NATIONAL WEATHER SERVICE RIVERTON WY
134 AM MDT SUN MAY 24 2015


...................................

...THE BUFFALO WY CLIMATE SUMMARY FOR MAY 23 2015...

CLIMATE NORMAL PERIOD 1981 TO 2010
CLIMATE RECORD PERIOD 1998 TO 2015


WEATHER ITEM   OBSERVED TIME   RECORD YEAR NORMAL DEPARTURE LAST
                VALUE   (LST)  VALUE       VALUE  FROM      YEAR
                                                  NORMAL
..................................................................
TEMPERATURE (F)
 YESTERDAY
  MAXIMUM         53    420 PM  77    2014  65    -12       77
  MINIMUM         45    520 AM  27    2002  42      3       50
  AVERAGE         49                        54     -5       64

PRECIPITATION (IN)
  YESTERDAY        0.28          1.11 2010   0.09   0.19     0.04
  MONTH TO DATE    2.53                      1.90   0.63     1.55
  SINCE MAR 1      3.39                      4.12  -0.73     3.27
  SINCE JAN 1      4.03                      4.89  -0.86     3.63

DEGREE DAYS
 HEATING
  YESTERDAY       16                        12      4        1
  MONTH TO DATE  394                       326     68      368
  SINCE MAR 1   1649                      1930   -281     2026
  SINCE JUL 1   6345                      7170   -825     7270

 COOLING
  YESTERDAY        0                         0      0        0
  MONTH TO DATE    0                         0      0        0
  SINCE MAR 1      0                         0      0        0
  SINCE JAN 1      0                         0      0        0
..................................................................


WIND (MPH)
  HIGHEST WIND SPEED    21   HIGHEST WIND DIRECTION     N (360)
  HIGHEST GUST SPEED    26   HIGHEST GUST DIRECTION     N (340)
  AVERAGE WIND SPEED     8.2


SKY COVER
  POSSIBLE SUNSHINE  MM
  AVERAGE SKY COVER 1.0


WEATHER CONDITIONS
 THE FOLLOWING WEATHER WAS RECORDED YESTERDAY.
  HEAVY RAIN
  RAIN
  LIGHT RAIN
  FOG


RELATIVE HUMIDITY (PERCENT)
 HIGHEST   100          1200 AM
 LOWEST     83          1100 AM
 AVERAGE    92

..........................................................


THE BUFFALO WY CLIMATE NORMALS FOR TODAY
                         NORMAL    RECORD    YEAR
 MAXIMUM TEMPERATURE (F)   66        76      2001
 MINIMUM TEMPERATURE (F)   42        26      2002


SUNRISE AND SUNSET
MAY 24 2015...........SUNRISE   531 AM MDT   SUNSET   837 PM MDT
MAY 25 2015...........SUNRISE   530 AM MDT   SUNSET   838 PM MDT


-  INDICATES NEGATIVE NUMBERS.
R  INDICATES RECORD WAS SET OR TIED.
MM INDICATES DATA IS MISSING.
T  INDICATES TRACE AMOUNT.




$$
