000
CDUS45 KRIW 300744
CLIBYG


CLIMATE REPORT
NATIONAL WEATHER SERVICE RIVERTON WY
135 AM MDT WED JUL 30 2014


...................................

...THE BUFFALO WY CLIMATE SUMMARY FOR JULY 29 2014...

CLIMATE NORMAL PERIOD 1981 TO 2010
CLIMATE RECORD PERIOD 1998 TO 2014


WEATHER ITEM   OBSERVED TIME   RECORD YEAR NORMAL DEPARTURE LAST
                VALUE   (LST)  VALUE       VALUE  FROM      YEAR
                                                  NORMAL
..................................................................
TEMPERATURE (F)
 YESTERDAY
  MAXIMUM         74    302 PM 101    2006  86    -12       74
  MINIMUM         56   1132 PM  46    2009  58     -2       53
  AVERAGE         65                        72     -7       64

PRECIPITATION (IN)
  YESTERDAY        T             0.16 2010   0.06  -0.06      T
  MONTH TO DATE    0.94                      1.55  -0.61      T
  SINCE JUN 1      3.85                      3.83   0.02     0.95
  SINCE JAN 1      7.61                      9.35  -1.74     4.08

DEGREE DAYS
 HEATING
  YESTERDAY        0                         1     -1        1
  MONTH TO DATE   11                        32    -21        1
  SINCE JUN 1    217                       195     22      101
  SINCE JUL 1     11                        32    -21        1

 COOLING
  YESTERDAY        0                         8     -8        0
  MONTH TO DATE  176                       190    -14      251
  SINCE JUN 1    181                       241    -60      328
  SINCE JAN 1    192                       248    -56      338
..................................................................


WIND (MPH)
  HIGHEST WIND SPEED    17   HIGHEST WIND DIRECTION     S (200)
  HIGHEST GUST SPEED    20   HIGHEST GUST DIRECTION     S (200)
  AVERAGE WIND SPEED     7.0


SKY COVER
  POSSIBLE SUNSHINE  MM
  AVERAGE SKY COVER 0.6


WEATHER CONDITIONS
 THE FOLLOWING WEATHER WAS RECORDED YESTERDAY.
  LIGHT RAIN


RELATIVE HUMIDITY (PERCENT)
 HIGHEST    67           600 AM
 LOWEST     44           300 AM
 AVERAGE    56

..........................................................


THE BUFFALO WY CLIMATE NORMALS FOR TODAY
                         NORMAL    RECORD    YEAR
 MAXIMUM TEMPERATURE (F)   86        98      2000
 MINIMUM TEMPERATURE (F)   58        44      2009


SUNRISE AND SUNSET
JULY 30 2014..........SUNRISE   552 AM MDT   SUNSET   834 PM MDT
JULY 31 2014..........SUNRISE   553 AM MDT   SUNSET   833 PM MDT


-  INDICATES NEGATIVE NUMBERS.
R  INDICATES RECORD WAS SET OR TIED.
MM INDICATES DATA IS MISSING.
T  INDICATES TRACE AMOUNT.




$$
