000
CDUS45 KRIW 260735
CLIBYG


CLIMATE REPORT
NATIONAL WEATHER SERVICE RIVERTON WY
1234 AM MST FRI DEC 26 2014


...................................

...THE BUFFALO WY CLIMATE SUMMARY FOR DECEMBER 25 2014...

CLIMATE NORMAL PERIOD 1981 TO 2010
CLIMATE RECORD PERIOD 1998 TO 2014


WEATHER ITEM   OBSERVED TIME   RECORD YEAR NORMAL DEPARTURE LAST
                VALUE   (LST)  VALUE       VALUE  FROM      YEAR
                                                  NORMAL
..................................................................
TEMPERATURE (F)
 YESTERDAY
  MAXIMUM         31   1224 AM  60    2005  37     -6       48
  MINIMUM         17   1159 PM  -4    2012  15      2       16
  AVERAGE         24                        26     -2       32

PRECIPITATION (IN)
  YESTERDAY        0.07R         T    2009   0.01   0.06     0.00
                                      2009
                                      2012
  MONTH TO DATE    0.07                      0.33  -0.26     0.21
  SINCE DEC 1      0.07                      0.33  -0.26     0.21
  SINCE JAN 1     11.93                     13.38  -1.45    10.34

DEGREE DAYS
 HEATING
  YESTERDAY       41                        39      2       33
  MONTH TO DATE  587                       983   -396      902
  SINCE DEC 1    587                       983   -396      902
  SINCE JUL 1   2343                      2817   -474     2610

 COOLING
  YESTERDAY        0                         0      0        0
  MONTH TO DATE    0                         0      0        0
  SINCE DEC 1      0                         0      0        0
  SINCE JAN 1    387                       492   -105      709
..................................................................


WIND (MPH)
  HIGHEST WIND SPEED    30   HIGHEST WIND DIRECTION     N (350)
  HIGHEST GUST SPEED    36   HIGHEST GUST DIRECTION     N (340)
  AVERAGE WIND SPEED    18.2


SKY COVER
  POSSIBLE SUNSHINE  MM
  AVERAGE SKY COVER 1.0


WEATHER CONDITIONS
 THE FOLLOWING WEATHER WAS RECORDED YESTERDAY.
  SNOW
  LIGHT SNOW
  FOG


RELATIVE HUMIDITY (PERCENT)
 HIGHEST   100           300 AM
 LOWEST     84           500 PM
 AVERAGE    92

..........................................................


THE BUFFALO WY CLIMATE NORMALS FOR TODAY
                         NORMAL    RECORD    YEAR
 MAXIMUM TEMPERATURE (F)   37        49      2013
                                             1999
 MINIMUM TEMPERATURE (F)   15         5      2007


SUNRISE AND SUNSET
DECEMBER 26 2014......SUNRISE   742 AM MST   SUNSET   433 PM MST
DECEMBER 27 2014......SUNRISE   742 AM MST   SUNSET   434 PM MST


-  INDICATES NEGATIVE NUMBERS.
R  INDICATES RECORD WAS SET OR TIED.
MM INDICATES DATA IS MISSING.
T  INDICATES TRACE AMOUNT.




$$
