000
CDUS45 KRIW 220738
CLIBYG


CLIMATE REPORT
NATIONAL WEATHER SERVICE RIVERTON WY
1236 AM MST SUN JAN 22 2017


...................................

...THE BUFFALO WY CLIMATE SUMMARY FOR JANUARY 21 2017...

CLIMATE NORMAL PERIOD 1981 TO 2010
CLIMATE RECORD PERIOD 1998 TO 2017


WEATHER ITEM   OBSERVED TIME   RECORD YEAR NORMAL DEPARTURE LAST
                VALUE   (LST)  VALUE       VALUE  FROM      YEAR
                                                  NORMAL
..................................................................
TEMPERATURE (F)
 YESTERDAY
  MAXIMUM         35    419 PM  57    2009  38     -3       36
  MINIMUM         22    749 PM -14    2008  17      5       23
  AVERAGE         29                        28      1       30

PRECIPITATION (IN)
  YESTERDAY        0.00          0.07 2012   0.01  -0.01     0.00
  MONTH TO DATE    0.05                      0.26  -0.21     0.11
  SINCE DEC 1      0.30                      0.66  -0.36     0.21
  SINCE JAN 1      0.05                      0.26  -0.21     0.11

DEGREE DAYS
 HEATING
  YESTERDAY       36                        37     -1       35
  MONTH TO DATE  944                       783    161      753
  SINCE DEC 1   2365                      1996    369     1863
  SINCE JUL 1   3547                      3830   -283     3292

 COOLING
  YESTERDAY        0                         0      0        0
  MONTH TO DATE    0                         0      0        0
  SINCE DEC 1      0                         0      0        0
  SINCE JAN 1      0                         0      0        0
..................................................................


WIND (MPH)
  HIGHEST WIND SPEED    10   HIGHEST WIND DIRECTION     W (270)
  HIGHEST GUST SPEED    11   HIGHEST GUST DIRECTION     W (270)
  AVERAGE WIND SPEED     4.3


SKY COVER
  POSSIBLE SUNSHINE  MM
  AVERAGE SKY COVER 0.2


WEATHER CONDITIONS
 THE FOLLOWING WEATHER WAS RECORDED YESTERDAY.
  NO SIGNIFICANT WEATHER WAS OBSERVED.


RELATIVE HUMIDITY (PERCENT)
 HIGHEST    78          1200 AM
 LOWEST     53          1100 PM
 AVERAGE    66

..........................................................


THE BUFFALO WY CLIMATE NORMALS FOR TODAY
                         NORMAL    RECORD    YEAR
 MAXIMUM TEMPERATURE (F)   38        55      2005
 MINIMUM TEMPERATURE (F)   17        -9      2008


SUNRISE AND SUNSET
JANUARY 22 2017.......SUNRISE   735 AM MST   SUNSET   503 PM MST
JANUARY 23 2017.......SUNRISE   734 AM MST   SUNSET   504 PM MST


-  INDICATES NEGATIVE NUMBERS.
R  INDICATES RECORD WAS SET OR TIED.
MM INDICATES DATA IS MISSING.
T  INDICATES TRACE AMOUNT.




$$
