000
CDUS45 KPIH 160734
CLIBYI


CLIMATE REPORT
NATIONAL WEATHER SERVICE POCATELLO ID
1233 AM MST SAT DEC 16 2017


...................................

...THE BURLEY ID CLIMATE SUMMARY FOR DECEMBER 15 2017...

CLIMATE NORMAL PERIOD 1981 TO 2010
CLIMATE RECORD PERIOD 1948 TO 2017


WEATHER ITEM   OBSERVED TIME   RECORD YEAR NORMAL DEPARTURE LAST
                VALUE   (LST)  VALUE       VALUE  FROM      YEAR
                                                  NORMAL
..................................................................
TEMPERATURE (F)
 YESTERDAY
  MAXIMUM         36    409 PM  54    1979  34      2       45
  MINIMUM         19        MM  -3    1972  18      1       27
  AVERAGE         28                        26      2       36

PRECIPITATION (IN)
  YESTERDAY        0.00          0.30 1982   0.04  -0.04     0.13
  MONTH TO DATE    0.05                      0.56  -0.51     1.26
  SINCE OCT 1      1.30                      2.26  -0.96     4.52
  SINCE JAN 1     11.49                      9.57   1.92    13.22

SNOWFALL (IN)
  YESTERDAY       MM
  MONTH TO DATE   MM
  SINCE DEC 1     MM
  SINCE JUL 1     MM
  SNOW DEPTH      MM

DEGREE DAYS
 HEATING
  YESTERDAY       37                        39     -2       29
  MONTH TO DATE  470                       563    -93      560
  SINCE DEC 1    470                       563    -93      560
  SINCE JUL 1   2024                      2251   -227     1958

 COOLING
  YESTERDAY        0                         0      0        0
  MONTH TO DATE    0                         0      0        0
  SINCE DEC 1      0                         0      0        0
  SINCE JAN 1    601                       365    236      353
..................................................................


WIND (MPH)
  HIGHEST WIND SPEED    17   HIGHEST WIND DIRECTION     W (290)
  HIGHEST GUST SPEED    22   HIGHEST GUST DIRECTION     W (280)
  AVERAGE WIND SPEED     4.9


SKY COVER
  POSSIBLE SUNSHINE  MM
  AVERAGE SKY COVER 0.5


WEATHER CONDITIONS
 THE FOLLOWING WEATHER WAS RECORDED YESTERDAY.
  FOG
  FOG W/VISIBILITY <= 1/4 MILE
  HAZE


RELATIVE HUMIDITY (PERCENT)
 HIGHEST    88           100 AM
 LOWEST     64           400 PM
 AVERAGE    76

..........................................................


THE BURLEY ID CLIMATE NORMALS FOR TODAY
                         NORMAL    RECORD    YEAR
 MAXIMUM TEMPERATURE (F)   34        55      1957
 MINIMUM TEMPERATURE (F)   18        -1      1985


SUNRISE AND SUNSET
DECEMBER 16 2017......SUNRISE   759 AM MST   SUNSET   503 PM MST
DECEMBER 17 2017......SUNRISE   759 AM MST   SUNSET   503 PM MST


-  INDICATES NEGATIVE NUMBERS.
R  INDICATES RECORD WAS SET OR TIED.
MM INDICATES DATA IS MISSING.
T  INDICATES TRACE AMOUNT.




$$
