000
CDUS45 KPIH 010734
CLIBYI


CLIMATE REPORT
NATIONAL WEATHER SERVICE POCATELLO ID
133 AM MDT SAT OCT 1 2016


...................................

...THE BURLEY ID CLIMATE SUMMARY FOR SEPTEMBER 30 2016...

CLIMATE NORMAL PERIOD 1981 TO 2010
CLIMATE RECORD PERIOD 1948 TO 2016


WEATHER ITEM   OBSERVED TIME   RECORD YEAR NORMAL DEPARTURE LAST
                VALUE   (LST)  VALUE       VALUE  FROM      YEAR
                                                  NORMAL
..................................................................
TEMPERATURE (F)
 YESTERDAY
  MAXIMUM         79    234 PM  92    1992  68     11       83
  MINIMUM         50    713 AM  23    1950  39     11       47
  AVERAGE         65                        53     12       65

PRECIPITATION (IN)
  YESTERDAY        T             0.73 1994   0.02  -0.02      T
  MONTH TO DATE    3.31                      0.55   2.76     0.43
  SINCE OCT 1     11.50                     10.14   1.36     8.92
  SINCE JAN 1      8.70                      7.31   1.39     6.87

SNOWFALL (IN)
  YESTERDAY       MM
  MONTH TO DATE   MM
  SINCE SEP 1     MM
  SINCE JUL 1     MM
  SNOW DEPTH      MM

DEGREE DAYS
 HEATING
  YESTERDAY        0                        12    -12        0
  MONTH TO DATE  215                       212      3      120
  SINCE SEP 1    215                       213      2      120
  SINCE JUL 1    271                       270      1      149

 COOLING
  YESTERDAY        0                         0      0        0
  MONTH TO DATE   10                        21    -11       17
  SINCE SEP 1     10                        21    -11       17
  SINCE JAN 1    353                       365    -12      463
..................................................................


WIND (MPH)
  HIGHEST WIND SPEED    15   HIGHEST WIND DIRECTION     W (260)
  HIGHEST GUST SPEED    21   HIGHEST GUST DIRECTION     W (260)
  AVERAGE WIND SPEED     5.3


SKY COVER
  POSSIBLE SUNSHINE  MM
  AVERAGE SKY COVER 0.1


WEATHER CONDITIONS
 THE FOLLOWING WEATHER WAS RECORDED YESTERDAY.
  NO SIGNIFICANT WEATHER WAS OBSERVED.


RELATIVE HUMIDITY (PERCENT)
 HIGHEST    93           700 AM
 LOWEST     36           100 PM
 AVERAGE    65

..........................................................


THE BURLEY ID CLIMATE NORMALS FOR TODAY
                         NORMAL    RECORD    YEAR
 MAXIMUM TEMPERATURE (F)   68        91      2010
                                             1992
 MINIMUM TEMPERATURE (F)   38        19      1950


SUNRISE AND SUNSET
OCTOBER  1 2016.......SUNRISE   733 AM MDT   SUNSET   715 PM MDT
OCTOBER  2 2016.......SUNRISE   734 AM MDT   SUNSET   714 PM MDT


-  INDICATES NEGATIVE NUMBERS.
R  INDICATES RECORD WAS SET OR TIED.
MM INDICATES DATA IS MISSING.
T  INDICATES TRACE AMOUNT.




$$
