000
CDUS45 KPIH 200759
CLIBYI


CLIMATE REPORT
NATIONAL WEATHER SERVICE POCATELLO ID
158 AM MDT FRI OCT 20 2017


...................................

...THE BURLEY ID CLIMATE SUMMARY FOR OCTOBER 19 2017...

CLIMATE NORMAL PERIOD 1981 TO 2010
CLIMATE RECORD PERIOD 1948 TO 2017


WEATHER ITEM   OBSERVED TIME   RECORD YEAR NORMAL DEPARTURE LAST
                VALUE   (LST)  VALUE       VALUE  FROM      YEAR
                                                  NORMAL
..................................................................
TEMPERATURE (F)
 YESTERDAY
  MAXIMUM         77    302 PM  82    1950  60     17       52
  MINIMUM         33    659 AM  14    1976  34     -1       32
  AVERAGE         55                        47      8       42

PRECIPITATION (IN)
  YESTERDAY        0.00          0.47 1979   0.03  -0.03     0.00
  MONTH TO DATE    0.05                      0.45  -0.40     1.18
  SINCE OCT 1      0.05                      0.45  -0.40     1.18
  SINCE JAN 1     10.24                      7.76   2.48     9.88

SNOWFALL (IN)
  YESTERDAY       MM
  MONTH TO DATE   MM
  SINCE SEP 1     MM
  SINCE JUL 1     MM
  SNOW DEPTH      MM

DEGREE DAYS
 HEATING
  YESTERDAY       10                        18     -8       23
  MONTH TO DATE  376                       291     85      282
  SINCE SEP 1    615                       504    111      497
  SINCE JUL 1    621                       561     60      553

 COOLING
  YESTERDAY        0                         0      0        0
  MONTH TO DATE    0                         0      0        0
  SINCE SEP 1     68                        21     47       10
  SINCE JAN 1    601                       365    236      353
..................................................................


WIND (MPH)
  HIGHEST WIND SPEED    21   HIGHEST WIND DIRECTION    SW (210)
  HIGHEST GUST SPEED    28   HIGHEST GUST DIRECTION     S (200)
  AVERAGE WIND SPEED     8.0


SKY COVER
  POSSIBLE SUNSHINE  MM
  AVERAGE SKY COVER 0.0


WEATHER CONDITIONS
 THE FOLLOWING WEATHER WAS RECORDED YESTERDAY.
  HAZE


RELATIVE HUMIDITY (PERCENT)
 HIGHEST    69           700 AM
 LOWEST      8           100 PM
 AVERAGE    39

..........................................................


THE BURLEY ID CLIMATE NORMALS FOR TODAY
                         NORMAL    RECORD    YEAR
 MAXIMUM TEMPERATURE (F)   59        81      2003
                                             1992
 MINIMUM TEMPERATURE (F)   33        17      1976


SUNRISE AND SUNSET
OCTOBER 20 2017.......SUNRISE   754 AM MDT   SUNSET   645 PM MDT
OCTOBER 21 2017.......SUNRISE   756 AM MDT   SUNSET   643 PM MDT


-  INDICATES NEGATIVE NUMBERS.
R  INDICATES RECORD WAS SET OR TIED.
MM INDICATES DATA IS MISSING.
T  INDICATES TRACE AMOUNT.




$$
