000
CDUS45 KPIH 260748
CLIBYI


CLIMATE REPORT
NATIONAL WEATHER SERVICE POCATELLO ID
1234 AM MST SUN FEB 26 2017


...................................

...THE BURLEY ID CLIMATE SUMMARY FOR FEBRUARY 25 2017...

CLIMATE NORMAL PERIOD 1981 TO 2010
CLIMATE RECORD PERIOD 1948 TO 2017


WEATHER ITEM   OBSERVED TIME   RECORD YEAR NORMAL DEPARTURE LAST
                VALUE   (LST)  VALUE       VALUE  FROM      YEAR
                                                  NORMAL
..................................................................
TEMPERATURE (F)
 YESTERDAY
  MAXIMUM         32    423 PM  65    1986  44    -12       54
  MINIMUM         15    724 AM   3    1962  24     -9       26
  AVERAGE         24                        34    -10       40

PRECIPITATION (IN)
  YESTERDAY        0.00          0.26 1969   0.03  -0.03     0.00
  MONTH TO DATE    1.83                      0.68   1.15     0.25
  SINCE OCT 1      8.67                      4.42   4.25     4.13
  SINCE JAN 1      3.88                      1.59   2.29     1.33

SNOWFALL (IN)
  YESTERDAY       MM
  MONTH TO DATE   MM
  SINCE DEC 1     MM
  SINCE JUL 1     MM
  SNOW DEPTH      MM

DEGREE DAYS
 HEATING
  YESTERDAY       41                        31     10       25
  MONTH TO DATE  705                       864   -159      735
  SINCE DEC 1   3304                      3242     62     2996
  SINCE JUL 1   4702                      4930   -228     4417

 COOLING
  YESTERDAY        0                         0      0        0
  MONTH TO DATE    0                         0      0        0
  SINCE DEC 1      0                         0      0        0
  SINCE JAN 1      0                         0      0        0
..................................................................


WIND (MPH)
  HIGHEST WIND SPEED    18   HIGHEST WIND DIRECTION     W (250)
  HIGHEST GUST SPEED    24   HIGHEST GUST DIRECTION     W (280)
  AVERAGE WIND SPEED     9.3


SKY COVER
  POSSIBLE SUNSHINE  MM
  AVERAGE SKY COVER 0.0


WEATHER CONDITIONS
 THE FOLLOWING WEATHER WAS RECORDED YESTERDAY.
  NO SIGNIFICANT WEATHER WAS OBSERVED.


RELATIVE HUMIDITY (PERCENT)
 HIGHEST    74           700 AM
 LOWEST     45           300 PM
 AVERAGE    60

..........................................................


THE BURLEY ID CLIMATE NORMALS FOR TODAY
                         NORMAL    RECORD    YEAR
 MAXIMUM TEMPERATURE (F)   44        69      1950
 MINIMUM TEMPERATURE (F)   24       -11      1962


SUNRISE AND SUNSET
FEBRUARY 26 2017......SUNRISE   715 AM MST   SUNSET   621 PM MST
FEBRUARY 27 2017......SUNRISE   713 AM MST   SUNSET   623 PM MST


-  INDICATES NEGATIVE NUMBERS.
R  INDICATES RECORD WAS SET OR TIED.
MM INDICATES DATA IS MISSING.
T  INDICATES TRACE AMOUNT.




$$
