000
CDUS45 KPIH 310736
CLIBYI


CLIMATE REPORT
NATIONAL WEATHER SERVICE POCATELLO ID
1234 AM MST SAT JAN 31 2015


...................................

...THE BURLEY ID CLIMATE SUMMARY FOR JANUARY 30 2015...

CLIMATE NORMAL PERIOD 1981 TO 2010
CLIMATE RECORD PERIOD 1948 TO 2015


WEATHER ITEM   OBSERVED TIME   RECORD YEAR NORMAL DEPARTURE LAST
                VALUE   (LST)  VALUE       VALUE  FROM      YEAR
                                                  NORMAL
..................................................................
TEMPERATURE (F)
 YESTERDAY
  MAXIMUM         40    337 PM  56    1971  36      4       39
  MINIMUM         31    745 AM -17    1979  20     11       31
  AVERAGE         36                        28      8       35

PRECIPITATION (IN)
  YESTERDAY        0.00          0.67 1963   0.03  -0.03     0.00
  MONTH TO DATE    0.62                      0.89  -0.27     0.60
  SINCE OCT 1      2.67                      3.72  -1.05     1.21
  SINCE JAN 1      0.62                      0.89  -0.27     0.60

SNOWFALL (IN)
  YESTERDAY       MM
  MONTH TO DATE   MM
  SINCE DEC 1     MM
  SINCE JUL 1     MM
  SNOW DEPTH      MM

DEGREE DAYS
 HEATING
  YESTERDAY       29                        37     -8       30
  MONTH TO DATE 1009                      1148   -139     1018
  SINCE DEC 1   1886                      2340   -454     2289
  SINCE JUL 1   3267                      4028   -761     3857

 COOLING
  YESTERDAY        0                         0      0        0
  MONTH TO DATE    0                         0      0        0
  SINCE DEC 1      0                         0      0        0
  SINCE JAN 1      0                         0      0        0
..................................................................


WIND (MPH)
  HIGHEST WIND SPEED    12   HIGHEST WIND DIRECTION     W (290)
  HIGHEST GUST SPEED    15   HIGHEST GUST DIRECTION     W (290)
  AVERAGE WIND SPEED     4.5


SKY COVER
  POSSIBLE SUNSHINE  MM
  AVERAGE SKY COVER 0.6


WEATHER CONDITIONS
 THE FOLLOWING WEATHER WAS RECORDED YESTERDAY.
  NO SIGNIFICANT WEATHER WAS OBSERVED.


RELATIVE HUMIDITY (PERCENT)
 HIGHEST    92           500 AM
 LOWEST     64          1100 AM
 AVERAGE    78

..........................................................


THE BURLEY ID CLIMATE NORMALS FOR TODAY
                         NORMAL    RECORD    YEAR
 MAXIMUM TEMPERATURE (F)   36        60      1992
 MINIMUM TEMPERATURE (F)   20       -23      1985


SUNRISE AND SUNSET
JANUARY 31 2015.......SUNRISE   750 AM MST   SUNSET   547 PM MST
FEBRUARY  1 2015......SUNRISE   749 AM MST   SUNSET   549 PM MST


-  INDICATES NEGATIVE NUMBERS.
R  INDICATES RECORD WAS SET OR TIED.
MM INDICATES DATA IS MISSING.
T  INDICATES TRACE AMOUNT.




$$
