000
CDUS45 KPIH 240746
CLIBYI


CLIMATE REPORT
NATIONAL WEATHER SERVICE POCATELLO ID
144 AM MDT FRI MAR 24 2017


...................................

...THE BURLEY ID CLIMATE SUMMARY FOR MARCH 23 2017...

CLIMATE NORMAL PERIOD 1981 TO 2010
CLIMATE RECORD PERIOD 1948 TO 2017


WEATHER ITEM   OBSERVED TIME   RECORD YEAR NORMAL DEPARTURE LAST
                VALUE   (LST)  VALUE       VALUE  FROM      YEAR
                                                  NORMAL
..................................................................
TEMPERATURE (F)
 YESTERDAY
  MAXIMUM         53    321 PM  71    2004  53      0       51
                                      1993
  MINIMUM         32   1150 PM  12    1964  30      2       32
  AVERAGE         43                        41      2       42

PRECIPITATION (IN)
  YESTERDAY        0.00          0.65 1971   0.04  -0.04     0.00
  MONTH TO DATE    0.23                      0.77  -0.54     1.24
  SINCE OCT 1      8.91                      5.28   3.63     5.37
  SINCE JAN 1      4.12                      2.45   1.67     2.57

SNOWFALL (IN)
  YESTERDAY       MM
  MONTH TO DATE   MM
  SINCE MAR 1     MM
  SINCE JUL 1     MM
  SNOW DEPTH      MM

DEGREE DAYS
 HEATING
  YESTERDAY       22                        24     -2       23
  MONTH TO DATE  423                       613   -190      490
  SINCE MAR 1    423                       613   -190      490
  SINCE JUL 1   5229                      5635   -406     4997

 COOLING
  YESTERDAY        0                         0      0        0
  MONTH TO DATE    0                         0      0        0
  SINCE MAR 1      0                         0      0        0
  SINCE JAN 1      0                         0      0        0
..................................................................


WIND (MPH)
  HIGHEST WIND SPEED    29   HIGHEST WIND DIRECTION     W (270)
  HIGHEST GUST SPEED    39   HIGHEST GUST DIRECTION     W (270)
  AVERAGE WIND SPEED    15.2


SKY COVER
  POSSIBLE SUNSHINE  MM
  AVERAGE SKY COVER 0.3


WEATHER CONDITIONS
 THE FOLLOWING WEATHER WAS RECORDED YESTERDAY.
  NO SIGNIFICANT WEATHER WAS OBSERVED.


RELATIVE HUMIDITY (PERCENT)
 HIGHEST    85           300 AM
 LOWEST     31           600 PM
 AVERAGE    58

..........................................................


THE BURLEY ID CLIMATE NORMALS FOR TODAY
                         NORMAL    RECORD    YEAR
 MAXIMUM TEMPERATURE (F)   53        75      1956
 MINIMUM TEMPERATURE (F)   30         8      1965


SUNRISE AND SUNSET
MARCH 24 2017.........SUNRISE   731 AM MDT   SUNSET   752 PM MDT
MARCH 25 2017.........SUNRISE   729 AM MDT   SUNSET   753 PM MDT


-  INDICATES NEGATIVE NUMBERS.
R  INDICATES RECORD WAS SET OR TIED.
MM INDICATES DATA IS MISSING.
T  INDICATES TRACE AMOUNT.




$$
