000
CDUS45 KTFX 260751
CLIBZN


CLIMATE REPORT
NATIONAL WEATHER SERVICE GREAT FALLS MT
151 AM MDT THU MAY 26 2016


...................................

...THE BOZEMAN/GALLATIN FIELD MT CLIMATE SUMMARY FOR MAY 25 2016...

CLIMATE NORMAL PERIOD 1981 TO 2010
CLIMATE RECORD PERIOD 1935 TO 2016


WEATHER ITEM   OBSERVED TIME   RECORD YEAR NORMAL DEPARTURE LAST
                VALUE   (LST)  VALUE       VALUE  FROM      YEAR
                                                  NORMAL
..................................................................
TEMPERATURE (F)
 YESTERDAY
  MAXIMUM         66    539 PM  86    1988  71     -5       70
  MINIMUM         37    341 AM  25    1950  42     -5       38
  AVERAGE         52                        56     -4       54

PRECIPITATION (IN)
  YESTERDAY        0.00          1.91 1980   0.09  -0.09     0.06
  MONTH TO DATE    2.27                      1.88   0.39     2.20
  SINCE OCT 1      7.51                      7.71  -0.20     6.76
  SINCE JAN 1      4.66                      5.33  -0.67     4.83

SNOWFALL (IN)
  YESTERDAY        0.0           0.0  1999   0.0    0.0      0.0
  MONTH TO DATE    T                         2.2   -2.2      0.0
  SINCE MAR 1      2.1                      17.4  -15.3      7.0
  SINCE JUL 1     25.7                      39.7  -14.0     37.4
  SNOW DEPTH       0

DEGREE DAYS
 HEATING
  YESTERDAY       13                         9      4       11
  MONTH TO DATE  364                       306     58      397
  SINCE MAR 1   1738                      1787    -49     1839
  SINCE JUL 1   7423                      7367     56     7421

 COOLING
  YESTERDAY        0                         0      0        0
  MONTH TO DATE    0                         0      0        0
  SINCE MAR 1      0                         0      0        0
  SINCE JAN 1      0                         0      0        0
..................................................................


WIND (MPH)
  HIGHEST WIND SPEED    23   HIGHEST WIND DIRECTION     N (360)
  HIGHEST GUST SPEED    31   HIGHEST GUST DIRECTION     N (360)
  AVERAGE WIND SPEED     6.1


SKY COVER
  AVERAGE SKY COVER 0.6


WEATHER CONDITIONS
 THE FOLLOWING WEATHER WAS RECORDED YESTERDAY.
  NO SIGNIFICANT WEATHER WAS OBSERVED.


RELATIVE HUMIDITY (PERCENT)
 HIGHEST    92
 LOWEST     29
 AVERAGE    61

..........................................................


THE BOZEMAN/GALLATIN FIELD MT CLIMATE NORMALS FOR TODAY
                         NORMAL    RECORD    YEAR
 MAXIMUM TEMPERATURE (F)   71        90      1969
 MINIMUM TEMPERATURE (F)   42        23      1975


SUNRISE AND SUNSET
MAY 26 2016...........SUNRISE   542 AM MDT   SUNSET   902 PM MDT
MAY 27 2016...........SUNRISE   541 AM MDT   SUNSET   903 PM MDT


-  INDICATES NEGATIVE NUMBERS.
R  INDICATES RECORD WAS SET OR TIED.
MM INDICATES DATA IS MISSING.
T  INDICATES TRACE AMOUNT.




$$
