000
CDUS45 KTFX 112323
CLIBZN


CLIMATE REPORT
NATIONAL WEATHER SERVICE GREAT FALLS MT
422 PM MST THU FEB 11 2016


...................................

...THE BOZEMAN/GALLATIN FIELD MT CLIMATE SUMMARY FOR FEBRUARY 11 2016...
VALID TODAY AS OF 0400 PM LOCAL TIME.

CLIMATE NORMAL PERIOD 1981 TO 2010
CLIMATE RECORD PERIOD 1935 TO 2016


WEATHER ITEM   OBSERVED TIME   RECORD YEAR NORMAL DEPARTURE LAST
                VALUE   (LST)  VALUE       VALUE  FROM      YEAR
                                                  NORMAL
..................................................................
TEMPERATURE (F)
 TODAY
  MAXIMUM         45    217 PM  63    1961  38      7       53
  MINIMUM         26    826 AM -32    1948  14     12       25
  AVERAGE         36                        26     10       39

PRECIPITATION (IN)
  TODAY            0.00          0.25 1949   0.01  -0.01     0.00
  MONTH TO DATE    T                         0.15  -0.15     0.04
  SINCE OCT 1      3.21                      3.01   0.20     2.19
  SINCE JAN 1      0.36                      0.63  -0.27     0.26

SNOWFALL (IN)
  TODAY            0.0          10.9  1949   0.2   -0.2      0.0
  MONTH TO DATE    T                         1.8   -1.8      0.4
  SINCE DEC 1     17.0                      11.8    5.2     13.3
  SINCE JUL 1     23.6                      19.2    4.4     28.9

DEGREE DAYS
 HEATING
  TODAY           29                        39    -10       26
  MONTH TO DATE  462                       435     27      291
  SINCE DEC 1   3213                      3076    137     2835
  SINCE JUL 1   5177                      4957    220     4962

 COOLING
  TODAY            0                         0      0        0
  MONTH TO DATE    0                         0      0        0
  SINCE DEC 1      0                         0      0        0
  SINCE JAN 1      0                         0      0        0
..................................................................


WIND (MPH)
  HIGHEST WIND SPEED     9   HIGHEST WIND DIRECTION    NE (40)
  HIGHEST GUST SPEED    11   HIGHEST GUST DIRECTION    NE (40)
  AVERAGE WIND SPEED     3.2


SKY COVER
  AVERAGE SKY COVER 0.1


WEATHER CONDITIONS
 THE FOLLOWING WEATHER WAS RECORDED TODAY.
  NO SIGNIFICANT WEATHER WAS OBSERVED.


RELATIVE HUMIDITY (PERCENT)
 HIGHEST    85           200 AM
 LOWEST     53           100 PM
 AVERAGE    69

..........................................................


THE BOZEMAN/GALLATIN FIELD MT CLIMATE NORMALS FOR TOMORROW
                         NORMAL    RECORD    YEAR
 MAXIMUM TEMPERATURE (F)   39        58      1983
 MINIMUM TEMPERATURE (F)   14       -36      1949


SUNRISE AND SUNSET
FEBRUARY 11 2016......SUNRISE   733 AM MST   SUNSET   545 PM MST
FEBRUARY 12 2016......SUNRISE   732 AM MST   SUNSET   546 PM MST


-  INDICATES NEGATIVE NUMBERS.
R  INDICATES RECORD WAS SET OR TIED.
MM INDICATES DATA IS MISSING.
T  INDICATES TRACE AMOUNT.




$$
