000
CDUS45 KTFX 020951
CLIBZN


CLIMATE REPORT
NATIONAL WEATHER SERVICE GREAT FALLS MT
350 AM MDT THU OCT 2 2014


...................................

...THE BOZEMAN/GALLATIN FIELD MT CLIMATE SUMMARY FOR OCTOBER 1 2014...

CLIMATE NORMAL PERIOD 1981 TO 2010
CLIMATE RECORD PERIOD 1935 TO 2014


WEATHER ITEM   OBSERVED TIME   RECORD YEAR NORMAL DEPARTURE
                VALUE   (LST)  VALUE       VALUE  FROM
                                                  NORMAL
...............................................................
TEMPERATURE (F)
 YESTERDAY
  MAXIMUM         56    446 PM  89    2011  68    -12
  MINIMUM         32   1159 PM  13    1950  35     -3
  AVERAGE         44                        51     -7

PRECIPITATION (IN)
  YESTERDAY        0.02          0.45 1946   0.04  -0.02
  MONTH TO DATE    0.02                      0.04  -0.02
  SINCE OCT 1      0.02                      0.04  -0.02
  SINCE JAN 1     13.63                     11.65   1.98

SNOWFALL (IN)
  YESTERDAY        0.0           0.2  1989   0.0    0.0
  MONTH TO DATE    0.0                       0.0    0.0
  SINCE SEP 1      T                         0.3   -0.3
  SINCE JUL 1      T                         0.3   -0.3
  SNOW DEPTH       0

DEGREE DAYS
 HEATING
  YESTERDAY       21                                7
  MONTH TO DATE   21                                7
  SINCE SEP 1    326                               74
  SINCE JUL 1    412                               93

 COOLING
  YESTERDAY        0                                0
  MONTH TO DATE    0                                0
  SINCE SEP 1      5                              -17
  SINCE JAN 1    187                             -181
...............................................................


WIND (MPH)
  HIGHEST WIND SPEED    14   HIGHEST WIND DIRECTION    SW (230)
  HIGHEST GUST SPEED    17   HIGHEST GUST DIRECTION     W (270)
  AVERAGE WIND SPEED     5.0



WEATHER CONDITIONS
 THE FOLLOWING WEATHER WAS RECORDED YESTERDAY.
  LIGHT RAIN


RELATIVE HUMIDITY (PERCENT)
 HIGHEST    92
 LOWEST     35
 AVERAGE    64

..........................................................


THE BOZEMAN/GALLATIN FIELD MT CLIMATE NORMALS FOR TODAY
                         NORMAL    RECORD    YEAR
 MAXIMUM TEMPERATURE (F)   67        87      1992
 MINIMUM TEMPERATURE (F)   35        16      1950


SUNRISE AND SUNSET
OCTOBER  2 2014.......SUNRISE   724 AM MDT   SUNSET   703 PM MDT
OCTOBER  3 2014.......SUNRISE   726 AM MDT   SUNSET   701 PM MDT


-  INDICATES NEGATIVE NUMBERS.
R  INDICATES RECORD WAS SET OR TIED.
MM INDICATES DATA IS MISSING.
T  INDICATES TRACE AMOUNT.




$$
