000
CDUS45 KTFX 260849
CLIBZN


CLIMATE REPORT
NATIONAL WEATHER SERVICE GREAT FALLS MT
249 AM MDT SUN MAR 26 2017


...................................

...THE BOZEMAN/GALLATIN FIELD MT CLIMATE SUMMARY FOR MARCH 25 2017...

CLIMATE NORMAL PERIOD 1981 TO 2010
CLIMATE RECORD PERIOD 1935 TO 2017


WEATHER ITEM   OBSERVED TIME   RECORD YEAR NORMAL DEPARTURE LAST
                VALUE   (LST)  VALUE       VALUE  FROM      YEAR
                                                  NORMAL
..................................................................
TEMPERATURE (F)
 YESTERDAY
  MAXIMUM         53    311 PM  73    2007  53      0       39
  MINIMUM         33   1159 PM -32    1955  26      7       30
  AVERAGE         43                        40      3       35

PRECIPITATION (IN)
  YESTERDAY        0.02          0.53 1972   0.04  -0.02     0.01
  MONTH TO DATE    0.85                      0.70   0.15     0.65
  SINCE OCT 1      4.75                      3.99   0.76     4.09
  SINCE JAN 1      1.42                      1.61  -0.19     1.24

SNOWFALL (IN)
  YESTERDAY        0.0           4.0  1985   0.3   -0.3      0.1
  MONTH TO DATE    1.8                       6.1   -4.3      2.1
  SINCE MAR 1      1.8                       6.1   -4.3      2.1
  SINCE JUL 1     41.0                      28.4   12.6     25.7
  SNOW DEPTH       0

DEGREE DAYS
 HEATING
  YESTERDAY       22                        25     -3       30
  MONTH TO DATE  587                       737   -150      673
  SINCE MAR 1    587                       737   -150      673
  SINCE JUL 1   6780                      6317    463     6358

 COOLING
  YESTERDAY        0                         0      0        0
  MONTH TO DATE    0                         0      0        0
  SINCE MAR 1      0                         0      0        0
  SINCE JAN 1      0                         0      0        0
..................................................................


WIND (MPH)
  HIGHEST WIND SPEED    28   HIGHEST WIND DIRECTION    NW (300)
  HIGHEST GUST SPEED    32   HIGHEST GUST DIRECTION    NW (300)
  AVERAGE WIND SPEED     5.4


SKY COVER
  AVERAGE SKY COVER 0.7


WEATHER CONDITIONS
 THE FOLLOWING WEATHER WAS RECORDED YESTERDAY.
  LIGHT RAIN
  FOG


RELATIVE HUMIDITY (PERCENT)
 HIGHEST    92
 LOWEST     35
 AVERAGE    64

..........................................................


THE BOZEMAN/GALLATIN FIELD MT CLIMATE NORMALS FOR TODAY
                         NORMAL    RECORD    YEAR
 MAXIMUM TEMPERATURE (F)   53        70      1997
 MINIMUM TEMPERATURE (F)   27       -24      1955


SUNRISE AND SUNSET
MARCH 26 2017.........SUNRISE   715 AM MDT   SUNSET   746 PM MDT
MARCH 27 2017.........SUNRISE   714 AM MDT   SUNSET   747 PM MDT


-  INDICATES NEGATIVE NUMBERS.
R  INDICATES RECORD WAS SET OR TIED.
MM INDICATES DATA IS MISSING.
T  INDICATES TRACE AMOUNT.




$$
