000
CDUS45 KTFX 261054
CLIBZN


CLIMATE REPORT
NATIONAL WEATHER SERVICE GREAT FALLS MT
354 AM MST SUN FEB 26 2017


...................................

...THE BOZEMAN/GALLATIN FIELD MT CLIMATE SUMMARY FOR FEBRUARY 25 2017...

CLIMATE NORMAL PERIOD 1981 TO 2010
CLIMATE RECORD PERIOD 1935 TO 2017


WEATHER ITEM   OBSERVED TIME   RECORD YEAR NORMAL DEPARTURE LAST
                VALUE   (LST)  VALUE       VALUE  FROM      YEAR
                                                  NORMAL
..................................................................
TEMPERATURE (F)
 YESTERDAY
  MAXIMUM         29    413 PM  62    1995  42    -13       54
  MINIMUM         13    944 PM -30    2003  17     -4       22
  AVERAGE         21                        30     -9       38

PRECIPITATION (IN)
  YESTERDAY        0.02          0.16 2014   0.02   0.00     0.00
  MONTH TO DATE    0.27                      0.37  -0.10     0.17
  SINCE OCT 1      3.90                      3.23   0.67     3.38
  SINCE JAN 1      0.57                      0.85  -0.28     0.53

SNOWFALL (IN)
  YESTERDAY       MM             3.0  2014   0.2   MM        0.0
  MONTH TO DATE    7.1                       4.3    2.8       T
  SINCE DEC 1     33.8                      14.3   19.5     17.0
  SINCE JUL 1     37.7                      21.7   16.0     23.6
  SNOW DEPTH       2

DEGREE DAYS
 HEATING
  YESTERDAY       44                        35      9       27
  MONTH TO DATE  988                       955     33      868
  SINCE DEC 1   4293                      3596    697     3619
  SINCE JUL 1   6070                      5477    593     5583

 COOLING
  YESTERDAY        0                         0      0        0
  MONTH TO DATE    0                         0      0        0
  SINCE DEC 1      0                         0      0        0
  SINCE JAN 1      0                         0      0        0
..................................................................


WIND (MPH)
  HIGHEST WIND SPEED    22   HIGHEST WIND DIRECTION     W (260)
  HIGHEST GUST SPEED    27   HIGHEST GUST DIRECTION     W (250)
  AVERAGE WIND SPEED     8.0


SKY COVER
  AVERAGE SKY COVER 0.8


WEATHER CONDITIONS
 THE FOLLOWING WEATHER WAS RECORDED YESTERDAY.
  LIGHT SNOW
  FOG


RELATIVE HUMIDITY (PERCENT)
 HIGHEST    96
 LOWEST     39
 AVERAGE    68

..........................................................


THE BOZEMAN/GALLATIN FIELD MT CLIMATE NORMALS FOR TODAY
                         NORMAL    RECORD    YEAR
 MAXIMUM TEMPERATURE (F)   43        63      1950
 MINIMUM TEMPERATURE (F)   18       -26      1962


SUNRISE AND SUNSET
FEBRUARY 26 2017......SUNRISE   708 AM MST   SUNSET   608 PM MST
FEBRUARY 27 2017......SUNRISE   706 AM MST   SUNSET   609 PM MST


-  INDICATES NEGATIVE NUMBERS.
R  INDICATES RECORD WAS SET OR TIED.
MM INDICATES DATA IS MISSING.
T  INDICATES TRACE AMOUNT.




$$
