000
CDUS45 KTFX 060733
CLIBZN


CLIMATE REPORT
NATIONAL WEATHER SERVICE GREAT FALLS MT
1231 AM MST FRI MAR 6 2015


...................................

...THE BOZEMAN/GALLATIN FIELD MT CLIMATE SUMMARY FOR MARCH 5 2015...

CLIMATE NORMAL PERIOD 1981 TO 2010
CLIMATE RECORD PERIOD 1935 TO 2015


WEATHER ITEM   OBSERVED TIME   RECORD YEAR NORMAL DEPARTURE LAST
                VALUE   (LST)  VALUE       VALUE  FROM      YEAR
                                                  NORMAL
..................................................................
TEMPERATURE (F)
 YESTERDAY
  MAXIMUM         50    348 PM  70    1987  45      5       50
  MINIMUM         10    640 AM -27    1951  20    -10       27
  AVERAGE         30                        33     -3       39

PRECIPITATION (IN)
  YESTERDAY        0.00          0.38 1990   0.02  -0.02     0.00
  MONTH TO DATE    0.01                      0.11  -0.10     0.05
  SINCE OCT 1      2.31                      3.40  -1.09     2.05
  SINCE JAN 1      0.38                      1.02  -0.64     1.00

SNOWFALL (IN)
  YESTERDAY        0.0           4.4  1951   0.2   -0.2      0.0
  MONTH TO DATE    0.0                       1.1   -1.1      2.0
  SINCE MAR 1      0.0                       1.1   -1.1      2.0
  SINCE JUL 1     30.4                      23.4    7.0     27.0
  SNOW DEPTH       1

DEGREE DAYS
 HEATING
  YESTERDAY       35                        32      3       26
  MONTH TO DATE  226                       166     60      221
  SINCE MAR 1    226                       166     60      221
  SINCE JUL 1   5808                      5746     62     6236

 COOLING
  YESTERDAY        0                         0      0        0
  MONTH TO DATE    0                         0      0        0
  SINCE MAR 1      0                         0      0        0
  SINCE JAN 1      0                         0      0        0
..................................................................


WIND (MPH)
  HIGHEST WIND SPEED    16   HIGHEST WIND DIRECTION     W (270)
  HIGHEST GUST SPEED    19   HIGHEST GUST DIRECTION     W (270)
  AVERAGE WIND SPEED     3.3


SKY COVER
  AVERAGE SKY COVER 0.2


WEATHER CONDITIONS
 THE FOLLOWING WEATHER WAS RECORDED YESTERDAY.
  NO SIGNIFICANT WEATHER WAS OBSERVED.


RELATIVE HUMIDITY (PERCENT)
 HIGHEST    83
 LOWEST     21
 AVERAGE    52

..........................................................


THE BOZEMAN/GALLATIN FIELD MT CLIMATE NORMALS FOR TODAY
                         NORMAL    RECORD    YEAR
 MAXIMUM TEMPERATURE (F)   46        64      1987
 MINIMUM TEMPERATURE (F)   20       -30      1951


SUNRISE AND SUNSET
MARCH  6 2015.........SUNRISE   654 AM MST   SUNSET   618 PM MST
MARCH  7 2015.........SUNRISE   653 AM MST   SUNSET   619 PM MST


-  INDICATES NEGATIVE NUMBERS.
R  INDICATES RECORD WAS SET OR TIED.
MM INDICATES DATA IS MISSING.
T  INDICATES TRACE AMOUNT.




$$
