000
CDUS45 KTFX 261022
CLIBZN


CLIMATE REPORT
NATIONAL WEATHER SERVICE GREAT FALLS MT
421 AM MDT FRI AUG 26 2016


...................................

...THE BOZEMAN/GALLATIN FIELD MT CLIMATE SUMMARY FOR AUGUST 25 2016...

CLIMATE NORMAL PERIOD 1981 TO 2010
CLIMATE RECORD PERIOD 1935 TO 2016


WEATHER ITEM   OBSERVED TIME   RECORD YEAR NORMAL DEPARTURE LAST
                VALUE   (LST)  VALUE       VALUE  FROM      YEAR
                                                  NORMAL
..................................................................
TEMPERATURE (F)
 YESTERDAY
  MAXIMUM         70    359 PM 102    2008  85    -15       94
  MINIMUM         35    541 AM  27    1992  47    -12       45
  AVERAGE         53                        66    -13       70

PRECIPITATION (IN)
  YESTERDAY        0.00          0.28 1990   0.04  -0.04     0.00
  MONTH TO DATE    1.11                      0.86   0.25     0.60
  SINCE OCT 1     11.64                     12.66  -1.02    10.87
  SINCE JAN 1      8.79                     10.28  -1.49     8.94

SNOWFALL (IN)
  YESTERDAY        0.0           0.0  1999   0.0    0.0      0.0
                                      2001
                                      1994
  MONTH TO DATE    0.0                       0.0    0.0      0.0
  SINCE JUN 1      0.0                       0.0    0.0      0.0
  SINCE JUL 1      0.0                       0.0    0.0      0.0
  SNOW DEPTH       0

DEGREE DAYS
 HEATING
  YESTERDAY       12                         2     10        0
  MONTH TO DATE   56                        23     33       62
  SINCE JUN 1    197                       192      5      165
  SINCE JUL 1     98                        51     47       93

 COOLING
  YESTERDAY        0                         3     -3        5
  MONTH TO DATE   39                       123    -84       65
  SINCE JUN 1    209                       327   -118      213
  SINCE JAN 1    209                       331   -122      213
..................................................................


WIND (MPH)
  HIGHEST WIND SPEED    12   HIGHEST WIND DIRECTION     W (280)
  HIGHEST GUST SPEED    14   HIGHEST GUST DIRECTION    NW (300)
  AVERAGE WIND SPEED     3.8


SKY COVER
  AVERAGE SKY COVER 0.0


WEATHER CONDITIONS
 THE FOLLOWING WEATHER WAS RECORDED YESTERDAY.
  NO SIGNIFICANT WEATHER WAS OBSERVED.


RELATIVE HUMIDITY (PERCENT)
 HIGHEST    92
 LOWEST     22
 AVERAGE    57

..........................................................


THE BOZEMAN/GALLATIN FIELD MT CLIMATE NORMALS FOR TODAY
                         NORMAL    RECORD    YEAR
 MAXIMUM TEMPERATURE (F)   84       101      2010
 MINIMUM TEMPERATURE (F)   47        29      1992


SUNRISE AND SUNSET
AUGUST 26 2016........SUNRISE   639 AM MDT   SUNSET   813 PM MDT
AUGUST 27 2016........SUNRISE   640 AM MDT   SUNSET   811 PM MDT


-  INDICATES NEGATIVE NUMBERS.
R  INDICATES RECORD WAS SET OR TIED.
MM INDICATES DATA IS MISSING.
T  INDICATES TRACE AMOUNT.




$$
