000
CDUS45 KTFX 301004
CLIBZN


CLIMATE REPORT
NATIONAL WEATHER SERVICE GREAT FALLS MT
403 AM MDT THU JUL 30 2015


...................................

...THE BOZEMAN/GALLATIN FIELD MT CLIMATE SUMMARY FOR JULY 29 2015...

CLIMATE NORMAL PERIOD 1981 TO 2010
CLIMATE RECORD PERIOD 1935 TO 2015


WEATHER ITEM   OBSERVED TIME   RECORD YEAR NORMAL DEPARTURE LAST
                VALUE   (LST)  VALUE       VALUE  FROM      YEAR
                                                  NORMAL
..................................................................
TEMPERATURE (F)
 YESTERDAY
  MAXIMUM         79    600 PM 102    2007  90    -11       89
  MINIMUM         40    508 AM  39    1959  52    -12       53
  AVERAGE         60                        71    -11       71

PRECIPITATION (IN)
  YESTERDAY        0.00          0.77 1950   0.03  -0.03     0.00
  MONTH TO DATE    1.78                      1.06   0.72     0.38
  SINCE OCT 1     10.27                     11.74  -1.47    10.43
  SINCE JAN 1      8.34                      9.36  -1.02     9.38

SNOWFALL (IN)
  YESTERDAY        0.0           0.0  2000   0.0    0.0      0.0
                                      2001
                                      1994
  MONTH TO DATE    0.0                       0.0    0.0      0.0
  SINCE JUN 1      0.0                       0.0    0.0      0.0
  SINCE JUL 1      0.0                       0.0    0.0      0.0
  SNOW DEPTH       0

DEGREE DAYS
 HEATING
  YESTERDAY        5                         0      5        0
  MONTH TO DATE   31                        27      4       13
  SINCE JUN 1    103                       168    -65      249
  SINCE JUL 1     31                        27      4       13

 COOLING
  YESTERDAY        0                         6     -6        6
  MONTH TO DATE   73                       150    -77      115
  SINCE JUN 1    143                       188    -45      115
  SINCE JAN 1    143                       192    -49      115
..................................................................


WIND (MPH)
  HIGHEST WIND SPEED    14   HIGHEST WIND DIRECTION     S (160)
  HIGHEST GUST SPEED    16   HIGHEST GUST DIRECTION    NW (310)
  AVERAGE WIND SPEED     6.0


SKY COVER
  AVERAGE SKY COVER 0.0


WEATHER CONDITIONS
 THE FOLLOWING WEATHER WAS RECORDED YESTERDAY.
  NO SIGNIFICANT WEATHER WAS OBSERVED.


RELATIVE HUMIDITY (PERCENT)
 HIGHEST    86
 LOWEST     21
 AVERAGE    54

..........................................................


THE BOZEMAN/GALLATIN FIELD MT CLIMATE NORMALS FOR TODAY
                         NORMAL    RECORD    YEAR
 MAXIMUM TEMPERATURE (F)   90       101      2007
 MINIMUM TEMPERATURE (F)   52        38      1971


SUNRISE AND SUNSET
JULY 30 2015..........SUNRISE   605 AM MDT   SUNSET   856 PM MDT
JULY 31 2015..........SUNRISE   606 AM MDT   SUNSET   855 PM MDT


-  INDICATES NEGATIVE NUMBERS.
R  INDICATES RECORD WAS SET OR TIED.
MM INDICATES DATA IS MISSING.
T  INDICATES TRACE AMOUNT.




$$
