000
CDUS45 KTFX 241132
CLIBZN


CLIMATE REPORT
NATIONAL WEATHER SERVICE GREAT FALLS MT
429 AM MST TUE JAN 24 2017


...................................

...THE BOZEMAN/GALLATIN FIELD MT CLIMATE SUMMARY FOR JANUARY 23 2017...

CLIMATE NORMAL PERIOD 1981 TO 2010
CLIMATE RECORD PERIOD 1935 TO 2017


WEATHER ITEM   OBSERVED TIME   RECORD YEAR NORMAL DEPARTURE LAST
                VALUE   (LST)  VALUE       VALUE  FROM      YEAR
                                                  NORMAL
..................................................................
TEMPERATURE (F)
 YESTERDAY
  MAXIMUM         25   1224 AM  54    2005  37    -12       33
  MINIMUM          3    602 AM -43    1969  12     -9       15
  AVERAGE         14                        24    -10       24

PRECIPITATION (IN)
  YESTERDAY        T             0.53 1989   0.01  -0.01     0.03
  MONTH TO DATE    0.15                      0.36  -0.21     0.35
  SINCE OCT 1      3.48                      2.74   0.74     3.20
  SINCE JAN 1      0.15                      0.36  -0.21     0.35

SNOWFALL (IN)
  YESTERDAY        T             7.4  1954   0.2   -0.2     MM
  MONTH TO DATE    6.1                       2.9    3.2      7.2
  SINCE DEC 1     20.2                       8.9   11.3     16.7
  SINCE JUL 1     24.1                      16.3    7.8     23.3
  SNOW DEPTH       3

DEGREE DAYS
 HEATING
  YESTERDAY       51                        41     10       41
  MONTH TO DATE 1333                       965    368     1064
  SINCE DEC 1   2928                      2319    609     2404
  SINCE JUL 1   4705                      4200    505     4368

 COOLING
  YESTERDAY        0                         0      0        0
  MONTH TO DATE    0                         0      0        0
  SINCE DEC 1      0                         0      0        0
  SINCE JAN 1      0                         0      0        0
..................................................................


WIND (MPH)
  HIGHEST WIND SPEED    10   HIGHEST WIND DIRECTION     S (190)
  HIGHEST GUST SPEED    12   HIGHEST GUST DIRECTION     S (190)
  AVERAGE WIND SPEED     3.9


SKY COVER
  AVERAGE SKY COVER 0.7


WEATHER CONDITIONS
 THE FOLLOWING WEATHER WAS RECORDED YESTERDAY.
  LIGHT SNOW
  FOG
  FOG W/VISIBILITY <= 1/4 MILE


RELATIVE HUMIDITY (PERCENT)
 HIGHEST   100
 LOWEST     80
 AVERAGE    90

..........................................................


THE BOZEMAN/GALLATIN FIELD MT CLIMATE NORMALS FOR TODAY
                         NORMAL    RECORD    YEAR
 MAXIMUM TEMPERATURE (F)   37        60      1953
 MINIMUM TEMPERATURE (F)   12       -44      1969


SUNRISE AND SUNSET
JANUARY 24 2017.......SUNRISE   755 AM MST   SUNSET   520 PM MST
JANUARY 25 2017.......SUNRISE   754 AM MST   SUNSET   521 PM MST


-  INDICATES NEGATIVE NUMBERS.
R  INDICATES RECORD WAS SET OR TIED.
MM INDICATES DATA IS MISSING.
T  INDICATES TRACE AMOUNT.




$$
