000
CDUS45 KTFX 092221
CLIBZN


CLIMATE REPORT
NATIONAL WEATHER SERVICE GREAT FALLS MT
420 PM MDT WED JUL 9 2014


...................................

...THE BOZEMAN/GALLATIN FIELD MT CLIMATE SUMMARY FOR JULY 9 2014...
VALID TODAY AS OF 0400 PM LOCAL TIME.

CLIMATE NORMAL PERIOD 1981 TO 2010
CLIMATE RECORD PERIOD 1935 TO 2014


WEATHER ITEM   OBSERVED TIME   RECORD YEAR NORMAL DEPARTURE LAST
                VALUE   (LST)  VALUE       VALUE  FROM      YEAR
                                                  NORMAL
..................................................................
TEMPERATURE (F)
 TODAY
  MAXIMUM         87    250 PM  96    2012  86      1       86
  MINIMUM         55    222 AM  38    1999  51      4       47
  AVERAGE         71                        68      3       67

PRECIPITATION (IN)
  TODAY            0.00          1.00 1983   0.04  -0.04     0.00
  MONTH TO DATE    0.06                      0.39  -0.33     0.22
  SINCE OCT 1     10.11                     11.07  -0.96     9.53
  SINCE JAN 1      9.06                      8.69   0.37     7.22

SNOWFALL (IN)
  TODAY            0.0           T    1994   0.0    0.0      0.0
                                      1994
  MONTH TO DATE    0.0                       0.0    0.0      0.0
  SINCE JUN 1      0.0                       0.0    0.0      0.0
  SINCE JUL 1      0.0                       0.0    0.0      0.0
  SNOW DEPTH       0

DEGREE DAYS
 HEATING
  TODAY            0                         1     -1        0
  MONTH TO DATE    6                        15     -9        1
  SINCE JUN 1    242                       156     86      168
  SINCE JUL 1      6                        15     -9        1

 COOLING
  TODAY            6                         5      1        2
  MONTH TO DATE   34                        35     -1       50
  SINCE JUN 1     34                        73    -39       77
  SINCE JAN 1     34                        77    -43       79
..................................................................


WIND (MPH)
  HIGHEST WIND SPEED     9   HIGHEST WIND DIRECTION    NW (300)
  HIGHEST GUST SPEED    11   HIGHEST GUST DIRECTION    NE (40)
  AVERAGE WIND SPEED     2.7


SKY COVER
  AVERAGE SKY COVER 0.0


WEATHER CONDITIONS
 THE FOLLOWING WEATHER WAS RECORDED TODAY.
  NO SIGNIFICANT WEATHER WAS OBSERVED.


RELATIVE HUMIDITY (PERCENT)
 HIGHEST    80           600 AM
 LOWEST     31           200 PM
 AVERAGE    56

..........................................................


THE BOZEMAN/GALLATIN FIELD MT CLIMATE NORMALS FOR TOMORROW
                         NORMAL    RECORD    YEAR
 MAXIMUM TEMPERATURE (F)   87       100      1973
 MINIMUM TEMPERATURE (F)   51        40      2011
                                             1946


SUNRISE AND SUNSET
JULY  9 2014..........SUNRISE   544 AM MDT   SUNSET   915 PM MDT
JULY 10 2014..........SUNRISE   545 AM MDT   SUNSET   915 PM MDT


-  INDICATES NEGATIVE NUMBERS.
R  INDICATES RECORD WAS SET OR TIED.
MM INDICATES DATA IS MISSING.
T  INDICATES TRACE AMOUNT.




$$
