000
CDUS45 KTFX 291011
CLIBZN


CLIMATE REPORT
NATIONAL WEATHER SERVICE GREAT FALLS MT
408 AM MDT FRI JUL 29 2016


...................................

...THE BOZEMAN/GALLATIN FIELD MT CLIMATE SUMMARY FOR JULY 28 2016...

CLIMATE NORMAL PERIOD 1981 TO 2010
CLIMATE RECORD PERIOD 1935 TO 2016


WEATHER ITEM   OBSERVED TIME   RECORD YEAR NORMAL DEPARTURE LAST
                VALUE   (LST)  VALUE       VALUE  FROM      YEAR
                                                  NORMAL
..................................................................
TEMPERATURE (F)
 YESTERDAY
  MAXIMUM         87    439 PM 101    2006  90     -3       71
  MINIMUM         56    531 AM  34    1949  52      4       45
  AVERAGE         72                        71      1       58

PRECIPITATION (IN)
  YESTERDAY        0.01          0.49 1970   0.02  -0.01     0.00
  MONTH TO DATE    1.61                      1.03   0.58     1.78
  SINCE OCT 1     10.53                     11.71  -1.18    10.27
  SINCE JAN 1      7.68                      9.33  -1.65     8.34

SNOWFALL (IN)
  YESTERDAY        0.0           0.0  1999   0.0    0.0      0.0
                                      2001
                                      1994
  MONTH TO DATE    0.0                       0.0    0.0      0.0
  SINCE JUN 1      0.0                       0.0    0.0      0.0
  SINCE JUL 1      0.0                       0.0    0.0      0.0
  SNOW DEPTH       0

DEGREE DAYS
 HEATING
  YESTERDAY        0                         0      0        7
  MONTH TO DATE   42                        27     15       26
  SINCE JUN 1    141                       168    -27       98
  SINCE JUL 1     42                        27     15       26

 COOLING
  YESTERDAY        7                         6      1        0
  MONTH TO DATE   90                       144    -54       73
  SINCE JUN 1    145                       182    -37      143
  SINCE JAN 1    145                       186    -41      143
..................................................................


WIND (MPH)
  HIGHEST WIND SPEED    20   HIGHEST WIND DIRECTION     S (160)
  HIGHEST GUST SPEED    23   HIGHEST GUST DIRECTION     S (170)
  AVERAGE WIND SPEED     5.1


SKY COVER
  AVERAGE SKY COVER 0.0


WEATHER CONDITIONS
 THE FOLLOWING WEATHER WAS RECORDED YESTERDAY.
  THUNDERSTORM
  LIGHT RAIN


RELATIVE HUMIDITY (PERCENT)
 HIGHEST    86
 LOWEST     23
 AVERAGE    55

..........................................................


THE BOZEMAN/GALLATIN FIELD MT CLIMATE NORMALS FOR TODAY
                         NORMAL    RECORD    YEAR
 MAXIMUM TEMPERATURE (F)   90       102      2007
 MINIMUM TEMPERATURE (F)   52        39      1959


SUNRISE AND SUNSET
JULY 29 2016..........SUNRISE   605 AM MDT   SUNSET   856 PM MDT
JULY 30 2016..........SUNRISE   606 AM MDT   SUNSET   855 PM MDT


-  INDICATES NEGATIVE NUMBERS.
R  INDICATES RECORD WAS SET OR TIED.
MM INDICATES DATA IS MISSING.
T  INDICATES TRACE AMOUNT.




$$
