000
CDUS42 KCAE 290643
CLICAE


CLIMATE REPORT
NATIONAL WEATHER SERVICE COLUMBIA SC
143 AM EST SAT NOV 29 2014


...................................

...THE COLUMBIA METRO AIRPORT SC CLIMATE SUMMARY FOR NOVEMBER 28 2014...

CLIMATE NORMAL PERIOD 1981 TO 2010
CLIMATE RECORD PERIOD 1887 TO 2014


WEATHER ITEM   OBSERVED TIME   RECORD YEAR NORMAL DEPARTURE LAST
                VALUE   (LST)  VALUE       VALUE  FROM      YEAR
                                                  NORMAL
..................................................................
TEMPERATURE (F)
 YESTERDAY
  MAXIMUM         49    411 PM  80    1985  63    -14       49
                                      1960
  MINIMUM         30   1115 PM  22    1956  39     -9       23
                                      1936
                                      1903
  AVERAGE         40                        51    -11       36

PRECIPITATION (IN)
  YESTERDAY        0.00          1.84 1934   0.10  -0.10     0.00
  MONTH TO DATE    4.37                      2.55   1.82     2.06
  SINCE SEP 1     10.23                      9.26   0.97     6.08
  SINCE JAN 1     38.31                     41.18  -2.87    49.59

SNOWFALL (IN)
  YESTERDAY        0.0          MM      MM   0.0             0.0
  MONTH TO DATE    T                         0.0              T
  SINCE SEP 1      T                         0.0              T
  SINCE JUL 1      T                         0.0              T

DEGREE DAYS
 HEATING
  YESTERDAY       25                        14     11       29
  MONTH TO DATE  402                       291    111      332
  SINCE SEP 1    473                       411     62      403
  SINCE JUL 1    473                       411     62      403

 COOLING
  YESTERDAY        0                         0      0        0
  MONTH TO DATE    8                        14     -6       14
  SINCE SEP 1    501                       398    103      479
  SINCE JAN 1   2535                      2166    369     2172
..................................................................


WIND (MPH)
  HIGHEST WIND SPEED    12   HIGHEST WIND DIRECTION    NW (320)
  HIGHEST GUST SPEED    18   HIGHEST GUST DIRECTION    NW (310)
  AVERAGE WIND SPEED     3.2


SKY COVER
  AVERAGE SKY COVER 0.0


WEATHER CONDITIONS
 THE FOLLOWING WEATHER WAS RECORDED YESTERDAY.
  NO SIGNIFICANT WEATHER WAS OBSERVED.


RELATIVE HUMIDITY (PERCENT)
 HIGHEST    92          1100 PM
 LOWEST     31           200 PM
 AVERAGE    62

..........................................................


THE COLUMBIA METRO AIRPORT SC CLIMATE NORMALS FOR TODAY
                         NORMAL    RECORD    YEAR
 MAXIMUM TEMPERATURE (F)   63        80      2001
 MINIMUM TEMPERATURE (F)   39        22      1955


SUNRISE AND SUNSET
NOVEMBER 29 2014......SUNRISE   710 AM EST   SUNSET   516 PM EST
NOVEMBER 30 2014......SUNRISE   711 AM EST   SUNSET   515 PM EST


-  INDICATES NEGATIVE NUMBERS.
R  INDICATES RECORD WAS SET OR TIED.
MM INDICATES DATA IS MISSING.
T  INDICATES TRACE AMOUNT.




$$
