000
CDUS42 KCAE 142333
CLICAE


CLIMATE REPORT
NATIONAL WEATHER SERVICE COLUMBIA SC
633 PM EST THU DEC 14 2017


...................................

...THE COLUMBIA METRO AIRPORT SC CLIMATE SUMMARY FOR DECEMBER 14 2017...
VALID TODAY AS OF 0500 PM LOCAL TIME.

CLIMATE NORMAL PERIOD 1981 TO 2010
CLIMATE RECORD PERIOD 1887 TO 2017


WEATHER ITEM   OBSERVED TIME   RECORD YEAR NORMAL DEPARTURE LAST
                VALUE   (LST)  VALUE       VALUE  FROM      YEAR
                                                  NORMAL
..................................................................
TEMPERATURE (F)
 TODAY
  MAXIMUM         63    242 PM  79    1956  58      5       56
  MINIMUM         37    136 AM  16    1960  35      2       40
  AVERAGE         50                        47      3       48

PRECIPITATION (IN)
  TODAY            0.00          1.17 1981   0.10  -0.10     0.06
  MONTH TO DATE    2.13                      1.42   0.71     2.62
  SINCE DEC 1      2.13                      1.42   0.71     2.62
  SINCE JAN 1     46.28                     42.79   3.49    38.82

SNOWFALL (IN)
  TODAY            0.0           0.3  1958   0.0             0.0
  MONTH TO DATE    0.0                       0.0             0.0
  SINCE DEC 1      0.0                       0.0             0.0
  SINCE JUL 1      0.0                       0.0             0.0

DEGREE DAYS
 HEATING
  TODAY           15                        18     -3       17
  MONTH TO DATE  207                       234    -27      234
  SINCE DEC 1    207                       234    -27      234
  SINCE JUL 1    585                       675    -90      536

 COOLING
  TODAY            0                         0      0        0
  MONTH TO DATE    0                         0      0        0
  SINCE DEC 1      0                         0      0        0
  SINCE JAN 1   2684                      2167    517     2886
..................................................................


WIND (MPH)
  HIGHEST WIND SPEED    15   HIGHEST WIND DIRECTION     W (260)
  HIGHEST GUST SPEED    17   HIGHEST GUST DIRECTION     W (250)
  AVERAGE WIND SPEED     7.5


SKY COVER
  AVERAGE SKY COVER 0.2


WEATHER CONDITIONS
 THE FOLLOWING WEATHER WAS RECORDED TODAY.
  NO SIGNIFICANT WEATHER WAS OBSERVED.


RELATIVE HUMIDITY (PERCENT)
 HIGHEST    64           700 AM
 LOWEST     32           200 PM
 AVERAGE    48

..........................................................


THE COLUMBIA METRO AIRPORT SC CLIMATE NORMALS FOR TOMORROW
                         NORMAL    RECORD    YEAR
 MAXIMUM TEMPERATURE (F)   58        81      1971
 MINIMUM TEMPERATURE (F)   35        15      2010


SUNRISE AND SUNSET
DECEMBER 14 2017......SUNRISE   722 AM EST   SUNSET   517 PM EST
DECEMBER 15 2017......SUNRISE   722 AM EST   SUNSET   517 PM EST


-  INDICATES NEGATIVE NUMBERS.
R  INDICATES RECORD WAS SET OR TIED.
MM INDICATES DATA IS MISSING.
T  INDICATES TRACE AMOUNT.




$$
