000
CDUS42 KCAE 062127
CLICAE


CLIMATE REPORT
NATIONAL WEATHER SERVICE COLUMBIA SC
526 PM EDT FRI MAY 6 2016


...................................

...THE COLUMBIA METRO AIRPORT SC CLIMATE SUMMARY FOR MAY 6 2016...
VALID TODAY AS OF 0500 PM LOCAL TIME.

CLIMATE NORMAL PERIOD 1981 TO 2010
CLIMATE RECORD PERIOD 1887 TO 2016


WEATHER ITEM   OBSERVED TIME   RECORD YEAR NORMAL DEPARTURE LAST
                VALUE   (LST)  VALUE       VALUE  FROM      YEAR
                                                  NORMAL
..................................................................
TEMPERATURE (F)
 TODAY
  MAXIMUM         73    236 PM  97    1977  82     -9       84
  MINIMUM         53    225 AM  41    1973  56     -3       54
  AVERAGE         63                        69     -6       69

PRECIPITATION (IN)
  TODAY            T             1.76 1953   0.10  -0.10     0.00
  MONTH TO DATE    0.97                      0.56   0.41      T
  SINCE MAR 1      5.65                      6.91  -1.26     6.81
  SINCE JAN 1     12.28                     14.10  -1.82    14.17

SNOWFALL (IN)
  TODAY            0.0          MM      MM   0.0             0.0
  MONTH TO DATE    0.0                       0.0             0.0
  SINCE MAR 1      0.0                       0.1             0.0
  SINCE JUL 1      T                         1.5              T

DEGREE DAYS
 HEATING
  TODAY            2                         1      1        0
  MONTH TO DATE    5                         8     -3        6
  SINCE MAR 1    227                       440   -213      274
  SINCE JUL 1   1790                      2539   -749     2463

 COOLING
  TODAY            0                         5     -5        4
  MONTH TO DATE   40                        27     13       13
  SINCE MAR 1    223                       118    105      156
  SINCE JAN 1    227                       122    105      156
..................................................................


WIND (MPH)
  HIGHEST WIND SPEED    23   HIGHEST WIND DIRECTION    NW (330)
  HIGHEST GUST SPEED    32   HIGHEST GUST DIRECTION     N (340)
  AVERAGE WIND SPEED     8.8


SKY COVER
  AVERAGE SKY COVER 0.7


WEATHER CONDITIONS
 THE FOLLOWING WEATHER WAS RECORDED TODAY.
  LIGHT RAIN


RELATIVE HUMIDITY (PERCENT)
 HIGHEST    77           200 AM
 LOWEST     38           300 PM
 AVERAGE    58

..........................................................


THE COLUMBIA METRO AIRPORT SC CLIMATE NORMALS FOR TOMORROW
                         NORMAL    RECORD    YEAR
 MAXIMUM TEMPERATURE (F)   82        96      1977
 MINIMUM TEMPERATURE (F)   57        42      1989
                                             1968
                                             1891


SUNRISE AND SUNSET
MAY  6 2016...........SUNRISE   630 AM EDT   SUNSET   812 PM EDT
MAY  7 2016...........SUNRISE   629 AM EDT   SUNSET   813 PM EDT


-  INDICATES NEGATIVE NUMBERS.
R  INDICATES RECORD WAS SET OR TIED.
MM INDICATES DATA IS MISSING.
T  INDICATES TRACE AMOUNT.




$$
