000
CDUS42 KCAE 220532
CLICAE


CLIMATE REPORT
NATIONAL WEATHER SERVICE COLUMBIA SC
1231 AM EST SUN JAN 22 2017


...................................

...THE COLUMBIA METRO AIRPORT SC CLIMATE SUMMARY FOR JANUARY 21 2017...

CLIMATE NORMAL PERIOD 1981 TO 2010
CLIMATE RECORD PERIOD 1887 TO 2017


WEATHER ITEM   OBSERVED TIME   RECORD YEAR NORMAL DEPARTURE LAST
                VALUE   (LST)  VALUE       VALUE  FROM      YEAR
                                                  NORMAL
..................................................................
TEMPERATURE (F)
 YESTERDAY
  MAXIMUM         67    620 PM  78    1959  56     11       53
                                      1922
  MINIMUM         56    238 AM  -1    1985  34     22       33
  AVERAGE         62                        45     17       43

PRECIPITATION (IN)
  YESTERDAY        0.57          1.77 1993   0.12   0.45     0.04
  MONTH TO DATE    5.10                      2.40   2.70     1.12
  SINCE DEC 1      8.45                      5.62   2.83     7.57
  SINCE JAN 1      5.10                      2.40   2.70     1.12

SNOWFALL (IN)
  YESTERDAY        0.0           0.1  1983   0.1             0.0
  MONTH TO DATE    0.1                       0.6              T
  SINCE DEC 1      0.1                       0.7              T
  SINCE JUL 1      0.1                       0.7              T

DEGREE DAYS
 HEATING
  YESTERDAY        3                        20    -17       22
  MONTH TO DATE  222                       433   -211      438
  SINCE DEC 1    691                      1002   -311      638
  SINCE JUL 1    993                      1443   -450      908

 COOLING
  YESTERDAY        0                         0      0        0
  MONTH TO DATE    4                         0      4        0
  SINCE DEC 1      7                         3      4       59
  SINCE JAN 1      4                         0      4        0
..................................................................


WIND (MPH)
  HIGHEST WIND SPEED    30   HIGHEST WIND DIRECTION    SE (130)
  HIGHEST GUST SPEED    34   HIGHEST GUST DIRECTION    SE (120)
  AVERAGE WIND SPEED     5.2


SKY COVER
  AVERAGE SKY COVER 0.8


WEATHER CONDITIONS
 THE FOLLOWING WEATHER WAS RECORDED YESTERDAY.
  HEAVY RAIN
  RAIN
  LIGHT RAIN
  FOG
  FOG W/VISIBILITY <= 1/4 MILE


RELATIVE HUMIDITY (PERCENT)
 HIGHEST   100          1200 PM
 LOWEST     81           700 PM
 AVERAGE    91

..........................................................


THE COLUMBIA METRO AIRPORT SC CLIMATE NORMALS FOR TODAY
                         NORMAL    RECORD    YEAR
 MAXIMUM TEMPERATURE (F)   56        78      1999
                                             1974
                                             1937
 MINIMUM TEMPERATURE (F)   34         7      1985


SUNRISE AND SUNSET
JANUARY 22 2017.......SUNRISE   727 AM EST   SUNSET   546 PM EST
JANUARY 23 2017.......SUNRISE   727 AM EST   SUNSET   547 PM EST


-  INDICATES NEGATIVE NUMBERS.
R  INDICATES RECORD WAS SET OR TIED.
MM INDICATES DATA IS MISSING.
T  INDICATES TRACE AMOUNT.




$$
