000
CDUS42 KCAE 010541
CLICAE


CLIMATE REPORT
NATIONAL WEATHER SERVICE COLUMBIA SC
134 AM EDT TUE SEP 1 2015


...................................

...THE COLUMBIA METRO AIRPORT SC CLIMATE SUMMARY FOR AUGUST 31 2015...

CLIMATE NORMAL PERIOD 1981 TO 2010
CLIMATE RECORD PERIOD 1887 TO 2015


WEATHER ITEM   OBSERVED TIME   RECORD YEAR NORMAL DEPARTURE LAST
                VALUE   (LST)  VALUE       VALUE  FROM      YEAR
                                                  NORMAL
..................................................................
TEMPERATURE (F)
 YESTERDAY
  MAXIMUM         89    457 PM 101    1993  89      0       99
  MINIMUM         70    839 AM  56    1891  69      1       76
                                      1887
  AVERAGE         80                        79      1       88

PRECIPITATION (IN)
  YESTERDAY        T             2.49 1987   0.14  -0.14     0.09
  MONTH TO DATE    4.85                      5.26  -0.41     4.88
  SINCE JUN 1     15.17                     15.41  -0.24     9.12
  SINCE JAN 1     31.05                     31.92  -0.87    28.08

SNOWFALL (IN)
  YESTERDAY        0.0          MM      MM   0.0             0.0
  MONTH TO DATE    0.0                       0.0             0.0
  SINCE JUN 1      0.0                       0.0             0.0
  SINCE JUL 1      0.0                       0.0             0.0

DEGREE DAYS
 HEATING
  YESTERDAY        0                         0      0        0
  MONTH TO DATE    0                         0      0        0
  SINCE JUN 1      0                         1     -1        0
  SINCE JUL 1      0                         0      0        0

 COOLING
  YESTERDAY       15                        14      1       23
  MONTH TO DATE  551                       491     60      533
  SINCE JUN 1   1727                      1447    280     1620
  SINCE JAN 1   2148                      1768    380     2034
..................................................................


WIND (MPH)
  HIGHEST WIND SPEED    10   HIGHEST WIND DIRECTION     W (290)
  HIGHEST GUST SPEED    14   HIGHEST GUST DIRECTION     N (340)
  AVERAGE WIND SPEED     3.6


SKY COVER
  AVERAGE SKY COVER 0.7


WEATHER CONDITIONS
 THE FOLLOWING WEATHER WAS RECORDED YESTERDAY.
  LIGHT RAIN
  FOG


RELATIVE HUMIDITY (PERCENT)
 HIGHEST    93          1200 AM
 LOWEST     47           500 PM
 AVERAGE    70

..........................................................


THE COLUMBIA METRO AIRPORT SC CLIMATE NORMALS FOR TODAY
                         NORMAL    RECORD    YEAR
 MAXIMUM TEMPERATURE (F)   89       100      1957
 MINIMUM TEMPERATURE (F)   69        50      1999


SUNRISE AND SUNSET
SEPTEMBER  1 2015.....SUNRISE   658 AM EDT   SUNSET   751 PM EDT
SEPTEMBER  2 2015.....SUNRISE   659 AM EDT   SUNSET   749 PM EDT


-  INDICATES NEGATIVE NUMBERS.
R  INDICATES RECORD WAS SET OR TIED.
MM INDICATES DATA IS MISSING.
T  INDICATES TRACE AMOUNT.




$$
