000
CDUS42 KCAE 040634
CLICAE


CLIMATE REPORT
NATIONAL WEATHER SERVICE COLUMBIA SC
133 AM EST SUN DEC 4 2016


...................................

...THE COLUMBIA METRO AIRPORT SC CLIMATE SUMMARY FOR DECEMBER 3 2016...

CLIMATE NORMAL PERIOD 1981 TO 2010
CLIMATE RECORD PERIOD 1887 TO 2016


WEATHER ITEM   OBSERVED TIME   RECORD YEAR NORMAL DEPARTURE LAST
                VALUE   (LST)  VALUE       VALUE  FROM      YEAR
                                                  NORMAL
..................................................................
TEMPERATURE (F)
 YESTERDAY
  MAXIMUM         57    346 PM  79    1991  62     -5       56
                                      1970
  MINIMUM         34    717 AM  16    1960  38     -4       47
  AVERAGE         46                        50     -4       52

PRECIPITATION (IN)
  YESTERDAY        T             3.27 1927   0.10  -0.10     0.00
  MONTH TO DATE    T                         0.30  -0.30     0.33
  SINCE DEC 1      T                         0.30  -0.30     0.33
  SINCE JAN 1     36.20                     41.67  -5.47    57.46

SNOWFALL (IN)
  YESTERDAY        0.0           0.8  1970   0.0             0.0
  MONTH TO DATE    0.0                       0.0             0.0
  SINCE DEC 1      0.0                       0.0             0.0
  SINCE JUL 1      0.0                       0.0             0.0

DEGREE DAYS
 HEATING
  YESTERDAY       19                        16      3       13
  MONTH TO DATE   44                        46     -2       22
  SINCE DEC 1     44                        46     -2       22
  SINCE JUL 1    346                       487   -141      292

 COOLING
  YESTERDAY        0                         0      0        0
  MONTH TO DATE    0                         0      0        0
  SINCE DEC 1      0                         0      0        0
  SINCE JAN 1   2886                      2167    719     2602
..................................................................


WIND (MPH)
  HIGHEST WIND SPEED    12   HIGHEST WIND DIRECTION    NE (50)
  HIGHEST GUST SPEED    17   HIGHEST GUST DIRECTION    NE (40)
  AVERAGE WIND SPEED     1.9


SKY COVER
  AVERAGE SKY COVER 0.7


WEATHER CONDITIONS
 THE FOLLOWING WEATHER WAS RECORDED YESTERDAY.
  LIGHT RAIN
  FOG
  HAZE


RELATIVE HUMIDITY (PERCENT)
 HIGHEST    92           700 AM
 LOWEST     43           200 PM
 AVERAGE    68

..........................................................


THE COLUMBIA METRO AIRPORT SC CLIMATE NORMALS FOR TODAY
                         NORMAL    RECORD    YEAR
 MAXIMUM TEMPERATURE (F)   61        83      1978
 MINIMUM TEMPERATURE (F)   37        16      1979


SUNRISE AND SUNSET
DECEMBER  4 2016......SUNRISE   715 AM EST   SUNSET   515 PM EST
DECEMBER  5 2016......SUNRISE   715 AM EST   SUNSET   515 PM EST


-  INDICATES NEGATIVE NUMBERS.
R  INDICATES RECORD WAS SET OR TIED.
MM INDICATES DATA IS MISSING.
T  INDICATES TRACE AMOUNT.




$$
