000
CDUS45 KGJT 172335
CLICAG


CLIMATE REPORT
NATIONAL WEATHER SERVICE GRAND JUNCTION CO
534 PM MDT THU AUG 17 2017


...................................

...THE CRAIG CO CLIMATE SUMMARY FOR AUGUST 17 2017...
VALID TODAY AS OF 0500 PM LOCAL TIME.

CLIMATE NORMAL PERIOD 1981 TO 2010
CLIMATE RECORD PERIOD 9999 TO 9999


WEATHER ITEM   OBSERVED TIME   RECORD YEAR NORMAL DEPARTURE LAST
                VALUE   (LST)  VALUE       VALUE  FROM      YEAR
                                                  NORMAL
..................................................................
TEMPERATURE (F)
 TODAY
  MAXIMUM         86    333 PM  MM      MM  84      2       88
  MINIMUM         43    554 AM  MM      MM  46     -3       46
  AVERAGE         65                        65      0       67

PRECIPITATION (IN)
  TODAY            0.00         MM      MM   0.04  -0.04      T
  MONTH TO DATE    0.49                      0.70  -0.21     0.27
  SINCE JUN 1      2.04                      3.18  -1.14     1.24
  SINCE JAN 1      9.83                      9.37   0.46     7.62

SNOWFALL (IN)
  TODAY           MM            MM      MM  MM     MM       MM
  MONTH TO DATE   MM                        MM     MM       MM
  SINCE JUN 1     MM                        MM     MM       MM
  SINCE JUL 1     MM                        MM     MM       MM
  SNOW DEPTH      MM

DEGREE DAYS
 HEATING
  TODAY            0                         1     -1        0
  MONTH TO DATE   11                        15     -4       11
  SINCE JUN 1    105                       215   -110       84
  SINCE JUL 1     14                        40    -26       25

 COOLING
  TODAY            0                         2     -2        2
  MONTH TO DATE   35                        43     -8       43
  SINCE JUN 1    253                       132    121      190
  SINCE JAN 1    253                       132    121      190
..................................................................


WIND (MPH)
  HIGHEST WIND SPEED    22   HIGHEST WIND DIRECTION     W (250)
  HIGHEST GUST SPEED    27   HIGHEST GUST DIRECTION     W (270)
  AVERAGE WIND SPEED     4.8


SKY COVER
  POSSIBLE SUNSHINE  MM
  AVERAGE SKY COVER 0.1


WEATHER CONDITIONS
 THE FOLLOWING WEATHER WAS RECORDED TODAY.
  NO SIGNIFICANT WEATHER WAS OBSERVED.


RELATIVE HUMIDITY (PERCENT)
 HIGHEST    89           600 AM
 LOWEST     13           200 PM
 AVERAGE    51

..........................................................


THE CRAIG CO CLIMATE NORMALS FOR TOMORROW
                         NORMAL    RECORD    YEAR
 MAXIMUM TEMPERATURE (F)   84        MM        MM
 MINIMUM TEMPERATURE (F)   46        MM        MM


SUNRISE AND SUNSET
AUGUST 17 2017........SUNRISE   623 AM MDT   SUNSET   804 PM MDT
AUGUST 18 2017........SUNRISE   624 AM MDT   SUNSET   803 PM MDT


-  INDICATES NEGATIVE NUMBERS.
R  INDICATES RECORD WAS SET OR TIED.
MM INDICATES DATA IS MISSING.
T  INDICATES TRACE AMOUNT.




$$
